This is the mail archive of the
gcc-testresults@gcc.gnu.org
mailing list for the GCC project.
Results for 4.4.0 20080221 (experimental) [trunk revision 132513] (GCC) testsuite on hppa-unknown-linux-gnu
- From: dave at hiauly6 dot hia dot nrc dot ca (John David Anglin)
- To: dave at hiauly6 dot hia dot nrc dot ca, gcc-testresults at gcc dot gnu dot org
- Date: Sat, 23 Feb 2008 20:11:57 -0500 (EST)
- Subject: Results for 4.4.0 20080221 (experimental) [trunk revision 132513] (GCC) testsuite on hppa-unknown-linux-gnu
LAST_UPDATED: Thu Feb 21 04:43:35 UTC 2008 (revision 132513)
=== acats tests ===
FAIL: cxf3a01
=== acats Summary ===
# of expected passes 2314
# of unexpected failures 1
Native configuration is hppa-unknown-linux-gnu
=== g++ tests ===
Running target unix
=== g++ Summary ===
# of expected passes 17382
# of expected failures 82
# of unsupported tests 135
/home/dave/gnu/gcc-4.4/objdir/gcc/testsuite/g++/../../g++ version 4.4.0 20080221 (experimental) [trunk revision 132513] (GCC)
=== gcc tests ===
Running target unix
WARNING: program timed out.
FAIL: gcc.c-torture/compile/20001226-1.c -O3 -g (test for excess errors)
XPASS: gcc.dg/tree-ssa/loop-1.c scan-assembler-times foo 5
=== gcc Summary ===
# of expected passes 45547
# of unexpected failures 1
# of unexpected successes 1
# of expected failures 91
# of untested testcases 35
# of unsupported tests 337
/home/dave/gnu/gcc-4.4/objdir/gcc/xgcc version 4.4.0 20080221 (experimental) [trunk revision 132513] (GCC)
=== gfortran tests ===
Running target unix
FAIL: gfortran.dg/proc_decl_1.f90 -O (test for errors, line 74)
FAIL: gfortran.dg/proc_decl_1.f90 -O (test for excess errors)
=== gfortran Summary ===
# of expected passes 23510
# of unexpected failures 2
# of expected failures 3
# of unsupported tests 116
/home/dave/gnu/gcc-4.4/objdir/gcc/testsuite/gfortran/../../gfortran version 4.4.0 20080221 (experimental) [trunk revision 132513] (GCC)
=== gnat tests ===
Running target unix
=== gnat Summary ===
# of expected passes 348
=== obj-c++ tests ===
Running target unix
FAIL: obj-c++.dg/bitfield-1.mm (internal compiler error)
FAIL: obj-c++.dg/bitfield-1.mm (test for excess errors)
UNRESOLVED: obj-c++.dg/bitfield-1.mm compilation failed to produce executable
FAIL: obj-c++.dg/comp-types-10.mm (internal compiler error)
FAIL: obj-c++.dg/comp-types-10.mm (test for excess errors)
UNRESOLVED: obj-c++.dg/lookup-2.mm compilation failed to produce executable
UNRESOLVED: obj-c++.dg/try-catch-2.mm compilation failed to produce executable
FAIL: obj-c++.dg/try-catch-9.mm (test for excess errors)
UNRESOLVED: obj-c++.dg/try-catch-9.mm compilation failed to produce executable
=== obj-c++ Summary ===
# of expected passes 434
# of unexpected failures 5
# of expected failures 9
# of unresolved testcases 4
# of unsupported tests 13
/home/dave/gnu/gcc-4.4/objdir/gcc/testsuite/obj-c++/../../g++ version 4.4.0 20080221 (experimental) [trunk revision 132513] (GCC)
=== objc tests ===
Running target unix
=== objc Summary ===
# of expected passes 1812
# of expected failures 7
# of unsupported tests 24
/home/dave/gnu/gcc-4.4/objdir/gcc/xgcc version 4.4.0 20080221 (experimental) [trunk revision 132513] (GCC)
=== libffi tests ===
Running target unix
=== libffi Summary ===
# of expected passes 1389
# of unsupported tests 10
=== libgomp tests ===
Running target unix
=== libgomp Summary ===
# of expected passes 1685
# of unsupported tests 7
=== libjava tests ===
Running target unix
=== libjava Summary ===
# of expected passes 2550
=== libmudflap tests ===
Running target unix
=== libmudflap Summary ===
# of expected passes 1849
=== libstdc++ tests ===
Running target unix
FAIL: abi_check
FAIL: 22_locale/time_get/get_date/wchar_t/4.cc execution test
XPASS: 26_numerics/headers/cmath/c99_classification_macros_c.cc (test for excess errors)
=== libstdc++ Summary ===
# of expected passes 5598
# of unexpected failures 2
# of unexpected successes 1
# of expected failures 60
# of unsupported tests 10
Compiler version: 4.4.0 20080221 (experimental) [trunk revision 132513] (GCC)
Platform: hppa-unknown-linux-gnu
configure flags: --with-gnu-as --with-gnu-ld --enable-shared --prefix=/home/dave/opt/gnu/gcc/gcc-4.4.0 --with-local-prefix=/home/dave/opt/gnu --enable-threads=posix --enable-__cxa_atexit --build=hppa-linux --enable-clocale=gnu --enable-java-gc=boehm --enable-java-awt=xlib --enable-languages=c,c++,objc,fortran,obj-c++,java,ada