This is the mail archive of the gcc-testresults@gcc.gnu.org mailing list for the GCC project.


Index Nav: [Date Index] [Subject Index] [Author Index] [Thread Index]
Message Nav: [Date Prev] [Date Next] [Thread Prev] [Thread Next]
Other format: [Raw text]

Results for 4.4.0 20080222 (experimental) [trunk revision 132560] (GCC) gcc testsuite on mips-unknown-elf


Debian 4 on x86_64
cross tool versions:
GNU assembler (GNU Binutils) 2.18.50.20080217
GNU gdb 6.7.50.20080216-cvs
GNU ld (GNU Binutils) 2.18.50.20080217

GNU Make 3.81
expect version 5.43.0
host gcc version: gcc (GCC) 4.1.2 20061115 (prerelease) (Debian 4.1.1-21)
LAST_UPDATED: Fri Feb 22 23:04:10 UTC 2008 (revision 132560)

Target is mips-unknown-elf
Host   is x86_64-unknown-linux-gnu

		=== gcc tests ===


Running target mips-sim
FAIL: gcc.c-torture/compile/990625-1.c  -O0  (test for excess errors)
FAIL: gcc.c-torture/compile/990625-1.c  -O1  (test for excess errors)
FAIL: gcc.c-torture/compile/990625-1.c  -O2  (test for excess errors)
FAIL: gcc.c-torture/compile/990625-1.c  -O3 -fomit-frame-pointer  (test for excess errors)
FAIL: gcc.c-torture/compile/990625-1.c  -O3 -fomit-frame-pointer -funroll-loops  (test for excess errors)
FAIL: gcc.c-torture/compile/990625-1.c  -O3 -fomit-frame-pointer -funroll-all-loops -finline-functions  (test for excess errors)
FAIL: gcc.c-torture/compile/990625-1.c  -O3 -g  (test for excess errors)
FAIL: gcc.c-torture/compile/990625-1.c  -Os  (test for excess errors)
FAIL: gcc.c-torture/compile/limits-structnest.c  -O2  (test for excess errors)
FAIL: gcc.c-torture/compile/limits-structnest.c  -O3 -fomit-frame-pointer  (test for excess errors)
FAIL: gcc.c-torture/compile/limits-structnest.c  -O3 -g  (test for excess errors)
FAIL: gcc.c-torture/compile/limits-structnest.c  -Os  (test for excess errors)
FAIL: gcc.c-torture/execute/builtins/fprintf.c compilation,  -O0 
UNRESOLVED: gcc.c-torture/execute/builtins/fprintf.c execution,  -O0 
FAIL: gcc.c-torture/execute/builtins/fprintf.c compilation,  -O1 
UNRESOLVED: gcc.c-torture/execute/builtins/fprintf.c execution,  -O1 
FAIL: gcc.c-torture/execute/builtins/fprintf.c compilation,  -O2 
UNRESOLVED: gcc.c-torture/execute/builtins/fprintf.c execution,  -O2 
FAIL: gcc.c-torture/execute/builtins/fprintf.c compilation,  -O3 -fomit-frame-pointer 
UNRESOLVED: gcc.c-torture/execute/builtins/fprintf.c execution,  -O3 -fomit-frame-pointer 
FAIL: gcc.c-torture/execute/builtins/fprintf.c compilation,  -O3 -g 
UNRESOLVED: gcc.c-torture/execute/builtins/fprintf.c execution,  -O3 -g 
FAIL: gcc.c-torture/execute/builtins/fprintf.c compilation,  -Os 
UNRESOLVED: gcc.c-torture/execute/builtins/fprintf.c execution,  -Os 
FAIL: gcc.c-torture/execute/builtins/fputs.c compilation,  -O0 
UNRESOLVED: gcc.c-torture/execute/builtins/fputs.c execution,  -O0 
FAIL: gcc.c-torture/execute/builtins/fputs.c compilation,  -O1 
UNRESOLVED: gcc.c-torture/execute/builtins/fputs.c execution,  -O1 
FAIL: gcc.c-torture/execute/builtins/fputs.c compilation,  -O2 
UNRESOLVED: gcc.c-torture/execute/builtins/fputs.c execution,  -O2 
FAIL: gcc.c-torture/execute/builtins/fputs.c compilation,  -O3 -fomit-frame-pointer 
UNRESOLVED: gcc.c-torture/execute/builtins/fputs.c execution,  -O3 -fomit-frame-pointer 
FAIL: gcc.c-torture/execute/builtins/fputs.c compilation,  -O3 -g 
UNRESOLVED: gcc.c-torture/execute/builtins/fputs.c execution,  -O3 -g 
FAIL: gcc.c-torture/execute/builtins/fputs.c compilation,  -Os 
UNRESOLVED: gcc.c-torture/execute/builtins/fputs.c execution,  -Os 
FAIL: gcc.c-torture/execute/builtins/memcpy-chk.c compilation,  -O0 
UNRESOLVED: gcc.c-torture/execute/builtins/memcpy-chk.c execution,  -O0 
FAIL: gcc.c-torture/execute/builtins/memcpy-chk.c compilation,  -O1 
UNRESOLVED: gcc.c-torture/execute/builtins/memcpy-chk.c execution,  -O1 
FAIL: gcc.c-torture/execute/builtins/memcpy-chk.c compilation,  -O2 
UNRESOLVED: gcc.c-torture/execute/builtins/memcpy-chk.c execution,  -O2 
FAIL: gcc.c-torture/execute/builtins/memcpy-chk.c compilation,  -O3 -fomit-frame-pointer 
UNRESOLVED: gcc.c-torture/execute/builtins/memcpy-chk.c execution,  -O3 -fomit-frame-pointer 
FAIL: gcc.c-torture/execute/builtins/memcpy-chk.c compilation,  -O3 -fomit-frame-pointer -funroll-loops 
UNRESOLVED: gcc.c-torture/execute/builtins/memcpy-chk.c execution,  -O3 -fomit-frame-pointer -funroll-loops 
FAIL: gcc.c-torture/execute/builtins/memcpy-chk.c compilation,  -O3 -fomit-frame-pointer -funroll-all-loops -finline-functions 
UNRESOLVED: gcc.c-torture/execute/builtins/memcpy-chk.c execution,  -O3 -fomit-frame-pointer -funroll-all-loops -finline-functions 
FAIL: gcc.c-torture/execute/builtins/memcpy-chk.c compilation,  -O3 -g 
UNRESOLVED: gcc.c-torture/execute/builtins/memcpy-chk.c execution,  -O3 -g 
FAIL: gcc.c-torture/execute/builtins/memcpy-chk.c compilation,  -Os 
UNRESOLVED: gcc.c-torture/execute/builtins/memcpy-chk.c execution,  -Os 
FAIL: gcc.c-torture/execute/builtins/memmove-chk.c compilation,  -O0 
UNRESOLVED: gcc.c-torture/execute/builtins/memmove-chk.c execution,  -O0 
FAIL: gcc.c-torture/execute/builtins/memmove-chk.c compilation,  -O1 
UNRESOLVED: gcc.c-torture/execute/builtins/memmove-chk.c execution,  -O1 
FAIL: gcc.c-torture/execute/builtins/memmove-chk.c compilation,  -O2 
UNRESOLVED: gcc.c-torture/execute/builtins/memmove-chk.c execution,  -O2 
FAIL: gcc.c-torture/execute/builtins/memmove-chk.c compilation,  -O3 -fomit-frame-pointer 
UNRESOLVED: gcc.c-torture/execute/builtins/memmove-chk.c execution,  -O3 -fomit-frame-pointer 
FAIL: gcc.c-torture/execute/builtins/memmove-chk.c compilation,  -O3 -fomit-frame-pointer -funroll-loops 
UNRESOLVED: gcc.c-torture/execute/builtins/memmove-chk.c execution,  -O3 -fomit-frame-pointer -funroll-loops 
FAIL: gcc.c-torture/execute/builtins/memmove-chk.c compilation,  -O3 -fomit-frame-pointer -funroll-all-loops -finline-functions 
UNRESOLVED: gcc.c-torture/execute/builtins/memmove-chk.c execution,  -O3 -fomit-frame-pointer -funroll-all-loops -finline-functions 
FAIL: gcc.c-torture/execute/builtins/memmove-chk.c compilation,  -O3 -g 
UNRESOLVED: gcc.c-torture/execute/builtins/memmove-chk.c execution,  -O3 -g 
FAIL: gcc.c-torture/execute/builtins/memmove-chk.c compilation,  -Os 
UNRESOLVED: gcc.c-torture/execute/builtins/memmove-chk.c execution,  -Os 
FAIL: gcc.c-torture/execute/builtins/mempcpy-chk.c compilation,  -O0 
UNRESOLVED: gcc.c-torture/execute/builtins/mempcpy-chk.c execution,  -O0 
FAIL: gcc.c-torture/execute/builtins/mempcpy-chk.c compilation,  -O1 
UNRESOLVED: gcc.c-torture/execute/builtins/mempcpy-chk.c execution,  -O1 
FAIL: gcc.c-torture/execute/builtins/mempcpy-chk.c compilation,  -O2 
UNRESOLVED: gcc.c-torture/execute/builtins/mempcpy-chk.c execution,  -O2 
FAIL: gcc.c-torture/execute/builtins/mempcpy-chk.c compilation,  -O3 -fomit-frame-pointer 
UNRESOLVED: gcc.c-torture/execute/builtins/mempcpy-chk.c execution,  -O3 -fomit-frame-pointer 
FAIL: gcc.c-torture/execute/builtins/mempcpy-chk.c compilation,  -O3 -fomit-frame-pointer -funroll-loops 
UNRESOLVED: gcc.c-torture/execute/builtins/mempcpy-chk.c execution,  -O3 -fomit-frame-pointer -funroll-loops 
FAIL: gcc.c-torture/execute/builtins/mempcpy-chk.c compilation,  -O3 -fomit-frame-pointer -funroll-all-loops -finline-functions 
UNRESOLVED: gcc.c-torture/execute/builtins/mempcpy-chk.c execution,  -O3 -fomit-frame-pointer -funroll-all-loops -finline-functions 
FAIL: gcc.c-torture/execute/builtins/mempcpy-chk.c compilation,  -O3 -g 
UNRESOLVED: gcc.c-torture/execute/builtins/mempcpy-chk.c execution,  -O3 -g 
FAIL: gcc.c-torture/execute/builtins/mempcpy-chk.c compilation,  -Os 
UNRESOLVED: gcc.c-torture/execute/builtins/mempcpy-chk.c execution,  -Os 
FAIL: gcc.c-torture/execute/builtins/memset-chk.c compilation,  -O0 
UNRESOLVED: gcc.c-torture/execute/builtins/memset-chk.c execution,  -O0 
FAIL: gcc.c-torture/execute/builtins/memset-chk.c compilation,  -O1 
UNRESOLVED: gcc.c-torture/execute/builtins/memset-chk.c execution,  -O1 
FAIL: gcc.c-torture/execute/builtins/memset-chk.c compilation,  -O2 
UNRESOLVED: gcc.c-torture/execute/builtins/memset-chk.c execution,  -O2 
FAIL: gcc.c-torture/execute/builtins/memset-chk.c compilation,  -O3 -fomit-frame-pointer 
UNRESOLVED: gcc.c-torture/execute/builtins/memset-chk.c execution,  -O3 -fomit-frame-pointer 
FAIL: gcc.c-torture/execute/builtins/memset-chk.c compilation,  -O3 -fomit-frame-pointer -funroll-loops 
UNRESOLVED: gcc.c-torture/execute/builtins/memset-chk.c execution,  -O3 -fomit-frame-pointer -funroll-loops 
FAIL: gcc.c-torture/execute/builtins/memset-chk.c compilation,  -O3 -fomit-frame-pointer -funroll-all-loops -finline-functions 
UNRESOLVED: gcc.c-torture/execute/builtins/memset-chk.c execution,  -O3 -fomit-frame-pointer -funroll-all-loops -finline-functions 
FAIL: gcc.c-torture/execute/builtins/memset-chk.c compilation,  -O3 -g 
UNRESOLVED: gcc.c-torture/execute/builtins/memset-chk.c execution,  -O3 -g 
FAIL: gcc.c-torture/execute/builtins/memset-chk.c compilation,  -Os 
UNRESOLVED: gcc.c-torture/execute/builtins/memset-chk.c execution,  -Os 
FAIL: gcc.c-torture/execute/builtins/pr23484-chk.c compilation,  -O0 
UNRESOLVED: gcc.c-torture/execute/builtins/pr23484-chk.c execution,  -O0 
FAIL: gcc.c-torture/execute/builtins/pr23484-chk.c compilation,  -O1 
UNRESOLVED: gcc.c-torture/execute/builtins/pr23484-chk.c execution,  -O1 
FAIL: gcc.c-torture/execute/builtins/pr23484-chk.c compilation,  -O2 
UNRESOLVED: gcc.c-torture/execute/builtins/pr23484-chk.c execution,  -O2 
FAIL: gcc.c-torture/execute/builtins/pr23484-chk.c compilation,  -O3 -fomit-frame-pointer 
UNRESOLVED: gcc.c-torture/execute/builtins/pr23484-chk.c execution,  -O3 -fomit-frame-pointer 
FAIL: gcc.c-torture/execute/builtins/pr23484-chk.c compilation,  -O3 -g 
UNRESOLVED: gcc.c-torture/execute/builtins/pr23484-chk.c execution,  -O3 -g 
FAIL: gcc.c-torture/execute/builtins/pr23484-chk.c compilation,  -Os 
UNRESOLVED: gcc.c-torture/execute/builtins/pr23484-chk.c execution,  -Os 
FAIL: gcc.c-torture/execute/builtins/printf.c compilation,  -O0 
UNRESOLVED: gcc.c-torture/execute/builtins/printf.c execution,  -O0 
FAIL: gcc.c-torture/execute/builtins/printf.c compilation,  -O1 
UNRESOLVED: gcc.c-torture/execute/builtins/printf.c execution,  -O1 
FAIL: gcc.c-torture/execute/builtins/printf.c compilation,  -O2 
UNRESOLVED: gcc.c-torture/execute/builtins/printf.c execution,  -O2 
FAIL: gcc.c-torture/execute/builtins/printf.c compilation,  -O3 -fomit-frame-pointer 
UNRESOLVED: gcc.c-torture/execute/builtins/printf.c execution,  -O3 -fomit-frame-pointer 
FAIL: gcc.c-torture/execute/builtins/printf.c compilation,  -O3 -g 
UNRESOLVED: gcc.c-torture/execute/builtins/printf.c execution,  -O3 -g 
FAIL: gcc.c-torture/execute/builtins/printf.c compilation,  -Os 
UNRESOLVED: gcc.c-torture/execute/builtins/printf.c execution,  -Os 
FAIL: gcc.c-torture/execute/builtins/snprintf-chk.c compilation,  -O0 
UNRESOLVED: gcc.c-torture/execute/builtins/snprintf-chk.c execution,  -O0 
FAIL: gcc.c-torture/execute/builtins/snprintf-chk.c compilation,  -O1 
UNRESOLVED: gcc.c-torture/execute/builtins/snprintf-chk.c execution,  -O1 
FAIL: gcc.c-torture/execute/builtins/snprintf-chk.c compilation,  -O2 
UNRESOLVED: gcc.c-torture/execute/builtins/snprintf-chk.c execution,  -O2 
FAIL: gcc.c-torture/execute/builtins/snprintf-chk.c compilation,  -O3 -fomit-frame-pointer 
UNRESOLVED: gcc.c-torture/execute/builtins/snprintf-chk.c execution,  -O3 -fomit-frame-pointer 
FAIL: gcc.c-torture/execute/builtins/snprintf-chk.c compilation,  -O3 -fomit-frame-pointer -funroll-loops 
UNRESOLVED: gcc.c-torture/execute/builtins/snprintf-chk.c execution,  -O3 -fomit-frame-pointer -funroll-loops 
FAIL: gcc.c-torture/execute/builtins/snprintf-chk.c compilation,  -O3 -fomit-frame-pointer -funroll-all-loops -finline-functions 
UNRESOLVED: gcc.c-torture/execute/builtins/snprintf-chk.c execution,  -O3 -fomit-frame-pointer -funroll-all-loops -finline-functions 
FAIL: gcc.c-torture/execute/builtins/snprintf-chk.c compilation,  -O3 -g 
UNRESOLVED: gcc.c-torture/execute/builtins/snprintf-chk.c execution,  -O3 -g 
FAIL: gcc.c-torture/execute/builtins/snprintf-chk.c compilation,  -Os 
UNRESOLVED: gcc.c-torture/execute/builtins/snprintf-chk.c execution,  -Os 
FAIL: gcc.c-torture/execute/builtins/sprintf-chk.c compilation,  -O0 
UNRESOLVED: gcc.c-torture/execute/builtins/sprintf-chk.c execution,  -O0 
FAIL: gcc.c-torture/execute/builtins/sprintf-chk.c compilation,  -O1 
UNRESOLVED: gcc.c-torture/execute/builtins/sprintf-chk.c execution,  -O1 
FAIL: gcc.c-torture/execute/builtins/sprintf-chk.c compilation,  -O2 
UNRESOLVED: gcc.c-torture/execute/builtins/sprintf-chk.c execution,  -O2 
FAIL: gcc.c-torture/execute/builtins/sprintf-chk.c compilation,  -O3 -fomit-frame-pointer 
UNRESOLVED: gcc.c-torture/execute/builtins/sprintf-chk.c execution,  -O3 -fomit-frame-pointer 
FAIL: gcc.c-torture/execute/builtins/sprintf-chk.c compilation,  -O3 -fomit-frame-pointer -funroll-loops 
UNRESOLVED: gcc.c-torture/execute/builtins/sprintf-chk.c execution,  -O3 -fomit-frame-pointer -funroll-loops 
FAIL: gcc.c-torture/execute/builtins/sprintf-chk.c compilation,  -O3 -fomit-frame-pointer -funroll-all-loops -finline-functions 
UNRESOLVED: gcc.c-torture/execute/builtins/sprintf-chk.c execution,  -O3 -fomit-frame-pointer -funroll-all-loops -finline-functions 
FAIL: gcc.c-torture/execute/builtins/sprintf-chk.c compilation,  -O3 -g 
UNRESOLVED: gcc.c-torture/execute/builtins/sprintf-chk.c execution,  -O3 -g 
FAIL: gcc.c-torture/execute/builtins/sprintf-chk.c compilation,  -Os 
UNRESOLVED: gcc.c-torture/execute/builtins/sprintf-chk.c execution,  -Os 
FAIL: gcc.c-torture/execute/builtins/sprintf.c compilation,  -O0 
UNRESOLVED: gcc.c-torture/execute/builtins/sprintf.c execution,  -O0 
FAIL: gcc.c-torture/execute/builtins/sprintf.c compilation,  -O1 
UNRESOLVED: gcc.c-torture/execute/builtins/sprintf.c execution,  -O1 
FAIL: gcc.c-torture/execute/builtins/sprintf.c compilation,  -O2 
UNRESOLVED: gcc.c-torture/execute/builtins/sprintf.c execution,  -O2 
FAIL: gcc.c-torture/execute/builtins/sprintf.c compilation,  -O3 -fomit-frame-pointer 
UNRESOLVED: gcc.c-torture/execute/builtins/sprintf.c execution,  -O3 -fomit-frame-pointer 
FAIL: gcc.c-torture/execute/builtins/sprintf.c compilation,  -O3 -g 
UNRESOLVED: gcc.c-torture/execute/builtins/sprintf.c execution,  -O3 -g 
FAIL: gcc.c-torture/execute/builtins/sprintf.c compilation,  -Os 
UNRESOLVED: gcc.c-torture/execute/builtins/sprintf.c execution,  -Os 
FAIL: gcc.c-torture/execute/builtins/stpcpy-chk.c compilation,  -O0 
UNRESOLVED: gcc.c-torture/execute/builtins/stpcpy-chk.c execution,  -O0 
FAIL: gcc.c-torture/execute/builtins/stpcpy-chk.c compilation,  -O1 
UNRESOLVED: gcc.c-torture/execute/builtins/stpcpy-chk.c execution,  -O1 
FAIL: gcc.c-torture/execute/builtins/stpcpy-chk.c compilation,  -O2 
UNRESOLVED: gcc.c-torture/execute/builtins/stpcpy-chk.c execution,  -O2 
FAIL: gcc.c-torture/execute/builtins/stpcpy-chk.c compilation,  -O3 -fomit-frame-pointer 
UNRESOLVED: gcc.c-torture/execute/builtins/stpcpy-chk.c execution,  -O3 -fomit-frame-pointer 
FAIL: gcc.c-torture/execute/builtins/stpcpy-chk.c compilation,  -O3 -fomit-frame-pointer -funroll-loops 
UNRESOLVED: gcc.c-torture/execute/builtins/stpcpy-chk.c execution,  -O3 -fomit-frame-pointer -funroll-loops 
FAIL: gcc.c-torture/execute/builtins/stpcpy-chk.c compilation,  -O3 -fomit-frame-pointer -funroll-all-loops -finline-functions 
UNRESOLVED: gcc.c-torture/execute/builtins/stpcpy-chk.c execution,  -O3 -fomit-frame-pointer -funroll-all-loops -finline-functions 
FAIL: gcc.c-torture/execute/builtins/stpcpy-chk.c compilation,  -O3 -g 
UNRESOLVED: gcc.c-torture/execute/builtins/stpcpy-chk.c execution,  -O3 -g 
FAIL: gcc.c-torture/execute/builtins/stpcpy-chk.c compilation,  -Os 
UNRESOLVED: gcc.c-torture/execute/builtins/stpcpy-chk.c execution,  -Os 
FAIL: gcc.c-torture/execute/builtins/strcat-chk.c compilation,  -O0 
UNRESOLVED: gcc.c-torture/execute/builtins/strcat-chk.c execution,  -O0 
FAIL: gcc.c-torture/execute/builtins/strcat-chk.c compilation,  -O1 
UNRESOLVED: gcc.c-torture/execute/builtins/strcat-chk.c execution,  -O1 
FAIL: gcc.c-torture/execute/builtins/strcat-chk.c compilation,  -O2 
UNRESOLVED: gcc.c-torture/execute/builtins/strcat-chk.c execution,  -O2 
FAIL: gcc.c-torture/execute/builtins/strcat-chk.c compilation,  -O3 -fomit-frame-pointer 
UNRESOLVED: gcc.c-torture/execute/builtins/strcat-chk.c execution,  -O3 -fomit-frame-pointer 
FAIL: gcc.c-torture/execute/builtins/strcat-chk.c compilation,  -O3 -fomit-frame-pointer -funroll-loops 
UNRESOLVED: gcc.c-torture/execute/builtins/strcat-chk.c execution,  -O3 -fomit-frame-pointer -funroll-loops 
FAIL: gcc.c-torture/execute/builtins/strcat-chk.c compilation,  -O3 -fomit-frame-pointer -funroll-all-loops -finline-functions 
UNRESOLVED: gcc.c-torture/execute/builtins/strcat-chk.c execution,  -O3 -fomit-frame-pointer -funroll-all-loops -finline-functions 
FAIL: gcc.c-torture/execute/builtins/strcat-chk.c compilation,  -O3 -g 
UNRESOLVED: gcc.c-torture/execute/builtins/strcat-chk.c execution,  -O3 -g 
FAIL: gcc.c-torture/execute/builtins/strcat-chk.c compilation,  -Os 
UNRESOLVED: gcc.c-torture/execute/builtins/strcat-chk.c execution,  -Os 
FAIL: gcc.c-torture/execute/builtins/strcpy-chk.c compilation,  -O0 
UNRESOLVED: gcc.c-torture/execute/builtins/strcpy-chk.c execution,  -O0 
FAIL: gcc.c-torture/execute/builtins/strcpy-chk.c compilation,  -O1 
UNRESOLVED: gcc.c-torture/execute/builtins/strcpy-chk.c execution,  -O1 
FAIL: gcc.c-torture/execute/builtins/strcpy-chk.c compilation,  -O2 
UNRESOLVED: gcc.c-torture/execute/builtins/strcpy-chk.c execution,  -O2 
FAIL: gcc.c-torture/execute/builtins/strcpy-chk.c compilation,  -O3 -fomit-frame-pointer 
UNRESOLVED: gcc.c-torture/execute/builtins/strcpy-chk.c execution,  -O3 -fomit-frame-pointer 
FAIL: gcc.c-torture/execute/builtins/strcpy-chk.c compilation,  -O3 -fomit-frame-pointer -funroll-loops 
UNRESOLVED: gcc.c-torture/execute/builtins/strcpy-chk.c execution,  -O3 -fomit-frame-pointer -funroll-loops 
FAIL: gcc.c-torture/execute/builtins/strcpy-chk.c compilation,  -O3 -fomit-frame-pointer -funroll-all-loops -finline-functions 
UNRESOLVED: gcc.c-torture/execute/builtins/strcpy-chk.c execution,  -O3 -fomit-frame-pointer -funroll-all-loops -finline-functions 
FAIL: gcc.c-torture/execute/builtins/strcpy-chk.c compilation,  -O3 -g 
UNRESOLVED: gcc.c-torture/execute/builtins/strcpy-chk.c execution,  -O3 -g 
FAIL: gcc.c-torture/execute/builtins/strcpy-chk.c compilation,  -Os 
UNRESOLVED: gcc.c-torture/execute/builtins/strcpy-chk.c execution,  -Os 
FAIL: gcc.c-torture/execute/builtins/strncat-chk.c compilation,  -O0 
UNRESOLVED: gcc.c-torture/execute/builtins/strncat-chk.c execution,  -O0 
FAIL: gcc.c-torture/execute/builtins/strncat-chk.c compilation,  -O1 
UNRESOLVED: gcc.c-torture/execute/builtins/strncat-chk.c execution,  -O1 
FAIL: gcc.c-torture/execute/builtins/strncat-chk.c compilation,  -O2 
UNRESOLVED: gcc.c-torture/execute/builtins/strncat-chk.c execution,  -O2 
FAIL: gcc.c-torture/execute/builtins/strncat-chk.c compilation,  -O3 -fomit-frame-pointer 
UNRESOLVED: gcc.c-torture/execute/builtins/strncat-chk.c execution,  -O3 -fomit-frame-pointer 
FAIL: gcc.c-torture/execute/builtins/strncat-chk.c compilation,  -O3 -fomit-frame-pointer -funroll-loops 
UNRESOLVED: gcc.c-torture/execute/builtins/strncat-chk.c execution,  -O3 -fomit-frame-pointer -funroll-loops 
FAIL: gcc.c-torture/execute/builtins/strncat-chk.c compilation,  -O3 -fomit-frame-pointer -funroll-all-loops -finline-functions 
UNRESOLVED: gcc.c-torture/execute/builtins/strncat-chk.c execution,  -O3 -fomit-frame-pointer -funroll-all-loops -finline-functions 
FAIL: gcc.c-torture/execute/builtins/strncat-chk.c compilation,  -O3 -g 
UNRESOLVED: gcc.c-torture/execute/builtins/strncat-chk.c execution,  -O3 -g 
FAIL: gcc.c-torture/execute/builtins/strncat-chk.c compilation,  -Os 
UNRESOLVED: gcc.c-torture/execute/builtins/strncat-chk.c execution,  -Os 
FAIL: gcc.c-torture/execute/builtins/strncpy-chk.c compilation,  -O0 
UNRESOLVED: gcc.c-torture/execute/builtins/strncpy-chk.c execution,  -O0 
FAIL: gcc.c-torture/execute/builtins/strncpy-chk.c compilation,  -O1 
UNRESOLVED: gcc.c-torture/execute/builtins/strncpy-chk.c execution,  -O1 
FAIL: gcc.c-torture/execute/builtins/strncpy-chk.c compilation,  -O2 
UNRESOLVED: gcc.c-torture/execute/builtins/strncpy-chk.c execution,  -O2 
FAIL: gcc.c-torture/execute/builtins/strncpy-chk.c compilation,  -O3 -fomit-frame-pointer 
UNRESOLVED: gcc.c-torture/execute/builtins/strncpy-chk.c execution,  -O3 -fomit-frame-pointer 
FAIL: gcc.c-torture/execute/builtins/strncpy-chk.c compilation,  -O3 -fomit-frame-pointer -funroll-loops 
UNRESOLVED: gcc.c-torture/execute/builtins/strncpy-chk.c execution,  -O3 -fomit-frame-pointer -funroll-loops 
FAIL: gcc.c-torture/execute/builtins/strncpy-chk.c compilation,  -O3 -fomit-frame-pointer -funroll-all-loops -finline-functions 
UNRESOLVED: gcc.c-torture/execute/builtins/strncpy-chk.c execution,  -O3 -fomit-frame-pointer -funroll-all-loops -finline-functions 
FAIL: gcc.c-torture/execute/builtins/strncpy-chk.c compilation,  -O3 -g 
UNRESOLVED: gcc.c-torture/execute/builtins/strncpy-chk.c execution,  -O3 -g 
FAIL: gcc.c-torture/execute/builtins/strncpy-chk.c compilation,  -Os 
UNRESOLVED: gcc.c-torture/execute/builtins/strncpy-chk.c execution,  -Os 
FAIL: gcc.c-torture/execute/builtins/vsnprintf-chk.c compilation,  -O0 
UNRESOLVED: gcc.c-torture/execute/builtins/vsnprintf-chk.c execution,  -O0 
FAIL: gcc.c-torture/execute/builtins/vsnprintf-chk.c compilation,  -O1 
UNRESOLVED: gcc.c-torture/execute/builtins/vsnprintf-chk.c execution,  -O1 
FAIL: gcc.c-torture/execute/builtins/vsnprintf-chk.c compilation,  -O2 
UNRESOLVED: gcc.c-torture/execute/builtins/vsnprintf-chk.c execution,  -O2 
FAIL: gcc.c-torture/execute/builtins/vsnprintf-chk.c compilation,  -O3 -fomit-frame-pointer 
UNRESOLVED: gcc.c-torture/execute/builtins/vsnprintf-chk.c execution,  -O3 -fomit-frame-pointer 
FAIL: gcc.c-torture/execute/builtins/vsnprintf-chk.c compilation,  -O3 -fomit-frame-pointer -funroll-loops 
UNRESOLVED: gcc.c-torture/execute/builtins/vsnprintf-chk.c execution,  -O3 -fomit-frame-pointer -funroll-loops 
FAIL: gcc.c-torture/execute/builtins/vsnprintf-chk.c compilation,  -O3 -fomit-frame-pointer -funroll-all-loops -finline-functions 
UNRESOLVED: gcc.c-torture/execute/builtins/vsnprintf-chk.c execution,  -O3 -fomit-frame-pointer -funroll-all-loops -finline-functions 
FAIL: gcc.c-torture/execute/builtins/vsnprintf-chk.c compilation,  -O3 -g 
UNRESOLVED: gcc.c-torture/execute/builtins/vsnprintf-chk.c execution,  -O3 -g 
FAIL: gcc.c-torture/execute/builtins/vsnprintf-chk.c compilation,  -Os 
UNRESOLVED: gcc.c-torture/execute/builtins/vsnprintf-chk.c execution,  -Os 
FAIL: gcc.c-torture/execute/builtins/vsprintf-chk.c compilation,  -O0 
UNRESOLVED: gcc.c-torture/execute/builtins/vsprintf-chk.c execution,  -O0 
FAIL: gcc.c-torture/execute/builtins/vsprintf-chk.c compilation,  -O1 
UNRESOLVED: gcc.c-torture/execute/builtins/vsprintf-chk.c execution,  -O1 
FAIL: gcc.c-torture/execute/builtins/vsprintf-chk.c compilation,  -O2 
UNRESOLVED: gcc.c-torture/execute/builtins/vsprintf-chk.c execution,  -O2 
FAIL: gcc.c-torture/execute/builtins/vsprintf-chk.c compilation,  -O3 -fomit-frame-pointer 
UNRESOLVED: gcc.c-torture/execute/builtins/vsprintf-chk.c execution,  -O3 -fomit-frame-pointer 
FAIL: gcc.c-torture/execute/builtins/vsprintf-chk.c compilation,  -O3 -fomit-frame-pointer -funroll-loops 
UNRESOLVED: gcc.c-torture/execute/builtins/vsprintf-chk.c execution,  -O3 -fomit-frame-pointer -funroll-loops 
FAIL: gcc.c-torture/execute/builtins/vsprintf-chk.c compilation,  -O3 -fomit-frame-pointer -funroll-all-loops -finline-functions 
UNRESOLVED: gcc.c-torture/execute/builtins/vsprintf-chk.c execution,  -O3 -fomit-frame-pointer -funroll-all-loops -finline-functions 
FAIL: gcc.c-torture/execute/builtins/vsprintf-chk.c compilation,  -O3 -g 
UNRESOLVED: gcc.c-torture/execute/builtins/vsprintf-chk.c execution,  -O3 -g 
FAIL: gcc.c-torture/execute/builtins/vsprintf-chk.c compilation,  -Os 
UNRESOLVED: gcc.c-torture/execute/builtins/vsprintf-chk.c execution,  -Os 
FAIL: gcc.c-torture/execute/20000112-1.c compilation,  -O0 
UNRESOLVED: gcc.c-torture/execute/20000112-1.c execution,  -O0 
FAIL: gcc.c-torture/execute/20000112-1.c compilation,  -O1 
UNRESOLVED: gcc.c-torture/execute/20000112-1.c execution,  -O1 
FAIL: gcc.c-torture/execute/20000112-1.c compilation,  -O2 
UNRESOLVED: gcc.c-torture/execute/20000112-1.c execution,  -O2 
FAIL: gcc.c-torture/execute/20000112-1.c compilation,  -O3 -fomit-frame-pointer 
UNRESOLVED: gcc.c-torture/execute/20000112-1.c execution,  -O3 -fomit-frame-pointer 
FAIL: gcc.c-torture/execute/20000112-1.c compilation,  -O3 -fomit-frame-pointer -funroll-loops 
UNRESOLVED: gcc.c-torture/execute/20000112-1.c execution,  -O3 -fomit-frame-pointer -funroll-loops 
FAIL: gcc.c-torture/execute/20000112-1.c compilation,  -O3 -fomit-frame-pointer -funroll-all-loops -finline-functions 
UNRESOLVED: gcc.c-torture/execute/20000112-1.c execution,  -O3 -fomit-frame-pointer -funroll-all-loops -finline-functions 
FAIL: gcc.c-torture/execute/20000112-1.c compilation,  -O3 -g 
UNRESOLVED: gcc.c-torture/execute/20000112-1.c execution,  -O3 -g 
FAIL: gcc.c-torture/execute/20000112-1.c compilation,  -Os 
UNRESOLVED: gcc.c-torture/execute/20000112-1.c execution,  -Os 
FAIL: gcc.c-torture/execute/20000402-1.c compilation,  -O0 
UNRESOLVED: gcc.c-torture/execute/20000402-1.c execution,  -O0 
FAIL: gcc.c-torture/execute/20000402-1.c compilation,  -O1 
UNRESOLVED: gcc.c-torture/execute/20000402-1.c execution,  -O1 
FAIL: gcc.c-torture/execute/20000402-1.c compilation,  -O2 
UNRESOLVED: gcc.c-torture/execute/20000402-1.c execution,  -O2 
FAIL: gcc.c-torture/execute/20000402-1.c compilation,  -O3 -fomit-frame-pointer 
UNRESOLVED: gcc.c-torture/execute/20000402-1.c execution,  -O3 -fomit-frame-pointer 
FAIL: gcc.c-torture/execute/20000402-1.c compilation,  -O3 -g 
UNRESOLVED: gcc.c-torture/execute/20000402-1.c execution,  -O3 -g 
FAIL: gcc.c-torture/execute/20000402-1.c compilation,  -Os 
UNRESOLVED: gcc.c-torture/execute/20000402-1.c execution,  -Os 
FAIL: gcc.c-torture/execute/20000910-1.c compilation,  -O0 
UNRESOLVED: gcc.c-torture/execute/20000910-1.c execution,  -O0 
FAIL: gcc.c-torture/execute/20000910-1.c compilation,  -O1 
UNRESOLVED: gcc.c-torture/execute/20000910-1.c execution,  -O1 
FAIL: gcc.c-torture/execute/20000910-1.c compilation,  -O2 
UNRESOLVED: gcc.c-torture/execute/20000910-1.c execution,  -O2 
FAIL: gcc.c-torture/execute/20000910-1.c compilation,  -O3 -fomit-frame-pointer 
UNRESOLVED: gcc.c-torture/execute/20000910-1.c execution,  -O3 -fomit-frame-pointer 
FAIL: gcc.c-torture/execute/20000910-1.c compilation,  -O3 -fomit-frame-pointer -funroll-loops 
UNRESOLVED: gcc.c-torture/execute/20000910-1.c execution,  -O3 -fomit-frame-pointer -funroll-loops 
FAIL: gcc.c-torture/execute/20000910-1.c compilation,  -O3 -fomit-frame-pointer -funroll-all-loops -finline-functions 
UNRESOLVED: gcc.c-torture/execute/20000910-1.c execution,  -O3 -fomit-frame-pointer -funroll-all-loops -finline-functions 
FAIL: gcc.c-torture/execute/20000910-1.c compilation,  -O3 -g 
UNRESOLVED: gcc.c-torture/execute/20000910-1.c execution,  -O3 -g 
FAIL: gcc.c-torture/execute/20000910-1.c compilation,  -Os 
UNRESOLVED: gcc.c-torture/execute/20000910-1.c execution,  -Os 
FAIL: gcc.c-torture/execute/20000910-2.c compilation,  -O0 
UNRESOLVED: gcc.c-torture/execute/20000910-2.c execution,  -O0 
FAIL: gcc.c-torture/execute/20000910-2.c compilation,  -O1 
UNRESOLVED: gcc.c-torture/execute/20000910-2.c execution,  -O1 
FAIL: gcc.c-torture/execute/20000910-2.c compilation,  -O2 
UNRESOLVED: gcc.c-torture/execute/20000910-2.c execution,  -O2 
FAIL: gcc.c-torture/execute/20000910-2.c compilation,  -O3 -fomit-frame-pointer 
UNRESOLVED: gcc.c-torture/execute/20000910-2.c execution,  -O3 -fomit-frame-pointer 
FAIL: gcc.c-torture/execute/20000910-2.c compilation,  -O3 -fomit-frame-pointer -funroll-loops 
UNRESOLVED: gcc.c-torture/execute/20000910-2.c execution,  -O3 -fomit-frame-pointer -funroll-loops 
FAIL: gcc.c-torture/execute/20000910-2.c compilation,  -O3 -fomit-frame-pointer -funroll-all-loops -finline-functions 
UNRESOLVED: gcc.c-torture/execute/20000910-2.c execution,  -O3 -fomit-frame-pointer -funroll-all-loops -finline-functions 
FAIL: gcc.c-torture/execute/20000910-2.c compilation,  -O3 -g 
UNRESOLVED: gcc.c-torture/execute/20000910-2.c execution,  -O3 -g 
FAIL: gcc.c-torture/execute/20000910-2.c compilation,  -Os 
UNRESOLVED: gcc.c-torture/execute/20000910-2.c execution,  -Os 
FAIL: gcc.c-torture/execute/20021010-2.c compilation,  -O0 
UNRESOLVED: gcc.c-torture/execute/20021010-2.c execution,  -O0 
FAIL: gcc.c-torture/execute/20021010-2.c compilation,  -O1 
UNRESOLVED: gcc.c-torture/execute/20021010-2.c execution,  -O1 
FAIL: gcc.c-torture/execute/20021010-2.c compilation,  -O2 
UNRESOLVED: gcc.c-torture/execute/20021010-2.c execution,  -O2 
FAIL: gcc.c-torture/execute/20021010-2.c compilation,  -O3 -fomit-frame-pointer 
UNRESOLVED: gcc.c-torture/execute/20021010-2.c execution,  -O3 -fomit-frame-pointer 
FAIL: gcc.c-torture/execute/20021010-2.c compilation,  -O3 -g 
UNRESOLVED: gcc.c-torture/execute/20021010-2.c execution,  -O3 -g 
FAIL: gcc.c-torture/execute/20021010-2.c compilation,  -Os 
UNRESOLVED: gcc.c-torture/execute/20021010-2.c execution,  -Os 
FAIL: gcc.c-torture/execute/20031204-1.c compilation,  -O0 
UNRESOLVED: gcc.c-torture/execute/20031204-1.c execution,  -O0 
FAIL: gcc.c-torture/execute/20031204-1.c compilation,  -O1 
UNRESOLVED: gcc.c-torture/execute/20031204-1.c execution,  -O1 
FAIL: gcc.c-torture/execute/20031204-1.c compilation,  -O2 
UNRESOLVED: gcc.c-torture/execute/20031204-1.c execution,  -O2 
FAIL: gcc.c-torture/execute/20031204-1.c compilation,  -O3 -fomit-frame-pointer 
UNRESOLVED: gcc.c-torture/execute/20031204-1.c execution,  -O3 -fomit-frame-pointer 
FAIL: gcc.c-torture/execute/20031204-1.c compilation,  -O3 -fomit-frame-pointer -funroll-loops 
UNRESOLVED: gcc.c-torture/execute/20031204-1.c execution,  -O3 -fomit-frame-pointer -funroll-loops 
FAIL: gcc.c-torture/execute/20031204-1.c compilation,  -O3 -fomit-frame-pointer -funroll-all-loops -finline-functions 
UNRESOLVED: gcc.c-torture/execute/20031204-1.c execution,  -O3 -fomit-frame-pointer -funroll-all-loops -finline-functions 
FAIL: gcc.c-torture/execute/20031204-1.c compilation,  -O3 -g 
UNRESOLVED: gcc.c-torture/execute/20031204-1.c execution,  -O3 -g 
FAIL: gcc.c-torture/execute/20031204-1.c compilation,  -Os 
UNRESOLVED: gcc.c-torture/execute/20031204-1.c execution,  -Os 
FAIL: gcc.c-torture/execute/20040223-1.c compilation,  -O0 
UNRESOLVED: gcc.c-torture/execute/20040223-1.c execution,  -O0 
FAIL: gcc.c-torture/execute/20040223-1.c compilation,  -O1 
UNRESOLVED: gcc.c-torture/execute/20040223-1.c execution,  -O1 
FAIL: gcc.c-torture/execute/20040223-1.c compilation,  -O2 
UNRESOLVED: gcc.c-torture/execute/20040223-1.c execution,  -O2 
FAIL: gcc.c-torture/execute/20040223-1.c compilation,  -O3 -fomit-frame-pointer 
UNRESOLVED: gcc.c-torture/execute/20040223-1.c execution,  -O3 -fomit-frame-pointer 
FAIL: gcc.c-torture/execute/20040223-1.c compilation,  -O3 -g 
UNRESOLVED: gcc.c-torture/execute/20040223-1.c execution,  -O3 -g 
FAIL: gcc.c-torture/execute/20040223-1.c compilation,  -Os 
UNRESOLVED: gcc.c-torture/execute/20040223-1.c execution,  -Os 
FAIL: gcc.c-torture/execute/20040823-1.c compilation,  -O0 
UNRESOLVED: gcc.c-torture/execute/20040823-1.c execution,  -O0 
FAIL: gcc.c-torture/execute/20040823-1.c compilation,  -O1 
UNRESOLVED: gcc.c-torture/execute/20040823-1.c execution,  -O1 
FAIL: gcc.c-torture/execute/20040823-1.c compilation,  -O2 
UNRESOLVED: gcc.c-torture/execute/20040823-1.c execution,  -O2 
FAIL: gcc.c-torture/execute/20040823-1.c compilation,  -O3 -fomit-frame-pointer 
UNRESOLVED: gcc.c-torture/execute/20040823-1.c execution,  -O3 -fomit-frame-pointer 
FAIL: gcc.c-torture/execute/20040823-1.c compilation,  -O3 -g 
UNRESOLVED: gcc.c-torture/execute/20040823-1.c execution,  -O3 -g 
FAIL: gcc.c-torture/execute/20040823-1.c compilation,  -Os 
UNRESOLVED: gcc.c-torture/execute/20040823-1.c execution,  -Os 
FAIL: gcc.c-torture/execute/20050125-1.c compilation,  -O0 
UNRESOLVED: gcc.c-torture/execute/20050125-1.c execution,  -O0 
FAIL: gcc.c-torture/execute/20050125-1.c compilation,  -O1 
UNRESOLVED: gcc.c-torture/execute/20050125-1.c execution,  -O1 
FAIL: gcc.c-torture/execute/20050125-1.c compilation,  -O2 
UNRESOLVED: gcc.c-torture/execute/20050125-1.c execution,  -O2 
FAIL: gcc.c-torture/execute/20050125-1.c compilation,  -O3 -fomit-frame-pointer 
UNRESOLVED: gcc.c-torture/execute/20050125-1.c execution,  -O3 -fomit-frame-pointer 
FAIL: gcc.c-torture/execute/20050125-1.c compilation,  -O3 -g 
UNRESOLVED: gcc.c-torture/execute/20050125-1.c execution,  -O3 -g 
FAIL: gcc.c-torture/execute/20050125-1.c compilation,  -Os 
UNRESOLVED: gcc.c-torture/execute/20050125-1.c execution,  -Os 
FAIL: gcc.c-torture/execute/20050131-1.c compilation,  -O0 
UNRESOLVED: gcc.c-torture/execute/20050131-1.c execution,  -O0 
FAIL: gcc.c-torture/execute/20050131-1.c compilation,  -O1 
UNRESOLVED: gcc.c-torture/execute/20050131-1.c execution,  -O1 
FAIL: gcc.c-torture/execute/20050131-1.c compilation,  -O2 
UNRESOLVED: gcc.c-torture/execute/20050131-1.c execution,  -O2 
FAIL: gcc.c-torture/execute/20050131-1.c compilation,  -O3 -fomit-frame-pointer 
UNRESOLVED: gcc.c-torture/execute/20050131-1.c execution,  -O3 -fomit-frame-pointer 
FAIL: gcc.c-torture/execute/20050131-1.c compilation,  -O3 -g 
UNRESOLVED: gcc.c-torture/execute/20050131-1.c execution,  -O3 -g 
FAIL: gcc.c-torture/execute/20050131-1.c compilation,  -Os 
UNRESOLVED: gcc.c-torture/execute/20050131-1.c execution,  -Os 
FAIL: gcc.c-torture/execute/20050203-1.c compilation,  -O0 
UNRESOLVED: gcc.c-torture/execute/20050203-1.c execution,  -O0 
FAIL: gcc.c-torture/execute/20050203-1.c compilation,  -O1 
UNRESOLVED: gcc.c-torture/execute/20050203-1.c execution,  -O1 
FAIL: gcc.c-torture/execute/20050203-1.c compilation,  -O2 
UNRESOLVED: gcc.c-torture/execute/20050203-1.c execution,  -O2 
FAIL: gcc.c-torture/execute/20050203-1.c compilation,  -O3 -fomit-frame-pointer 
UNRESOLVED: gcc.c-torture/execute/20050203-1.c execution,  -O3 -fomit-frame-pointer 
FAIL: gcc.c-torture/execute/20050203-1.c compilation,  -O3 -g 
UNRESOLVED: gcc.c-torture/execute/20050203-1.c execution,  -O3 -g 
FAIL: gcc.c-torture/execute/20050203-1.c compilation,  -Os 
UNRESOLVED: gcc.c-torture/execute/20050203-1.c execution,  -Os 
FAIL: gcc.c-torture/execute/920501-6.c compilation,  -O0 
UNRESOLVED: gcc.c-torture/execute/920501-6.c execution,  -O0 
FAIL: gcc.c-torture/execute/920501-6.c compilation,  -O1 
UNRESOLVED: gcc.c-torture/execute/920501-6.c execution,  -O1 
FAIL: gcc.c-torture/execute/920501-6.c compilation,  -O2 
UNRESOLVED: gcc.c-torture/execute/920501-6.c execution,  -O2 
FAIL: gcc.c-torture/execute/920501-6.c compilation,  -O3 -fomit-frame-pointer 
UNRESOLVED: gcc.c-torture/execute/920501-6.c execution,  -O3 -fomit-frame-pointer 
FAIL: gcc.c-torture/execute/920501-6.c compilation,  -O3 -fomit-frame-pointer -funroll-loops 
UNRESOLVED: gcc.c-torture/execute/920501-6.c execution,  -O3 -fomit-frame-pointer -funroll-loops 
FAIL: gcc.c-torture/execute/920501-6.c compilation,  -O3 -fomit-frame-pointer -funroll-all-loops -finline-functions 
UNRESOLVED: gcc.c-torture/execute/920501-6.c execution,  -O3 -fomit-frame-pointer -funroll-all-loops -finline-functions 
FAIL: gcc.c-torture/execute/920501-6.c compilation,  -O3 -g 
UNRESOLVED: gcc.c-torture/execute/920501-6.c execution,  -O3 -g 
FAIL: gcc.c-torture/execute/920501-6.c compilation,  -Os 
UNRESOLVED: gcc.c-torture/execute/920501-6.c execution,  -Os 
FAIL: gcc.c-torture/execute/920501-8.c compilation,  -O0 
UNRESOLVED: gcc.c-torture/execute/920501-8.c execution,  -O0 
FAIL: gcc.c-torture/execute/920501-8.c compilation,  -O1 
UNRESOLVED: gcc.c-torture/execute/920501-8.c execution,  -O1 
FAIL: gcc.c-torture/execute/920501-8.c compilation,  -O2 
UNRESOLVED: gcc.c-torture/execute/920501-8.c execution,  -O2 
FAIL: gcc.c-torture/execute/920501-8.c compilation,  -O3 -fomit-frame-pointer 
UNRESOLVED: gcc.c-torture/execute/920501-8.c execution,  -O3 -fomit-frame-pointer 
FAIL: gcc.c-torture/execute/920501-8.c compilation,  -O3 -g 
UNRESOLVED: gcc.c-torture/execute/920501-8.c execution,  -O3 -g 
FAIL: gcc.c-torture/execute/920501-8.c compilation,  -Os 
UNRESOLVED: gcc.c-torture/execute/920501-8.c execution,  -Os 
FAIL: gcc.c-torture/execute/920501-9.c compilation,  -O0 
UNRESOLVED: gcc.c-torture/execute/920501-9.c execution,  -O0 
FAIL: gcc.c-torture/execute/920501-9.c compilation,  -O1 
UNRESOLVED: gcc.c-torture/execute/920501-9.c execution,  -O1 
FAIL: gcc.c-torture/execute/920501-9.c compilation,  -O2 
UNRESOLVED: gcc.c-torture/execute/920501-9.c execution,  -O2 
FAIL: gcc.c-torture/execute/920501-9.c compilation,  -O3 -fomit-frame-pointer 
UNRESOLVED: gcc.c-torture/execute/920501-9.c execution,  -O3 -fomit-frame-pointer 
FAIL: gcc.c-torture/execute/920501-9.c compilation,  -O3 -g 
UNRESOLVED: gcc.c-torture/execute/920501-9.c execution,  -O3 -g 
FAIL: gcc.c-torture/execute/920501-9.c compilation,  -Os 
UNRESOLVED: gcc.c-torture/execute/920501-9.c execution,  -Os 
FAIL: gcc.c-torture/execute/920726-1.c compilation,  -O0 
UNRESOLVED: gcc.c-torture/execute/920726-1.c execution,  -O0 
FAIL: gcc.c-torture/execute/920726-1.c compilation,  -O1 
UNRESOLVED: gcc.c-torture/execute/920726-1.c execution,  -O1 
FAIL: gcc.c-torture/execute/920726-1.c compilation,  -O2 
UNRESOLVED: gcc.c-torture/execute/920726-1.c execution,  -O2 
FAIL: gcc.c-torture/execute/920726-1.c compilation,  -O3 -fomit-frame-pointer 
UNRESOLVED: gcc.c-torture/execute/920726-1.c execution,  -O3 -fomit-frame-pointer 
FAIL: gcc.c-torture/execute/920726-1.c compilation,  -O3 -fomit-frame-pointer -funroll-loops 
UNRESOLVED: gcc.c-torture/execute/920726-1.c execution,  -O3 -fomit-frame-pointer -funroll-loops 
FAIL: gcc.c-torture/execute/920726-1.c compilation,  -O3 -fomit-frame-pointer -funroll-all-loops -finline-functions 
UNRESOLVED: gcc.c-torture/execute/920726-1.c execution,  -O3 -fomit-frame-pointer -funroll-all-loops -finline-functions 
FAIL: gcc.c-torture/execute/920726-1.c compilation,  -O3 -g 
UNRESOLVED: gcc.c-torture/execute/920726-1.c execution,  -O3 -g 
FAIL: gcc.c-torture/execute/920726-1.c compilation,  -Os 
UNRESOLVED: gcc.c-torture/execute/920726-1.c execution,  -Os 
FAIL: gcc.c-torture/execute/920810-1.c compilation,  -O0 
UNRESOLVED: gcc.c-torture/execute/920810-1.c execution,  -O0 
FAIL: gcc.c-torture/execute/920810-1.c compilation,  -O1 
UNRESOLVED: gcc.c-torture/execute/920810-1.c execution,  -O1 
FAIL: gcc.c-torture/execute/920810-1.c compilation,  -O2 
UNRESOLVED: gcc.c-torture/execute/920810-1.c execution,  -O2 
FAIL: gcc.c-torture/execute/920810-1.c compilation,  -O3 -fomit-frame-pointer 
UNRESOLVED: gcc.c-torture/execute/920810-1.c execution,  -O3 -fomit-frame-pointer 
FAIL: gcc.c-torture/execute/920810-1.c compilation,  -O3 -g 
UNRESOLVED: gcc.c-torture/execute/920810-1.c execution,  -O3 -g 
FAIL: gcc.c-torture/execute/920810-1.c compilation,  -Os 
UNRESOLVED: gcc.c-torture/execute/920810-1.c execution,  -Os 
FAIL: gcc.c-torture/execute/930513-1.c compilation,  -O0 
UNRESOLVED: gcc.c-torture/execute/930513-1.c execution,  -O0 
FAIL: gcc.c-torture/execute/930513-1.c compilation,  -O1 
UNRESOLVED: gcc.c-torture/execute/930513-1.c execution,  -O1 
FAIL: gcc.c-torture/execute/930513-1.c compilation,  -O2 
UNRESOLVED: gcc.c-torture/execute/930513-1.c execution,  -O2 
FAIL: gcc.c-torture/execute/930513-1.c compilation,  -O3 -fomit-frame-pointer 
UNRESOLVED: gcc.c-torture/execute/930513-1.c execution,  -O3 -fomit-frame-pointer 
FAIL: gcc.c-torture/execute/930513-1.c compilation,  -O3 -g 
UNRESOLVED: gcc.c-torture/execute/930513-1.c execution,  -O3 -g 
FAIL: gcc.c-torture/execute/930513-1.c compilation,  -Os 
UNRESOLVED: gcc.c-torture/execute/930513-1.c execution,  -Os 
FAIL: gcc.c-torture/execute/941014-2.c compilation,  -O0 
UNRESOLVED: gcc.c-torture/execute/941014-2.c execution,  -O0 
FAIL: gcc.c-torture/execute/941014-2.c compilation,  -O1 
UNRESOLVED: gcc.c-torture/execute/941014-2.c execution,  -O1 
FAIL: gcc.c-torture/execute/941014-2.c compilation,  -O2 
UNRESOLVED: gcc.c-torture/execute/941014-2.c execution,  -O2 
FAIL: gcc.c-torture/execute/941014-2.c compilation,  -O3 -fomit-frame-pointer 
UNRESOLVED: gcc.c-torture/execute/941014-2.c execution,  -O3 -fomit-frame-pointer 
FAIL: gcc.c-torture/execute/941014-2.c compilation,  -O3 -g 
UNRESOLVED: gcc.c-torture/execute/941014-2.c execution,  -O3 -g 
FAIL: gcc.c-torture/execute/941014-2.c compilation,  -Os 
UNRESOLVED: gcc.c-torture/execute/941014-2.c execution,  -Os 
FAIL: gcc.c-torture/execute/960311-1.c compilation,  -O0 
UNRESOLVED: gcc.c-torture/execute/960311-1.c execution,  -O0 
FAIL: gcc.c-torture/execute/960311-1.c compilation,  -O1 
UNRESOLVED: gcc.c-torture/execute/960311-1.c execution,  -O1 
FAIL: gcc.c-torture/execute/960311-1.c compilation,  -O2 
UNRESOLVED: gcc.c-torture/execute/960311-1.c execution,  -O2 
FAIL: gcc.c-torture/execute/960311-1.c compilation,  -O3 -fomit-frame-pointer 
UNRESOLVED: gcc.c-torture/execute/960311-1.c execution,  -O3 -fomit-frame-pointer 
FAIL: gcc.c-torture/execute/960311-1.c compilation,  -O3 -g 
UNRESOLVED: gcc.c-torture/execute/960311-1.c execution,  -O3 -g 
FAIL: gcc.c-torture/execute/960311-1.c compilation,  -Os 
UNRESOLVED: gcc.c-torture/execute/960311-1.c execution,  -Os 
FAIL: gcc.c-torture/execute/960311-2.c compilation,  -O0 
UNRESOLVED: gcc.c-torture/execute/960311-2.c execution,  -O0 
FAIL: gcc.c-torture/execute/960311-2.c compilation,  -O1 
UNRESOLVED: gcc.c-torture/execute/960311-2.c execution,  -O1 
FAIL: gcc.c-torture/execute/960311-2.c compilation,  -O2 
UNRESOLVED: gcc.c-torture/execute/960311-2.c execution,  -O2 
FAIL: gcc.c-torture/execute/960311-2.c compilation,  -O3 -fomit-frame-pointer 
UNRESOLVED: gcc.c-torture/execute/960311-2.c execution,  -O3 -fomit-frame-pointer 
FAIL: gcc.c-torture/execute/960311-2.c compilation,  -O3 -g 
UNRESOLVED: gcc.c-torture/execute/960311-2.c execution,  -O3 -g 
FAIL: gcc.c-torture/execute/960311-2.c compilation,  -Os 
UNRESOLVED: gcc.c-torture/execute/960311-2.c execution,  -Os 
FAIL: gcc.c-torture/execute/960311-3.c compilation,  -O0 
UNRESOLVED: gcc.c-torture/execute/960311-3.c execution,  -O0 
FAIL: gcc.c-torture/execute/960311-3.c compilation,  -O1 
UNRESOLVED: gcc.c-torture/execute/960311-3.c execution,  -O1 
FAIL: gcc.c-torture/execute/960311-3.c compilation,  -O2 
UNRESOLVED: gcc.c-torture/execute/960311-3.c execution,  -O2 
FAIL: gcc.c-torture/execute/960311-3.c compilation,  -O3 -fomit-frame-pointer 
UNRESOLVED: gcc.c-torture/execute/960311-3.c execution,  -O3 -fomit-frame-pointer 
FAIL: gcc.c-torture/execute/960311-3.c compilation,  -O3 -g 
UNRESOLVED: gcc.c-torture/execute/960311-3.c execution,  -O3 -g 
FAIL: gcc.c-torture/execute/960311-3.c compilation,  -Os 
UNRESOLVED: gcc.c-torture/execute/960311-3.c execution,  -Os 
FAIL: gcc.c-torture/execute/960327-1.c compilation,  -O0 
UNRESOLVED: gcc.c-torture/execute/960327-1.c execution,  -O0 
FAIL: gcc.c-torture/execute/960327-1.c compilation,  -O1 
UNRESOLVED: gcc.c-torture/execute/960327-1.c execution,  -O1 
FAIL: gcc.c-torture/execute/960327-1.c compilation,  -O2 
UNRESOLVED: gcc.c-torture/execute/960327-1.c execution,  -O2 
FAIL: gcc.c-torture/execute/960327-1.c compilation,  -O3 -fomit-frame-pointer 
UNRESOLVED: gcc.c-torture/execute/960327-1.c execution,  -O3 -fomit-frame-pointer 
FAIL: gcc.c-torture/execute/960327-1.c compilation,  -O3 -fomit-frame-pointer -funroll-loops 
UNRESOLVED: gcc.c-torture/execute/960327-1.c execution,  -O3 -fomit-frame-pointer -funroll-loops 
FAIL: gcc.c-torture/execute/960327-1.c compilation,  -O3 -fomit-frame-pointer -funroll-all-loops -finline-functions 
UNRESOLVED: gcc.c-torture/execute/960327-1.c execution,  -O3 -fomit-frame-pointer -funroll-all-loops -finline-functions 
FAIL: gcc.c-torture/execute/960327-1.c compilation,  -O3 -g 
UNRESOLVED: gcc.c-torture/execute/960327-1.c execution,  -O3 -g 
FAIL: gcc.c-torture/execute/960327-1.c compilation,  -Os 
UNRESOLVED: gcc.c-torture/execute/960327-1.c execution,  -Os 
FAIL: gcc.c-torture/execute/960521-1.c compilation,  -O0 
UNRESOLVED: gcc.c-torture/execute/960521-1.c execution,  -O0 
FAIL: gcc.c-torture/execute/960521-1.c compilation,  -O1 
UNRESOLVED: gcc.c-torture/execute/960521-1.c execution,  -O1 
FAIL: gcc.c-torture/execute/960521-1.c compilation,  -O2 
UNRESOLVED: gcc.c-torture/execute/960521-1.c execution,  -O2 
FAIL: gcc.c-torture/execute/960521-1.c compilation,  -O3 -fomit-frame-pointer 
UNRESOLVED: gcc.c-torture/execute/960521-1.c execution,  -O3 -fomit-frame-pointer 
FAIL: gcc.c-torture/execute/960521-1.c compilation,  -O3 -fomit-frame-pointer -funroll-loops 
UNRESOLVED: gcc.c-torture/execute/960521-1.c execution,  -O3 -fomit-frame-pointer -funroll-loops 
FAIL: gcc.c-torture/execute/960521-1.c compilation,  -O3 -fomit-frame-pointer -funroll-all-loops -finline-functions 
UNRESOLVED: gcc.c-torture/execute/960521-1.c execution,  -O3 -fomit-frame-pointer -funroll-all-loops -finline-functions 
FAIL: gcc.c-torture/execute/960521-1.c compilation,  -O3 -g 
UNRESOLVED: gcc.c-torture/execute/960521-1.c execution,  -O3 -g 
FAIL: gcc.c-torture/execute/960521-1.c compilation,  -Os 
UNRESOLVED: gcc.c-torture/execute/960521-1.c execution,  -Os 
FAIL: gcc.c-torture/execute/980605-1.c compilation,  -O0 
UNRESOLVED: gcc.c-torture/execute/980605-1.c execution,  -O0 
FAIL: gcc.c-torture/execute/980605-1.c compilation,  -O1 
UNRESOLVED: gcc.c-torture/execute/980605-1.c execution,  -O1 
FAIL: gcc.c-torture/execute/980605-1.c compilation,  -O2 
UNRESOLVED: gcc.c-torture/execute/980605-1.c execution,  -O2 
FAIL: gcc.c-torture/execute/980605-1.c compilation,  -O3 -fomit-frame-pointer 
UNRESOLVED: gcc.c-torture/execute/980605-1.c execution,  -O3 -fomit-frame-pointer 
FAIL: gcc.c-torture/execute/980605-1.c compilation,  -O3 -g 
UNRESOLVED: gcc.c-torture/execute/980605-1.c execution,  -O3 -g 
FAIL: gcc.c-torture/execute/980605-1.c compilation,  -Os 
UNRESOLVED: gcc.c-torture/execute/980605-1.c execution,  -Os 
FAIL: gcc.c-torture/execute/980707-1.c compilation,  -O0 
UNRESOLVED: gcc.c-torture/execute/980707-1.c execution,  -O0 
FAIL: gcc.c-torture/execute/980707-1.c compilation,  -O1 
UNRESOLVED: gcc.c-torture/execute/980707-1.c execution,  -O1 
FAIL: gcc.c-torture/execute/980707-1.c compilation,  -O2 
UNRESOLVED: gcc.c-torture/execute/980707-1.c execution,  -O2 
FAIL: gcc.c-torture/execute/980707-1.c compilation,  -O3 -fomit-frame-pointer 
UNRESOLVED: gcc.c-torture/execute/980707-1.c execution,  -O3 -fomit-frame-pointer 
FAIL: gcc.c-torture/execute/980707-1.c compilation,  -O3 -fomit-frame-pointer -funroll-loops 
UNRESOLVED: gcc.c-torture/execute/980707-1.c execution,  -O3 -fomit-frame-pointer -funroll-loops 
FAIL: gcc.c-torture/execute/980707-1.c compilation,  -O3 -fomit-frame-pointer -funroll-all-loops -finline-functions 
UNRESOLVED: gcc.c-torture/execute/980707-1.c execution,  -O3 -fomit-frame-pointer -funroll-all-loops -finline-functions 
FAIL: gcc.c-torture/execute/980707-1.c compilation,  -O3 -g 
UNRESOLVED: gcc.c-torture/execute/980707-1.c execution,  -O3 -g 
FAIL: gcc.c-torture/execute/980707-1.c compilation,  -Os 
UNRESOLVED: gcc.c-torture/execute/980707-1.c execution,  -Os 
FAIL: gcc.c-torture/execute/980709-1.c compilation,  -O0 
UNRESOLVED: gcc.c-torture/execute/980709-1.c execution,  -O0 
FAIL: gcc.c-torture/execute/980709-1.c compilation,  -O1 
UNRESOLVED: gcc.c-torture/execute/980709-1.c execution,  -O1 
FAIL: gcc.c-torture/execute/980709-1.c compilation,  -O2 
UNRESOLVED: gcc.c-torture/execute/980709-1.c execution,  -O2 
FAIL: gcc.c-torture/execute/980709-1.c compilation,  -O3 -fomit-frame-pointer 
UNRESOLVED: gcc.c-torture/execute/980709-1.c execution,  -O3 -fomit-frame-pointer 
FAIL: gcc.c-torture/execute/980709-1.c compilation,  -O3 -g 
UNRESOLVED: gcc.c-torture/execute/980709-1.c execution,  -O3 -g 
FAIL: gcc.c-torture/execute/980709-1.c compilation,  -Os 
UNRESOLVED: gcc.c-torture/execute/980709-1.c execution,  -Os 
FAIL: gcc.c-torture/execute/990513-1.c compilation,  -O0 
UNRESOLVED: gcc.c-torture/execute/990513-1.c execution,  -O0 
FAIL: gcc.c-torture/execute/990513-1.c compilation,  -O1 
UNRESOLVED: gcc.c-torture/execute/990513-1.c execution,  -O1 
FAIL: gcc.c-torture/execute/990513-1.c compilation,  -O2 
UNRESOLVED: gcc.c-torture/execute/990513-1.c execution,  -O2 
FAIL: gcc.c-torture/execute/990513-1.c compilation,  -O3 -fomit-frame-pointer 
UNRESOLVED: gcc.c-torture/execute/990513-1.c execution,  -O3 -fomit-frame-pointer 
FAIL: gcc.c-torture/execute/990513-1.c compilation,  -O3 -fomit-frame-pointer -funroll-loops 
UNRESOLVED: gcc.c-torture/execute/990513-1.c execution,  -O3 -fomit-frame-pointer -funroll-loops 
FAIL: gcc.c-torture/execute/990513-1.c compilation,  -O3 -fomit-frame-pointer -funroll-all-loops -finline-functions 
UNRESOLVED: gcc.c-torture/execute/990513-1.c execution,  -O3 -fomit-frame-pointer -funroll-all-loops -finline-functions 
FAIL: gcc.c-torture/execute/990513-1.c compilation,  -O3 -g 
UNRESOLVED: gcc.c-torture/execute/990513-1.c execution,  -O3 -g 
FAIL: gcc.c-torture/execute/990513-1.c compilation,  -Os 
UNRESOLVED: gcc.c-torture/execute/990513-1.c execution,  -Os 
FAIL: gcc.c-torture/execute/990628-1.c compilation,  -O0 
UNRESOLVED: gcc.c-torture/execute/990628-1.c execution,  -O0 
FAIL: gcc.c-torture/execute/990628-1.c compilation,  -O1 
UNRESOLVED: gcc.c-torture/execute/990628-1.c execution,  -O1 
FAIL: gcc.c-torture/execute/990628-1.c compilation,  -O2 
UNRESOLVED: gcc.c-torture/execute/990628-1.c execution,  -O2 
FAIL: gcc.c-torture/execute/990628-1.c compilation,  -O3 -fomit-frame-pointer 
UNRESOLVED: gcc.c-torture/execute/990628-1.c execution,  -O3 -fomit-frame-pointer 
FAIL: gcc.c-torture/execute/990628-1.c compilation,  -O3 -fomit-frame-pointer -funroll-loops 
UNRESOLVED: gcc.c-torture/execute/990628-1.c execution,  -O3 -fomit-frame-pointer -funroll-loops 
FAIL: gcc.c-torture/execute/990628-1.c compilation,  -O3 -fomit-frame-pointer -funroll-all-loops -finline-functions 
UNRESOLVED: gcc.c-torture/execute/990628-1.c execution,  -O3 -fomit-frame-pointer -funroll-all-loops -finline-functions 
FAIL: gcc.c-torture/execute/990628-1.c compilation,  -O3 -g 
UNRESOLVED: gcc.c-torture/execute/990628-1.c execution,  -O3 -g 
FAIL: gcc.c-torture/execute/990628-1.c compilation,  -Os 
UNRESOLVED: gcc.c-torture/execute/990628-1.c execution,  -Os 
FAIL: gcc.c-torture/execute/990826-0.c compilation,  -O0 
UNRESOLVED: gcc.c-torture/execute/990826-0.c execution,  -O0 
FAIL: gcc.c-torture/execute/990826-0.c compilation,  -O1 
UNRESOLVED: gcc.c-torture/execute/990826-0.c execution,  -O1 
FAIL: gcc.c-torture/execute/990826-0.c compilation,  -O2 
UNRESOLVED: gcc.c-torture/execute/990826-0.c execution,  -O2 
FAIL: gcc.c-torture/execute/990826-0.c compilation,  -O3 -fomit-frame-pointer 
UNRESOLVED: gcc.c-torture/execute/990826-0.c execution,  -O3 -fomit-frame-pointer 
FAIL: gcc.c-torture/execute/990826-0.c compilation,  -O3 -fomit-frame-pointer -funroll-loops 
UNRESOLVED: gcc.c-torture/execute/990826-0.c execution,  -O3 -fomit-frame-pointer -funroll-loops 
FAIL: gcc.c-torture/execute/990826-0.c compilation,  -O3 -fomit-frame-pointer -funroll-all-loops -finline-functions 
UNRESOLVED: gcc.c-torture/execute/990826-0.c execution,  -O3 -fomit-frame-pointer -funroll-all-loops -finline-functions 
FAIL: gcc.c-torture/execute/990826-0.c compilation,  -O3 -g 
UNRESOLVED: gcc.c-torture/execute/990826-0.c execution,  -O3 -g 
FAIL: gcc.c-torture/execute/990826-0.c compilation,  -Os 
UNRESOLVED: gcc.c-torture/execute/990826-0.c execution,  -Os 
FAIL: gcc.c-torture/execute/builtin-bitops-1.c compilation,  -O0 
UNRESOLVED: gcc.c-torture/execute/builtin-bitops-1.c execution,  -O0 
FAIL: gcc.c-torture/execute/builtin-bitops-1.c compilation,  -O1 
UNRESOLVED: gcc.c-torture/execute/builtin-bitops-1.c execution,  -O1 
FAIL: gcc.c-torture/execute/builtin-bitops-1.c compilation,  -O2 
UNRESOLVED: gcc.c-torture/execute/builtin-bitops-1.c execution,  -O2 
FAIL: gcc.c-torture/execute/builtin-bitops-1.c compilation,  -O3 -fomit-frame-pointer 
UNRESOLVED: gcc.c-torture/execute/builtin-bitops-1.c execution,  -O3 -fomit-frame-pointer 
FAIL: gcc.c-torture/execute/builtin-bitops-1.c compilation,  -O3 -fomit-frame-pointer -funroll-loops 
UNRESOLVED: gcc.c-torture/execute/builtin-bitops-1.c execution,  -O3 -fomit-frame-pointer -funroll-loops 
FAIL: gcc.c-torture/execute/builtin-bitops-1.c compilation,  -O3 -fomit-frame-pointer -funroll-all-loops -finline-functions 
UNRESOLVED: gcc.c-torture/execute/builtin-bitops-1.c execution,  -O3 -fomit-frame-pointer -funroll-all-loops -finline-functions 
FAIL: gcc.c-torture/execute/builtin-bitops-1.c compilation,  -O3 -g 
UNRESOLVED: gcc.c-torture/execute/builtin-bitops-1.c execution,  -O3 -g 
FAIL: gcc.c-torture/execute/builtin-bitops-1.c compilation,  -Os 
UNRESOLVED: gcc.c-torture/execute/builtin-bitops-1.c execution,  -Os 
FAIL: gcc.c-torture/execute/comp-goto-1.c compilation,  -O0 
UNRESOLVED: gcc.c-torture/execute/comp-goto-1.c execution,  -O0 
FAIL: gcc.c-torture/execute/comp-goto-1.c compilation,  -O1 
UNRESOLVED: gcc.c-torture/execute/comp-goto-1.c execution,  -O1 
FAIL: gcc.c-torture/execute/comp-goto-1.c compilation,  -O2 
UNRESOLVED: gcc.c-torture/execute/comp-goto-1.c execution,  -O2 
FAIL: gcc.c-torture/execute/comp-goto-1.c compilation,  -O3 -fomit-frame-pointer 
UNRESOLVED: gcc.c-torture/execute/comp-goto-1.c execution,  -O3 -fomit-frame-pointer 
FAIL: gcc.c-torture/execute/comp-goto-1.c compilation,  -O3 -fomit-frame-pointer -funroll-loops 
UNRESOLVED: gcc.c-torture/execute/comp-goto-1.c execution,  -O3 -fomit-frame-pointer -funroll-loops 
FAIL: gcc.c-torture/execute/comp-goto-1.c compilation,  -O3 -fomit-frame-pointer -funroll-all-loops -finline-functions 
UNRESOLVED: gcc.c-torture/execute/comp-goto-1.c execution,  -O3 -fomit-frame-pointer -funroll-all-loops -finline-functions 
FAIL: gcc.c-torture/execute/comp-goto-1.c compilation,  -O3 -g 
UNRESOLVED: gcc.c-torture/execute/comp-goto-1.c execution,  -O3 -g 
FAIL: gcc.c-torture/execute/comp-goto-1.c compilation,  -Os 
UNRESOLVED: gcc.c-torture/execute/comp-goto-1.c execution,  -Os 
FAIL: gcc.c-torture/execute/complex-6.c compilation,  -O0 
UNRESOLVED: gcc.c-torture/execute/complex-6.c execution,  -O0 
FAIL: gcc.c-torture/execute/complex-6.c compilation,  -O1 
UNRESOLVED: gcc.c-torture/execute/complex-6.c execution,  -O1 
FAIL: gcc.c-torture/execute/complex-6.c compilation,  -O2 
UNRESOLVED: gcc.c-torture/execute/complex-6.c execution,  -O2 
FAIL: gcc.c-torture/execute/complex-6.c compilation,  -O3 -fomit-frame-pointer 
UNRESOLVED: gcc.c-torture/execute/complex-6.c execution,  -O3 -fomit-frame-pointer 
FAIL: gcc.c-torture/execute/complex-6.c compilation,  -O3 -g 
UNRESOLVED: gcc.c-torture/execute/complex-6.c execution,  -O3 -g 
FAIL: gcc.c-torture/execute/complex-6.c compilation,  -Os 
UNRESOLVED: gcc.c-torture/execute/complex-6.c execution,  -Os 
FAIL: gcc.c-torture/execute/const-addr-expr-1.c compilation,  -O0 
UNRESOLVED: gcc.c-torture/execute/const-addr-expr-1.c execution,  -O0 
FAIL: gcc.c-torture/execute/const-addr-expr-1.c compilation,  -O1 
UNRESOLVED: gcc.c-torture/execute/const-addr-expr-1.c execution,  -O1 
FAIL: gcc.c-torture/execute/const-addr-expr-1.c compilation,  -O2 
UNRESOLVED: gcc.c-torture/execute/const-addr-expr-1.c execution,  -O2 
FAIL: gcc.c-torture/execute/const-addr-expr-1.c compilation,  -O3 -fomit-frame-pointer 
UNRESOLVED: gcc.c-torture/execute/const-addr-expr-1.c execution,  -O3 -fomit-frame-pointer 
FAIL: gcc.c-torture/execute/const-addr-expr-1.c compilation,  -O3 -g 
UNRESOLVED: gcc.c-torture/execute/const-addr-expr-1.c execution,  -O3 -g 
FAIL: gcc.c-torture/execute/const-addr-expr-1.c compilation,  -Os 
UNRESOLVED: gcc.c-torture/execute/const-addr-expr-1.c execution,  -Os 
FAIL: gcc.c-torture/execute/enum-3.c compilation,  -O0 
UNRESOLVED: gcc.c-torture/execute/enum-3.c execution,  -O0 
FAIL: gcc.c-torture/execute/enum-3.c compilation,  -O1 
UNRESOLVED: gcc.c-torture/execute/enum-3.c execution,  -O1 
FAIL: gcc.c-torture/execute/enum-3.c compilation,  -O2 
UNRESOLVED: gcc.c-torture/execute/enum-3.c execution,  -O2 
FAIL: gcc.c-torture/execute/enum-3.c compilation,  -O3 -fomit-frame-pointer 
UNRESOLVED: gcc.c-torture/execute/enum-3.c execution,  -O3 -fomit-frame-pointer 
FAIL: gcc.c-torture/execute/enum-3.c compilation,  -O3 -g 
UNRESOLVED: gcc.c-torture/execute/enum-3.c execution,  -O3 -g 
FAIL: gcc.c-torture/execute/enum-3.c compilation,  -Os 
UNRESOLVED: gcc.c-torture/execute/enum-3.c execution,  -Os 
FAIL: gcc.c-torture/execute/fprintf-1.c compilation,  -O0 
UNRESOLVED: gcc.c-torture/execute/fprintf-1.c execution,  -O0 
FAIL: gcc.c-torture/execute/fprintf-1.c compilation,  -O1 
UNRESOLVED: gcc.c-torture/execute/fprintf-1.c execution,  -O1 
FAIL: gcc.c-torture/execute/fprintf-1.c compilation,  -O2 
UNRESOLVED: gcc.c-torture/execute/fprintf-1.c execution,  -O2 
FAIL: gcc.c-torture/execute/fprintf-1.c compilation,  -O3 -fomit-frame-pointer 
UNRESOLVED: gcc.c-torture/execute/fprintf-1.c execution,  -O3 -fomit-frame-pointer 
FAIL: gcc.c-torture/execute/fprintf-1.c compilation,  -O3 -g 
UNRESOLVED: gcc.c-torture/execute/fprintf-1.c execution,  -O3 -g 
FAIL: gcc.c-torture/execute/fprintf-1.c compilation,  -Os 
UNRESOLVED: gcc.c-torture/execute/fprintf-1.c execution,  -Os 
FAIL: gcc.c-torture/execute/fprintf-chk-1.c compilation,  -O0 
UNRESOLVED: gcc.c-torture/execute/fprintf-chk-1.c execution,  -O0 
FAIL: gcc.c-torture/execute/fprintf-chk-1.c compilation,  -O1 
UNRESOLVED: gcc.c-torture/execute/fprintf-chk-1.c execution,  -O1 
FAIL: gcc.c-torture/execute/fprintf-chk-1.c compilation,  -O2 
UNRESOLVED: gcc.c-torture/execute/fprintf-chk-1.c execution,  -O2 
FAIL: gcc.c-torture/execute/fprintf-chk-1.c compilation,  -O3 -fomit-frame-pointer 
UNRESOLVED: gcc.c-torture/execute/fprintf-chk-1.c execution,  -O3 -fomit-frame-pointer 
FAIL: gcc.c-torture/execute/fprintf-chk-1.c compilation,  -O3 -g 
UNRESOLVED: gcc.c-torture/execute/fprintf-chk-1.c execution,  -O3 -g 
FAIL: gcc.c-torture/execute/fprintf-chk-1.c compilation,  -Os 
UNRESOLVED: gcc.c-torture/execute/fprintf-chk-1.c execution,  -Os 
FAIL: gcc.c-torture/execute/gofast.c compilation,  -O0 
UNRESOLVED: gcc.c-torture/execute/gofast.c execution,  -O0 
FAIL: gcc.c-torture/execute/gofast.c compilation,  -O1 
UNRESOLVED: gcc.c-torture/execute/gofast.c execution,  -O1 
FAIL: gcc.c-torture/execute/gofast.c compilation,  -O2 
UNRESOLVED: gcc.c-torture/execute/gofast.c execution,  -O2 
FAIL: gcc.c-torture/execute/gofast.c compilation,  -O3 -fomit-frame-pointer 
UNRESOLVED: gcc.c-torture/execute/gofast.c execution,  -O3 -fomit-frame-pointer 
FAIL: gcc.c-torture/execute/gofast.c compilation,  -O3 -g 
UNRESOLVED: gcc.c-torture/execute/gofast.c execution,  -O3 -g 
FAIL: gcc.c-torture/execute/gofast.c compilation,  -Os 
UNRESOLVED: gcc.c-torture/execute/gofast.c execution,  -Os 
FAIL: gcc.c-torture/execute/memcpy-1.c compilation,  -O0 
UNRESOLVED: gcc.c-torture/execute/memcpy-1.c execution,  -O0 
FAIL: gcc.c-torture/execute/memcpy-1.c compilation,  -O1 
UNRESOLVED: gcc.c-torture/execute/memcpy-1.c execution,  -O1 
FAIL: gcc.c-torture/execute/memcpy-1.c compilation,  -O2 
UNRESOLVED: gcc.c-torture/execute/memcpy-1.c execution,  -O2 
FAIL: gcc.c-torture/execute/memcpy-1.c compilation,  -O3 -fomit-frame-pointer 
UNRESOLVED: gcc.c-torture/execute/memcpy-1.c execution,  -O3 -fomit-frame-pointer 
FAIL: gcc.c-torture/execute/memcpy-1.c compilation,  -O3 -fomit-frame-pointer -funroll-loops 
UNRESOLVED: gcc.c-torture/execute/memcpy-1.c execution,  -O3 -fomit-frame-pointer -funroll-loops 
FAIL: gcc.c-torture/execute/memcpy-1.c compilation,  -O3 -fomit-frame-pointer -funroll-all-loops -finline-functions 
UNRESOLVED: gcc.c-torture/execute/memcpy-1.c execution,  -O3 -fomit-frame-pointer -funroll-all-loops -finline-functions 
FAIL: gcc.c-torture/execute/memcpy-1.c compilation,  -O3 -g 
UNRESOLVED: gcc.c-torture/execute/memcpy-1.c execution,  -O3 -g 
FAIL: gcc.c-torture/execute/memcpy-1.c compilation,  -Os 
UNRESOLVED: gcc.c-torture/execute/memcpy-1.c execution,  -Os 
FAIL: gcc.c-torture/execute/memcpy-2.c compilation,  -O0 
UNRESOLVED: gcc.c-torture/execute/memcpy-2.c execution,  -O0 
FAIL: gcc.c-torture/execute/memcpy-2.c compilation,  -O1 
UNRESOLVED: gcc.c-torture/execute/memcpy-2.c execution,  -O1 
FAIL: gcc.c-torture/execute/memcpy-2.c compilation,  -O2 
UNRESOLVED: gcc.c-torture/execute/memcpy-2.c execution,  -O2 
FAIL: gcc.c-torture/execute/memcpy-2.c compilation,  -O3 -fomit-frame-pointer 
UNRESOLVED: gcc.c-torture/execute/memcpy-2.c execution,  -O3 -fomit-frame-pointer 
FAIL: gcc.c-torture/execute/memcpy-2.c compilation,  -O3 -fomit-frame-pointer -funroll-loops 
UNRESOLVED: gcc.c-torture/execute/memcpy-2.c execution,  -O3 -fomit-frame-pointer -funroll-loops 
FAIL: gcc.c-torture/execute/memcpy-2.c compilation,  -O3 -fomit-frame-pointer -funroll-all-loops -finline-functions 
UNRESOLVED: gcc.c-torture/execute/memcpy-2.c execution,  -O3 -fomit-frame-pointer -funroll-all-loops -finline-functions 
FAIL: gcc.c-torture/execute/memcpy-2.c compilation,  -O3 -g 
UNRESOLVED: gcc.c-torture/execute/memcpy-2.c execution,  -O3 -g 
FAIL: gcc.c-torture/execute/memcpy-2.c compilation,  -Os 
UNRESOLVED: gcc.c-torture/execute/memcpy-2.c execution,  -Os 
FAIL: gcc.c-torture/execute/memset-1.c compilation,  -O0 
UNRESOLVED: gcc.c-torture/execute/memset-1.c execution,  -O0 
FAIL: gcc.c-torture/execute/memset-1.c compilation,  -O1 
UNRESOLVED: gcc.c-torture/execute/memset-1.c execution,  -O1 
FAIL: gcc.c-torture/execute/memset-1.c compilation,  -O2 
UNRESOLVED: gcc.c-torture/execute/memset-1.c execution,  -O2 
FAIL: gcc.c-torture/execute/memset-1.c compilation,  -O3 -fomit-frame-pointer 
UNRESOLVED: gcc.c-torture/execute/memset-1.c execution,  -O3 -fomit-frame-pointer 
FAIL: gcc.c-torture/execute/memset-1.c compilation,  -O3 -fomit-frame-pointer -funroll-loops 
UNRESOLVED: gcc.c-torture/execute/memset-1.c execution,  -O3 -fomit-frame-pointer -funroll-loops 
FAIL: gcc.c-torture/execute/memset-1.c compilation,  -O3 -fomit-frame-pointer -funroll-all-loops -finline-functions 
UNRESOLVED: gcc.c-torture/execute/memset-1.c execution,  -O3 -fomit-frame-pointer -funroll-all-loops -finline-functions 
FAIL: gcc.c-torture/execute/memset-1.c compilation,  -O3 -g 
UNRESOLVED: gcc.c-torture/execute/memset-1.c execution,  -O3 -g 
FAIL: gcc.c-torture/execute/memset-1.c compilation,  -Os 
UNRESOLVED: gcc.c-torture/execute/memset-1.c execution,  -Os 
FAIL: gcc.c-torture/execute/nest-align-1.c execution,  -O0 
FAIL: gcc.c-torture/execute/p18298.c compilation,  -O0 
UNRESOLVED: gcc.c-torture/execute/p18298.c execution,  -O0 
FAIL: gcc.c-torture/execute/p18298.c compilation,  -O1 
UNRESOLVED: gcc.c-torture/execute/p18298.c execution,  -O1 
FAIL: gcc.c-torture/execute/p18298.c compilation,  -O2 
UNRESOLVED: gcc.c-torture/execute/p18298.c execution,  -O2 
FAIL: gcc.c-torture/execute/p18298.c compilation,  -O3 -fomit-frame-pointer 
UNRESOLVED: gcc.c-torture/execute/p18298.c execution,  -O3 -fomit-frame-pointer 
FAIL: gcc.c-torture/execute/p18298.c compilation,  -O3 -fomit-frame-pointer -funroll-loops 
UNRESOLVED: gcc.c-torture/execute/p18298.c execution,  -O3 -fomit-frame-pointer -funroll-loops 
FAIL: gcc.c-torture/execute/p18298.c compilation,  -O3 -fomit-frame-pointer -funroll-all-loops -finline-functions 
UNRESOLVED: gcc.c-torture/execute/p18298.c execution,  -O3 -fomit-frame-pointer -funroll-all-loops -finline-functions 
FAIL: gcc.c-torture/execute/p18298.c compilation,  -O3 -g 
UNRESOLVED: gcc.c-torture/execute/p18298.c execution,  -O3 -g 
FAIL: gcc.c-torture/execute/p18298.c compilation,  -Os 
UNRESOLVED: gcc.c-torture/execute/p18298.c execution,  -Os 
FAIL: gcc.c-torture/execute/pr34456.c compilation,  -O0 
UNRESOLVED: gcc.c-torture/execute/pr34456.c execution,  -O0 
FAIL: gcc.c-torture/execute/pr34456.c compilation,  -O1 
UNRESOLVED: gcc.c-torture/execute/pr34456.c execution,  -O1 
FAIL: gcc.c-torture/execute/pr34456.c compilation,  -O2 
UNRESOLVED: gcc.c-torture/execute/pr34456.c execution,  -O2 
FAIL: gcc.c-torture/execute/pr34456.c compilation,  -O3 -fomit-frame-pointer 
UNRESOLVED: gcc.c-torture/execute/pr34456.c execution,  -O3 -fomit-frame-pointer 
FAIL: gcc.c-torture/execute/pr34456.c compilation,  -O3 -g 
UNRESOLVED: gcc.c-torture/execute/pr34456.c execution,  -O3 -g 
FAIL: gcc.c-torture/execute/pr34456.c compilation,  -Os 
UNRESOLVED: gcc.c-torture/execute/pr34456.c execution,  -Os 
FAIL: gcc.c-torture/execute/printf-1.c compilation,  -O0 
UNRESOLVED: gcc.c-torture/execute/printf-1.c execution,  -O0 
FAIL: gcc.c-torture/execute/printf-1.c compilation,  -O1 
UNRESOLVED: gcc.c-torture/execute/printf-1.c execution,  -O1 
FAIL: gcc.c-torture/execute/printf-1.c compilation,  -O2 
UNRESOLVED: gcc.c-torture/execute/printf-1.c execution,  -O2 
FAIL: gcc.c-torture/execute/printf-1.c compilation,  -O3 -fomit-frame-pointer 
UNRESOLVED: gcc.c-torture/execute/printf-1.c execution,  -O3 -fomit-frame-pointer 
FAIL: gcc.c-torture/execute/printf-1.c compilation,  -O3 -g 
UNRESOLVED: gcc.c-torture/execute/printf-1.c execution,  -O3 -g 
FAIL: gcc.c-torture/execute/printf-1.c compilation,  -Os 
UNRESOLVED: gcc.c-torture/execute/printf-1.c execution,  -Os 
FAIL: gcc.c-torture/execute/printf-chk-1.c compilation,  -O0 
UNRESOLVED: gcc.c-torture/execute/printf-chk-1.c execution,  -O0 
FAIL: gcc.c-torture/execute/printf-chk-1.c compilation,  -O1 
UNRESOLVED: gcc.c-torture/execute/printf-chk-1.c execution,  -O1 
FAIL: gcc.c-torture/execute/printf-chk-1.c compilation,  -O2 
UNRESOLVED: gcc.c-torture/execute/printf-chk-1.c execution,  -O2 
FAIL: gcc.c-torture/execute/printf-chk-1.c compilation,  -O3 -fomit-frame-pointer 
UNRESOLVED: gcc.c-torture/execute/printf-chk-1.c execution,  -O3 -fomit-frame-pointer 
FAIL: gcc.c-torture/execute/printf-chk-1.c compilation,  -O3 -g 
UNRESOLVED: gcc.c-torture/execute/printf-chk-1.c execution,  -O3 -g 
FAIL: gcc.c-torture/execute/printf-chk-1.c compilation,  -Os 
UNRESOLVED: gcc.c-torture/execute/printf-chk-1.c execution,  -Os 
FAIL: gcc.c-torture/execute/strcmp-1.c compilation,  -O0 
UNRESOLVED: gcc.c-torture/execute/strcmp-1.c execution,  -O0 
FAIL: gcc.c-torture/execute/strcmp-1.c compilation,  -O1 
UNRESOLVED: gcc.c-torture/execute/strcmp-1.c execution,  -O1 
FAIL: gcc.c-torture/execute/strcmp-1.c compilation,  -O2 
UNRESOLVED: gcc.c-torture/execute/strcmp-1.c execution,  -O2 
FAIL: gcc.c-torture/execute/strcmp-1.c compilation,  -O3 -fomit-frame-pointer 
UNRESOLVED: gcc.c-torture/execute/strcmp-1.c execution,  -O3 -fomit-frame-pointer 
FAIL: gcc.c-torture/execute/strcmp-1.c compilation,  -O3 -fomit-frame-pointer -funroll-loops 
UNRESOLVED: gcc.c-torture/execute/strcmp-1.c execution,  -O3 -fomit-frame-pointer -funroll-loops 
FAIL: gcc.c-torture/execute/strcmp-1.c compilation,  -O3 -fomit-frame-pointer -funroll-all-loops -finline-functions 
UNRESOLVED: gcc.c-torture/execute/strcmp-1.c execution,  -O3 -fomit-frame-pointer -funroll-all-loops -finline-functions 
FAIL: gcc.c-torture/execute/strcmp-1.c compilation,  -O3 -g 
UNRESOLVED: gcc.c-torture/execute/strcmp-1.c execution,  -O3 -g 
FAIL: gcc.c-torture/execute/strcmp-1.c compilation,  -Os 
UNRESOLVED: gcc.c-torture/execute/strcmp-1.c execution,  -Os 
FAIL: gcc.c-torture/execute/strcpy-1.c compilation,  -O0 
UNRESOLVED: gcc.c-torture/execute/strcpy-1.c execution,  -O0 
FAIL: gcc.c-torture/execute/strcpy-1.c compilation,  -O1 
UNRESOLVED: gcc.c-torture/execute/strcpy-1.c execution,  -O1 
FAIL: gcc.c-torture/execute/strcpy-1.c compilation,  -O2 
UNRESOLVED: gcc.c-torture/execute/strcpy-1.c execution,  -O2 
FAIL: gcc.c-torture/execute/strcpy-1.c compilation,  -O3 -fomit-frame-pointer 
UNRESOLVED: gcc.c-torture/execute/strcpy-1.c execution,  -O3 -fomit-frame-pointer 
FAIL: gcc.c-torture/execute/strcpy-1.c compilation,  -O3 -fomit-frame-pointer -funroll-loops 
UNRESOLVED: gcc.c-torture/execute/strcpy-1.c execution,  -O3 -fomit-frame-pointer -funroll-loops 
FAIL: gcc.c-torture/execute/strcpy-1.c compilation,  -O3 -fomit-frame-pointer -funroll-all-loops -finline-functions 
UNRESOLVED: gcc.c-torture/execute/strcpy-1.c execution,  -O3 -fomit-frame-pointer -funroll-all-loops -finline-functions 
FAIL: gcc.c-torture/execute/strcpy-1.c compilation,  -O3 -g 
UNRESOLVED: gcc.c-torture/execute/strcpy-1.c execution,  -O3 -g 
FAIL: gcc.c-torture/execute/strcpy-1.c compilation,  -Os 
UNRESOLVED: gcc.c-torture/execute/strcpy-1.c execution,  -Os 
FAIL: gcc.c-torture/execute/strlen-1.c compilation,  -O0 
UNRESOLVED: gcc.c-torture/execute/strlen-1.c execution,  -O0 
FAIL: gcc.c-torture/execute/strlen-1.c compilation,  -O1 
UNRESOLVED: gcc.c-torture/execute/strlen-1.c execution,  -O1 
FAIL: gcc.c-torture/execute/strlen-1.c compilation,  -O2 
UNRESOLVED: gcc.c-torture/execute/strlen-1.c execution,  -O2 
FAIL: gcc.c-torture/execute/strlen-1.c compilation,  -O3 -fomit-frame-pointer 
UNRESOLVED: gcc.c-torture/execute/strlen-1.c execution,  -O3 -fomit-frame-pointer 
FAIL: gcc.c-torture/execute/strlen-1.c compilation,  -O3 -fomit-frame-pointer -funroll-loops 
UNRESOLVED: gcc.c-torture/execute/strlen-1.c execution,  -O3 -fomit-frame-pointer -funroll-loops 
FAIL: gcc.c-torture/execute/strlen-1.c compilation,  -O3 -fomit-frame-pointer -funroll-all-loops -finline-functions 
UNRESOLVED: gcc.c-torture/execute/strlen-1.c execution,  -O3 -fomit-frame-pointer -funroll-all-loops -finline-functions 
FAIL: gcc.c-torture/execute/strlen-1.c compilation,  -O3 -g 
UNRESOLVED: gcc.c-torture/execute/strlen-1.c execution,  -O3 -g 
FAIL: gcc.c-torture/execute/strlen-1.c compilation,  -Os 
UNRESOLVED: gcc.c-torture/execute/strlen-1.c execution,  -Os 
FAIL: gcc.c-torture/execute/strncmp-1.c compilation,  -O0 
UNRESOLVED: gcc.c-torture/execute/strncmp-1.c execution,  -O0 
FAIL: gcc.c-torture/execute/strncmp-1.c compilation,  -O1 
UNRESOLVED: gcc.c-torture/execute/strncmp-1.c execution,  -O1 
FAIL: gcc.c-torture/execute/strncmp-1.c compilation,  -O2 
UNRESOLVED: gcc.c-torture/execute/strncmp-1.c execution,  -O2 
FAIL: gcc.c-torture/execute/strncmp-1.c compilation,  -O3 -fomit-frame-pointer 
UNRESOLVED: gcc.c-torture/execute/strncmp-1.c execution,  -O3 -fomit-frame-pointer 
FAIL: gcc.c-torture/execute/strncmp-1.c compilation,  -O3 -fomit-frame-pointer -funroll-loops 
UNRESOLVED: gcc.c-torture/execute/strncmp-1.c execution,  -O3 -fomit-frame-pointer -funroll-loops 
FAIL: gcc.c-torture/execute/strncmp-1.c compilation,  -O3 -fomit-frame-pointer -funroll-all-loops -finline-functions 
UNRESOLVED: gcc.c-torture/execute/strncmp-1.c execution,  -O3 -fomit-frame-pointer -funroll-all-loops -finline-functions 
FAIL: gcc.c-torture/execute/strncmp-1.c compilation,  -O3 -g 
UNRESOLVED: gcc.c-torture/execute/strncmp-1.c execution,  -O3 -g 
FAIL: gcc.c-torture/execute/strncmp-1.c compilation,  -Os 
UNRESOLVED: gcc.c-torture/execute/strncmp-1.c execution,  -Os 
FAIL: gcc.c-torture/execute/struct-ret-1.c compilation,  -O0 
UNRESOLVED: gcc.c-torture/execute/struct-ret-1.c execution,  -O0 
FAIL: gcc.c-torture/execute/struct-ret-1.c compilation,  -O1 
UNRESOLVED: gcc.c-torture/execute/struct-ret-1.c execution,  -O1 
FAIL: gcc.c-torture/execute/struct-ret-1.c compilation,  -O2 
UNRESOLVED: gcc.c-torture/execute/struct-ret-1.c execution,  -O2 
FAIL: gcc.c-torture/execute/struct-ret-1.c compilation,  -O3 -fomit-frame-pointer 
UNRESOLVED: gcc.c-torture/execute/struct-ret-1.c execution,  -O3 -fomit-frame-pointer 
FAIL: gcc.c-torture/execute/struct-ret-1.c compilation,  -O3 -g 
UNRESOLVED: gcc.c-torture/execute/struct-ret-1.c execution,  -O3 -g 
FAIL: gcc.c-torture/execute/struct-ret-1.c compilation,  -Os 
UNRESOLVED: gcc.c-torture/execute/struct-ret-1.c execution,  -Os 
FAIL: gcc.c-torture/execute/va-arg-21.c compilation,  -O0 
UNRESOLVED: gcc.c-torture/execute/va-arg-21.c execution,  -O0 
FAIL: gcc.c-torture/execute/va-arg-21.c compilation,  -O1 
UNRESOLVED: gcc.c-torture/execute/va-arg-21.c execution,  -O1 
FAIL: gcc.c-torture/execute/va-arg-21.c compilation,  -O2 
UNRESOLVED: gcc.c-torture/execute/va-arg-21.c execution,  -O2 
FAIL: gcc.c-torture/execute/va-arg-21.c compilation,  -O3 -fomit-frame-pointer 
UNRESOLVED: gcc.c-torture/execute/va-arg-21.c execution,  -O3 -fomit-frame-pointer 
FAIL: gcc.c-torture/execute/va-arg-21.c compilation,  -O3 -fomit-frame-pointer -funroll-loops 
UNRESOLVED: gcc.c-torture/execute/va-arg-21.c execution,  -O3 -fomit-frame-pointer -funroll-loops 
FAIL: gcc.c-torture/execute/va-arg-21.c compilation,  -O3 -fomit-frame-pointer -funroll-all-loops -finline-functions 
UNRESOLVED: gcc.c-torture/execute/va-arg-21.c execution,  -O3 -fomit-frame-pointer -funroll-all-loops -finline-functions 
FAIL: gcc.c-torture/execute/va-arg-21.c compilation,  -O3 -g 
UNRESOLVED: gcc.c-torture/execute/va-arg-21.c execution,  -O3 -g 
FAIL: gcc.c-torture/execute/va-arg-21.c compilation,  -Os 
UNRESOLVED: gcc.c-torture/execute/va-arg-21.c execution,  -Os 
FAIL: gcc.c-torture/execute/va-arg-24.c compilation,  -O0 
UNRESOLVED: gcc.c-torture/execute/va-arg-24.c execution,  -O0 
FAIL: gcc.c-torture/execute/va-arg-24.c compilation,  -O1 
UNRESOLVED: gcc.c-torture/execute/va-arg-24.c execution,  -O1 
FAIL: gcc.c-torture/execute/va-arg-24.c compilation,  -O2 
UNRESOLVED: gcc.c-torture/execute/va-arg-24.c execution,  -O2 
FAIL: gcc.c-torture/execute/va-arg-24.c compilation,  -O3 -fomit-frame-pointer 
UNRESOLVED: gcc.c-torture/execute/va-arg-24.c execution,  -O3 -fomit-frame-pointer 
FAIL: gcc.c-torture/execute/va-arg-24.c compilation,  -O3 -fomit-frame-pointer -funroll-loops 
UNRESOLVED: gcc.c-torture/execute/va-arg-24.c execution,  -O3 -fomit-frame-pointer -funroll-loops 
FAIL: gcc.c-torture/execute/va-arg-24.c compilation,  -O3 -fomit-frame-pointer -funroll-all-loops -finline-functions 
UNRESOLVED: gcc.c-torture/execute/va-arg-24.c execution,  -O3 -fomit-frame-pointer -funroll-all-loops -finline-functions 
FAIL: gcc.c-torture/execute/va-arg-24.c compilation,  -O3 -g 
UNRESOLVED: gcc.c-torture/execute/va-arg-24.c execution,  -O3 -g 
FAIL: gcc.c-torture/execute/va-arg-24.c compilation,  -Os 
UNRESOLVED: gcc.c-torture/execute/va-arg-24.c execution,  -Os 
FAIL: gcc.c-torture/execute/vfprintf-1.c compilation,  -O0 
UNRESOLVED: gcc.c-torture/execute/vfprintf-1.c execution,  -O0 
FAIL: gcc.c-torture/execute/vfprintf-1.c compilation,  -O1 
UNRESOLVED: gcc.c-torture/execute/vfprintf-1.c execution,  -O1 
FAIL: gcc.c-torture/execute/vfprintf-1.c compilation,  -O2 
UNRESOLVED: gcc.c-torture/execute/vfprintf-1.c execution,  -O2 
FAIL: gcc.c-torture/execute/vfprintf-1.c compilation,  -O3 -fomit-frame-pointer 
UNRESOLVED: gcc.c-torture/execute/vfprintf-1.c execution,  -O3 -fomit-frame-pointer 
FAIL: gcc.c-torture/execute/vfprintf-1.c compilation,  -O3 -g 
UNRESOLVED: gcc.c-torture/execute/vfprintf-1.c execution,  -O3 -g 
FAIL: gcc.c-torture/execute/vfprintf-1.c compilation,  -Os 
UNRESOLVED: gcc.c-torture/execute/vfprintf-1.c execution,  -Os 
FAIL: gcc.c-torture/execute/vfprintf-chk-1.c compilation,  -O0 
UNRESOLVED: gcc.c-torture/execute/vfprintf-chk-1.c execution,  -O0 
FAIL: gcc.c-torture/execute/vfprintf-chk-1.c compilation,  -O1 
UNRESOLVED: gcc.c-torture/execute/vfprintf-chk-1.c execution,  -O1 
FAIL: gcc.c-torture/execute/vfprintf-chk-1.c compilation,  -O2 
UNRESOLVED: gcc.c-torture/execute/vfprintf-chk-1.c execution,  -O2 
FAIL: gcc.c-torture/execute/vfprintf-chk-1.c compilation,  -O3 -fomit-frame-pointer 
UNRESOLVED: gcc.c-torture/execute/vfprintf-chk-1.c execution,  -O3 -fomit-frame-pointer 
FAIL: gcc.c-torture/execute/vfprintf-chk-1.c compilation,  -O3 -g 
UNRESOLVED: gcc.c-torture/execute/vfprintf-chk-1.c execution,  -O3 -g 
FAIL: gcc.c-torture/execute/vfprintf-chk-1.c compilation,  -Os 
UNRESOLVED: gcc.c-torture/execute/vfprintf-chk-1.c execution,  -Os 
FAIL: gcc.c-torture/execute/vprintf-1.c compilation,  -O0 
UNRESOLVED: gcc.c-torture/execute/vprintf-1.c execution,  -O0 
FAIL: gcc.c-torture/execute/vprintf-1.c compilation,  -O1 
UNRESOLVED: gcc.c-torture/execute/vprintf-1.c execution,  -O1 
FAIL: gcc.c-torture/execute/vprintf-1.c compilation,  -O2 
UNRESOLVED: gcc.c-torture/execute/vprintf-1.c execution,  -O2 
FAIL: gcc.c-torture/execute/vprintf-1.c compilation,  -O3 -fomit-frame-pointer 
UNRESOLVED: gcc.c-torture/execute/vprintf-1.c execution,  -O3 -fomit-frame-pointer 
FAIL: gcc.c-torture/execute/vprintf-1.c compilation,  -O3 -g 
UNRESOLVED: gcc.c-torture/execute/vprintf-1.c execution,  -O3 -g 
FAIL: gcc.c-torture/execute/vprintf-1.c compilation,  -Os 
UNRESOLVED: gcc.c-torture/execute/vprintf-1.c execution,  -Os 
FAIL: gcc.c-torture/execute/vprintf-chk-1.c compilation,  -O0 
UNRESOLVED: gcc.c-torture/execute/vprintf-chk-1.c execution,  -O0 
FAIL: gcc.c-torture/execute/vprintf-chk-1.c compilation,  -O1 
UNRESOLVED: gcc.c-torture/execute/vprintf-chk-1.c execution,  -O1 
FAIL: gcc.c-torture/execute/vprintf-chk-1.c compilation,  -O2 
UNRESOLVED: gcc.c-torture/execute/vprintf-chk-1.c execution,  -O2 
FAIL: gcc.c-torture/execute/vprintf-chk-1.c compilation,  -O3 -fomit-frame-pointer 
UNRESOLVED: gcc.c-torture/execute/vprintf-chk-1.c execution,  -O3 -fomit-frame-pointer 
FAIL: gcc.c-torture/execute/vprintf-chk-1.c compilation,  -O3 -g 
UNRESOLVED: gcc.c-torture/execute/vprintf-chk-1.c execution,  -O3 -g 
FAIL: gcc.c-torture/execute/vprintf-chk-1.c compilation,  -Os 
UNRESOLVED: gcc.c-torture/execute/vprintf-chk-1.c execution,  -Os 
FAIL: gcc.c-torture/execute/ieee/920810-1.c compilation,  -O0 
UNRESOLVED: gcc.c-torture/execute/ieee/920810-1.c execution,  -O0 
FAIL: gcc.c-torture/execute/ieee/920810-1.c compilation,  -O1 
UNRESOLVED: gcc.c-torture/execute/ieee/920810-1.c execution,  -O1 
FAIL: gcc.c-torture/execute/ieee/920810-1.c compilation,  -O2 
UNRESOLVED: gcc.c-torture/execute/ieee/920810-1.c execution,  -O2 
FAIL: gcc.c-torture/execute/ieee/920810-1.c compilation,  -O3 -fomit-frame-pointer 
UNRESOLVED: gcc.c-torture/execute/ieee/920810-1.c execution,  -O3 -fomit-frame-pointer 
FAIL: gcc.c-torture/execute/ieee/920810-1.c compilation,  -O3 -g 
UNRESOLVED: gcc.c-torture/execute/ieee/920810-1.c execution,  -O3 -g 
FAIL: gcc.c-torture/execute/ieee/920810-1.c compilation,  -Os 
UNRESOLVED: gcc.c-torture/execute/ieee/920810-1.c execution,  -Os 
FAIL: gcc.c-torture/execute/ieee/copysign1.c compilation,  -O0 
UNRESOLVED: gcc.c-torture/execute/ieee/copysign1.c execution,  -O0 
FAIL: gcc.c-torture/execute/ieee/copysign1.c compilation,  -O1 
UNRESOLVED: gcc.c-torture/execute/ieee/copysign1.c execution,  -O1 
FAIL: gcc.c-torture/execute/ieee/copysign1.c compilation,  -O2 
UNRESOLVED: gcc.c-torture/execute/ieee/copysign1.c execution,  -O2 
FAIL: gcc.c-torture/execute/ieee/copysign1.c compilation,  -O3 -fomit-frame-pointer 
UNRESOLVED: gcc.c-torture/execute/ieee/copysign1.c execution,  -O3 -fomit-frame-pointer 
FAIL: gcc.c-torture/execute/ieee/copysign1.c compilation,  -O3 -fomit-frame-pointer -funroll-loops 
UNRESOLVED: gcc.c-torture/execute/ieee/copysign1.c execution,  -O3 -fomit-frame-pointer -funroll-loops 
FAIL: gcc.c-torture/execute/ieee/copysign1.c compilation,  -O3 -fomit-frame-pointer -funroll-all-loops -finline-functions 
UNRESOLVED: gcc.c-torture/execute/ieee/copysign1.c execution,  -O3 -fomit-frame-pointer -funroll-all-loops -finline-functions 
FAIL: gcc.c-torture/execute/ieee/copysign1.c compilation,  -O3 -g 
UNRESOLVED: gcc.c-torture/execute/ieee/copysign1.c execution,  -O3 -g 
FAIL: gcc.c-torture/execute/ieee/copysign1.c compilation,  -Os 
UNRESOLVED: gcc.c-torture/execute/ieee/copysign1.c execution,  -Os 
FAIL: gcc.c-torture/execute/ieee/copysign2.c compilation,  -O0 
UNRESOLVED: gcc.c-torture/execute/ieee/copysign2.c execution,  -O0 
FAIL: gcc.c-torture/execute/ieee/copysign2.c compilation,  -O1 
UNRESOLVED: gcc.c-torture/execute/ieee/copysign2.c execution,  -O1 
FAIL: gcc.c-torture/execute/ieee/copysign2.c compilation,  -O2 
UNRESOLVED: gcc.c-torture/execute/ieee/copysign2.c execution,  -O2 
FAIL: gcc.c-torture/execute/ieee/copysign2.c compilation,  -O3 -fomit-frame-pointer 
UNRESOLVED: gcc.c-torture/execute/ieee/copysign2.c execution,  -O3 -fomit-frame-pointer 
FAIL: gcc.c-torture/execute/ieee/copysign2.c compilation,  -O3 -fomit-frame-pointer -funroll-loops 
UNRESOLVED: gcc.c-torture/execute/ieee/copysign2.c execution,  -O3 -fomit-frame-pointer -funroll-loops 
FAIL: gcc.c-torture/execute/ieee/copysign2.c compilation,  -O3 -fomit-frame-pointer -funroll-all-loops -finline-functions 
UNRESOLVED: gcc.c-torture/execute/ieee/copysign2.c execution,  -O3 -fomit-frame-pointer -funroll-all-loops -finline-functions 
FAIL: gcc.c-torture/execute/ieee/copysign2.c compilation,  -O3 -g 
UNRESOLVED: gcc.c-torture/execute/ieee/copysign2.c execution,  -O3 -g 
FAIL: gcc.c-torture/execute/ieee/copysign2.c compilation,  -Os 
UNRESOLVED: gcc.c-torture/execute/ieee/copysign2.c execution,  -Os 
FAIL: gcc.c-torture/execute/ieee/fp-cmp-1.c compilation,  -O0 
UNRESOLVED: gcc.c-torture/execute/ieee/fp-cmp-1.c execution,  -O0 
FAIL: gcc.c-torture/execute/ieee/fp-cmp-1.c compilation,  -O1 
UNRESOLVED: gcc.c-torture/execute/ieee/fp-cmp-1.c execution,  -O1 
FAIL: gcc.c-torture/execute/ieee/fp-cmp-1.c compilation,  -O2 
UNRESOLVED: gcc.c-torture/execute/ieee/fp-cmp-1.c execution,  -O2 
FAIL: gcc.c-torture/execute/ieee/fp-cmp-1.c compilation,  -O3 -fomit-frame-pointer 
UNRESOLVED: gcc.c-torture/execute/ieee/fp-cmp-1.c execution,  -O3 -fomit-frame-pointer 
FAIL: gcc.c-torture/execute/ieee/fp-cmp-1.c compilation,  -O3 -fomit-frame-pointer -funroll-loops 
UNRESOLVED: gcc.c-torture/execute/ieee/fp-cmp-1.c execution,  -O3 -fomit-frame-pointer -funroll-loops 
FAIL: gcc.c-torture/execute/ieee/fp-cmp-1.c compilation,  -O3 -fomit-frame-pointer -funroll-all-loops -finline-functions 
UNRESOLVED: gcc.c-torture/execute/ieee/fp-cmp-1.c execution,  -O3 -fomit-frame-pointer -funroll-all-loops -finline-functions 
FAIL: gcc.c-torture/execute/ieee/fp-cmp-1.c compilation,  -O3 -g 
UNRESOLVED: gcc.c-torture/execute/ieee/fp-cmp-1.c execution,  -O3 -g 
FAIL: gcc.c-torture/execute/ieee/fp-cmp-1.c compilation,  -Os 
UNRESOLVED: gcc.c-torture/execute/ieee/fp-cmp-1.c execution,  -Os 
FAIL: gcc.c-torture/execute/ieee/fp-cmp-2.c compilation,  -O0 
UNRESOLVED: gcc.c-torture/execute/ieee/fp-cmp-2.c execution,  -O0 
FAIL: gcc.c-torture/execute/ieee/fp-cmp-2.c compilation,  -O1 
UNRESOLVED: gcc.c-torture/execute/ieee/fp-cmp-2.c execution,  -O1 
FAIL: gcc.c-torture/execute/ieee/fp-cmp-2.c compilation,  -O2 
UNRESOLVED: gcc.c-torture/execute/ieee/fp-cmp-2.c execution,  -O2 
FAIL: gcc.c-torture/execute/ieee/fp-cmp-2.c compilation,  -O3 -fomit-frame-pointer 
UNRESOLVED: gcc.c-torture/execute/ieee/fp-cmp-2.c execution,  -O3 -fomit-frame-pointer 
FAIL: gcc.c-torture/execute/ieee/fp-cmp-2.c compilation,  -O3 -fomit-frame-pointer -funroll-loops 
UNRESOLVED: gcc.c-torture/execute/ieee/fp-cmp-2.c execution,  -O3 -fomit-frame-pointer -funroll-loops 
FAIL: gcc.c-torture/execute/ieee/fp-cmp-2.c compilation,  -O3 -fomit-frame-pointer -funroll-all-loops -finline-functions 
UNRESOLVED: gcc.c-torture/execute/ieee/fp-cmp-2.c execution,  -O3 -fomit-frame-pointer -funroll-all-loops -finline-functions 
FAIL: gcc.c-torture/execute/ieee/fp-cmp-2.c compilation,  -O3 -g 
UNRESOLVED: gcc.c-torture/execute/ieee/fp-cmp-2.c execution,  -O3 -g 
FAIL: gcc.c-torture/execute/ieee/fp-cmp-2.c compilation,  -Os 
UNRESOLVED: gcc.c-torture/execute/ieee/fp-cmp-2.c execution,  -Os 
FAIL: gcc.c-torture/execute/ieee/fp-cmp-3.c compilation,  -O0 
UNRESOLVED: gcc.c-torture/execute/ieee/fp-cmp-3.c execution,  -O0 
FAIL: gcc.c-torture/execute/ieee/fp-cmp-3.c compilation,  -O1 
UNRESOLVED: gcc.c-torture/execute/ieee/fp-cmp-3.c execution,  -O1 
FAIL: gcc.c-torture/execute/ieee/fp-cmp-3.c compilation,  -O2 
UNRESOLVED: gcc.c-torture/execute/ieee/fp-cmp-3.c execution,  -O2 
FAIL: gcc.c-torture/execute/ieee/fp-cmp-3.c compilation,  -O3 -fomit-frame-pointer 
UNRESOLVED: gcc.c-torture/execute/ieee/fp-cmp-3.c execution,  -O3 -fomit-frame-pointer 
FAIL: gcc.c-torture/execute/ieee/fp-cmp-3.c compilation,  -O3 -fomit-frame-pointer -funroll-loops 
UNRESOLVED: gcc.c-torture/execute/ieee/fp-cmp-3.c execution,  -O3 -fomit-frame-pointer -funroll-loops 
FAIL: gcc.c-torture/execute/ieee/fp-cmp-3.c compilation,  -O3 -fomit-frame-pointer -funroll-all-loops -finline-functions 
UNRESOLVED: gcc.c-torture/execute/ieee/fp-cmp-3.c execution,  -O3 -fomit-frame-pointer -funroll-all-loops -finline-functions 
FAIL: gcc.c-torture/execute/ieee/fp-cmp-3.c compilation,  -O3 -g 
UNRESOLVED: gcc.c-torture/execute/ieee/fp-cmp-3.c execution,  -O3 -g 
FAIL: gcc.c-torture/execute/ieee/fp-cmp-3.c compilation,  -Os 
UNRESOLVED: gcc.c-torture/execute/ieee/fp-cmp-3.c execution,  -Os 
FAIL: gcc.c-torture/execute/ieee/hugeval.c compilation,  -O0 
UNRESOLVED: gcc.c-torture/execute/ieee/hugeval.c execution,  -O0 
FAIL: gcc.c-torture/execute/ieee/hugeval.c compilation,  -O1 
UNRESOLVED: gcc.c-torture/execute/ieee/hugeval.c execution,  -O1 
FAIL: gcc.c-torture/execute/ieee/hugeval.c compilation,  -O2 
UNRESOLVED: gcc.c-torture/execute/ieee/hugeval.c execution,  -O2 
FAIL: gcc.c-torture/execute/ieee/hugeval.c compilation,  -O3 -fomit-frame-pointer 
UNRESOLVED: gcc.c-torture/execute/ieee/hugeval.c execution,  -O3 -fomit-frame-pointer 
FAIL: gcc.c-torture/execute/ieee/hugeval.c compilation,  -O3 -g 
UNRESOLVED: gcc.c-torture/execute/ieee/hugeval.c execution,  -O3 -g 
FAIL: gcc.c-torture/execute/ieee/hugeval.c compilation,  -Os 
UNRESOLVED: gcc.c-torture/execute/ieee/hugeval.c execution,  -Os 
FAIL: gcc.dg/compat/struct-layout-1 c_compat_main_tst.o compile
FAIL: gcc.dg/compat/struct-layout-1 c_compat_x_tst.o compile
FAIL: gcc.dg/compat/struct-layout-1 c_compat_y_tst.o compile
UNRESOLVED: gcc.dg/compat/struct-layout-1 c_compat_x_tst.o-c_compat_y_tst.o link 
UNRESOLVED: gcc.dg/compat/struct-layout-1 c_compat_x_tst.o-c_compat_y_tst.o execute 
FAIL: tmpdir-gcc.dg-struct-layout-1/t001 c_compat_main_tst.o compile
FAIL: tmpdir-gcc.dg-struct-layout-1/t001 c_compat_x_tst.o compile
FAIL: tmpdir-gcc.dg-struct-layout-1/t001 c_compat_y_tst.o compile
UNRESOLVED: tmpdir-gcc.dg-struct-layout-1/t001 c_compat_x_tst.o-c_compat_y_tst.o link 
UNRESOLVED: tmpdir-gcc.dg-struct-layout-1/t001 c_compat_x_tst.o-c_compat_y_tst.o execute 
FAIL: tmpdir-gcc.dg-struct-layout-1/t002 c_compat_main_tst.o compile
FAIL: tmpdir-gcc.dg-struct-layout-1/t002 c_compat_x_tst.o compile
FAIL: tmpdir-gcc.dg-struct-layout-1/t002 c_compat_y_tst.o compile
UNRESOLVED: tmpdir-gcc.dg-struct-layout-1/t002 c_compat_x_tst.o-c_compat_y_tst.o link 
UNRESOLVED: tmpdir-gcc.dg-struct-layout-1/t002 c_compat_x_tst.o-c_compat_y_tst.o execute 
FAIL: tmpdir-gcc.dg-struct-layout-1/t003 c_compat_main_tst.o compile
FAIL: tmpdir-gcc.dg-struct-layout-1/t003 c_compat_x_tst.o compile
FAIL: tmpdir-gcc.dg-struct-layout-1/t003 c_compat_y_tst.o compile
UNRESOLVED: tmpdir-gcc.dg-struct-layout-1/t003 c_compat_x_tst.o-c_compat_y_tst.o link 
UNRESOLVED: tmpdir-gcc.dg-struct-layout-1/t003 c_compat_x_tst.o-c_compat_y_tst.o execute 
FAIL: tmpdir-gcc.dg-struct-layout-1/t004 c_compat_main_tst.o compile
FAIL: tmpdir-gcc.dg-struct-layout-1/t004 c_compat_x_tst.o compile
FAIL: tmpdir-gcc.dg-struct-layout-1/t004 c_compat_y_tst.o compile
UNRESOLVED: tmpdir-gcc.dg-struct-layout-1/t004 c_compat_x_tst.o-c_compat_y_tst.o link 
UNRESOLVED: tmpdir-gcc.dg-struct-layout-1/t004 c_compat_x_tst.o-c_compat_y_tst.o execute 
FAIL: tmpdir-gcc.dg-struct-layout-1/t005 c_compat_main_tst.o compile
FAIL: tmpdir-gcc.dg-struct-layout-1/t005 c_compat_x_tst.o compile
FAIL: tmpdir-gcc.dg-struct-layout-1/t005 c_compat_y_tst.o compile
UNRESOLVED: tmpdir-gcc.dg-struct-layout-1/t005 c_compat_x_tst.o-c_compat_y_tst.o link 
UNRESOLVED: tmpdir-gcc.dg-struct-layout-1/t005 c_compat_x_tst.o-c_compat_y_tst.o execute 
FAIL: tmpdir-gcc.dg-struct-layout-1/t006 c_compat_main_tst.o compile
FAIL: tmpdir-gcc.dg-struct-layout-1/t006 c_compat_x_tst.o compile
FAIL: tmpdir-gcc.dg-struct-layout-1/t006 c_compat_y_tst.o compile
UNRESOLVED: tmpdir-gcc.dg-struct-layout-1/t006 c_compat_x_tst.o-c_compat_y_tst.o link 
UNRESOLVED: tmpdir-gcc.dg-struct-layout-1/t006 c_compat_x_tst.o-c_compat_y_tst.o execute 
FAIL: tmpdir-gcc.dg-struct-layout-1/t007 c_compat_main_tst.o compile
FAIL: tmpdir-gcc.dg-struct-layout-1/t007 c_compat_x_tst.o compile
FAIL: tmpdir-gcc.dg-struct-layout-1/t007 c_compat_y_tst.o compile
UNRESOLVED: tmpdir-gcc.dg-struct-layout-1/t007 c_compat_x_tst.o-c_compat_y_tst.o link 
UNRESOLVED: tmpdir-gcc.dg-struct-layout-1/t007 c_compat_x_tst.o-c_compat_y_tst.o execute 
FAIL: tmpdir-gcc.dg-struct-layout-1/t008 c_compat_main_tst.o compile
FAIL: tmpdir-gcc.dg-struct-layout-1/t008 c_compat_x_tst.o compile
FAIL: tmpdir-gcc.dg-struct-layout-1/t008 c_compat_y_tst.o compile
UNRESOLVED: tmpdir-gcc.dg-struct-layout-1/t008 c_compat_x_tst.o-c_compat_y_tst.o link 
UNRESOLVED: tmpdir-gcc.dg-struct-layout-1/t008 c_compat_x_tst.o-c_compat_y_tst.o execute 
FAIL: tmpdir-gcc.dg-struct-layout-1/t009 c_compat_main_tst.o compile
FAIL: tmpdir-gcc.dg-struct-layout-1/t009 c_compat_x_tst.o compile
FAIL: tmpdir-gcc.dg-struct-layout-1/t009 c_compat_y_tst.o compile
UNRESOLVED: tmpdir-gcc.dg-struct-layout-1/t009 c_compat_x_tst.o-c_compat_y_tst.o link 
UNRESOLVED: tmpdir-gcc.dg-struct-layout-1/t009 c_compat_x_tst.o-c_compat_y_tst.o execute 
FAIL: tmpdir-gcc.dg-struct-layout-1/t010 c_compat_main_tst.o compile
FAIL: tmpdir-gcc.dg-struct-layout-1/t010 c_compat_x_tst.o compile
FAIL: tmpdir-gcc.dg-struct-layout-1/t010 c_compat_y_tst.o compile
UNRESOLVED: tmpdir-gcc.dg-struct-layout-1/t010 c_compat_x_tst.o-c_compat_y_tst.o link 
UNRESOLVED: tmpdir-gcc.dg-struct-layout-1/t010 c_compat_x_tst.o-c_compat_y_tst.o execute 
FAIL: tmpdir-gcc.dg-struct-layout-1/t011 c_compat_main_tst.o compile
FAIL: tmpdir-gcc.dg-struct-layout-1/t011 c_compat_x_tst.o compile
FAIL: tmpdir-gcc.dg-struct-layout-1/t011 c_compat_y_tst.o compile
UNRESOLVED: tmpdir-gcc.dg-struct-layout-1/t011 c_compat_x_tst.o-c_compat_y_tst.o link 
UNRESOLVED: tmpdir-gcc.dg-struct-layout-1/t011 c_compat_x_tst.o-c_compat_y_tst.o execute 
FAIL: tmpdir-gcc.dg-struct-layout-1/t012 c_compat_main_tst.o compile
FAIL: tmpdir-gcc.dg-struct-layout-1/t012 c_compat_x_tst.o compile
FAIL: tmpdir-gcc.dg-struct-layout-1/t012 c_compat_y_tst.o compile
UNRESOLVED: tmpdir-gcc.dg-struct-layout-1/t012 c_compat_x_tst.o-c_compat_y_tst.o link 
UNRESOLVED: tmpdir-gcc.dg-struct-layout-1/t012 c_compat_x_tst.o-c_compat_y_tst.o execute 
FAIL: tmpdir-gcc.dg-struct-layout-1/t013 c_compat_main_tst.o compile
FAIL: tmpdir-gcc.dg-struct-layout-1/t013 c_compat_x_tst.o compile
FAIL: tmpdir-gcc.dg-struct-layout-1/t013 c_compat_y_tst.o compile
UNRESOLVED: tmpdir-gcc.dg-struct-layout-1/t013 c_compat_x_tst.o-c_compat_y_tst.o link 
UNRESOLVED: tmpdir-gcc.dg-struct-layout-1/t013 c_compat_x_tst.o-c_compat_y_tst.o execute 
FAIL: tmpdir-gcc.dg-struct-layout-1/t014 c_compat_main_tst.o compile
FAIL: tmpdir-gcc.dg-struct-layout-1/t014 c_compat_x_tst.o compile
FAIL: tmpdir-gcc.dg-struct-layout-1/t014 c_compat_y_tst.o compile
UNRESOLVED: tmpdir-gcc.dg-struct-layout-1/t014 c_compat_x_tst.o-c_compat_y_tst.o link 
UNRESOLVED: tmpdir-gcc.dg-struct-layout-1/t014 c_compat_x_tst.o-c_compat_y_tst.o execute 
FAIL: tmpdir-gcc.dg-struct-layout-1/t015 c_compat_main_tst.o compile
FAIL: tmpdir-gcc.dg-struct-layout-1/t015 c_compat_x_tst.o compile
FAIL: tmpdir-gcc.dg-struct-layout-1/t015 c_compat_y_tst.o compile
UNRESOLVED: tmpdir-gcc.dg-struct-layout-1/t015 c_compat_x_tst.o-c_compat_y_tst.o link 
UNRESOLVED: tmpdir-gcc.dg-struct-layout-1/t015 c_compat_x_tst.o-c_compat_y_tst.o execute 
FAIL: tmpdir-gcc.dg-struct-layout-1/t016 c_compat_main_tst.o compile
FAIL: tmpdir-gcc.dg-struct-layout-1/t016 c_compat_x_tst.o compile
FAIL: tmpdir-gcc.dg-struct-layout-1/t016 c_compat_y_tst.o compile
UNRESOLVED: tmpdir-gcc.dg-struct-layout-1/t016 c_compat_x_tst.o-c_compat_y_tst.o link 
UNRESOLVED: tmpdir-gcc.dg-struct-layout-1/t016 c_compat_x_tst.o-c_compat_y_tst.o execute 
FAIL: tmpdir-gcc.dg-struct-layout-1/t017 c_compat_main_tst.o compile
FAIL: tmpdir-gcc.dg-struct-layout-1/t017 c_compat_x_tst.o compile
FAIL: tmpdir-gcc.dg-struct-layout-1/t017 c_compat_y_tst.o compile
UNRESOLVED: tmpdir-gcc.dg-struct-layout-1/t017 c_compat_x_tst.o-c_compat_y_tst.o link 
UNRESOLVED: tmpdir-gcc.dg-struct-layout-1/t017 c_compat_x_tst.o-c_compat_y_tst.o execute 
FAIL: tmpdir-gcc.dg-struct-layout-1/t018 c_compat_main_tst.o compile
FAIL: tmpdir-gcc.dg-struct-layout-1/t018 c_compat_x_tst.o compile
FAIL: tmpdir-gcc.dg-struct-layout-1/t018 c_compat_y_tst.o compile
UNRESOLVED: tmpdir-gcc.dg-struct-layout-1/t018 c_compat_x_tst.o-c_compat_y_tst.o link 
UNRESOLVED: tmpdir-gcc.dg-struct-layout-1/t018 c_compat_x_tst.o-c_compat_y_tst.o execute 
FAIL: tmpdir-gcc.dg-struct-layout-1/t019 c_compat_main_tst.o compile
FAIL: tmpdir-gcc.dg-struct-layout-1/t019 c_compat_x_tst.o compile
FAIL: tmpdir-gcc.dg-struct-layout-1/t019 c_compat_y_tst.o compile
UNRESOLVED: tmpdir-gcc.dg-struct-layout-1/t019 c_compat_x_tst.o-c_compat_y_tst.o link 
UNRESOLVED: tmpdir-gcc.dg-struct-layout-1/t019 c_compat_x_tst.o-c_compat_y_tst.o execute 
FAIL: tmpdir-gcc.dg-struct-layout-1/t020 c_compat_main_tst.o compile
FAIL: tmpdir-gcc.dg-struct-layout-1/t020 c_compat_x_tst.o compile
FAIL: tmpdir-gcc.dg-struct-layout-1/t020 c_compat_y_tst.o compile
UNRESOLVED: tmpdir-gcc.dg-struct-layout-1/t020 c_compat_x_tst.o-c_compat_y_tst.o link 
UNRESOLVED: tmpdir-gcc.dg-struct-layout-1/t020 c_compat_x_tst.o-c_compat_y_tst.o execute 
FAIL: tmpdir-gcc.dg-struct-layout-1/t021 c_compat_main_tst.o compile
FAIL: tmpdir-gcc.dg-struct-layout-1/t021 c_compat_x_tst.o compile
FAIL: tmpdir-gcc.dg-struct-layout-1/t021 c_compat_y_tst.o compile
UNRESOLVED: tmpdir-gcc.dg-struct-layout-1/t021 c_compat_x_tst.o-c_compat_y_tst.o link 
UNRESOLVED: tmpdir-gcc.dg-struct-layout-1/t021 c_compat_x_tst.o-c_compat_y_tst.o execute 
FAIL: tmpdir-gcc.dg-struct-layout-1/t022 c_compat_main_tst.o compile
FAIL: tmpdir-gcc.dg-struct-layout-1/t022 c_compat_x_tst.o compile
FAIL: tmpdir-gcc.dg-struct-layout-1/t022 c_compat_y_tst.o compile
UNRESOLVED: tmpdir-gcc.dg-struct-layout-1/t022 c_compat_x_tst.o-c_compat_y_tst.o link 
UNRESOLVED: tmpdir-gcc.dg-struct-layout-1/t022 c_compat_x_tst.o-c_compat_y_tst.o execute 
FAIL: tmpdir-gcc.dg-struct-layout-1/t023 c_compat_main_tst.o compile
FAIL: tmpdir-gcc.dg-struct-layout-1/t023 c_compat_x_tst.o compile
FAIL: tmpdir-gcc.dg-struct-layout-1/t023 c_compat_y_tst.o compile
UNRESOLVED: tmpdir-gcc.dg-struct-layout-1/t023 c_compat_x_tst.o-c_compat_y_tst.o link 
UNRESOLVED: tmpdir-gcc.dg-struct-layout-1/t023 c_compat_x_tst.o-c_compat_y_tst.o execute 
FAIL: tmpdir-gcc.dg-struct-layout-1/t024 c_compat_main_tst.o compile
FAIL: tmpdir-gcc.dg-struct-layout-1/t024 c_compat_x_tst.o compile
FAIL: tmpdir-gcc.dg-struct-layout-1/t024 c_compat_y_tst.o compile
UNRESOLVED: tmpdir-gcc.dg-struct-layout-1/t024 c_compat_x_tst.o-c_compat_y_tst.o link 
UNRESOLVED: tmpdir-gcc.dg-struct-layout-1/t024 c_compat_x_tst.o-c_compat_y_tst.o execute 
FAIL: tmpdir-gcc.dg-struct-layout-1/t025 c_compat_main_tst.o compile
FAIL: tmpdir-gcc.dg-struct-layout-1/t025 c_compat_x_tst.o compile
FAIL: tmpdir-gcc.dg-struct-layout-1/t025 c_compat_y_tst.o compile
UNRESOLVED: tmpdir-gcc.dg-struct-layout-1/t025 c_compat_x_tst.o-c_compat_y_tst.o link 
UNRESOLVED: tmpdir-gcc.dg-struct-layout-1/t025 c_compat_x_tst.o-c_compat_y_tst.o execute 
FAIL: tmpdir-gcc.dg-struct-layout-1/t026 c_compat_main_tst.o compile
FAIL: tmpdir-gcc.dg-struct-layout-1/t026 c_compat_x_tst.o compile
FAIL: tmpdir-gcc.dg-struct-layout-1/t026 c_compat_y_tst.o compile
UNRESOLVED: tmpdir-gcc.dg-struct-layout-1/t026 c_compat_x_tst.o-c_compat_y_tst.o link 
UNRESOLVED: tmpdir-gcc.dg-struct-layout-1/t026 c_compat_x_tst.o-c_compat_y_tst.o execute 
FAIL: tmpdir-gcc.dg-struct-layout-1/t027 c_compat_main_tst.o compile
FAIL: tmpdir-gcc.dg-struct-layout-1/t027 c_compat_x_tst.o compile
FAIL: tmpdir-gcc.dg-struct-layout-1/t027 c_compat_y_tst.o compile
UNRESOLVED: tmpdir-gcc.dg-struct-layout-1/t027 c_compat_x_tst.o-c_compat_y_tst.o link 
UNRESOLVED: tmpdir-gcc.dg-struct-layout-1/t027 c_compat_x_tst.o-c_compat_y_tst.o execute 
FAIL: tmpdir-gcc.dg-struct-layout-1/t028 c_compat_main_tst.o compile
FAIL: tmpdir-gcc.dg-struct-layout-1/t028 c_compat_x_tst.o compile
FAIL: tmpdir-gcc.dg-struct-layout-1/t028 c_compat_y_tst.o compile
UNRESOLVED: tmpdir-gcc.dg-struct-layout-1/t028 c_compat_x_tst.o-c_compat_y_tst.o link 
UNRESOLVED: tmpdir-gcc.dg-struct-layout-1/t028 c_compat_x_tst.o-c_compat_y_tst.o execute 
FAIL: gcc.dg/cpp/19990407-1.c (test for excess errors)
UNRESOLVED: gcc.dg/cpp/19990407-1.c compilation failed to produce executable
FAIL: gcc.dg/cpp/paste12.c (test for excess errors)
FAIL: gcc.dg/cpp/paste9.c (test for excess errors)
UNRESOLVED: gcc.dg/cpp/paste9.c compilation failed to produce executable
FAIL: gcc.dg/cpp/pragma-2.c (test for excess errors)
FAIL: gcc.dg/cpp/strp1.c (test for excess errors)
UNRESOLVED: gcc.dg/cpp/strp1.c compilation failed to produce executable
FAIL: gcc.dg/cpp/strp2.c (test for excess errors)
UNRESOLVED: gcc.dg/cpp/strp2.c compilation failed to produce executable
FAIL: gcc.dg/cpp/syshdr.c (test for excess errors)
FAIL: gcc.dg/cpp/trigraphs.c (test for excess errors)
UNRESOLVED: gcc.dg/cpp/trigraphs.c compilation failed to produce executable
FAIL: gcc.dg/cpp/ucnid-2.c (test for excess errors)
UNRESOLVED: gcc.dg/cpp/ucnid-2.c compilation failed to produce executable
FAIL: gcc.dg/cpp/vararg1.c (test for excess errors)
UNRESOLVED: gcc.dg/cpp/vararg1.c compilation failed to produce executable
FAIL: gcc.dg/cpp/very-long-comment.c (test for excess errors)
FAIL: gcc.dg/cpp/trad/include.c  (test for bogus messages, line 12)
FAIL: gcc.dg/20050603-2.c (test for excess errors)
UNRESOLVED: gcc.dg/20050603-2.c compilation failed to produce executable
FAIL: gcc.dg/20050922-1.c (test for excess errors)
UNRESOLVED: gcc.dg/20050922-1.c compilation failed to produce executable
FAIL: gcc.dg/20050922-2.c (test for excess errors)
UNRESOLVED: gcc.dg/20050922-2.c compilation failed to produce executable
FAIL: gcc.dg/alias-11.c (test for excess errors)
UNRESOLVED: gcc.dg/alias-11.c compilation failed to produce executable
FAIL: gcc.dg/attr-weakref-1.c (test for excess errors)
UNRESOLVED: gcc.dg/attr-weakref-1.c compilation failed to produce executable
FAIL: gcc.dg/bitfld-4.c (test for excess errors)
UNRESOLVED: gcc.dg/bitfld-4.c compilation failed to produce executable
FAIL: gcc.dg/builtins-18.c (test for excess errors)
FAIL: gcc.dg/builtins-20.c (test for excess errors)
FAIL: gcc.dg/builtins-53.c (test for excess errors)
FAIL: gcc.dg/builtins-55.c (test for excess errors)
FAIL: gcc.dg/builtins-57.c (test for excess errors)
FAIL: gcc.dg/builtins-58.c (test for excess errors)
ERROR: gcc.dg/builtins-58.c: error executing dg-final: couldn't open "builtins-58.s": no such file or directory
UNRESOLVED: gcc.dg/builtins-58.c: error executing dg-final: couldn't open "builtins-58.s": no such file or directory
FAIL: gcc.dg/cleanup-12.c (test for excess errors)
UNRESOLVED: gcc.dg/cleanup-12.c compilation failed to produce executable
FAIL: gcc.dg/cleanup-5.c (test for excess errors)
UNRESOLVED: gcc.dg/cleanup-5.c compilation failed to produce executable
FAIL: gcc.dg/enum1.c (test for excess errors)
UNRESOLVED: gcc.dg/enum1.c compilation failed to produce executable
FAIL: gcc.dg/float-range-3.c (test for excess errors)
FAIL: gcc.dg/float-range-4.c (test for excess errors)
FAIL: gcc.dg/float-range-5.c (test for excess errors)
FAIL: gcc.dg/intmax_t-1.c (test for excess errors)
FAIL: gcc.dg/pthread-init-1.c (test for excess errors)
FAIL: gcc.dg/pthread-init-2.c (test for excess errors)
FAIL: gcc.dg/range-test-1.c (test for excess errors)
UNRESOLVED: gcc.dg/range-test-1.c compilation failed to produce executable
FAIL: gcc.dg/setjmp-1.c (test for excess errors)
FAIL: gcc.dg/setjmp-3.c (test for excess errors)
UNRESOLVED: gcc.dg/setjmp-3.c compilation failed to produce executable
FAIL: gcc.dg/setjmp-4.c (test for excess errors)
UNRESOLVED: gcc.dg/setjmp-4.c compilation failed to produce executable
FAIL: gcc.dg/single-precision-constant.c (test for excess errors)
UNRESOLVED: gcc.dg/single-precision-constant.c compilation failed to produce executable
FAIL: gcc.dg/sms-antideps.c (test for excess errors)
UNRESOLVED: gcc.dg/sms-antideps.c compilation failed to produce executable
FAIL: gcc.dg/struct-ret-libc.c (test for excess errors)
UNRESOLVED: gcc.dg/struct-ret-libc.c compilation failed to produce executable
FAIL: gcc.dg/unsigned-long-compare.c (test for excess errors)
UNRESOLVED: gcc.dg/unsigned-long-compare.c compilation failed to produce executable
FAIL: gcc.dg/ipa/ipa-1.c (test for excess errors)
ERROR: gcc.dg/ipa/ipa-1.c: error executing dg-final: no files matched glob pattern "ipa-1.c.[0-9][0-9][0-9]i.cp"
UNRESOLVED: gcc.dg/ipa/ipa-1.c: error executing dg-final: no files matched glob pattern "ipa-1.c.[0-9][0-9][0-9]i.cp"
FAIL: gcc.dg/ipa/ipa-2.c (test for excess errors)
ERROR: gcc.dg/ipa/ipa-2.c: error executing dg-final: no files matched glob pattern "ipa-2.c.[0-9][0-9][0-9]i.cp"
UNRESOLVED: gcc.dg/ipa/ipa-2.c: error executing dg-final: no files matched glob pattern "ipa-2.c.[0-9][0-9][0-9]i.cp"
FAIL: gcc.dg/ipa/ipa-3.c (test for excess errors)
ERROR: gcc.dg/ipa/ipa-3.c: error executing dg-final: no files matched glob pattern "ipa-3.c.[0-9][0-9][0-9]i.cp"
UNRESOLVED: gcc.dg/ipa/ipa-3.c: error executing dg-final: no files matched glob pattern "ipa-3.c.[0-9][0-9][0-9]i.cp"
FAIL: gcc.dg/ipa/ipa-4.c (test for excess errors)
ERROR: gcc.dg/ipa/ipa-4.c: error executing dg-final: no files matched glob pattern "ipa-4.c.[0-9][0-9][0-9]i.cp"
UNRESOLVED: gcc.dg/ipa/ipa-4.c: error executing dg-final: no files matched glob pattern "ipa-4.c.[0-9][0-9][0-9]i.cp"
FAIL: gcc.dg/ipa/ipa-5.c (test for excess errors)
ERROR: gcc.dg/ipa/ipa-5.c: error executing dg-final: no files matched glob pattern "ipa-5.c.[0-9][0-9][0-9]i.cp"
UNRESOLVED: gcc.dg/ipa/ipa-5.c: error executing dg-final: no files matched glob pattern "ipa-5.c.[0-9][0-9][0-9]i.cp"
FAIL: gcc.dg/ipa/ipa-7.c (test for excess errors)
ERROR: gcc.dg/ipa/ipa-7.c: error executing dg-final: no files matched glob pattern "ipa-7.c.[0-9][0-9][0-9]i.cp"
UNRESOLVED: gcc.dg/ipa/ipa-7.c: error executing dg-final: no files matched glob pattern "ipa-7.c.[0-9][0-9][0-9]i.cp"
FAIL: gcc.dg/matrix/matrix-1.c (test for excess errors)
UNRESOLVED: gcc.dg/matrix/matrix-1.c compilation failed to produce executable
ERROR: gcc.dg/matrix/matrix-1.c: error executing dg-final: no files matched glob pattern "matrix-1.c.[0-9][0-9][0-9]i.matrix-reorg"
UNRESOLVED: gcc.dg/matrix/matrix-1.c: error executing dg-final: no files matched glob pattern "matrix-1.c.[0-9][0-9][0-9]i.matrix-reorg"
FAIL: gcc.dg/matrix/matrix-2.c (test for excess errors)
UNRESOLVED: gcc.dg/matrix/matrix-2.c compilation failed to produce executable
ERROR: gcc.dg/matrix/matrix-2.c: error executing dg-final: no files matched glob pattern "matrix-2.c.[0-9][0-9][0-9]i.matrix-reorg"
UNRESOLVED: gcc.dg/matrix/matrix-2.c: error executing dg-final: no files matched glob pattern "matrix-2.c.[0-9][0-9][0-9]i.matrix-reorg"
FAIL: gcc.dg/matrix/matrix-3.c (test for excess errors)
ERROR: gcc.dg/matrix/matrix-3.c: error executing dg-final: no files matched glob pattern "matrix-3.c.[0-9][0-9][0-9]i.matrix-reorg"
UNRESOLVED: gcc.dg/matrix/matrix-3.c: error executing dg-final: no files matched glob pattern "matrix-3.c.[0-9][0-9][0-9]i.matrix-reorg"
FAIL: gcc.dg/matrix/matrix-4.c (test for excess errors)
ERROR: gcc.dg/matrix/matrix-4.c: error executing dg-final: no files matched glob pattern "matrix-4.c.[0-9][0-9][0-9]i.matrix-reorg"
UNRESOLVED: gcc.dg/matrix/matrix-4.c: error executing dg-final: no files matched glob pattern "matrix-4.c.[0-9][0-9][0-9]i.matrix-reorg"
FAIL: gcc.dg/matrix/matrix-5.c (test for excess errors)
UNRESOLVED: gcc.dg/matrix/matrix-5.c compilation failed to produce executable
ERROR: gcc.dg/matrix/matrix-5.c: error executing dg-final: no files matched glob pattern "matrix-5.c.[0-9][0-9][0-9]i.matrix-reorg"
UNRESOLVED: gcc.dg/matrix/matrix-5.c: error executing dg-final: no files matched glob pattern "matrix-5.c.[0-9][0-9][0-9]i.matrix-reorg"
FAIL: gcc.dg/matrix/matrix-6.c (test for excess errors)
ERROR: gcc.dg/matrix/matrix-6.c: error executing dg-final: no files matched glob pattern "matrix-6.c.[0-9][0-9][0-9]i.matrix-reorg"
UNRESOLVED: gcc.dg/matrix/matrix-6.c: error executing dg-final: no files matched glob pattern "matrix-6.c.[0-9][0-9][0-9]i.matrix-reorg"
FAIL: ./system-1.h -O0 -g (test for excess errors)
FAIL: ./system-1.h  -O0  (test for excess errors)
FAIL: ./system-1.h  -O1  (test for excess errors)
FAIL: ./system-1.h  -O2  (test for excess errors)
FAIL: ./system-1.h  -O3 -fomit-frame-pointer  (test for excess errors)
FAIL: ./system-1.h  -O3 -g  (test for excess errors)
FAIL: ./system-1.h  -Os  (test for excess errors)
FAIL: gcc.dg/special/alias-1.c (test for excess errors)
FAIL: gcc.dg/special/gcsec-1.c (test for excess errors)
UNRESOLVED: gcc.dg/special/gcsec-1.c compilation failed to produce executable
FAIL: gcc.dg/special/weak-1.c (test for excess errors)
UNRESOLVED: gcc.dg/special/weak-1.c compilation failed to produce executable
FAIL: gcc.dg/special/weak-2.c (test for excess errors)
UNRESOLVED: gcc.dg/special/weak-2.c compilation failed to produce executable
FAIL: gcc.dg/special/wkali-1.c (test for excess errors)
FAIL: gcc.dg/special/wkali-2.c (test for excess errors)
UNRESOLVED: gcc.dg/special/wkali-2.c compilation failed to produce executable
FAIL: gcc.dg/struct/wo_prof_array_field.c (test for excess errors)
UNRESOLVED: gcc.dg/struct/wo_prof_array_field.c compilation failed to produce executable
ERROR: gcc.dg/struct/wo_prof_array_field.c: error executing dg-final: no files matched glob pattern "wo_prof_array_field.c.[0-9][0-9][0-9]i.ipa_struct_reorg"
UNRESOLVED: gcc.dg/struct/wo_prof_array_field.c: error executing dg-final: no files matched glob pattern "wo_prof_array_field.c.[0-9][0-9][0-9]i.ipa_struct_reorg"
FAIL: gcc.dg/struct/wo_prof_array_through_pointer.c (test for excess errors)
UNRESOLVED: gcc.dg/struct/wo_prof_array_through_pointer.c compilation failed to produce executable
ERROR: gcc.dg/struct/wo_prof_array_through_pointer.c: error executing dg-final: no files matched glob pattern "wo_prof_array_through_pointer.c.[0-9][0-9][0-9]i.ipa_struct_reorg"
UNRESOLVED: gcc.dg/struct/wo_prof_array_through_pointer.c: error executing dg-final: no files matched glob pattern "wo_prof_array_through_pointer.c.[0-9][0-9][0-9]i.ipa_struct_reorg"
FAIL: gcc.dg/struct/wo_prof_escape_arg_to_local.c (test for excess errors)
UNRESOLVED: gcc.dg/struct/wo_prof_escape_arg_to_local.c compilation failed to produce executable
ERROR: gcc.dg/struct/wo_prof_escape_arg_to_local.c: error executing dg-final: no files matched glob pattern "wo_prof_escape_arg_to_local.c.[0-9][0-9][0-9]i.ipa_struct_reorg"
UNRESOLVED: gcc.dg/struct/wo_prof_escape_arg_to_local.c: error executing dg-final: no files matched glob pattern "wo_prof_escape_arg_to_local.c.[0-9][0-9][0-9]i.ipa_struct_reorg"
FAIL: gcc.dg/struct/wo_prof_escape_return.c (test for excess errors)
UNRESOLVED: gcc.dg/struct/wo_prof_escape_return.c compilation failed to produce executable
ERROR: gcc.dg/struct/wo_prof_escape_return.c: error executing dg-final: no files matched glob pattern "wo_prof_escape_return.c.[0-9][0-9][0-9]i.ipa_struct_reorg"
UNRESOLVED: gcc.dg/struct/wo_prof_escape_return.c: error executing dg-final: no files matched glob pattern "wo_prof_escape_return.c.[0-9][0-9][0-9]i.ipa_struct_reorg"
FAIL: gcc.dg/struct/wo_prof_escape_str_init.c (test for excess errors)
UNRESOLVED: gcc.dg/struct/wo_prof_escape_str_init.c compilation failed to produce executable
ERROR: gcc.dg/struct/wo_prof_escape_str_init.c: error executing dg-final: no files matched glob pattern "wo_prof_escape_str_init.c.[0-9][0-9][0-9]i.ipa_struct_reorg"
UNRESOLVED: gcc.dg/struct/wo_prof_escape_str_init.c: error executing dg-final: no files matched glob pattern "wo_prof_escape_str_init.c.[0-9][0-9][0-9]i.ipa_struct_reorg"
FAIL: gcc.dg/struct/wo_prof_escape_substr_array.c (test for excess errors)
UNRESOLVED: gcc.dg/struct/wo_prof_escape_substr_array.c compilation failed to produce executable
ERROR: gcc.dg/struct/wo_prof_escape_substr_array.c: error executing dg-final: no files matched glob pattern "wo_prof_escape_substr_array.c.[0-9][0-9][0-9]i.ipa_struct_reorg"
UNRESOLVED: gcc.dg/struct/wo_prof_escape_substr_array.c: error executing dg-final: no files matched glob pattern "wo_prof_escape_substr_array.c.[0-9][0-9][0-9]i.ipa_struct_reorg"
FAIL: gcc.dg/struct/wo_prof_escape_substr_pointer.c (test for excess errors)
UNRESOLVED: gcc.dg/struct/wo_prof_escape_substr_pointer.c compilation failed to produce executable
ERROR: gcc.dg/struct/wo_prof_escape_substr_pointer.c: error executing dg-final: no files matched glob pattern "wo_prof_escape_substr_pointer.c.[0-9][0-9][0-9]i.ipa_struct_reorg"
UNRESOLVED: gcc.dg/struct/wo_prof_escape_substr_pointer.c: error executing dg-final: no files matched glob pattern "wo_prof_escape_substr_pointer.c.[0-9][0-9][0-9]i.ipa_struct_reorg"
FAIL: gcc.dg/struct/wo_prof_escape_substr_value.c (test for excess errors)
UNRESOLVED: gcc.dg/struct/wo_prof_escape_substr_value.c compilation failed to produce executable
ERROR: gcc.dg/struct/wo_prof_escape_substr_value.c: error executing dg-final: no files matched glob pattern "wo_prof_escape_substr_value.c.[0-9][0-9][0-9]i.ipa_struct_reorg"
UNRESOLVED: gcc.dg/struct/wo_prof_escape_substr_value.c: error executing dg-final: no files matched glob pattern "wo_prof_escape_substr_value.c.[0-9][0-9][0-9]i.ipa_struct_reorg"
FAIL: gcc.dg/struct/wo_prof_global_array.c (test for excess errors)
UNRESOLVED: gcc.dg/struct/wo_prof_global_array.c compilation failed to produce executable
ERROR: gcc.dg/struct/wo_prof_global_array.c: error executing dg-final: no files matched glob pattern "wo_prof_global_array.c.[0-9][0-9][0-9]i.ipa_struct_reorg"
UNRESOLVED: gcc.dg/struct/wo_prof_global_array.c: error executing dg-final: no files matched glob pattern "wo_prof_global_array.c.[0-9][0-9][0-9]i.ipa_struct_reorg"
FAIL: gcc.dg/struct/wo_prof_global_var.c (test for excess errors)
UNRESOLVED: gcc.dg/struct/wo_prof_global_var.c compilation failed to produce executable
ERROR: gcc.dg/struct/wo_prof_global_var.c: error executing dg-final: no files matched glob pattern "wo_prof_global_var.c.[0-9][0-9][0-9]i.ipa_struct_reorg"
UNRESOLVED: gcc.dg/struct/wo_prof_global_var.c: error executing dg-final: no files matched glob pattern "wo_prof_global_var.c.[0-9][0-9][0-9]i.ipa_struct_reorg"
FAIL: gcc.dg/struct/wo_prof_local_array.c (test for excess errors)
UNRESOLVED: gcc.dg/struct/wo_prof_local_array.c compilation failed to produce executable
ERROR: gcc.dg/struct/wo_prof_local_array.c: error executing dg-final: no files matched glob pattern "wo_prof_local_array.c.[0-9][0-9][0-9]i.ipa_struct_reorg"
UNRESOLVED: gcc.dg/struct/wo_prof_local_array.c: error executing dg-final: no files matched glob pattern "wo_prof_local_array.c.[0-9][0-9][0-9]i.ipa_struct_reorg"
FAIL: gcc.dg/struct/wo_prof_local_var.c (test for excess errors)
UNRESOLVED: gcc.dg/struct/wo_prof_local_var.c compilation failed to produce executable
ERROR: gcc.dg/struct/wo_prof_local_var.c: error executing dg-final: no files matched glob pattern "wo_prof_local_var.c.[0-9][0-9][0-9]i.ipa_struct_reorg"
UNRESOLVED: gcc.dg/struct/wo_prof_local_var.c: error executing dg-final: no files matched glob pattern "wo_prof_local_var.c.[0-9][0-9][0-9]i.ipa_struct_reorg"
FAIL: gcc.dg/struct/wo_prof_malloc_size_var.c (test for excess errors)
UNRESOLVED: gcc.dg/struct/wo_prof_malloc_size_var.c compilation failed to produce executable
ERROR: gcc.dg/struct/wo_prof_malloc_size_var.c: error executing dg-final: no files matched glob pattern "wo_prof_malloc_size_var.c.[0-9][0-9][0-9]i.ipa_struct_reorg"
UNRESOLVED: gcc.dg/struct/wo_prof_malloc_size_var.c: error executing dg-final: no files matched glob pattern "wo_prof_malloc_size_var.c.[0-9][0-9][0-9]i.ipa_struct_reorg"
FAIL: gcc.dg/struct/wo_prof_mult_field_peeling.c (test for excess errors)
UNRESOLVED: gcc.dg/struct/wo_prof_mult_field_peeling.c compilation failed to produce executable
ERROR: gcc.dg/struct/wo_prof_mult_field_peeling.c: error executing dg-final: no files matched glob pattern "wo_prof_mult_field_peeling.c.[0-9][0-9][0-9]i.ipa_struct_reorg"
UNRESOLVED: gcc.dg/struct/wo_prof_mult_field_peeling.c: error executing dg-final: no files matched glob pattern "wo_prof_mult_field_peeling.c.[0-9][0-9][0-9]i.ipa_struct_reorg"
FAIL: gcc.dg/struct/wo_prof_single_str_global.c (test for excess errors)
UNRESOLVED: gcc.dg/struct/wo_prof_single_str_global.c compilation failed to produce executable
ERROR: gcc.dg/struct/wo_prof_single_str_global.c: error executing dg-final: no files matched glob pattern "wo_prof_single_str_global.c.[0-9][0-9][0-9]i.ipa_struct_reorg"
UNRESOLVED: gcc.dg/struct/wo_prof_single_str_global.c: error executing dg-final: no files matched glob pattern "wo_prof_single_str_global.c.[0-9][0-9][0-9]i.ipa_struct_reorg"
FAIL: gcc.dg/struct/wo_prof_single_str_local.c (test for excess errors)
UNRESOLVED: gcc.dg/struct/wo_prof_single_str_local.c compilation failed to produce executable
ERROR: gcc.dg/struct/wo_prof_single_str_local.c: error executing dg-final: no files matched glob pattern "wo_prof_single_str_local.c.[0-9][0-9][0-9]i.ipa_struct_reorg"
UNRESOLVED: gcc.dg/struct/wo_prof_single_str_local.c: error executing dg-final: no files matched glob pattern "wo_prof_single_str_local.c.[0-9][0-9][0-9]i.ipa_struct_reorg"
FAIL: gcc.dg/struct/wo_prof_single_str_pointer.c (test for excess errors)
UNRESOLVED: gcc.dg/struct/wo_prof_single_str_pointer.c compilation failed to produce executable
ERROR: gcc.dg/struct/wo_prof_single_str_pointer.c: error executing dg-final: no files matched glob pattern "wo_prof_single_str_pointer.c.[0-9][0-9][0-9]i.ipa_struct_reorg"
UNRESOLVED: gcc.dg/struct/wo_prof_single_str_pointer.c: error executing dg-final: no files matched glob pattern "wo_prof_single_str_pointer.c.[0-9][0-9][0-9]i.ipa_struct_reorg"
FAIL: gcc.dg/struct/wo_prof_two_strs.c (test for excess errors)
UNRESOLVED: gcc.dg/struct/wo_prof_two_strs.c compilation failed to produce executable
ERROR: gcc.dg/struct/wo_prof_two_strs.c: error executing dg-final: no files matched glob pattern "wo_prof_two_strs.c.[0-9][0-9][0-9]i.ipa_struct_reorg"
UNRESOLVED: gcc.dg/struct/wo_prof_two_strs.c: error executing dg-final: no files matched glob pattern "wo_prof_two_strs.c.[0-9][0-9][0-9]i.ipa_struct_reorg"
FAIL: gcc.dg/torture/builtin-convert-1.c  -O0  (test for excess errors)
FAIL: gcc.dg/torture/builtin-convert-1.c  -O1  (test for excess errors)
FAIL: gcc.dg/torture/builtin-convert-1.c  -O2  (test for excess errors)
FAIL: gcc.dg/torture/builtin-convert-1.c  -O3 -fomit-frame-pointer  (test for excess errors)
FAIL: gcc.dg/torture/builtin-convert-1.c  -O3 -g  (test for excess errors)
FAIL: gcc.dg/torture/builtin-convert-1.c  -Os  (test for excess errors)
FAIL: gcc.dg/torture/builtin-convert-2.c  -O0  (test for excess errors)
FAIL: gcc.dg/torture/builtin-convert-2.c  -O1  (test for excess errors)
FAIL: gcc.dg/torture/builtin-convert-2.c  -O2  (test for excess errors)
FAIL: gcc.dg/torture/builtin-convert-2.c  -O3 -fomit-frame-pointer  (test for excess errors)
FAIL: gcc.dg/torture/builtin-convert-2.c  -O3 -g  (test for excess errors)
FAIL: gcc.dg/torture/builtin-convert-2.c  -Os  (test for excess errors)
FAIL: gcc.dg/torture/builtin-convert-3.c  -O0  (test for excess errors)
FAIL: gcc.dg/torture/builtin-convert-3.c  -O1  (test for excess errors)
FAIL: gcc.dg/torture/builtin-convert-3.c  -O2  (test for excess errors)
FAIL: gcc.dg/torture/builtin-convert-3.c  -O3 -fomit-frame-pointer  (test for excess errors)
FAIL: gcc.dg/torture/builtin-convert-3.c  -O3 -g  (test for excess errors)
FAIL: gcc.dg/torture/builtin-convert-3.c  -Os  (test for excess errors)
FAIL: gcc.dg/torture/builtin-convert-4.c  -O0  (test for excess errors)
FAIL: gcc.dg/torture/builtin-convert-4.c  -O1  (test for excess errors)
FAIL: gcc.dg/torture/builtin-convert-4.c  -O2  (test for excess errors)
FAIL: gcc.dg/torture/builtin-convert-4.c  -O3 -fomit-frame-pointer  (test for excess errors)
FAIL: gcc.dg/torture/builtin-convert-4.c  -O3 -fomit-frame-pointer -funroll-loops  (test for excess errors)
FAIL: gcc.dg/torture/builtin-convert-4.c  -O3 -fomit-frame-pointer -funroll-all-loops -finline-functions  (test for excess errors)
FAIL: gcc.dg/torture/builtin-convert-4.c  -O3 -g  (test for excess errors)
FAIL: gcc.dg/torture/builtin-convert-4.c  -Os  (test for excess errors)
FAIL: gcc.dg/torture/builtin-power-1.c  -O0  (test for excess errors)
FAIL: gcc.dg/torture/builtin-power-1.c  -O1  (test for excess errors)
FAIL: gcc.dg/torture/builtin-power-1.c  -O2  (test for excess errors)
FAIL: gcc.dg/torture/builtin-power-1.c  -O3 -fomit-frame-pointer  (test for excess errors)
FAIL: gcc.dg/torture/builtin-power-1.c  -O3 -g  (test for excess errors)
FAIL: gcc.dg/torture/builtin-power-1.c  -Os  (test for excess errors)
FAIL: gcc.dg/tree-ssa/gen-vect-11.c (test for excess errors)
UNRESOLVED: gcc.dg/tree-ssa/gen-vect-11.c compilation failed to produce executable
ERROR: gcc.dg/tree-ssa/gen-vect-11.c: error executing dg-final: no files matched glob pattern "gen-vect-11.c.[0-9][0-9][0-9]t.vect"
UNRESOLVED: gcc.dg/tree-ssa/gen-vect-11.c: error executing dg-final: no files matched glob pattern "gen-vect-11.c.[0-9][0-9][0-9]t.vect"
FAIL: gcc.dg/tree-ssa/gen-vect-11a.c (test for excess errors)
UNRESOLVED: gcc.dg/tree-ssa/gen-vect-11a.c compilation failed to produce executable
ERROR: gcc.dg/tree-ssa/gen-vect-11a.c: error executing dg-final: no files matched glob pattern "gen-vect-11a.c.[0-9][0-9][0-9]t.vect"
UNRESOLVED: gcc.dg/tree-ssa/gen-vect-11a.c: error executing dg-final: no files matched glob pattern "gen-vect-11a.c.[0-9][0-9][0-9]t.vect"
FAIL: gcc.dg/tree-ssa/gen-vect-11b.c (test for excess errors)
UNRESOLVED: gcc.dg/tree-ssa/gen-vect-11b.c compilation failed to produce executable
ERROR: gcc.dg/tree-ssa/gen-vect-11b.c: error executing dg-final: no files matched glob pattern "gen-vect-11b.c.[0-9][0-9][0-9]t.vect"
UNRESOLVED: gcc.dg/tree-ssa/gen-vect-11b.c: error executing dg-final: no files matched glob pattern "gen-vect-11b.c.[0-9][0-9][0-9]t.vect"
FAIL: gcc.dg/tree-ssa/gen-vect-11c.c (test for excess errors)
UNRESOLVED: gcc.dg/tree-ssa/gen-vect-11c.c compilation failed to produce executable
ERROR: gcc.dg/tree-ssa/gen-vect-11c.c: error executing dg-final: no files matched glob pattern "gen-vect-11c.c.[0-9][0-9][0-9]t.vect"
UNRESOLVED: gcc.dg/tree-ssa/gen-vect-11c.c: error executing dg-final: no files matched glob pattern "gen-vect-11c.c.[0-9][0-9][0-9]t.vect"
FAIL: gcc.dg/tree-ssa/gen-vect-2.c (test for excess errors)
UNRESOLVED: gcc.dg/tree-ssa/gen-vect-2.c compilation failed to produce executable
ERROR: gcc.dg/tree-ssa/gen-vect-2.c: error executing dg-final: no files matched glob pattern "gen-vect-2.c.[0-9][0-9][0-9]t.vect"
UNRESOLVED: gcc.dg/tree-ssa/gen-vect-2.c: error executing dg-final: no files matched glob pattern "gen-vect-2.c.[0-9][0-9][0-9]t.vect"
FAIL: gcc.dg/tree-ssa/gen-vect-25.c (test for excess errors)
UNRESOLVED: gcc.dg/tree-ssa/gen-vect-25.c compilation failed to produce executable
ERROR: gcc.dg/tree-ssa/gen-vect-25.c: error executing dg-final: no files matched glob pattern "gen-vect-25.c.[0-9][0-9][0-9]t.vect"
UNRESOLVED: gcc.dg/tree-ssa/gen-vect-25.c: error executing dg-final: no files matched glob pattern "gen-vect-25.c.[0-9][0-9][0-9]t.vect"
FAIL: gcc.dg/tree-ssa/gen-vect-26.c (test for excess errors)
UNRESOLVED: gcc.dg/tree-ssa/gen-vect-26.c compilation failed to produce executable
ERROR: gcc.dg/tree-ssa/gen-vect-26.c: error executing dg-final: no files matched glob pattern "gen-vect-26.c.[0-9][0-9][0-9]t.vect"
UNRESOLVED: gcc.dg/tree-ssa/gen-vect-26.c: error executing dg-final: no files matched glob pattern "gen-vect-26.c.[0-9][0-9][0-9]t.vect"
FAIL: gcc.dg/tree-ssa/gen-vect-28.c (test for excess errors)
UNRESOLVED: gcc.dg/tree-ssa/gen-vect-28.c compilation failed to produce executable
ERROR: gcc.dg/tree-ssa/gen-vect-28.c: error executing dg-final: no files matched glob pattern "gen-vect-28.c.[0-9][0-9][0-9]t.vect"
UNRESOLVED: gcc.dg/tree-ssa/gen-vect-28.c: error executing dg-final: no files matched glob pattern "gen-vect-28.c.[0-9][0-9][0-9]t.vect"
FAIL: gcc.dg/tree-ssa/gen-vect-32.c (test for excess errors)
UNRESOLVED: gcc.dg/tree-ssa/gen-vect-32.c compilation failed to produce executable
ERROR: gcc.dg/tree-ssa/gen-vect-32.c: error executing dg-final: no files matched glob pattern "gen-vect-32.c.[0-9][0-9][0-9]t.vect"
UNRESOLVED: gcc.dg/tree-ssa/gen-vect-32.c: error executing dg-final: no files matched glob pattern "gen-vect-32.c.[0-9][0-9][0-9]t.vect"
FAIL: gcc.dg/tree-ssa/ifc-20040816-1.c (test for excess errors)
ERROR: gcc.dg/tree-ssa/ifc-20040816-1.c: error executing dg-final: no files matched glob pattern "ifc-20040816-1.c.[0-9][0-9][0-9]t.ifcvt"
UNRESOLVED: gcc.dg/tree-ssa/ifc-20040816-1.c: error executing dg-final: no files matched glob pattern "ifc-20040816-1.c.[0-9][0-9][0-9]t.ifcvt"
FAIL: gcc.dg/weak/weak-14.c (test for excess errors)
UNRESOLVED: gcc.dg/weak/weak-14.c compilation failed to produce executable
FAIL: gcc.target/mips/memcpy-1.c (test for excess errors)
ERROR: gcc.target/mips/memcpy-1.c: error executing dg-final: couldn't open "memcpy-1.s": no such file or directory
UNRESOLVED: gcc.target/mips/memcpy-1.c: error executing dg-final: couldn't open "memcpy-1.s": no such file or directory
FAIL: gcc.target/mips/mips32-dsp.c (test for excess errors)
ERROR: gcc.target/mips/mips32-dsp.c: error executing dg-final: couldn't open "mips32-dsp.s": no such file or directory
UNRESOLVED: gcc.target/mips/mips32-dsp.c: error executing dg-final: couldn't open "mips32-dsp.s": no such file or directory

		=== gcc Summary ===

# of expected passes		44801
# of unexpected failures	793
# of expected failures		82
# of unresolved testcases	723
# of untested testcases		49
# of unsupported tests		365
/home/mstein/sim/gcc-4_3-branch/mips-elf/build/gcc/xgcc  version 4.4.0 20080222 (experimental) [trunk revision 132560] (GCC) 


Compiler version: 4.4.0 20080222 (experimental) [trunk revision 132560] (GCC) gcc 
Platform: mips-unknown-elf
configure flags: --target=mips-elf --prefix=/home/mstein/cross-local/mips-elf --enable-languages=c --disable-nls --disable-build-warnings --with-ld=/home/mstein/cross-local/mips-elf/bin/mips-elf-ld --with-as=/home/mstein/cross-local/mips-elf/bin/mips-elf-as --disable-libssp --with-mpfr=/opt/cfarm/mpfr-2.3.1


Index Nav: [Date Index] [Subject Index] [Author Index] [Thread Index]
Message Nav: [Date Prev] [Date Next] [Thread Prev] [Thread Next]