This is the mail archive of the gcc-testresults@gcc.gnu.org mailing list for the GCC project.


Index Nav: [Date Index] [Subject Index] [Author Index] [Thread Index]
Message Nav: [Date Prev] [Date Next] [Thread Prev] [Thread Next]
Other format: [Raw text]

Results for 4.3.0 20080222 (prerelease) (GCC) testsuite on x86_64-unknown-linux-gnu


LAST_UPDATED: Obtained from SVN: branches/gcc-4_3-branch revision 132552
Native configuration is x86_64-unknown-linux-gnu

		=== acats tests ===

		=== acats Summary ===
# of expected passes		2315
# of unexpected failures	0

		=== gcc tests ===


Running target unix

		=== gcc Summary ===

# of expected passes		48703
# of expected failures		166
# of untested testcases		35
# of unsupported tests		379
/mnt/m1/src/b43/gcc/xgcc  version 4.3.0 20080222 (prerelease) (GCC) 

		=== gfortran tests ===


Running target unix

		=== gfortran Summary ===

# of expected passes		23713
# of expected failures		3
# of unsupported tests		18
/mnt/m1/src/b43/gcc/testsuite/gfortran/../../gfortran  version 4.3.0 20080222 (prerelease) (GCC) 

		=== g++ tests ===


Running target unix

		=== g++ Summary ===

# of expected passes		17393
# of expected failures		82
# of unsupported tests		118
/mnt/m1/src/b43/gcc/testsuite/g++/../../g++  version 4.3.0 20080222 (prerelease) (GCC) 

		=== gnat tests ===


Running target unix
FAIL: gnat.dg/frame_overflow.adb  (test for errors, line 12)
FAIL: gnat.dg/frame_overflow.adb  (test for errors, line 21)

		=== gnat Summary ===

# of expected passes		346
# of unexpected failures	2
		=== objc tests ===


Running target unix

		=== objc Summary ===

# of expected passes		1812
# of expected failures		7
# of unsupported tests		24
/mnt/m1/src/b43/gcc/xgcc  version 4.3.0 20080222 (prerelease) (GCC) 

		=== libffi tests ===


Running target unix

		=== libffi Summary ===

# of expected passes		1389
# of unsupported tests		10
		=== libgomp tests ===


Running target unix

		=== libgomp Summary ===

# of expected passes		1699
		=== libjava tests ===


Running target unix

		=== libjava Summary ===

# of expected passes		2550
		=== libmudflap tests ===


Running target unix
FAIL: libmudflap.c/fail8-frag.c (-static) output pattern test
FAIL: libmudflap.c/fail9-frag.c (-static) output pattern test
FAIL: libmudflap.c++/pass41-frag.cxx execution test
FAIL: libmudflap.c++/pass41-frag.cxx (-static) execution test
FAIL: libmudflap.c++/pass41-frag.cxx ( -O) execution test
FAIL: libmudflap.c++/pass41-frag.cxx (-O2) execution test
FAIL: libmudflap.c++/pass41-frag.cxx (-O3) execution test

		=== libmudflap Summary ===

# of expected passes		1842
# of unexpected failures	7
		=== libstdc++ tests ===


Running target unix
FAIL: abi_check
XPASS: 26_numerics/headers/cmath/c99_classification_macros_c.cc (test for excess errors)

		=== libstdc++ Summary ===

# of expected passes		4967
# of unexpected failures	1
# of unexpected successes	1
# of expected failures		60
# of unsupported tests		326

Compiler version: 4.3.0 20080222 (prerelease) (GCC) 
Platform: x86_64-unknown-linux-gnu
configure flags: --prefix=/mnt/m1/src/i43 --enable-languages=all,ada --with-arch=core2 --with-tune=core2


Index Nav: [Date Index] [Subject Index] [Author Index] [Thread Index]
Message Nav: [Date Prev] [Date Next] [Thread Prev] [Thread Next]