This is the mail archive of the gcc-testresults@gcc.gnu.org mailing list for the GCC project.


Index Nav: [Date Index] [Subject Index] [Author Index] [Thread Index]
Message Nav: [Date Prev] [Date Next] [Thread Prev] [Thread Next]
Other format: [Raw text]

Results for 4.4.0 20080220 (experimental) [trunk revision 132470] (GCC) testsuite on sparc-sun-solaris2.11


LAST_UPDATED: Wed Feb 20 06:23:46 UTC 2008 (revision 132470)

Native configuration is sparc-sun-solaris2.11

		=== g++ tests ===


Running target unix/-m64
FAIL: g++.dg/compat/eh/unexpected1 cp_compat_x_tst.o-cp_compat_y_tst.o execute 
FAIL: g++.dg/eh/unexpected1.C execution test
FAIL: g++.dg/opt/anchor1.C execution test
FAIL: g++.dg/other/anon5.C  (test for errors, line 14)
FAIL: g++.dg/other/anon5.C (test for excess errors)
WARNING: g++.dg/other/ucnid-1.C compilation failed to produce executable
FAIL: g++.old-deja/g++.eh/spec2.C execution test
FAIL: g++.old-deja/g++.mike/eh16.C (test for excess errors)
FAIL: g++.old-deja/g++.mike/eh17.C (test for excess errors)
FAIL: g++.old-deja/g++.mike/eh33.C execution test
FAIL: g++.old-deja/g++.mike/eh50.C execution test
FAIL: g++.old-deja/g++.mike/eh51.C execution test
FAIL: g++.old-deja/g++.mike/p5571.C (test for excess errors)
XPASS: g++.old-deja/g++.other/init19.C execution test

		=== g++ Summary for unix/-m64 ===

# of expected passes		17086
# of unexpected failures	12
# of unexpected successes	1
# of expected failures		84
# of unsupported tests		220

Running target unix
FAIL: g++.dg/compat/eh/unexpected1 cp_compat_x_tst.o-cp_compat_y_tst.o execute 
FAIL: g++.dg/eh/unexpected1.C execution test
FAIL: g++.dg/opt/anchor1.C execution test
FAIL: g++.dg/other/anon5.C  (test for errors, line 14)
FAIL: g++.dg/other/anon5.C (test for excess errors)
WARNING: g++.dg/other/ucnid-1.C compilation failed to produce executable
WARNING: program timed out.
FAIL: g++.dg/torture/pr31863.C  -O1  (test for excess errors)
WARNING: program timed out.
FAIL: g++.dg/torture/pr31863.C  -O2  (test for excess errors)
WARNING: program timed out.
FAIL: g++.dg/torture/pr31863.C  -O3 -fomit-frame-pointer  (test for excess errors)
WARNING: program timed out.
FAIL: g++.dg/torture/pr31863.C  -O3 -g  (test for excess errors)
FAIL: g++.old-deja/g++.eh/spec2.C execution test
FAIL: g++.old-deja/g++.mike/eh16.C (test for excess errors)
FAIL: g++.old-deja/g++.mike/eh17.C (test for excess errors)
FAIL: g++.old-deja/g++.mike/eh33.C execution test
FAIL: g++.old-deja/g++.mike/eh50.C execution test
FAIL: g++.old-deja/g++.mike/eh51.C execution test
FAIL: g++.old-deja/g++.mike/p5571.C (test for excess errors)
XPASS: g++.old-deja/g++.other/init19.C execution test

		=== g++ Summary for unix ===

# of expected passes		17114
# of unexpected failures	16
# of unexpected successes	1
# of expected failures		84
# of unsupported tests		218

		=== g++ Summary ===

# of expected passes		34200
# of unexpected failures	28
# of unexpected successes	2
# of expected failures		168
# of unsupported tests		438
/export/home/andreast/gcc-src/gcc-svn/head/objdir/gcc/testsuite/g++/../../g++  version 4.4.0 20080220 (experimental) [trunk revision 132470] (GCC) 

		=== gcc tests ===


Running target unix/-m64
WARNING: program timed out.
FAIL: gcc.c-torture/compile/limits-fnargs.c  -O2  (test for excess errors)
WARNING: program timed out.
FAIL: gcc.c-torture/compile/limits-fnargs.c  -O3 -fomit-frame-pointer  (test for excess errors)
WARNING: program timed out.
FAIL: gcc.c-torture/compile/limits-fnargs.c  -O3 -g  (test for excess errors)
WARNING: program timed out.
FAIL: gcc.c-torture/compile/limits-fnargs.c  -Os  (test for excess errors)
FAIL: gcc.dg/pragma-align-2.c  (test for errors, line 22)
FAIL: gcc.dg/pragma-align-2.c  (test for errors, line 23)
FAIL: gcc.dg/pragma-align-2.c  (test for errors, line 24)
FAIL: gcc.dg/pragma-align-2.c  (test for errors, line 25)
FAIL: gcc.dg/pragma-align-2.c  (test for errors, line 26)
FAIL: gcc.dg/pragma-align-2.c  (test for errors, line 30)
FAIL: gcc.dg/pragma-align-2.c (test for excess errors)
FAIL: gcc.dg/pragma-init-fini.c  (test for errors, line 7)
FAIL: gcc.dg/pragma-init-fini.c  (test for errors, line 8)
FAIL: gcc.dg/pragma-init-fini.c  (test for errors, line 9)
FAIL: gcc.dg/pragma-init-fini.c  (test for errors, line 11)
FAIL: gcc.dg/pragma-init-fini.c  (test for errors, line 12)
FAIL: gcc.dg/pragma-init-fini.c  (test for errors, line 13)
FAIL: gcc.dg/pragma-init-fini.c (test for excess errors)
WARNING: gcc.dg/ucnid-2.c compilation failed to produce executable
WARNING: gcc.dg/ucnid-3.c compilation failed to produce executable
WARNING: gcc.dg/ucnid-4.c compilation failed to produce executable
FAIL: gcc.dg/format/cmn-err-1.c    (test for errors, line 31)
FAIL: gcc.dg/format/cmn-err-1.c    (test for errors, line 32)
FAIL: gcc.dg/format/cmn-err-1.c    (test for errors, line 33)
FAIL: gcc.dg/format/cmn-err-1.c    (test for errors, line 34)
FAIL: gcc.dg/format/cmn-err-1.c    (test for errors, line 35)
FAIL: gcc.dg/format/cmn-err-1.c    (test for errors, line 36)
FAIL: gcc.dg/format/cmn-err-1.c   (test for excess errors)
FAIL: gcc.dg/format/cmn-err-1.c  -DWIDE   (test for errors, line 31)
FAIL: gcc.dg/format/cmn-err-1.c  -DWIDE   (test for errors, line 32)
FAIL: gcc.dg/format/cmn-err-1.c  -DWIDE   (test for errors, line 33)
FAIL: gcc.dg/format/cmn-err-1.c  -DWIDE   (test for errors, line 34)
FAIL: gcc.dg/format/cmn-err-1.c  -DWIDE   (test for errors, line 35)
FAIL: gcc.dg/format/cmn-err-1.c  -DWIDE   (test for errors, line 36)
FAIL: gcc.dg/format/cmn-err-1.c  -DWIDE  (test for excess errors)
FAIL: gcc.dg/vect/pr33804.c scan-tree-dump-times vect "vectorized 1 loops" 1
FAIL: gcc.dg/vect/pr33804.c scan-tree-dump-times vect "vectorizing stmts using SLP" 1
FAIL: gcc.dg/vect/pr33953.c scan-tree-dump-times vect "vectorized 1 loops" 1
FAIL: gcc.dg/vect/pr33953.c scan-tree-dump-times vect "vectorizing stmts using SLP" 1
FAIL: gcc.dg/vect/vect-iv-6.c scan-tree-dump-times vect "vectorized 1 loops" 1
FAIL: gcc.dg/vect/vect-outer-5.c scan-tree-dump-times vect "OUTER LOOP VECTORIZED" 1
FAIL: gcc.dg/vect/vect-outer-5.c scan-tree-dump-times vect "zero step in outer loop." 1
FAIL: gcc.dg/vect/vect-outer-6.c scan-tree-dump-times vect "OUTER LOOP VECTORIZED" 1
FAIL: gcc.dg/vect/vect-outer-6.c scan-tree-dump-times vect "zero step in outer loop." 1
FAIL: gcc.dg/vect/vect-vfa-slp.c scan-tree-dump-times vect "vectorized 1 loops" 1
FAIL: gcc.dg/vect/slp-15.c scan-tree-dump-times vect "vectorizing stmts using SLP" 2
FAIL: gcc.dg/vect/slp-25.c scan-tree-dump-times vect "Alignment of access forced using peeling" 2
FAIL: gcc.dg/vect/slp-3.c scan-tree-dump-times vect "vectorized 3 loops" 1
FAIL: gcc.dg/vect/slp-3.c scan-tree-dump-times vect "vectorizing stmts using SLP" 3
FAIL: gcc.dg/vect/no-vfa-pr29145.c scan-tree-dump-times vect "vectorized 0 loops" 2
FAIL: gcc.dg/vect/no-vfa-pr29145.c scan-tree-dump-times vect "vectorized 1 loops" 1
FAIL: gcc.dg/vect/no-vfa-vect-depend-1.c scan-tree-dump-times vect "vectorized 1 loops" 1

		=== gcc Summary for unix/-m64 ===

# of expected passes		46241
# of unexpected failures	49
# of expected failures		191
# of untested testcases		35
# of unsupported tests		506

Running target unix
WARNING: program timed out.
FAIL: gcc.c-torture/compile/limits-fnargs.c  -O2  (test for excess errors)
WARNING: program timed out.
FAIL: gcc.c-torture/compile/limits-fnargs.c  -O3 -fomit-frame-pointer  (test for excess errors)
WARNING: program timed out.
FAIL: gcc.c-torture/compile/limits-fnargs.c  -O3 -g  (test for excess errors)
WARNING: program timed out.
FAIL: gcc.c-torture/compile/limits-fnargs.c  -Os  (test for excess errors)
FAIL: gcc.c-torture/execute/nest-align-1.c execution,  -O0 
FAIL: gcc.c-torture/execute/nest-align-1.c execution,  -O1 
FAIL: gcc.c-torture/execute/nest-align-1.c execution,  -O2 
FAIL: gcc.c-torture/execute/nest-align-1.c execution,  -Os 
FAIL: gcc.dg/pragma-align-2.c  (test for errors, line 22)
FAIL: gcc.dg/pragma-align-2.c  (test for errors, line 23)
FAIL: gcc.dg/pragma-align-2.c  (test for errors, line 24)
FAIL: gcc.dg/pragma-align-2.c  (test for errors, line 25)
FAIL: gcc.dg/pragma-align-2.c  (test for errors, line 26)
FAIL: gcc.dg/pragma-align-2.c  (test for errors, line 30)
FAIL: gcc.dg/pragma-align-2.c (test for excess errors)
FAIL: gcc.dg/pragma-init-fini.c  (test for errors, line 7)
FAIL: gcc.dg/pragma-init-fini.c  (test for errors, line 8)
FAIL: gcc.dg/pragma-init-fini.c  (test for errors, line 9)
FAIL: gcc.dg/pragma-init-fini.c  (test for errors, line 11)
FAIL: gcc.dg/pragma-init-fini.c  (test for errors, line 12)
FAIL: gcc.dg/pragma-init-fini.c  (test for errors, line 13)
FAIL: gcc.dg/pragma-init-fini.c (test for excess errors)
WARNING: gcc.dg/ucnid-2.c compilation failed to produce executable
WARNING: gcc.dg/ucnid-3.c compilation failed to produce executable
WARNING: gcc.dg/ucnid-4.c compilation failed to produce executable
FAIL: gcc.dg/format/cmn-err-1.c    (test for errors, line 31)
FAIL: gcc.dg/format/cmn-err-1.c    (test for errors, line 32)
FAIL: gcc.dg/format/cmn-err-1.c    (test for errors, line 33)
FAIL: gcc.dg/format/cmn-err-1.c    (test for errors, line 34)
FAIL: gcc.dg/format/cmn-err-1.c    (test for errors, line 35)
FAIL: gcc.dg/format/cmn-err-1.c    (test for errors, line 36)
FAIL: gcc.dg/format/cmn-err-1.c   (test for excess errors)
FAIL: gcc.dg/format/cmn-err-1.c  -DWIDE   (test for errors, line 31)
FAIL: gcc.dg/format/cmn-err-1.c  -DWIDE   (test for errors, line 32)
FAIL: gcc.dg/format/cmn-err-1.c  -DWIDE   (test for errors, line 33)
FAIL: gcc.dg/format/cmn-err-1.c  -DWIDE   (test for errors, line 34)
FAIL: gcc.dg/format/cmn-err-1.c  -DWIDE   (test for errors, line 35)
FAIL: gcc.dg/format/cmn-err-1.c  -DWIDE   (test for errors, line 36)
FAIL: gcc.dg/format/cmn-err-1.c  -DWIDE  (test for excess errors)
FAIL: gcc.dg/vect/pr33804.c scan-tree-dump-times vect "vectorized 1 loops" 1
FAIL: gcc.dg/vect/pr33804.c scan-tree-dump-times vect "vectorizing stmts using SLP" 1
FAIL: gcc.dg/vect/pr33953.c scan-tree-dump-times vect "vectorized 1 loops" 1
FAIL: gcc.dg/vect/pr33953.c scan-tree-dump-times vect "vectorizing stmts using SLP" 1
FAIL: gcc.dg/vect/vect-35.c scan-tree-dump-times vect "vectorized 1 loops" 1
FAIL: gcc.dg/vect/vect-iv-6.c scan-tree-dump-times vect "vectorized 1 loops" 1
FAIL: gcc.dg/vect/vect-multitypes-5.c scan-tree-dump-times vect "vectorized 1 loops" 1
FAIL: gcc.dg/vect/vect-multitypes-6.c scan-tree-dump-times vect "vectorized 1 loops" 1
FAIL: gcc.dg/vect/vect-outer-5.c scan-tree-dump-times vect "OUTER LOOP VECTORIZED" 1
FAIL: gcc.dg/vect/vect-outer-5.c scan-tree-dump-times vect "zero step in outer loop." 1
FAIL: gcc.dg/vect/vect-outer-6.c scan-tree-dump-times vect "OUTER LOOP VECTORIZED" 1
FAIL: gcc.dg/vect/vect-outer-6.c scan-tree-dump-times vect "zero step in outer loop." 1
FAIL: gcc.dg/vect/vect-vfa-slp.c scan-tree-dump-times vect "vectorized 1 loops" 1
FAIL: gcc.dg/vect/slp-15.c scan-tree-dump-times vect "vectorizing stmts using SLP" 2
FAIL: gcc.dg/vect/slp-25.c scan-tree-dump-times vect "Alignment of access forced using peeling" 2
FAIL: gcc.dg/vect/slp-3.c scan-tree-dump-times vect "vectorized 3 loops" 1
FAIL: gcc.dg/vect/slp-3.c scan-tree-dump-times vect "vectorizing stmts using SLP" 3
FAIL: gcc.dg/vect/no-vfa-pr29145.c scan-tree-dump-times vect "vectorized 0 loops" 2
FAIL: gcc.dg/vect/no-vfa-pr29145.c scan-tree-dump-times vect "vectorized 1 loops" 1
FAIL: gcc.dg/vect/no-vfa-vect-depend-1.c scan-tree-dump-times vect "vectorized 1 loops" 1
FAIL: gcc.target/sparc/pdist-3.c (internal compiler error)
FAIL: gcc.target/sparc/pdist-3.c (test for excess errors)
WARNING: gcc.target/sparc/pdist-3.c compilation failed to produce executable

		=== gcc Summary for unix ===

# of expected passes		46255
# of unexpected failures	58
# of expected failures		191
# of untested testcases		35
# of unsupported tests		495

		=== gcc Summary ===

# of expected passes		92496
# of unexpected failures	107
# of expected failures		382
# of untested testcases		70
# of unsupported tests		1001
/export/home/andreast/gcc-src/gcc-svn/head/objdir/gcc/xgcc  version 4.4.0 20080220 (experimental) [trunk revision 132470] (GCC) 

		=== gfortran tests ===


Running target unix/-m64
WARNING: program timed out.
FAIL: gfortran.dg/cray_pointers_2.f90  -O3 -fomit-frame-pointer  (test for excess errors)
WARNING: gfortran.dg/cray_pointers_2.f90  -O3 -fomit-frame-pointer  compilation failed to produce executable
FAIL: gfortran.dg/deallocate_stat.f90  -O1  (internal compiler error)
FAIL: gfortran.dg/deallocate_stat.f90  -O1  (test for excess errors)
WARNING: gfortran.dg/deallocate_stat.f90  -O1  compilation failed to produce executable
FAIL: gfortran.dg/default_format_2.f90  -O0  execution test
FAIL: gfortran.dg/default_format_2.f90  -O1  execution test
FAIL: gfortran.dg/default_format_2.f90  -O2  execution test
FAIL: gfortran.dg/default_format_2.f90  -O3 -fomit-frame-pointer  execution test
FAIL: gfortran.dg/default_format_2.f90  -O3 -fomit-frame-pointer -funroll-loops  execution test
FAIL: gfortran.dg/default_format_2.f90  -O3 -fomit-frame-pointer -funroll-all-loops -finline-functions  execution test
FAIL: gfortran.dg/default_format_2.f90  -O3 -g  execution test
FAIL: gfortran.dg/default_format_2.f90  -Os  execution test
FAIL: gfortran.dg/default_format_denormal_2.f90  -O0  execution test
FAIL: gfortran.dg/default_format_denormal_2.f90  -O1  execution test
FAIL: gfortran.dg/default_format_denormal_2.f90  -O2  execution test
FAIL: gfortran.dg/default_format_denormal_2.f90  -O3 -fomit-frame-pointer  execution test
FAIL: gfortran.dg/default_format_denormal_2.f90  -O3 -fomit-frame-pointer -funroll-loops  execution test
FAIL: gfortran.dg/default_format_denormal_2.f90  -O3 -fomit-frame-pointer -funroll-all-loops -finline-functions  execution test
FAIL: gfortran.dg/default_format_denormal_2.f90  -O3 -g  execution test
FAIL: gfortran.dg/default_format_denormal_2.f90  -Os  execution test
FAIL: gfortran.dg/large_real_kind_1.f90  -O0  execution test
FAIL: gfortran.dg/large_real_kind_1.f90  -O1  execution test
FAIL: gfortran.dg/large_real_kind_1.f90  -O2  execution test
FAIL: gfortran.dg/large_real_kind_1.f90  -O3 -fomit-frame-pointer  execution test
FAIL: gfortran.dg/large_real_kind_1.f90  -O3 -fomit-frame-pointer -funroll-loops  execution test
FAIL: gfortran.dg/large_real_kind_1.f90  -O3 -fomit-frame-pointer -funroll-all-loops -finline-functions  execution test
FAIL: gfortran.dg/large_real_kind_1.f90  -O3 -g  execution test
FAIL: gfortran.dg/large_real_kind_1.f90  -Os  execution test
FAIL: gfortran.dg/large_real_kind_form_io_1.f90  -O0  execution test
FAIL: gfortran.dg/large_real_kind_form_io_1.f90  -O1  execution test
FAIL: gfortran.dg/large_real_kind_form_io_1.f90  -O2  execution test
FAIL: gfortran.dg/large_real_kind_form_io_1.f90  -O3 -fomit-frame-pointer  execution test
FAIL: gfortran.dg/large_real_kind_form_io_1.f90  -O3 -fomit-frame-pointer -funroll-loops  execution test
FAIL: gfortran.dg/large_real_kind_form_io_1.f90  -O3 -fomit-frame-pointer -funroll-all-loops -finline-functions  execution test
FAIL: gfortran.dg/large_real_kind_form_io_1.f90  -O3 -g  execution test
FAIL: gfortran.dg/large_real_kind_form_io_1.f90  -Os  execution test
FAIL: gfortran.dg/large_real_kind_form_io_2.f90  -O0  execution test
FAIL: gfortran.dg/large_real_kind_form_io_2.f90  -O1  execution test
FAIL: gfortran.dg/large_real_kind_form_io_2.f90  -O2  execution test
FAIL: gfortran.dg/large_real_kind_form_io_2.f90  -O3 -fomit-frame-pointer  execution test
FAIL: gfortran.dg/large_real_kind_form_io_2.f90  -O3 -fomit-frame-pointer -funroll-loops  execution test
FAIL: gfortran.dg/large_real_kind_form_io_2.f90  -O3 -fomit-frame-pointer -funroll-all-loops -finline-functions  execution test
FAIL: gfortran.dg/large_real_kind_form_io_2.f90  -O3 -g  execution test
FAIL: gfortran.dg/large_real_kind_form_io_2.f90  -Os  execution test

		=== gfortran Summary for unix/-m64 ===

# of expected passes		23552
# of unexpected failures	43
# of expected failures		5
# of unsupported tests		51

Running target unix
FAIL: gfortran.dg/default_format_2.f90  -O0  execution test
FAIL: gfortran.dg/default_format_2.f90  -O1  execution test
FAIL: gfortran.dg/default_format_2.f90  -O2  execution test
FAIL: gfortran.dg/default_format_2.f90  -O3 -fomit-frame-pointer  execution test
FAIL: gfortran.dg/default_format_2.f90  -O3 -fomit-frame-pointer -funroll-loops  execution test
FAIL: gfortran.dg/default_format_2.f90  -O3 -fomit-frame-pointer -funroll-all-loops -finline-functions  execution test
FAIL: gfortran.dg/default_format_2.f90  -O3 -g  execution test
FAIL: gfortran.dg/default_format_2.f90  -Os  execution test
FAIL: gfortran.dg/default_format_denormal_2.f90  -O0  execution test
FAIL: gfortran.dg/default_format_denormal_2.f90  -O1  execution test
FAIL: gfortran.dg/default_format_denormal_2.f90  -O2  execution test
FAIL: gfortran.dg/default_format_denormal_2.f90  -O3 -fomit-frame-pointer  execution test
FAIL: gfortran.dg/default_format_denormal_2.f90  -O3 -fomit-frame-pointer -funroll-loops  execution test
FAIL: gfortran.dg/default_format_denormal_2.f90  -O3 -fomit-frame-pointer -funroll-all-loops -finline-functions  execution test
FAIL: gfortran.dg/default_format_denormal_2.f90  -O3 -g  execution test
FAIL: gfortran.dg/default_format_denormal_2.f90  -Os  execution test
FAIL: gfortran.dg/large_real_kind_1.f90  -O0  execution test
FAIL: gfortran.dg/large_real_kind_1.f90  -O1  execution test
FAIL: gfortran.dg/large_real_kind_1.f90  -O2  execution test
FAIL: gfortran.dg/large_real_kind_1.f90  -O3 -fomit-frame-pointer  execution test
FAIL: gfortran.dg/large_real_kind_1.f90  -O3 -fomit-frame-pointer -funroll-loops  execution test
FAIL: gfortran.dg/large_real_kind_1.f90  -O3 -fomit-frame-pointer -funroll-all-loops -finline-functions  execution test
FAIL: gfortran.dg/large_real_kind_1.f90  -O3 -g  execution test
FAIL: gfortran.dg/large_real_kind_1.f90  -Os  execution test
FAIL: gfortran.dg/large_real_kind_form_io_1.f90  -O0  execution test
FAIL: gfortran.dg/large_real_kind_form_io_2.f90  -O0  execution test
FAIL: gfortran.dg/large_real_kind_form_io_2.f90  -O1  execution test
FAIL: gfortran.dg/large_real_kind_form_io_2.f90  -O2  execution test
FAIL: gfortran.dg/large_real_kind_form_io_2.f90  -O3 -fomit-frame-pointer  execution test
FAIL: gfortran.dg/large_real_kind_form_io_2.f90  -O3 -fomit-frame-pointer -funroll-loops  execution test
FAIL: gfortran.dg/large_real_kind_form_io_2.f90  -O3 -fomit-frame-pointer -funroll-all-loops -finline-functions  execution test
FAIL: gfortran.dg/large_real_kind_form_io_2.f90  -O3 -g  execution test
FAIL: gfortran.dg/large_real_kind_form_io_2.f90  -Os  execution test

		=== gfortran Summary for unix ===

# of expected passes		23531
# of unexpected failures	33
# of expected failures		5
# of unsupported tests		67

		=== gfortran Summary ===

# of expected passes		47083
# of unexpected failures	76
# of expected failures		10
# of unsupported tests		118
/export/home/andreast/gcc-src/gcc-svn/head/objdir/gcc/testsuite/gfortran/../../gfortran  version 4.4.0 20080220 (experimental) [trunk revision 132470] (GCC) 

		=== libffi tests ===


Running target unix/-m64
FAIL: libffi.call/cls_longdouble.c -O0 -W -Wall output pattern test, is arg: 43410000000000004188000000000000 res: 43410000000000004188000000000000
FAIL: libffi.call/cls_longdouble.c -O2 execution test
FAIL: libffi.call/cls_longdouble.c -O3 execution test
FAIL: libffi.call/cls_longdouble.c -Os execution test
FAIL: libffi.call/cls_longdouble.c -O2 -fomit-frame-pointer execution test

		=== libffi Summary for unix/-m64 ===

# of expected passes		1425
# of unexpected failures	5
# of unsupported tests		10

Running target unix
FAIL: libffi.call/cls_longdouble.c -O0 -W -Wall output pattern test, is arg: 434100000000000044e7ffffffffffff res: 434100000000000044e7ffffffffffff
FAIL: libffi.call/return_ld.c -O0 -W -Wall execution test
FAIL: libffi.call/return_ldsum.c -O0 -W -Wall execution test
FAIL: libffi.call/return_sc.c -O0 -W -Wall execution test
FAIL: libffi.call/cls_longdouble.c -O2 output pattern test, is arg: 434100000000000044e7ffffffffffff res: 434100000000000044e7ffffffffffff
FAIL: libffi.call/return_ldsum1.c -O2 execution test
FAIL: libffi.call/cls_longdouble.c -O3 output pattern test, is arg: 434100000000000044e7ffffffffffff res: 434100000000000044e7ffffffffffff
FAIL: libffi.call/return_ldsum1.c -O3 execution test
FAIL: libffi.call/cls_longdouble.c -Os output pattern test, is arg: 434100000000000044e7ffffffffffff res: 434100000000000044e7ffffffffffff
FAIL: libffi.call/return_ldsum1.c -Os execution test
FAIL: libffi.call/cls_longdouble.c -O2 -fomit-frame-pointer output pattern test, is arg: 434100000000000044e7ffffffffffff res: 434100000000000044e7ffffffffffff
FAIL: libffi.call/return_ldsum1.c -O2 -fomit-frame-pointer execution test

		=== libffi Summary for unix ===

# of expected passes		1422
# of unexpected failures	12
# of unsupported tests		10

		=== libffi Summary ===

# of expected passes		2847
# of unexpected failures	17
# of unsupported tests		20
		=== libgomp tests ===


Running target unix/-m64

		=== libgomp Summary for unix/-m64 ===

# of expected passes		1685
# of unsupported tests		7

Running target unix

		=== libgomp Summary for unix ===

# of expected passes		1685
# of unsupported tests		7

		=== libgomp Summary ===

# of expected passes		3370
# of unsupported tests		14
		=== libjava tests ===


Running target unix/-m64
FAIL: InvokeInterface execution - source compiled test
FAIL: InvokeInterface -O3 execution - source compiled test

		=== libjava Summary for unix/-m64 ===

# of expected passes		2546
# of unexpected failures	2
# of untested testcases		2

Running target unix
FAIL: events output
FAIL: InvokeInterface execution - source compiled test
FAIL: InvokeInterface -O3 execution - source compiled test

		=== libjava Summary for unix ===

# of expected passes		2545
# of unexpected failures	3
# of untested testcases		2

		=== libjava Summary ===

# of expected passes		5091
# of unexpected failures	5
# of untested testcases		4
		=== libstdc++ tests ===


Running target unix/-m64
XPASS: 27_io/basic_istream/extractors_arithmetic/char/12.cc execution test
XPASS: 27_io/basic_istream/extractors_arithmetic/wchar_t/12.cc execution test
FAIL: 27_io/ios_base/storage/2.cc execution test
FAIL: ext/enc_filebuf/char/13598.cc execution test

		=== libstdc++ Summary for unix/-m64 ===

# of expected passes		4900
# of unexpected failures	2
# of unexpected successes	2
# of expected failures		60
# of unsupported tests		361

Running target unix
XPASS: 27_io/basic_istream/extractors_arithmetic/char/12.cc execution test
XPASS: 27_io/basic_istream/extractors_arithmetic/wchar_t/12.cc execution test
FAIL: 27_io/ios_base/storage/2.cc execution test
FAIL: ext/enc_filebuf/char/13598.cc execution test

		=== libstdc++ Summary for unix ===

# of expected passes		4900
# of unexpected failures	2
# of unexpected successes	2
# of expected failures		60
# of unsupported tests		361

		=== libstdc++ Summary ===

# of expected passes		9800
# of unexpected failures	4
# of unexpected successes	4
# of expected failures		120
# of unsupported tests		722

Compiler version: 4.4.0 20080220 (experimental) [trunk revision 132470] (GCC) 
Platform: sparc-sun-solaris2.11
configure flags: --prefix=/export/home/andreast/gcc-src/gcc-svn/head/testbin --with-as=/usr/ccs/bin/as --with-ld=/usr/ccs/bin/ld --disable-static --with-gmp=/usr/local --with-mpfr=/usr/local --disable-nls --enable-languages=c,c++,fortran,java --disable-tls

Index Nav: [Date Index] [Subject Index] [Author Index] [Thread Index]
Message Nav: [Date Prev] [Date Next] [Thread Prev] [Thread Next]