This is the mail archive of the
gcc-testresults@gcc.gnu.org
mailing list for the GCC project.
Results for 4.4.0 20080220 (experimental) (GCC) testsuite on powerpc-unknown-linux-gnu
- From: Edmar Wienskoski-RA8797 <ra8797 at freescale dot com>
- To: gcc-testresults at gcc dot gnu dot org
- Date: Thu, 21 Feb 2008 10:09:15 -0600
- Subject: Results for 4.4.0 20080220 (experimental) (GCC) testsuite on powerpc-unknown-linux-gnu
LAST_UPDATED:
Target is powerpc-unknown-linux-gnu
Host is x86_64-unknown-linux-gnu
=== g++ tests ===
Running target reg_e300c3_ssh
FAIL: g++.dg/bprob/g++-bprob-1.C compilation, -g -fbranch-probabilities
UNRESOLVED: g++.dg/bprob/g++-bprob-1.C execution, -g -fbranch-probabilities
FAIL: g++.dg/bprob/g++-bprob-1.C compilation, -O0 -fprofile-arcs
UNRESOLVED: g++.dg/bprob/g++-bprob-1.C execution, -O0 -fprofile-arcs
UNRESOLVED: g++.dg/bprob/g++-bprob-1.C compilation, -O0 -fbranch-probabilities
UNRESOLVED: g++.dg/bprob/g++-bprob-1.C execution, -O0 -fbranch-probabilities
FAIL: g++.dg/bprob/g++-bprob-1.C compilation, -O1 -fprofile-arcs
UNRESOLVED: g++.dg/bprob/g++-bprob-1.C execution, -O1 -fprofile-arcs
UNRESOLVED: g++.dg/bprob/g++-bprob-1.C compilation, -O1 -fbranch-probabilities
UNRESOLVED: g++.dg/bprob/g++-bprob-1.C execution, -O1 -fbranch-probabilities
FAIL: g++.dg/bprob/g++-bprob-1.C compilation, -O2 -fprofile-arcs
UNRESOLVED: g++.dg/bprob/g++-bprob-1.C execution, -O2 -fprofile-arcs
UNRESOLVED: g++.dg/bprob/g++-bprob-1.C compilation, -O2 -fbranch-probabilities
UNRESOLVED: g++.dg/bprob/g++-bprob-1.C execution, -O2 -fbranch-probabilities
FAIL: g++.dg/bprob/g++-bprob-1.C compilation, -O3 -fprofile-arcs
UNRESOLVED: g++.dg/bprob/g++-bprob-1.C execution, -O3 -fprofile-arcs
UNRESOLVED: g++.dg/bprob/g++-bprob-1.C compilation, -O3 -fbranch-probabilities
UNRESOLVED: g++.dg/bprob/g++-bprob-1.C execution, -O3 -fbranch-probabilities
FAIL: g++.dg/bprob/g++-bprob-1.C compilation, -O3 -g -fprofile-arcs
UNRESOLVED: g++.dg/bprob/g++-bprob-1.C execution, -O3 -g -fprofile-arcs
UNRESOLVED: g++.dg/bprob/g++-bprob-1.C compilation, -O3 -g -fbranch-probabilities
UNRESOLVED: g++.dg/bprob/g++-bprob-1.C execution, -O3 -g -fbranch-probabilities
FAIL: g++.dg/bprob/g++-bprob-1.C compilation, -Os -fprofile-arcs
UNRESOLVED: g++.dg/bprob/g++-bprob-1.C execution, -Os -fprofile-arcs
UNRESOLVED: g++.dg/bprob/g++-bprob-1.C compilation, -Os -fbranch-probabilities
UNRESOLVED: g++.dg/bprob/g++-bprob-1.C execution, -Os -fbranch-probabilities
FAIL: g++.dg/bprob/g++-bprob-2.C compilation, -g -fbranch-probabilities
UNRESOLVED: g++.dg/bprob/g++-bprob-2.C execution, -g -fbranch-probabilities
FAIL: g++.dg/bprob/g++-bprob-2.C compilation, -O0 -fprofile-arcs
UNRESOLVED: g++.dg/bprob/g++-bprob-2.C execution, -O0 -fprofile-arcs
UNRESOLVED: g++.dg/bprob/g++-bprob-2.C compilation, -O0 -fbranch-probabilities
UNRESOLVED: g++.dg/bprob/g++-bprob-2.C execution, -O0 -fbranch-probabilities
FAIL: g++.dg/bprob/g++-bprob-2.C compilation, -O1 -fprofile-arcs
UNRESOLVED: g++.dg/bprob/g++-bprob-2.C execution, -O1 -fprofile-arcs
UNRESOLVED: g++.dg/bprob/g++-bprob-2.C compilation, -O1 -fbranch-probabilities
UNRESOLVED: g++.dg/bprob/g++-bprob-2.C execution, -O1 -fbranch-probabilities
FAIL: g++.dg/bprob/g++-bprob-2.C compilation, -O2 -fprofile-arcs
UNRESOLVED: g++.dg/bprob/g++-bprob-2.C execution, -O2 -fprofile-arcs
UNRESOLVED: g++.dg/bprob/g++-bprob-2.C compilation, -O2 -fbranch-probabilities
UNRESOLVED: g++.dg/bprob/g++-bprob-2.C execution, -O2 -fbranch-probabilities
FAIL: g++.dg/bprob/g++-bprob-2.C compilation, -O3 -fprofile-arcs
UNRESOLVED: g++.dg/bprob/g++-bprob-2.C execution, -O3 -fprofile-arcs
UNRESOLVED: g++.dg/bprob/g++-bprob-2.C compilation, -O3 -fbranch-probabilities
UNRESOLVED: g++.dg/bprob/g++-bprob-2.C execution, -O3 -fbranch-probabilities
FAIL: g++.dg/bprob/g++-bprob-2.C compilation, -O3 -g -fprofile-arcs
UNRESOLVED: g++.dg/bprob/g++-bprob-2.C execution, -O3 -g -fprofile-arcs
UNRESOLVED: g++.dg/bprob/g++-bprob-2.C compilation, -O3 -g -fbranch-probabilities
UNRESOLVED: g++.dg/bprob/g++-bprob-2.C execution, -O3 -g -fbranch-probabilities
FAIL: g++.dg/bprob/g++-bprob-2.C compilation, -Os -fprofile-arcs
UNRESOLVED: g++.dg/bprob/g++-bprob-2.C execution, -Os -fprofile-arcs
UNRESOLVED: g++.dg/bprob/g++-bprob-2.C compilation, -Os -fbranch-probabilities
UNRESOLVED: g++.dg/bprob/g++-bprob-2.C execution, -Os -fbranch-probabilities
ERROR: g++.dg/other/spu2vmx-1.C: syntax error in target selector "target target powerpc-*-*spe*" for " dg-skip-if 3 "" { target powerpc-*-*spe* } { "*" } { } "
UNRESOLVED: g++.dg/other/spu2vmx-1.C: syntax error in target selector "target target powerpc-*-*spe*" for " dg-skip-if 3 "" { target powerpc-*-*spe* } { "*" } { } "
FAIL: g++.dg/tree-prof/indir-call-prof.C compilation, -g -fprofile-use
UNRESOLVED: g++.dg/tree-prof/indir-call-prof.C execution, -g -fprofile-use
FAIL: g++.dg/tree-prof/indir-call-prof.C compilation, -O0 -fprofile-generate
UNRESOLVED: g++.dg/tree-prof/indir-call-prof.C execution, -O0 -fprofile-generate
UNRESOLVED: g++.dg/tree-prof/indir-call-prof.C compilation, -O0 -fprofile-use
UNRESOLVED: g++.dg/tree-prof/indir-call-prof.C execution, -O0 -fprofile-use
FAIL: g++.dg/tree-prof/indir-call-prof.C compilation, -O1 -fprofile-generate
UNRESOLVED: g++.dg/tree-prof/indir-call-prof.C execution, -O1 -fprofile-generate
UNRESOLVED: g++.dg/tree-prof/indir-call-prof.C compilation, -O1 -fprofile-use
UNRESOLVED: g++.dg/tree-prof/indir-call-prof.C execution, -O1 -fprofile-use
FAIL: g++.dg/tree-prof/indir-call-prof.C compilation, -O2 -fprofile-generate
UNRESOLVED: g++.dg/tree-prof/indir-call-prof.C execution, -O2 -fprofile-generate
UNRESOLVED: g++.dg/tree-prof/indir-call-prof.C compilation, -O2 -fprofile-use
UNRESOLVED: g++.dg/tree-prof/indir-call-prof.C execution, -O2 -fprofile-use
FAIL: g++.dg/tree-prof/indir-call-prof.C compilation, -O3 -fprofile-generate
UNRESOLVED: g++.dg/tree-prof/indir-call-prof.C execution, -O3 -fprofile-generate
UNRESOLVED: g++.dg/tree-prof/indir-call-prof.C compilation, -O3 -fprofile-use
UNRESOLVED: g++.dg/tree-prof/indir-call-prof.C execution, -O3 -fprofile-use
FAIL: g++.dg/tree-prof/indir-call-prof.C compilation, -O3 -g -fprofile-generate
UNRESOLVED: g++.dg/tree-prof/indir-call-prof.C execution, -O3 -g -fprofile-generate
UNRESOLVED: g++.dg/tree-prof/indir-call-prof.C compilation, -O3 -g -fprofile-use
UNRESOLVED: g++.dg/tree-prof/indir-call-prof.C execution, -O3 -g -fprofile-use
FAIL: g++.dg/tree-prof/indir-call-prof.C compilation, -Os -fprofile-generate
UNRESOLVED: g++.dg/tree-prof/indir-call-prof.C execution, -Os -fprofile-generate
UNRESOLVED: g++.dg/tree-prof/indir-call-prof.C compilation, -Os -fprofile-use
UNRESOLVED: g++.dg/tree-prof/indir-call-prof.C execution, -Os -fprofile-use
=== g++ Summary ===
# of expected passes 17280
# of unexpected failures 21
# of expected failures 82
# of unresolved testcases 58
# of unsupported tests 144
/tmp/edmar/build_cde/job_30/obj_gcc/gcc/testsuite/g++/../../g++ version 4.4.0 20080220 (experimental) (GCC)
Host is x86_64-unknown-linux-gnu
=== gcc tests ===
Running target reg_e300c3_ssh
FAIL: gcc.dg/memcpy-1.c scan-tree-dump-times optimized "nasty_local" 0
FAIL: gcc.dg/pr34856.c (test for excess errors)
FAIL: gcc.dg/matrix/transpose-1.c compilation, -fprofile-use -fipa-matrix-reorg -fdump-ipa-matrix-reorg -O3 -fwhole-program -combine
UNRESOLVED: gcc.dg/matrix/transpose-1.c execution, -fprofile-use -fipa-matrix-reorg -fdump-ipa-matrix-reorg -O3 -fwhole-program -combine
FAIL: gcc.dg/matrix/transpose-2.c compilation, -fprofile-use -fipa-matrix-reorg -fdump-ipa-matrix-reorg -O3 -fwhole-program -combine
UNRESOLVED: gcc.dg/matrix/transpose-2.c execution, -fprofile-use -fipa-matrix-reorg -fdump-ipa-matrix-reorg -O3 -fwhole-program -combine
FAIL: gcc.dg/matrix/transpose-3.c compilation, -fprofile-use -fipa-matrix-reorg -fdump-ipa-matrix-reorg -O3 -fwhole-program -combine
UNRESOLVED: gcc.dg/matrix/transpose-3.c execution, -fprofile-use -fipa-matrix-reorg -fdump-ipa-matrix-reorg -O3 -fwhole-program -combine
FAIL: gcc.dg/matrix/transpose-4.c compilation, -fprofile-use -fipa-matrix-reorg -fdump-ipa-matrix-reorg -O3 -fwhole-program -combine
UNRESOLVED: gcc.dg/matrix/transpose-4.c execution, -fprofile-use -fipa-matrix-reorg -fdump-ipa-matrix-reorg -O3 -fwhole-program -combine
FAIL: gcc.dg/matrix/transpose-5.c compilation, -fprofile-use -fipa-matrix-reorg -fdump-ipa-matrix-reorg -O3 -fwhole-program -combine
UNRESOLVED: gcc.dg/matrix/transpose-5.c execution, -fprofile-use -fipa-matrix-reorg -fdump-ipa-matrix-reorg -O3 -fwhole-program -combine
FAIL: gcc.dg/matrix/transpose-6.c compilation, -fprofile-use -fipa-matrix-reorg -fdump-ipa-matrix-reorg -O3 -fwhole-program -combine
UNRESOLVED: gcc.dg/matrix/transpose-6.c execution, -fprofile-use -fipa-matrix-reorg -fdump-ipa-matrix-reorg -O3 -fwhole-program -combine
FAIL: gcc.dg/struct/w_prof_global_array.c compilation, -O3 -fwhole-program -combine -fipa-type-escape -fprofile-use -fipa-struct-reorg -fdump-ipa-all
UNRESOLVED: gcc.dg/struct/w_prof_global_array.c execution, -O3 -fwhole-program -combine -fipa-type-escape -fprofile-use -fipa-struct-reorg -fdump-ipa-all
FAIL: gcc.dg/struct/w_prof_global_var.c compilation, -O3 -fwhole-program -combine -fipa-type-escape -fprofile-use -fipa-struct-reorg -fdump-ipa-all
UNRESOLVED: gcc.dg/struct/w_prof_global_var.c execution, -O3 -fwhole-program -combine -fipa-type-escape -fprofile-use -fipa-struct-reorg -fdump-ipa-all
FAIL: gcc.dg/struct/w_prof_local_array.c compilation, -O3 -fwhole-program -combine -fipa-type-escape -fprofile-use -fipa-struct-reorg -fdump-ipa-all
UNRESOLVED: gcc.dg/struct/w_prof_local_array.c execution, -O3 -fwhole-program -combine -fipa-type-escape -fprofile-use -fipa-struct-reorg -fdump-ipa-all
FAIL: gcc.dg/struct/w_prof_local_var.c compilation, -O3 -fwhole-program -combine -fipa-type-escape -fprofile-use -fipa-struct-reorg -fdump-ipa-all
UNRESOLVED: gcc.dg/struct/w_prof_local_var.c execution, -O3 -fwhole-program -combine -fipa-type-escape -fprofile-use -fipa-struct-reorg -fdump-ipa-all
FAIL: gcc.dg/struct/w_prof_single_str_global.c compilation, -O3 -fwhole-program -combine -fipa-type-escape -fprofile-use -fipa-struct-reorg -fdump-ipa-all
UNRESOLVED: gcc.dg/struct/w_prof_single_str_global.c execution, -O3 -fwhole-program -combine -fipa-type-escape -fprofile-use -fipa-struct-reorg -fdump-ipa-all
FAIL: gcc.dg/struct/w_prof_two_strs.c compilation, -O3 -fwhole-program -combine -fipa-type-escape -fprofile-use -fipa-struct-reorg -fdump-ipa-all
UNRESOLVED: gcc.dg/struct/w_prof_two_strs.c execution, -O3 -fwhole-program -combine -fipa-type-escape -fprofile-use -fipa-struct-reorg -fdump-ipa-all
FAIL: gcc.dg/struct/w_ratio_cold_str.c compilation, -O3 -fwhole-program -combine -fipa-type-escape -fprofile-use -fipa-struct-reorg -fdump-ipa-all --param struct-reorg-cold-struct-ratio=30
UNRESOLVED: gcc.dg/struct/w_ratio_cold_str.c execution, -O3 -fwhole-program -combine -fipa-type-escape -fprofile-use -fipa-struct-reorg -fdump-ipa-all --param struct-reorg-cold-struct-ratio=30
FAIL: gcc.dg/tree-prof/bb-reorg.c compilation, -fprofile-use -D_PROFILE_USE
UNRESOLVED: gcc.dg/tree-prof/bb-reorg.c execution, -fprofile-use -D_PROFILE_USE
FAIL: gcc.dg/tree-prof/indir-call-prof.c compilation, -fprofile-use -D_PROFILE_USE
UNRESOLVED: gcc.dg/tree-prof/indir-call-prof.c execution, -fprofile-use -D_PROFILE_USE
FAIL: gcc.dg/tree-prof/inliner-1.c compilation, -fprofile-use -D_PROFILE_USE
UNRESOLVED: gcc.dg/tree-prof/inliner-1.c execution, -fprofile-use -D_PROFILE_USE
FAIL: gcc.dg/tree-prof/stringop-1.c compilation, -fprofile-use -D_PROFILE_USE
UNRESOLVED: gcc.dg/tree-prof/stringop-1.c execution, -fprofile-use -D_PROFILE_USE
FAIL: gcc.dg/tree-prof/stringop-2.c compilation, -fprofile-use -D_PROFILE_USE
UNRESOLVED: gcc.dg/tree-prof/stringop-2.c execution, -fprofile-use -D_PROFILE_USE
FAIL: gcc.dg/tree-prof/tracer-1.c compilation, -fprofile-use -D_PROFILE_USE
UNRESOLVED: gcc.dg/tree-prof/tracer-1.c execution, -fprofile-use -D_PROFILE_USE
FAIL: gcc.dg/tree-prof/update-cunroll-2.c compilation, -fprofile-use -D_PROFILE_USE
UNRESOLVED: gcc.dg/tree-prof/update-cunroll-2.c execution, -fprofile-use -D_PROFILE_USE
FAIL: gcc.dg/tree-prof/update-loopch.c compilation, -fprofile-use -D_PROFILE_USE
UNRESOLVED: gcc.dg/tree-prof/update-loopch.c execution, -fprofile-use -D_PROFILE_USE
FAIL: gcc.dg/tree-prof/update-tailcall.c compilation, -fprofile-use -D_PROFILE_USE
UNRESOLVED: gcc.dg/tree-prof/update-tailcall.c execution, -fprofile-use -D_PROFILE_USE
FAIL: gcc.dg/tree-prof/val-prof-1.c compilation, -fprofile-use -D_PROFILE_USE
UNRESOLVED: gcc.dg/tree-prof/val-prof-1.c execution, -fprofile-use -D_PROFILE_USE
FAIL: gcc.dg/tree-prof/val-prof-2.c compilation, -fprofile-use -D_PROFILE_USE
UNRESOLVED: gcc.dg/tree-prof/val-prof-2.c execution, -fprofile-use -D_PROFILE_USE
FAIL: gcc.dg/tree-prof/val-prof-3.c compilation, -fprofile-use -D_PROFILE_USE
UNRESOLVED: gcc.dg/tree-prof/val-prof-3.c execution, -fprofile-use -D_PROFILE_USE
FAIL: gcc.dg/tree-prof/val-prof-4.c compilation, -fprofile-use -D_PROFILE_USE
UNRESOLVED: gcc.dg/tree-prof/val-prof-4.c execution, -fprofile-use -D_PROFILE_USE
FAIL: gcc.dg/tree-prof/val-prof-5.c compilation, -fprofile-use -D_PROFILE_USE
UNRESOLVED: gcc.dg/tree-prof/val-prof-5.c execution, -fprofile-use -D_PROFILE_USE
FAIL: gcc.dg/tree-prof/val-prof-6.c compilation, -fprofile-use -D_PROFILE_USE
UNRESOLVED: gcc.dg/tree-prof/val-prof-6.c execution, -fprofile-use -D_PROFILE_USE
FAIL: gcc.dg/tree-prof/wcoverage-mismatch.c compilation, -fprofile-use -D_PROFILE_USE
UNRESOLVED: gcc.dg/tree-prof/wcoverage-mismatch.c execution, -fprofile-use -D_PROFILE_USE
FAIL: gcc.misc-tests/bprob-1.c compilation, -fbranch-probabilities
UNRESOLVED: gcc.misc-tests/bprob-1.c execution, -fbranch-probabilities
FAIL: gcc.misc-tests/bprob-2.c compilation, -fbranch-probabilities
UNRESOLVED: gcc.misc-tests/bprob-2.c execution, -fbranch-probabilities
ERROR: gcc.target/powerpc/darwin-longlong.c: unknown effective target keyword \`fprs' for " dg-require-effective-target 2 fprs "
UNRESOLVED: gcc.target/powerpc/darwin-longlong.c: unknown effective target keyword \`fprs' for " dg-require-effective-target 2 fprs "
ERROR: gcc.target/powerpc/ppu-intrinsics.c: unknown dg option: dg-fail-if 2 {} { "powerpc-*-*spe*" } { "*" } { "" } for " dg-fail-if 2 "" { "powerpc-*-*spe*" } { "*" } { "" } "
UNRESOLVED: gcc.target/powerpc/ppu-intrinsics.c: unknown dg option: dg-fail-if 2 {} { "powerpc-*-*spe*" } { "*" } { "" } for " dg-fail-if 2 "" { "powerpc-*-*spe*" } { "*" } { "" } "
=== gcc Summary ===
# of expected passes 45682
# of unexpected failures 33
# of expected failures 91
# of unresolved testcases 33
# of untested testcases 35
# of unsupported tests 420
/tmp/edmar/build_cde/job_30/obj_gcc/gcc/xgcc version 4.4.0 20080220 (experimental) (GCC)
Host is x86_64-unknown-linux-gnu
=== gfortran tests ===
Running target reg_e300c3_ssh
FAIL: gfortran.dg/fmt_l.f90 -O0 output pattern test, is At line 14 of file /tmp/edmar/build_cde/job_30/gcc/gcc/testsuite/gfortran.dg/fmt_l.f90
FAIL: gfortran.dg/fmt_l.f90 -O1 output pattern test, is At line 14 of file /tmp/edmar/build_cde/job_30/gcc/gcc/testsuite/gfortran.dg/fmt_l.f90
FAIL: gfortran.dg/fmt_l.f90 -O2 output pattern test, is At line 14 of file /tmp/edmar/build_cde/job_30/gcc/gcc/testsuite/gfortran.dg/fmt_l.f90
FAIL: gfortran.dg/fmt_l.f90 -O3 -fomit-frame-pointer output pattern test, is At line 14 of file /tmp/edmar/build_cde/job_30/gcc/gcc/testsuite/gfortran.dg/fmt_l.f90
FAIL: gfortran.dg/fmt_l.f90 -O3 -fomit-frame-pointer -funroll-loops output pattern test, is At line 14 of file /tmp/edmar/build_cde/job_30/gcc/gcc/testsuite/gfortran.dg/fmt_l.f90
FAIL: gfortran.dg/fmt_l.f90 -O3 -fomit-frame-pointer -funroll-all-loops -finline-functions output pattern test, is At line 14 of file /tmp/edmar/build_cde/job_30/gcc/gcc/testsuite/gfortran.dg/fmt_l.f90
FAIL: gfortran.dg/fmt_l.f90 -O3 -g output pattern test, is At line 14 of file /tmp/edmar/build_cde/job_30/gcc/gcc/testsuite/gfortran.dg/fmt_l.f90
FAIL: gfortran.dg/fmt_l.f90 -Os output pattern test, is At line 14 of file /tmp/edmar/build_cde/job_30/gcc/gcc/testsuite/gfortran.dg/fmt_l.f90
XPASS: gfortran.dg/nint_2.f90 -O1 execution test
XPASS: gfortran.dg/nint_2.f90 -O2 execution test
XPASS: gfortran.dg/nint_2.f90 -O3 -fomit-frame-pointer execution test
XPASS: gfortran.dg/nint_2.f90 -O3 -fomit-frame-pointer -funroll-loops execution test
XPASS: gfortran.dg/nint_2.f90 -O3 -fomit-frame-pointer -funroll-all-loops -finline-functions execution test
XPASS: gfortran.dg/nint_2.f90 -O3 -g execution test
XPASS: gfortran.dg/nint_2.f90 -Os execution test
FAIL: gfortran.dg/vect/vect-1.f90 -O (test for excess errors)
ERROR: gfortran.dg/vect/vect-1.f90 -O : error executing dg-final: no files matched glob pattern "vect-1.f90.[0-9][0-9][0-9]t.vect"
UNRESOLVED: gfortran.dg/vect/vect-1.f90 -O : error executing dg-final: no files matched glob pattern "vect-1.f90.[0-9][0-9][0-9]t.vect"
FAIL: gfortran.dg/vect/vect-2.f90 -O (test for excess errors)
ERROR: gfortran.dg/vect/vect-2.f90 -O : error executing dg-final: no files matched glob pattern "vect-2.f90.[0-9][0-9][0-9]t.vect"
UNRESOLVED: gfortran.dg/vect/vect-2.f90 -O : error executing dg-final: no files matched glob pattern "vect-2.f90.[0-9][0-9][0-9]t.vect"
FAIL: gfortran.dg/vect/vect-3.f90 -O (test for excess errors)
ERROR: gfortran.dg/vect/vect-3.f90 -O : error executing dg-final: no files matched glob pattern "vect-3.f90.[0-9][0-9][0-9]t.vect"
UNRESOLVED: gfortran.dg/vect/vect-3.f90 -O : error executing dg-final: no files matched glob pattern "vect-3.f90.[0-9][0-9][0-9]t.vect"
FAIL: gfortran.dg/vect/vect-4.f90 -O (test for excess errors)
ERROR: gfortran.dg/vect/vect-4.f90 -O : error executing dg-final: no files matched glob pattern "vect-4.f90.[0-9][0-9][0-9]t.vect"
UNRESOLVED: gfortran.dg/vect/vect-4.f90 -O : error executing dg-final: no files matched glob pattern "vect-4.f90.[0-9][0-9][0-9]t.vect"
FAIL: gfortran.dg/vect/vect-5.f90 -O (test for excess errors)
UNRESOLVED: gfortran.dg/vect/vect-5.f90 -O compilation failed to produce executable
ERROR: gfortran.dg/vect/vect-5.f90 -O : error executing dg-final: no files matched glob pattern "vect-5.f90.[0-9][0-9][0-9]t.vect"
UNRESOLVED: gfortran.dg/vect/vect-5.f90 -O : error executing dg-final: no files matched glob pattern "vect-5.f90.[0-9][0-9][0-9]t.vect"
FAIL: gfortran.dg/vect/pr19049.f90 -O (test for excess errors)
ERROR: gfortran.dg/vect/pr19049.f90 -O : error executing dg-final: no files matched glob pattern "pr19049.f90.[0-9][0-9][0-9]t.vect"
UNRESOLVED: gfortran.dg/vect/pr19049.f90 -O : error executing dg-final: no files matched glob pattern "pr19049.f90.[0-9][0-9][0-9]t.vect"
FAIL: gfortran.dg/vect/pr32377.f90 -O (test for excess errors)
ERROR: gfortran.dg/vect/pr32377.f90 -O : error executing dg-final: no files matched glob pattern "pr32377.f90.[0-9][0-9][0-9]t.vect"
UNRESOLVED: gfortran.dg/vect/pr32377.f90 -O : error executing dg-final: no files matched glob pattern "pr32377.f90.[0-9][0-9][0-9]t.vect"
FAIL: gfortran.dg/vect/pr33301.f -O (test for excess errors)
FAIL: gfortran.dg/vect/cost-model-pr34445.f (test for excess errors)
FAIL: gfortran.dg/vect/cost-model-pr34445a.f (test for excess errors)
FAIL: gfortran.dg/vect/no-vfa-pr32377.f90 (test for excess errors)
ERROR: gfortran.dg/vect/no-vfa-pr32377.f90: error executing dg-final: no files matched glob pattern "no-vfa-pr32377.f90.[0-9][0-9][0-9]t.vect"
UNRESOLVED: gfortran.dg/vect/no-vfa-pr32377.f90: error executing dg-final: no files matched glob pattern "no-vfa-pr32377.f90.[0-9][0-9][0-9]t.vect"
FAIL: gfortran.dg/vect/no-vfa-pr32457.f90 (test for excess errors)
ERROR: gfortran.dg/vect/no-vfa-pr32457.f90: error executing dg-final: no files matched glob pattern "no-vfa-pr32457.f90.[0-9][0-9][0-9]t.vect"
UNRESOLVED: gfortran.dg/vect/no-vfa-pr32457.f90: error executing dg-final: no files matched glob pattern "no-vfa-pr32457.f90.[0-9][0-9][0-9]t.vect"
=== gfortran Summary ===
# of expected passes 23608
# of unexpected failures 20
# of unexpected successes 7
# of expected failures 28
# of unresolved testcases 10
# of unsupported tests 37
/tmp/edmar/build_cde/job_30/obj_gcc/gcc/testsuite/gfortran/../../gfortran version 4.4.0 20080220 (experimental) (GCC)
Compiler version: 4.4.0 20080220 (experimental) (GCC)
Platform: powerpc-unknown-linux-gnu
configure flags: --target=powerpc-unknown-linux-gnu --prefix=/_TOOLS_/dist/gnu_toolchain/regression-gcc-trunk-e300c3/i686-pc-linux2.4 --with-sysroot=/_TOOLS_/dist/gnu_toolchain/regression-gcc-trunk-e300c3/i686-pc-linux2.4/sysroot --disable-libssp --disable-libmudflap --enable-languages=c,c++ --with-gmp=/_TOOLS_/dist/gnu_toolchain/build_support-x86_64-unknown-linux-gnu/install_gmp-4.1.4 --with-mpfr=/_TOOLS_/dist/gnu_toolchain/build_support-x86_64-unknown-linux-gnu/install_mpfr-2.3.0 --with-cpu=e300c3 --disable-decimal-float --enable-languages=c,c++,fortran