This is the mail archive of the gcc-testresults@gcc.gnu.org mailing list for the GCC project.


Index Nav: [Date Index] [Subject Index] [Author Index] [Thread Index]
Message Nav: [Date Prev] [Date Next] [Thread Prev] [Thread Next]
Other format: [Raw text]

Results for 4.4.0 20080221 (experimental) [trunk revision 132519] (GCC) testsuite on i386-apple-darwin8.10.1


LAST_UPDATED: Thu Feb 21 11:45:35 UTC 2008 (revision 132519)

Native configuration is i386-apple-darwin8.10.1

		=== gcc tests ===


Running target unix
FAIL: gcc.dg/initpri1.c execution test
FAIL: gcc.dg/ssp-2.c (test for excess errors)
FAIL: gcc.dg/pch/save-temps-1.c -O0 -g assembly comparison
FAIL: gcc.dg/pch/save-temps-1.c  -O3 -g  assembly comparison
FAIL: gcc.dg/torture/builtin-math-4.c  -O0  (test for excess errors)
FAIL: gcc.dg/torture/builtin-math-4.c  -O1  (test for excess errors)
FAIL: gcc.dg/torture/builtin-math-4.c  -O2  (test for excess errors)
FAIL: gcc.dg/torture/builtin-math-4.c  -O3 -fomit-frame-pointer  (test for excess errors)
FAIL: gcc.dg/torture/builtin-math-4.c  -O3 -fomit-frame-pointer -funroll-loops  (test for excess errors)
FAIL: gcc.dg/torture/builtin-math-4.c  -O3 -fomit-frame-pointer -funroll-all-loops -finline-functions  (test for excess errors)
FAIL: gcc.dg/torture/builtin-math-4.c  -O3 -g  (test for excess errors)
FAIL: gcc.dg/torture/builtin-math-4.c  -Os  (test for excess errors)
XPASS: gcc.target/i386/builtin-apply-mmx.c execution test

		=== gcc Summary ===

# of expected passes		47634
# of unexpected failures	12
# of unexpected successes	1
# of expected failures		164
# of untested testcases		35
# of unsupported tests		451
/private/tmp/gfortran-20080221/ibin/gcc/xgcc  version 4.4.0 20080221 (experimental) [trunk revision 132519] (GCC) 

		=== gfortran tests ===


Running target unix

		=== gfortran Summary ===

# of expected passes		23651
# of expected failures		11
# of unsupported tests		46
/private/tmp/gfortran-20080221/ibin/gcc/testsuite/gfortran/../../gfortran  version 4.4.0 20080221 (experimental) [trunk revision 132519] (GCC) 

		=== libgomp tests ===


Running target unix

		=== libgomp Summary ===

# of expected passes		1208
# of unsupported tests		61

Compiler version: 4.4.0 20080221 (experimental) [trunk revision 132519] (GCC) 
Platform: i386-apple-darwin8.10.1
configure flags: --prefix=/usr/local/gfortran --enable-languages=c,fortran --with-gmp=/tmp/gfortran-20080221/gfortran_libs --enable-bootstrap


Index Nav: [Date Index] [Subject Index] [Author Index] [Thread Index]
Message Nav: [Date Prev] [Date Next] [Thread Prev] [Thread Next]