This is the mail archive of the gcc-testresults@gcc.gnu.org mailing list for the GCC project.


Index Nav: [Date Index] [Subject Index] [Author Index] [Thread Index]
Message Nav: [Date Prev] [Date Next] [Thread Prev] [Thread Next]
Other format: [Raw text]

Results for 4.4.0 20080220 (experimental) (GCC) testsuite on x86_64-unknown-linux-gnu


LAST_UPDATED: Wed Feb 20 07:36:12 UTC 2008 (revision 132471)

Native configuration is x86_64-unknown-linux-gnu

		=== g++ tests ===


Running target unix

		=== g++ Summary ===

# of expected passes		17404
# of expected failures		82
# of unsupported tests		118
/home/toon/compilers/obj-t/gcc/testsuite/g++/../../g++  version 4.4.0 20080220 (experimental) (GCC) 

		=== gcc tests ===


Running target unix

		=== gcc Summary ===

# of expected passes		48750
# of expected failures		166
# of untested testcases		35
# of unsupported tests		379
/home/toon/compilers/obj-t/gcc/xgcc  version 4.4.0 20080220 (experimental) (GCC) 

		=== gfortran tests ===


Running target unix

		=== gfortran Summary ===

# of expected passes		23713
# of expected failures		3
# of unsupported tests		18
/home/toon/compilers/obj-t/gcc/testsuite/gfortran/../../gfortran  version 4.4.0 20080220 (experimental) (GCC) 

		=== objc tests ===


Running target unix

		=== objc Summary ===

# of expected passes		1812
# of expected failures		7
# of unsupported tests		24
/home/toon/compilers/obj-t/gcc/xgcc  version 4.4.0 20080220 (experimental) (GCC) 

		=== libffi tests ===


Running target unix

		=== libffi Summary ===

# of expected passes		1389
# of unsupported tests		10
		=== libgomp tests ===


Running target unix

		=== libgomp Summary ===

# of expected passes		1699
		=== libjava tests ===


Running target unix

		=== libjava Summary ===

# of expected passes		2550
		=== libmudflap tests ===


Running target unix
FAIL: libmudflap.c/fail8-frag.c (-static) output pattern test
FAIL: libmudflap.c/fail9-frag.c (-static) output pattern test

		=== libmudflap Summary ===

# of expected passes		1847
# of unexpected failures	2
		=== libstdc++ tests ===


Running target unix
FAIL: abi_check
XPASS: 26_numerics/headers/cmath/c99_classification_macros_c.cc (test for excess errors)

		=== libstdc++ Summary ===

# of expected passes		4967
# of unexpected failures	1
# of unexpected successes	1
# of expected failures		60
# of unsupported tests		326

Compiler version: 4.4.0 20080220 (experimental) (GCC) 
Platform: x86_64-unknown-linux-gnu
configure flags: --prefix=/usr/snp/ --disable-multilib --disable-nls


Index Nav: [Date Index] [Subject Index] [Author Index] [Thread Index]
Message Nav: [Date Prev] [Date Next] [Thread Prev] [Thread Next]