This is the mail archive of the gcc-testresults@gcc.gnu.org mailing list for the GCC project.


Index Nav: [Date Index] [Subject Index] [Author Index] [Thread Index]
Message Nav: [Date Prev] [Date Next] [Thread Prev] [Thread Next]
Other format: [Raw text]

Results for 4.1.3 20080214 (prerelease) testsuite on powerpc64-unknown-linux-gnu


Linux 2.6.16.46-0.4-ppc64 ppc64
GNU C Library development release version 2.4 (20070330)
GNU ld (GNU Binutils) 2.18
GNU assembler (GNU Binutils) 2.18
GNU Make 3.80

DejaGnu:
	Expect version is	5.43.0
	Tcl version is		8.4
	Framework version is	1.4.4

32-bit biarch default32

LAST_UPDATED: Thu Feb 14 13:32:06 UTC 2008 (revision 132317)

Native configuration is powerpc64-unknown-linux-gnu

		=== g++ tests ===


Running target unix/-m32

		=== g++ Summary for unix/-m32 ===

# of expected passes		12510
# of expected failures		66
# of unsupported tests		94

Running target unix/-m64

		=== g++ Summary for unix/-m64 ===

# of expected passes		12472
# of expected failures		66
# of unsupported tests		97

		=== g++ Summary ===

# of expected passes		24982
# of expected failures		132
# of unsupported tests		191
/home/gccbuild/build/nightly/build-gcc-4.1/gcc/testsuite/g++/../../g++  version 4.1.3 20080214 (prerelease)

		=== gcc tests ===


Running target unix/-m32

		=== gcc Summary for unix/-m32 ===

# of expected passes		39989
# of expected failures		99
# of untested testcases		28
# of unsupported tests		341

Running target unix/-m64
XPASS: gcc.dg/tree-ssa/sra-2.c scan-tree-dump-times link_error 0

		=== gcc Summary for unix/-m64 ===

# of expected passes		39990
# of unexpected successes	1
# of expected failures		100
# of untested testcases		28
# of unsupported tests		338

		=== gcc Summary ===

# of expected passes		79979
# of unexpected successes	1
# of expected failures		199
# of untested testcases		56
# of unsupported tests		679
/home/gccbuild/build/nightly/build-gcc-4.1/gcc/xgcc  version 4.1.3 20080214 (prerelease)

		=== gfortran tests ===


Running target unix/-m32
XPASS: gfortran.dg/csqrt_2.f  -O0  execution test
XPASS: gfortran.dg/csqrt_2.f  -O1  execution test
XPASS: gfortran.dg/csqrt_2.f  -O2  execution test
XPASS: gfortran.dg/csqrt_2.f  -O3 -fomit-frame-pointer  execution test
XPASS: gfortran.dg/csqrt_2.f  -O3 -fomit-frame-pointer -funroll-loops  execution test
XPASS: gfortran.dg/csqrt_2.f  -O3 -fomit-frame-pointer -funroll-all-loops -finline-functions  execution test
XPASS: gfortran.dg/csqrt_2.f  -O3 -g  execution test
XPASS: gfortran.dg/csqrt_2.f  -Os  execution test
FAIL: gfortran.dg/io_constraints_2.f90  -O   (test for errors, line 64)
FAIL: gfortran.dg/io_constraints_2.f90  -O  (test for excess errors)

		=== gfortran Summary for unix/-m32 ===

# of expected passes		13558
# of unexpected failures	2
# of unexpected successes	8
# of expected failures		6
# of unsupported tests		90

Running target unix/-m64
XPASS: gfortran.dg/csqrt_2.f  -O0  execution test
XPASS: gfortran.dg/csqrt_2.f  -O1  execution test
XPASS: gfortran.dg/csqrt_2.f  -O2  execution test
XPASS: gfortran.dg/csqrt_2.f  -O3 -fomit-frame-pointer  execution test
XPASS: gfortran.dg/csqrt_2.f  -O3 -fomit-frame-pointer -funroll-loops  execution test
XPASS: gfortran.dg/csqrt_2.f  -O3 -fomit-frame-pointer -funroll-all-loops -finline-functions  execution test
XPASS: gfortran.dg/csqrt_2.f  -O3 -g  execution test
XPASS: gfortran.dg/csqrt_2.f  -Os  execution test
XPASS: gfortran.dg/vect/vect-5.f90  -O  scan-tree-dump-times vectorized 2 loops 1
XPASS: gfortran.dg/vect/vect-5.f90  -O  scan-tree-dump-times Alignment of access forced using peeling 1
XPASS: gfortran.dg/vect/vect-5.f90  -O  scan-tree-dump-times Vectorizing an unaligned access 2

		=== gfortran Summary for unix/-m64 ===

# of expected passes		13589
# of unexpected successes	11
# of expected failures		6
# of unsupported tests		74

		=== gfortran Summary ===

# of expected passes		27147
# of unexpected failures	2
# of unexpected successes	19
# of expected failures		12
# of unsupported tests		164
/home/gccbuild/build/nightly/build-gcc-4.1/gcc/testsuite/gfortran/../../gfortran  version 4.1.3 20080214 (prerelease)

		=== objc tests ===


Running target unix/-m32

		=== objc Summary for unix/-m32 ===

# of expected passes		1722
# of unsupported tests		22

Running target unix/-m64

		=== objc Summary for unix/-m64 ===

# of expected passes		1722
# of unsupported tests		22

		=== objc Summary ===

# of expected passes		3444
# of unsupported tests		44
/home/gccbuild/build/nightly/build-gcc-4.1/gcc/xgcc  version 4.1.3 20080214 (prerelease)

		=== libffi tests ===


Running target unix/-m32

		=== libffi Summary for unix/-m32 ===

# of expected passes		228
# of unsupported tests		2

Running target unix/-m64

		=== libffi Summary for unix/-m64 ===

# of expected passes		228
# of unsupported tests		2

		=== libffi Summary ===

# of expected passes		456
# of unsupported tests		4
		=== libjava tests ===


Running target unix/-m32

		=== libjava Summary for unix/-m32 ===

# of expected passes		4060
# of expected failures		10
# of untested testcases		8

Running target unix/-m64

		=== libjava Summary for unix/-m64 ===

# of expected passes		4060
# of expected failures		10
# of untested testcases		8

		=== libjava Summary ===

# of expected passes		8120
# of expected failures		20
# of untested testcases		16
		=== libmudflap tests ===


Running target unix/-m32

		=== libmudflap Summary for unix/-m32 ===

# of expected passes		1799

Running target unix/-m64
FAIL: libmudflap.c/fail27-frag.c output pattern test
FAIL: libmudflap.c/fail27-frag.c (-static) output pattern test
FAIL: libmudflap.c/fail27-frag.c (-O2) output pattern test
FAIL: libmudflap.c/fail27-frag.c (-O3) output pattern test

		=== libmudflap Summary for unix/-m64 ===

# of expected passes		1795
# of unexpected failures	4

		=== libmudflap Summary ===

# of expected passes		3594
# of unexpected failures	4
		=== libstdc++ tests ===


Running target unix/-m32
FAIL: abi_check
XPASS: 26_numerics/cmath/c99_classification_macros_c.cc (test for excess errors)

		=== libstdc++ Summary for unix/-m32 ===

# of expected passes		4019
# of unexpected failures	1
# of unexpected successes	1
# of expected failures		12
# of unsupported tests		13

Running target unix/-m64
FAIL: abi_check
FAIL: 22_locale/messages/members/char/1.cc execution test
FAIL: 22_locale/messages/members/char/2.cc execution test
FAIL: 22_locale/messages/members/char/wrapped_env.cc execution test
FAIL: 22_locale/messages/members/char/wrapped_locale.cc execution test
FAIL: 22_locale/messages_byname/named_equivalence.cc execution test
XPASS: 26_numerics/cmath/c99_classification_macros_c.cc (test for excess errors)
XPASS: 27_io/fpos/14320-1.cc execution test

		=== libstdc++ Summary for unix/-m64 ===

# of expected passes		4014
# of unexpected failures	6
# of unexpected successes	2
# of expected failures		11
# of unsupported tests		13

		=== libstdc++ Summary ===

# of expected passes		8033
# of unexpected failures	7
# of unexpected successes	3
# of expected failures		23
# of unsupported tests		26

Compiler version: 4.1.3 20080214 (prerelease) 
Platform: powerpc64-unknown-linux-gnu
configure flags: --prefix=/opt/gcc-nightly/4.1-20080214 --build=powerpc64-linux --host=powerpc64-linux --target=powerpc64-linux --with-cpu=default32 --with-as=/opt/gcc-nightly/binutils-2.18/bin/as --with-ld=/opt/gcc-nightly/binutils-2.18/bin/ld --enable-threads=posix --enable-shared --enable-__cxa_atexit --enable-checking --disable-alsa --with-gmp=/opt/gcc-nightly/gmp-mpfr --with-mpfr=/opt/gcc-nightly/gmp-mpfr --enable-languages=c,c++,fortran,java,objc


Index Nav: [Date Index] [Subject Index] [Author Index] [Thread Index]
Message Nav: [Date Prev] [Date Next] [Thread Prev] [Thread Next]