This is the mail archive of the
gcc-testresults@gcc.gnu.org
mailing list for the GCC project.
Results for 4.3.0 20080212 (experimental) [trunk revision 132249] (GCC) testsuite on hppa-unknown-linux-gnu
- From: dave at hia dot nrc dot ca (John David Anglin)
- To: dave dot anglin at nrc-cnrc dot gc dot ca, gcc-testresults at gcc dot gnu dot org
- Date: Wed, 13 Feb 2008 20:30:51 -0500 (EST)
- Subject: Results for 4.3.0 20080212 (experimental) [trunk revision 132249] (GCC) testsuite on hppa-unknown-linux-gnu
LAST_UPDATED: Tue Feb 12 02:31:07 UTC 2008 (revision 132249)
=== acats tests ===
FAIL: cxf3a01
=== acats Summary ===
# of expected passes 2314
# of unexpected failures 1
Native configuration is hppa-unknown-linux-gnu
=== g++ tests ===
Running target unix
=== g++ Summary ===
# of expected passes 17330
# of expected failures 82
# of unsupported tests 135
/home/dave/gnu/gcc-4.3/objdir/gcc/testsuite/g++/../../g++ version 4.3.0 20080212 (experimental) [trunk revision 132249] (GCC)
=== gcc tests ===
Running target unix
WARNING: program timed out.
FAIL: gcc.c-torture/execute/builtins/vsprintf-chk.c compilation, -O2
UNRESOLVED: gcc.c-torture/execute/builtins/vsprintf-chk.c execution, -O2
WARNING: program timed out.
FAIL: gcc.c-torture/execute/20000706-1.c compilation, -O3 -g
UNRESOLVED: gcc.c-torture/execute/20000706-1.c execution, -O3 -g
WARNING: program timed out.
FAIL: gcc.c-torture/execute/20020819-1.c compilation, -O1
UNRESOLVED: gcc.c-torture/execute/20020819-1.c execution, -O1
WARNING: program timed out.
FAIL: gcc.c-torture/execute/20040705-1.c compilation, -Os
UNRESOLVED: gcc.c-torture/execute/20040705-1.c execution, -Os
WARNING: program timed out.
FAIL: gcc.c-torture/execute/align-2.c compilation, -O2
UNRESOLVED: gcc.c-torture/execute/align-2.c execution, -O2
WARNING: program timed out.
FAIL: gcc.c-torture/execute/complex-7.c compilation, -O2
UNRESOLVED: gcc.c-torture/execute/complex-7.c execution, -O2
WARNING: program timed out.
FAIL: gcc.c-torture/execute/loop-13.c compilation, -O3 -fomit-frame-pointer
UNRESOLVED: gcc.c-torture/execute/loop-13.c execution, -O3 -fomit-frame-pointer
WARNING: program timed out.
FAIL: gcc.c-torture/execute/packed-1.c compilation, -O2
UNRESOLVED: gcc.c-torture/execute/packed-1.c execution, -O2
WARNING: program timed out.
FAIL: gcc.c-torture/execute/ieee/fp-cmp-4f.c compilation, -O2
UNRESOLVED: gcc.c-torture/execute/ieee/fp-cmp-4f.c execution, -O2
XPASS: gcc.dg/tree-ssa/loop-1.c scan-assembler-times foo 5
=== gcc Summary ===
# of expected passes 45455
# of unexpected failures 9
# of unexpected successes 1
# of expected failures 91
# of unresolved testcases 9
# of untested testcases 35
# of unsupported tests 336
/home/dave/gnu/gcc-4.3/objdir/gcc/xgcc version 4.3.0 20080212 (experimental) [trunk revision 132249] (GCC)
=== gfortran tests ===
Running target unix
WARNING: program timed out.
FAIL: gfortran.dg/direct_io_9.f -O3 -g (test for excess errors)
UNRESOLVED: gfortran.dg/direct_io_9.f -O3 -g compilation failed to produce executable
WARNING: program timed out.
FAIL: gfortran.fortran-torture/execute/arrayarg.f90 compilation, -O3 -g
=== gfortran Summary ===
# of expected passes 23469
# of unexpected failures 2
# of expected failures 3
# of unresolved testcases 1
# of untested testcases 1
# of unsupported tests 116
/home/dave/gnu/gcc-4.3/objdir/gcc/testsuite/gfortran/../../gfortran version 4.3.0 20080212 (experimental) [trunk revision 132249] (GCC)
=== gnat tests ===
Running target unix
=== gnat Summary ===
# of expected passes 347
=== obj-c++ tests ===
Running target unix
FAIL: obj-c++.dg/bitfield-1.mm (internal compiler error)
FAIL: obj-c++.dg/bitfield-1.mm (test for excess errors)
UNRESOLVED: obj-c++.dg/bitfield-1.mm compilation failed to produce executable
FAIL: obj-c++.dg/comp-types-10.mm (internal compiler error)
FAIL: obj-c++.dg/comp-types-10.mm (test for excess errors)
FAIL: obj-c++.dg/cxx-ivars-2.mm execution test
FAIL: obj-c++.dg/encode-2.mm scan-assembler {Vec<float>=ffi}
FAIL: obj-c++.dg/encode-2.mm scan-assembler {Vec<double>=ddi}
FAIL: obj-c++.dg/encode-3.mm execution test
FAIL: obj-c++.dg/encode-8.mm execution test
FAIL: obj-c++.dg/isa-field-1.mm (test for excess errors)
FAIL: obj-c++.dg/lookup-2.mm (test for excess errors)
UNRESOLVED: obj-c++.dg/lookup-2.mm compilation failed to produce executable
FAIL: obj-c++.dg/try-catch-2.mm (test for excess errors)
UNRESOLVED: obj-c++.dg/try-catch-2.mm compilation failed to produce executable
FAIL: obj-c++.dg/try-catch-9.mm (internal compiler error)
FAIL: obj-c++.dg/try-catch-9.mm (test for excess errors)
UNRESOLVED: obj-c++.dg/try-catch-9.mm compilation failed to produce executable
=== obj-c++ Summary ===
# of expected passes 423
# of unexpected failures 14
# of unresolved testcases 4
# of unsupported tests 13
/home/dave/gnu/gcc-4.3/objdir/gcc/testsuite/obj-c++/../../g++ version 4.3.0 20080212 (experimental) [trunk revision 132249] (GCC)
=== objc tests ===
Running target unix
WARNING: program timed out.
FAIL: objc/execute/nested-3.m compilation, -O3 -fomit-frame-pointer -fgnu-runtime
UNRESOLVED: objc/execute/nested-3.m execution, -O3 -fomit-frame-pointer -fgnu-runtime
=== objc Summary ===
# of expected passes 1810
# of unexpected failures 1
# of expected failures 7
# of unresolved testcases 1
# of unsupported tests 24
/home/dave/gnu/gcc-4.3/objdir/gcc/xgcc version 4.3.0 20080212 (experimental) [trunk revision 132249] (GCC)
=== libffi tests ===
Running target unix
=== libffi Summary ===
# of expected passes 1389
# of unsupported tests 10
=== libgomp tests ===
Running target unix
=== libgomp Summary ===
# of expected passes 1679
# of unsupported tests 7
=== libjava tests ===
Running target unix
=== libjava Summary ===
# of expected passes 2550
=== libmudflap tests ===
Running target unix
WARNING: program timed out.
FAIL: libmudflap.c/pass18-frag.c (-O2) (test for excess errors)
WARNING: libmudflap.c/pass18-frag.c (-O2) compilation failed to produce executable
FAIL: libmudflap.c++/pass41-frag.cxx execution test
FAIL: libmudflap.c++/pass41-frag.cxx (-static) execution test
FAIL: libmudflap.c++/pass41-frag.cxx ( -O) execution test
FAIL: libmudflap.c++/pass41-frag.cxx (-O2) execution test
FAIL: libmudflap.c++/pass41-frag.cxx (-O3) execution test
WARNING: program timed out.
FAIL: libmudflap.cth/pass40-frag.c execution test
FAIL: libmudflap.cth/pass40-frag.c output pattern test
WARNING: program timed out.
FAIL: libmudflap.cth/pass40-frag.c (-static -DSTATIC) execution test
FAIL: libmudflap.cth/pass40-frag.c (-static -DSTATIC) output pattern test
WARNING: program timed out.
FAIL: libmudflap.cth/pass40-frag.c (-O2) execution test
FAIL: libmudflap.cth/pass40-frag.c (-O2) output pattern test
WARNING: program timed out.
FAIL: libmudflap.cth/pass40-frag.c (-O3) execution test
FAIL: libmudflap.cth/pass40-frag.c (-O3) output pattern test
=== libmudflap Summary ===
# of expected passes 1834
# of unexpected failures 14
=== libstdc++ tests ===
Running target unix
FAIL: abi_check
FAIL: 22_locale/time_get/get_date/wchar_t/4.cc execution test
XPASS: 26_numerics/headers/cmath/c99_classification_macros_c.cc (test for excess errors)
WARNING: program timed out.
FAIL: thread/pthread7-rope.cc execution test
=== libstdc++ Summary ===
# of expected passes 5592
# of unexpected failures 3
# of unexpected successes 1
# of expected failures 61
# of unsupported tests 10
Compiler version: 4.3.0 20080212 (experimental) [trunk revision 132249] (GCC)
Platform: hppa-unknown-linux-gnu
configure flags: --with-gnu-as --with-gnu-ld --enable-shared --prefix=/home/dave/opt/gnu/gcc/gcc-4.3.0 --with-local-prefix=/home/dave/opt/gnu --enable-threads=posix --enable-__cxa_atexit --build=hppa-linux --enable-clocale=gnu --enable-java-gc=boehm --enable-java-awt=xlib --enable-languages=c,c++,objc,fortran,obj-c++,java,ada