This is the mail archive of the gcc-testresults@gcc.gnu.org mailing list for the GCC project.


Index Nav: [Date Index] [Subject Index] [Author Index] [Thread Index]
Message Nav: [Date Prev] [Date Next] [Thread Prev] [Thread Next]
Other format: [Raw text]

Results for 4.3.0 20080212 (experimental) (GCC) testsuite on i686-pc-linux-gnu


LAST_UPDATED: Tue Feb 12 08:34:53 UTC 2008 (/trunk revision 132254)

Native configuration is i686-pc-linux-gnu

		=== g++ tests ===


Running target localhost

		=== g++ Summary ===

# of expected passes		17442
# of expected failures		82
# of unsupported tests		87
/scratch/gcc/nightly-2008-02-12-mainline/i686-pc-linux-gnu/build_gcc/build/test-mainline-0-i686-pc-linux-gnu/host-i686-pc-linux-gnu/fsf-mainline/bin/i686-pc-linux-gnu-g++  version 4.3.0 20080212 (experimental) (GCC) 

		=== gcc tests ===


Running target localhost

		=== gcc Summary ===

# of expected passes		48795
# of expected failures		167
# of untested testcases		35
# of unsupported tests		262
/scratch/gcc/nightly-2008-02-12-mainline/i686-pc-linux-gnu/build_gcc/build/test-mainline-0-i686-pc-linux-gnu/host-i686-pc-linux-gnu/fsf-mainline/bin/i686-pc-linux-gnu-gcc  version 4.3.0 20080212 (experimental) (GCC) 

		=== libstdc++ tests ===


Running target localhost

		=== libstdc++ Summary ===

# of expected passes		5590
# of expected failures		62
# of unsupported tests		12
		=== g++ tests ===


Running target localhost/-m64
FAIL: g++.dg/inherit/override-attribs.C  (test for errors, line 7)
FAIL: g++.dg/inherit/override-attribs.C  (test for errors, line 14)
FAIL: g++.dg/inherit/override-attribs.C (test for excess errors)

		=== g++ Summary ===

# of expected passes		17353
# of unexpected failures	3
# of expected failures		82
# of unsupported tests		117
/scratch/gcc/nightly-2008-02-12-mainline/i686-pc-linux-gnu/build_gcc/build/test-mainline-0-i686-pc-linux-gnu/host-i686-pc-linux-gnu/fsf-mainline/bin/i686-pc-linux-gnu-g++  version 4.3.0 20080212 (experimental) (GCC) 

		=== gcc tests ===


Running target localhost/-m64

		=== gcc Summary ===

# of expected passes		48656
# of expected failures		166
# of untested testcases		35
# of unsupported tests		376
/scratch/gcc/nightly-2008-02-12-mainline/i686-pc-linux-gnu/build_gcc/build/test-mainline-0-i686-pc-linux-gnu/host-i686-pc-linux-gnu/fsf-mainline/bin/i686-pc-linux-gnu-gcc  version 4.3.0 20080212 (experimental) (GCC) 

		=== libstdc++ tests ===


Running target localhost/-m64
XPASS: 27_io/fpos/14320-1.cc execution test

		=== libstdc++ Summary ===

# of expected passes		5590
# of unexpected successes	1
# of expected failures		61
# of unsupported tests		12

Compiler version: 4.3.0 20080212 (experimental) (GCC) 
Platform: i686-pc-linux-gnu
configure flags: --build=i686-pc-linux-gnu --host=i686-pc-linux-gnu --target=i686-pc-linux-gnu --enable-threads --disable-libmudflap --disable-libssp --disable-libgomp --disable-libstdcxx-pch --enable-targets=all --with-gnu-as --with-gnu-ld --enable-languages=c,c++ --enable-shared --disable-nls --prefix=/opt/codesourcery --with-gmp=/scratch/gcc/nightly-2008-02-12-mainline/i686-pc-linux-gnu/build_gcc/build/host-libs-mainline-0-i686-pc-linux-gnu-i686-pc-linux-gnu/usr --with-mpfr=/scratch/gcc/nightly-2008-02-12-mainline/i686-pc-linux-gnu/build_gcc/build/host-libs-mainline-0-i686-pc-linux-gnu-i686-pc-linux-gnu/usr --with-build-time-tools=/scratch/gcc/nightly-2008-02-12-mainline/i686-pc-linux-gnu/build_gcc/install/i686-pc-linux-gnu/bin --with-build-time-tools=/scratch/gcc/nightly-2008-02-12-mainline/i686-pc-linux-gnu/build_gcc/install/i686-pc-linux-gnu/bin


Index Nav: [Date Index] [Subject Index] [Author Index] [Thread Index]
Message Nav: [Date Prev] [Date Next] [Thread Prev] [Thread Next]