This is the mail archive of the
gcc-testresults@gcc.gnu.org
mailing list for the GCC project.
Results for 4.3.0 20080209 (experimental) (GCC) testsuite on powerpc-unknown-linux-gnualtivec
- From: Edmar Wienskoski-RA8797 <ra8797 at freescale dot com>
- To: gcc-testresults at gcc dot gnu dot org
- Date: Sun, 10 Feb 2008 02:29:47 -0600
- Subject: Results for 4.3.0 20080209 (experimental) (GCC) testsuite on powerpc-unknown-linux-gnualtivec
LAST_UPDATED:
Target is powerpc-unknown-linux-gnualtivec
Host is x86_64-unknown-linux-gnu
=== g++ tests ===
Running target reg_e600_ssh
FAIL: g++.dg/conversion/simd1.C (test for warnings, line 8)
FAIL: g++.dg/ext/attribute-test-1.C (test for warnings, line 10)
FAIL: g++.dg/ext/attribute-test-2.C (test for warnings, line 14)
FAIL: g++.dg/ext/attribute-test-3.C (test for warnings, line 26)
FAIL: g++.dg/ext/attribute-test-4.C (test for warnings, line 26)
FAIL: g++.dg/ext/vector13.C (internal compiler error)
FAIL: g++.dg/ext/vector13.C (test for excess errors)
ERROR: g++.dg/other/spu2vmx-1.C: syntax error in target selector "target target powerpc-*-*spe*" for " dg-skip-if 3 "" { target powerpc-*-*spe* } { "*" } { } "
UNRESOLVED: g++.dg/other/spu2vmx-1.C: syntax error in target selector "target target powerpc-*-*spe*" for " dg-skip-if 3 "" { target powerpc-*-*spe* } { "*" } { } "
=== g++ Summary ===
# of expected passes 17417
# of unexpected failures 7
# of expected failures 82
# of unresolved testcases 1
# of unsupported tests 126
/tmp/edmar/build_cde/job_28/obj_gcc/gcc/testsuite/g++/../../g++ version 4.3.0 20080209 (experimental) (GCC)
Host is x86_64-unknown-linux-gnu
=== gcc tests ===
Running target reg_e600_ssh
FAIL: gcc.c-torture/compile/20071117-1.c -O0 (internal compiler error)
FAIL: gcc.c-torture/compile/20071117-1.c -O0 (test for excess errors)
FAIL: gcc.dg/memcpy-1.c scan-tree-dump-times optimized "nasty_local" 0
FAIL: gcc.dg/vect/costmodel/ppc/costmodel-vect-31d.c scan-tree-dump-times vect "vectorization not profitable" 1
FAIL: gcc.dg/vect/costmodel/ppc/costmodel-vect-31d.c scan-tree-dump-times vect "vectorized 1 loops" 0
FAIL: gcc.dg/vect/costmodel/ppc/costmodel-vect-68d.c scan-tree-dump-times vect "vectorization not profitable" 1
FAIL: gcc.dg/vect/costmodel/ppc/costmodel-vect-68d.c scan-tree-dump-times vect "vectorized 1 loops" 0
FAIL: gcc.dg/vect/pr33953.c scan-tree-dump-times vect "vectorized 1 loops" 1
FAIL: gcc.dg/vect/pr33953.c scan-tree-dump-times vect "vectorizing stmts using SLP" 1
FAIL: gcc.dg/vect/vect-64.c (internal compiler error)
FAIL: gcc.dg/vect/vect-64.c (test for excess errors)
UNRESOLVED: gcc.dg/vect/vect-64.c compilation failed to produce executable
ERROR: gcc.target/powerpc/darwin-longlong.c: unknown effective target keyword \`fprs' for " dg-require-effective-target 2 fprs "
UNRESOLVED: gcc.target/powerpc/darwin-longlong.c: unknown effective target keyword \`fprs' for " dg-require-effective-target 2 fprs "
ERROR: gcc.target/powerpc/ppu-intrinsics.c: unknown dg option: dg-fail-if 2 {} { "powerpc-*-*spe*" } { "*" } { "" } for " dg-fail-if 2 "" { "powerpc-*-*spe*" } { "*" } { "" } "
UNRESOLVED: gcc.target/powerpc/ppu-intrinsics.c: unknown dg option: dg-fail-if 2 {} { "powerpc-*-*spe*" } { "*" } { "" } for " dg-fail-if 2 "" { "powerpc-*-*spe*" } { "*" } { "" } "
=== gcc Summary ===
# of expected passes 48260
# of unexpected failures 11
# of expected failures 169
# of unresolved testcases 3
# of untested testcases 35
# of unsupported tests 401
/tmp/edmar/build_cde/job_28/obj_gcc/gcc/xgcc version 4.3.0 20080209 (experimental) (GCC)
Host is x86_64-unknown-linux-gnu
=== gfortran tests ===
Running target reg_e600_ssh
FAIL: gfortran.dg/cray_pointers_2.f90 -O3 -fomit-frame-pointer (internal compiler error)
FAIL: gfortran.dg/cray_pointers_2.f90 -O3 -fomit-frame-pointer (test for excess errors)
UNRESOLVED: gfortran.dg/cray_pointers_2.f90 -O3 -fomit-frame-pointer compilation failed to produce executable
FAIL: gfortran.dg/cray_pointers_2.f90 -O3 -fomit-frame-pointer -funroll-loops (internal compiler error)
FAIL: gfortran.dg/cray_pointers_2.f90 -O3 -fomit-frame-pointer -funroll-loops (test for excess errors)
UNRESOLVED: gfortran.dg/cray_pointers_2.f90 -O3 -fomit-frame-pointer -funroll-loops compilation failed to produce executable
FAIL: gfortran.dg/cray_pointers_2.f90 -O3 -fomit-frame-pointer -funroll-all-loops -finline-functions (internal compiler error)
FAIL: gfortran.dg/cray_pointers_2.f90 -O3 -fomit-frame-pointer -funroll-all-loops -finline-functions (test for excess errors)
UNRESOLVED: gfortran.dg/cray_pointers_2.f90 -O3 -fomit-frame-pointer -funroll-all-loops -finline-functions compilation failed to produce executable
FAIL: gfortran.dg/cray_pointers_2.f90 -O3 -g (internal compiler error)
FAIL: gfortran.dg/cray_pointers_2.f90 -O3 -g (test for excess errors)
UNRESOLVED: gfortran.dg/cray_pointers_2.f90 -O3 -g compilation failed to produce executable
FAIL: gfortran.dg/fmt_l.f90 -O0 output pattern test, is At line 14 of file /tmp/edmar/build_cde/job_28/gcc/gcc/testsuite/gfortran.dg/fmt_l.f90
FAIL: gfortran.dg/fmt_l.f90 -O1 output pattern test, is At line 14 of file /tmp/edmar/build_cde/job_28/gcc/gcc/testsuite/gfortran.dg/fmt_l.f90
FAIL: gfortran.dg/fmt_l.f90 -O2 output pattern test, is At line 14 of file /tmp/edmar/build_cde/job_28/gcc/gcc/testsuite/gfortran.dg/fmt_l.f90
FAIL: gfortran.dg/fmt_l.f90 -O3 -fomit-frame-pointer output pattern test, is At line 14 of file /tmp/edmar/build_cde/job_28/gcc/gcc/testsuite/gfortran.dg/fmt_l.f90
FAIL: gfortran.dg/fmt_l.f90 -O3 -fomit-frame-pointer -funroll-loops output pattern test, is At line 14 of file /tmp/edmar/build_cde/job_28/gcc/gcc/testsuite/gfortran.dg/fmt_l.f90
FAIL: gfortran.dg/fmt_l.f90 -O3 -fomit-frame-pointer -funroll-all-loops -finline-functions output pattern test, is At line 14 of file /tmp/edmar/build_cde/job_28/gcc/gcc/testsuite/gfortran.dg/fmt_l.f90
FAIL: gfortran.dg/fmt_l.f90 -O3 -g output pattern test, is At line 14 of file /tmp/edmar/build_cde/job_28/gcc/gcc/testsuite/gfortran.dg/fmt_l.f90
FAIL: gfortran.dg/fmt_l.f90 -Os output pattern test, is At line 14 of file /tmp/edmar/build_cde/job_28/gcc/gcc/testsuite/gfortran.dg/fmt_l.f90
XPASS: gfortran.dg/nint_2.f90 -O1 execution test
XPASS: gfortran.dg/nint_2.f90 -O2 execution test
XPASS: gfortran.dg/nint_2.f90 -O3 -fomit-frame-pointer execution test
XPASS: gfortran.dg/nint_2.f90 -O3 -fomit-frame-pointer -funroll-loops execution test
XPASS: gfortran.dg/nint_2.f90 -O3 -fomit-frame-pointer -funroll-all-loops -finline-functions execution test
XPASS: gfortran.dg/nint_2.f90 -O3 -g execution test
XPASS: gfortran.dg/nint_2.f90 -Os execution test
=== gfortran Summary ===
# of expected passes 23608
# of unexpected failures 16
# of unexpected successes 7
# of expected failures 28
# of unresolved testcases 4
# of unsupported tests 37
/tmp/edmar/build_cde/job_28/obj_gcc/gcc/testsuite/gfortran/../../gfortran version 4.3.0 20080209 (experimental) (GCC)
Compiler version: 4.3.0 20080209 (experimental) (GCC)
Platform: powerpc-unknown-linux-gnualtivec
configure flags: --target=powerpc-unknown-linux-gnualtivec --prefix=/_TOOLS_/dist/gnu_toolchain/regression-gcc-trunk-7450/i686-pc-linux2.4 --with-sysroot=/_TOOLS_/dist/gnu_toolchain/regression-gcc-trunk-7450/i686-pc-linux2.4/sysroot --disable-libssp --disable-libmudflap --enable-languages=c,c++ --with-gmp=/_TOOLS_/dist/gnu_toolchain/build_support-x86_64-unknown-linux-gnu/install_gmp-4.1.4 --with-mpfr=/_TOOLS_/dist/gnu_toolchain/build_support-x86_64-unknown-linux-gnu/install_mpfr-2.3.0 --with-cpu=7450 --enable-altivec --disable-decimal-float --enable-languages=c,c++,fortran