This is the mail archive of the gcc-testresults@gcc.gnu.org mailing list for the GCC project.


Index Nav: [Date Index] [Subject Index] [Author Index] [Thread Index]
Message Nav: [Date Prev] [Date Next] [Thread Prev] [Thread Next]
Other format: [Raw text]

Results for 4.3.0 20080203 (experimental) [trunk revision 132078] testsuite on alphaev56-unknown-linux-gnu


LAST_UPDATED: Sun Feb  3 13:29:02 UTC 2008 (revision 132078)

Native configuration is alphaev56-unknown-linux-gnu

		=== libgomp tests ===


Running target unix
FAIL: libgomp.fortran/threadprivate3.f90  -O3 -fomit-frame-pointer  (internal compiler error)
FAIL: libgomp.fortran/threadprivate3.f90  -O3 -fomit-frame-pointer  (test for excess errors)
UNRESOLVED: libgomp.fortran/threadprivate3.f90  -O3 -fomit-frame-pointer  compilation failed to produce executable
FAIL: libgomp.fortran/threadprivate3.f90  -O3 -fomit-frame-pointer -funroll-loops  (internal compiler error)
FAIL: libgomp.fortran/threadprivate3.f90  -O3 -fomit-frame-pointer -funroll-loops  (test for excess errors)
UNRESOLVED: libgomp.fortran/threadprivate3.f90  -O3 -fomit-frame-pointer -funroll-loops  compilation failed to produce executable
FAIL: libgomp.fortran/threadprivate3.f90  -O3 -fomit-frame-pointer -funroll-all-loops -finline-functions  (internal compiler error)
FAIL: libgomp.fortran/threadprivate3.f90  -O3 -fomit-frame-pointer -funroll-all-loops -finline-functions  (test for excess errors)
UNRESOLVED: libgomp.fortran/threadprivate3.f90  -O3 -fomit-frame-pointer -funroll-all-loops -finline-functions  compilation failed to produce executable
FAIL: libgomp.fortran/threadprivate3.f90  -O3 -g  (internal compiler error)
FAIL: libgomp.fortran/threadprivate3.f90  -O3 -g  (test for excess errors)
UNRESOLVED: libgomp.fortran/threadprivate3.f90  -O3 -g  compilation failed to produce executable

		=== libgomp Summary ===

# of expected passes		1685
# of unexpected failures	8
# of unresolved testcases	4
		=== libmudflap tests ===


Running target unix
FAIL: libmudflap.c++/pass41-frag.cxx execution test
FAIL: libmudflap.c++/pass41-frag.cxx (-static) execution test
FAIL: libmudflap.c++/pass41-frag.cxx ( -O) execution test
FAIL: libmudflap.c++/pass41-frag.cxx (-O2) execution test
FAIL: libmudflap.c++/pass41-frag.cxx (-O3) execution test
WARNING: program timed out.
FAIL: libmudflap.cth/pass40-frag.c execution test
FAIL: libmudflap.cth/pass40-frag.c output pattern test
WARNING: program timed out.
FAIL: libmudflap.cth/pass40-frag.c (-static -DSTATIC) execution test
FAIL: libmudflap.cth/pass40-frag.c (-static -DSTATIC) output pattern test
WARNING: program timed out.
FAIL: libmudflap.cth/pass40-frag.c (-O2) execution test
FAIL: libmudflap.cth/pass40-frag.c (-O2) output pattern test
WARNING: program timed out.
FAIL: libmudflap.cth/pass40-frag.c (-O3) execution test
FAIL: libmudflap.cth/pass40-frag.c (-O3) output pattern test

		=== libmudflap Summary ===

# of expected passes		1836
# of unexpected failures	13
		=== libstdc++ tests ===


Running target unix
FAIL: abi_check
XPASS: 26_numerics/headers/cmath/c99_classification_macros_c.cc (test for excess errors)
XPASS: 27_io/fpos/14320-1.cc execution test
WARNING: program timed out.
FAIL: ext/pb_ds/regression/hash_data_map_rand.cc (test for excess errors)
UNRESOLVED: ext/pb_ds/regression/hash_data_map_rand.cc compilation failed to produce executable
WARNING: program timed out.
FAIL: ext/pb_ds/regression/hash_no_data_map_rand.cc (test for excess errors)
UNRESOLVED: ext/pb_ds/regression/hash_no_data_map_rand.cc compilation failed to produce executable
WARNING: program timed out.
FAIL: ext/pb_ds/regression/tree_data_map_rand.cc (test for excess errors)
UNRESOLVED: ext/pb_ds/regression/tree_data_map_rand.cc compilation failed to produce executable
WARNING: program timed out.
FAIL: ext/pb_ds/regression/tree_no_data_map_rand.cc (test for excess errors)
UNRESOLVED: ext/pb_ds/regression/tree_no_data_map_rand.cc compilation failed to produce executable
WARNING: program timed out.
FAIL: ext/pb_ds/regression/trie_data_map_rand.cc (test for excess errors)
UNRESOLVED: ext/pb_ds/regression/trie_data_map_rand.cc compilation failed to produce executable
WARNING: program timed out.
FAIL: ext/pb_ds/regression/trie_no_data_map_rand.cc (test for excess errors)
UNRESOLVED: ext/pb_ds/regression/trie_no_data_map_rand.cc compilation failed to produce executable

		=== libstdc++ Summary ===

# of expected passes		4950
# of unexpected failures	7
# of unexpected successes	2
# of expected failures		60
# of unresolved testcases	6
# of unsupported tests		326
		=== g++ tests ===


Running target unix
WARNING: program timed out.
FAIL: g++.dg/torture/pr31863.C  -O1  (test for excess errors)
WARNING: program timed out.
FAIL: g++.dg/torture/pr31863.C  -O2  (test for excess errors)
WARNING: program timed out.
FAIL: g++.dg/torture/pr31863.C  -O3 -fomit-frame-pointer  (test for excess errors)
WARNING: program timed out.
FAIL: g++.dg/torture/pr31863.C  -O3 -g  (test for excess errors)
WARNING: program timed out.
FAIL: g++.dg/torture/pr31863.C  -Os  (test for excess errors)
FAIL: g++.dg/torture/type-generic-1.C  -O0  execution test
FAIL: g++.dg/torture/type-generic-1.C  -O1  execution test
FAIL: g++.dg/torture/type-generic-1.C  -O2  execution test
FAIL: g++.dg/torture/type-generic-1.C  -O3 -fomit-frame-pointer  execution test
FAIL: g++.dg/torture/type-generic-1.C  -O3 -g  execution test
FAIL: g++.dg/torture/type-generic-1.C  -Os  execution test

		=== g++ Summary ===

# of expected passes		17291
# of unexpected failures	11
# of expected failures		82
# of unsupported tests		137
/s/src/b-gcc43-132078-JEBb2724/gcc/testsuite/g++/../../g++  version 4.3.0 20080203 (experimental) [trunk revision 132078] 

		=== gcc tests ===


Running target unix
WARNING: program timed out.
FAIL: gcc.c-torture/compile/20001226-1.c  -O2  (test for excess errors)
WARNING: program timed out.
FAIL: gcc.c-torture/compile/20001226-1.c  -O3 -fomit-frame-pointer  (test for excess errors)
WARNING: program timed out.
FAIL: gcc.c-torture/compile/20001226-1.c  -O3 -g  (test for excess errors)
WARNING: program timed out.
FAIL: gcc.c-torture/compile/20001226-1.c  -Os  (test for excess errors)
FAIL: gcc.c-torture/compile/pr33855.c  -O3 -fomit-frame-pointer  (internal compiler error)
FAIL: gcc.c-torture/compile/pr33855.c  -O3 -fomit-frame-pointer  (test for excess errors)
FAIL: gcc.c-torture/compile/pr33855.c  -O3 -fomit-frame-pointer -funroll-loops  (internal compiler error)
FAIL: gcc.c-torture/compile/pr33855.c  -O3 -fomit-frame-pointer -funroll-loops  (test for excess errors)
FAIL: gcc.c-torture/compile/pr33855.c  -O3 -fomit-frame-pointer -funroll-all-loops -finline-functions  (internal compiler error)
FAIL: gcc.c-torture/compile/pr33855.c  -O3 -fomit-frame-pointer -funroll-all-loops -finline-functions  (test for excess errors)
FAIL: gcc.c-torture/compile/pr33855.c  -O3 -g  (internal compiler error)
FAIL: gcc.c-torture/compile/pr33855.c  -O3 -g  (test for excess errors)
FAIL: tmpdir-gcc.dg-struct-layout-1/t024 c_compat_x_tst.o-c_compat_y_tst.o execute 
FAIL: tmpdir-gcc.dg-struct-layout-1/t025 c_compat_x_tst.o-c_compat_y_tst.o execute 
FAIL: tmpdir-gcc.dg-struct-layout-1/t027 c_compat_x_tst.o-c_compat_y_tst.o execute 
FAIL: tmpdir-gcc.dg-struct-layout-1/t028 c_compat_x_tst.o-c_compat_y_tst.o execute 
XPASS: gcc.dg/cpp/cmdlne-dI-M.c scan-file (^|\\\\n)cmdlne-dI-M.*:[^\\\\n]*cmdlne-dI-M.c
XPASS: gcc.dg/cpp/cmdlne-dM-M.c scan-file (^|\\\\n)cmdlne-dM-M[^\\\\n]*:[^\\\\n]*cmdlne-dM-M.c
FAIL: gcc.dg/20050811-1.c (internal compiler error)
FAIL: gcc.dg/20050811-1.c (test for excess errors)
FAIL: gcc.dg/pr17024-1.c (internal compiler error)
FAIL: gcc.dg/pr17024-1.c (test for excess errors)
FAIL: gcc.dg/pr28796-2.c (internal compiler error)
FAIL: gcc.dg/pr28796-2.c (test for excess errors)
UNRESOLVED: gcc.dg/pr28796-2.c compilation failed to produce executable
FAIL: gcc.dg/struct-ret-3.c execution test
FAIL: gcc.dg/torture/fp-int-convert-timode.c  -O0  execution test
FAIL: gcc.dg/torture/fp-int-convert-timode.c  -O1  execution test
FAIL: gcc.dg/torture/fp-int-convert-timode.c  -O2  execution test
FAIL: gcc.dg/torture/fp-int-convert-timode.c  -O3 -fomit-frame-pointer  execution test
FAIL: gcc.dg/torture/fp-int-convert-timode.c  -O3 -g  execution test
FAIL: gcc.dg/torture/fp-int-convert-timode.c  -Os  execution test
FAIL: gcc.dg/torture/type-generic-1.c  -O0  execution test
FAIL: gcc.dg/torture/type-generic-1.c  -O1  execution test
FAIL: gcc.dg/torture/type-generic-1.c  -O2  execution test
FAIL: gcc.dg/torture/type-generic-1.c  -O3 -fomit-frame-pointer  execution test
FAIL: gcc.dg/torture/type-generic-1.c  -O3 -g  execution test
FAIL: gcc.dg/torture/type-generic-1.c  -Os  execution test

		=== gcc Summary ===

# of expected passes		45463
# of unexpected failures	35
# of unexpected successes	2
# of expected failures		89
# of unresolved testcases	1
# of untested testcases		35
# of unsupported tests		331
/s/src/b-gcc43-132078-JEBb2724/gcc/xgcc  version 4.3.0 20080203 (experimental) [trunk revision 132078] 

		=== gfortran tests ===


Running target unix
FAIL: gfortran.dg/boz_9.f90  -O0  execution test
FAIL: gfortran.dg/boz_9.f90  -O1  execution test
FAIL: gfortran.dg/boz_9.f90  -O2  execution test
FAIL: gfortran.dg/boz_9.f90  -O3 -fomit-frame-pointer  execution test
FAIL: gfortran.dg/boz_9.f90  -O3 -fomit-frame-pointer -funroll-loops  execution test
FAIL: gfortran.dg/boz_9.f90  -O3 -fomit-frame-pointer -funroll-all-loops -finline-functions  execution test
FAIL: gfortran.dg/boz_9.f90  -O3 -g  execution test
FAIL: gfortran.dg/boz_9.f90  -Os  execution test
FAIL: gfortran.dg/default_format_1.f90  -O0  execution test
FAIL: gfortran.dg/default_format_1.f90  -O1  execution test
FAIL: gfortran.dg/default_format_1.f90  -O2  execution test
FAIL: gfortran.dg/default_format_1.f90  -O3 -fomit-frame-pointer  execution test
FAIL: gfortran.dg/default_format_1.f90  -O3 -fomit-frame-pointer -funroll-loops  execution test
FAIL: gfortran.dg/default_format_1.f90  -O3 -fomit-frame-pointer -funroll-all-loops -finline-functions  execution test
FAIL: gfortran.dg/default_format_1.f90  -O3 -g  execution test
FAIL: gfortran.dg/default_format_1.f90  -Os  execution test
FAIL: gfortran.dg/default_format_denormal_1.f90  -O0  execution test
FAIL: gfortran.dg/default_format_denormal_1.f90  -O1  execution test
FAIL: gfortran.dg/default_format_denormal_1.f90  -O2  execution test
FAIL: gfortran.dg/default_format_denormal_1.f90  -O3 -fomit-frame-pointer  execution test
FAIL: gfortran.dg/default_format_denormal_1.f90  -O3 -fomit-frame-pointer -funroll-loops  execution test
FAIL: gfortran.dg/default_format_denormal_1.f90  -O3 -fomit-frame-pointer -funroll-all-loops -finline-functions  execution test
FAIL: gfortran.dg/default_format_denormal_1.f90  -O3 -g  execution test
FAIL: gfortran.dg/default_format_denormal_1.f90  -Os  execution test
FAIL: gfortran.dg/init_flag_3.f90  -O0  execution test
FAIL: gfortran.dg/init_flag_3.f90  -O1  execution test
FAIL: gfortran.dg/init_flag_3.f90  -O2  execution test
FAIL: gfortran.dg/init_flag_3.f90  -O3 -fomit-frame-pointer  execution test
FAIL: gfortran.dg/init_flag_3.f90  -O3 -fomit-frame-pointer -funroll-loops  execution test
FAIL: gfortran.dg/init_flag_3.f90  -O3 -fomit-frame-pointer -funroll-all-loops -finline-functions  execution test
FAIL: gfortran.dg/init_flag_3.f90  -O3 -g  execution test
FAIL: gfortran.dg/init_flag_3.f90  -Os  execution test
FAIL: gfortran.dg/init_flag_4.f90  -O0  execution test
FAIL: gfortran.dg/init_flag_4.f90  -O1  execution test
FAIL: gfortran.dg/init_flag_4.f90  -O2  execution test
FAIL: gfortran.dg/init_flag_4.f90  -O3 -fomit-frame-pointer  execution test
FAIL: gfortran.dg/init_flag_4.f90  -O3 -fomit-frame-pointer -funroll-loops  execution test
FAIL: gfortran.dg/init_flag_4.f90  -O3 -fomit-frame-pointer -funroll-all-loops -finline-functions  execution test
FAIL: gfortran.dg/init_flag_4.f90  -O3 -g  execution test
FAIL: gfortran.dg/init_flag_4.f90  -Os  execution test
FAIL: gfortran.dg/init_flag_5.f90  -O0  execution test
FAIL: gfortran.dg/init_flag_5.f90  -O1  execution test
FAIL: gfortran.dg/init_flag_5.f90  -O2  execution test
FAIL: gfortran.dg/init_flag_5.f90  -O3 -fomit-frame-pointer  execution test
FAIL: gfortran.dg/init_flag_5.f90  -O3 -fomit-frame-pointer -funroll-loops  execution test
FAIL: gfortran.dg/init_flag_5.f90  -O3 -fomit-frame-pointer -funroll-all-loops -finline-functions  execution test
FAIL: gfortran.dg/init_flag_5.f90  -O3 -g  execution test
FAIL: gfortran.dg/init_flag_5.f90  -Os  execution test
FAIL: gfortran.dg/integer_exponentiation_1.f90  -O0  execution test
FAIL: gfortran.dg/integer_exponentiation_5.F90  -O0  execution test
FAIL: gfortran.dg/integer_exponentiation_5.F90  -O1  execution test
FAIL: gfortran.dg/integer_exponentiation_5.F90  -O2  execution test
FAIL: gfortran.dg/integer_exponentiation_5.F90  -O3 -fomit-frame-pointer  execution test
FAIL: gfortran.dg/integer_exponentiation_5.F90  -O3 -fomit-frame-pointer -funroll-loops  execution test
FAIL: gfortran.dg/integer_exponentiation_5.F90  -O3 -fomit-frame-pointer -funroll-all-loops -finline-functions  execution test
FAIL: gfortran.dg/integer_exponentiation_5.F90  -O3 -g  execution test
FAIL: gfortran.dg/integer_exponentiation_5.F90  -Os  execution test
FAIL: gfortran.dg/isnan_1.f90  -O0  execution test
FAIL: gfortran.dg/isnan_1.f90  -O1  execution test
FAIL: gfortran.dg/isnan_1.f90  -O2  execution test
FAIL: gfortran.dg/isnan_1.f90  -O3 -fomit-frame-pointer  execution test
FAIL: gfortran.dg/isnan_1.f90  -O3 -fomit-frame-pointer -funroll-loops  execution test
FAIL: gfortran.dg/isnan_1.f90  -O3 -fomit-frame-pointer -funroll-all-loops -finline-functions  execution test
FAIL: gfortran.dg/isnan_1.f90  -O3 -g  execution test
FAIL: gfortran.dg/isnan_1.f90  -Os  execution test
FAIL: gfortran.dg/namelist_42.f90  -O0  execution test
FAIL: gfortran.dg/namelist_42.f90  -O1  execution test
FAIL: gfortran.dg/namelist_42.f90  -O2  execution test
FAIL: gfortran.dg/namelist_42.f90  -O3 -fomit-frame-pointer  execution test
FAIL: gfortran.dg/namelist_42.f90  -O3 -fomit-frame-pointer -funroll-loops  execution test
FAIL: gfortran.dg/namelist_42.f90  -O3 -fomit-frame-pointer -funroll-all-loops -finline-functions  execution test
FAIL: gfortran.dg/namelist_42.f90  -O3 -g  execution test
FAIL: gfortran.dg/namelist_42.f90  -Os  execution test
FAIL: gfortran.dg/namelist_43.f90  -O0  execution test
FAIL: gfortran.dg/namelist_43.f90  -O1  execution test
FAIL: gfortran.dg/namelist_43.f90  -O2  execution test
FAIL: gfortran.dg/namelist_43.f90  -O3 -fomit-frame-pointer  execution test
FAIL: gfortran.dg/namelist_43.f90  -O3 -fomit-frame-pointer -funroll-loops  execution test
FAIL: gfortran.dg/namelist_43.f90  -O3 -fomit-frame-pointer -funroll-all-loops -finline-functions  execution test
FAIL: gfortran.dg/namelist_43.f90  -O3 -g  execution test
FAIL: gfortran.dg/namelist_43.f90  -Os  execution test
FAIL: gfortran.dg/nan_1.f90  -O0  execution test
FAIL: gfortran.dg/nan_1.f90  -O1  execution test
FAIL: gfortran.dg/nan_1.f90  -O2  execution test
FAIL: gfortran.dg/nan_1.f90  -O3 -fomit-frame-pointer  execution test
FAIL: gfortran.dg/nan_1.f90  -O3 -fomit-frame-pointer -funroll-loops  execution test
FAIL: gfortran.dg/nan_1.f90  -O3 -fomit-frame-pointer -funroll-all-loops -finline-functions  execution test
FAIL: gfortran.dg/nan_1.f90  -O3 -g  execution test
FAIL: gfortran.dg/nan_1.f90  -Os  execution test
FAIL: gfortran.dg/nan_2.f90  -O0  execution test
FAIL: gfortran.dg/nan_2.f90  -O1  execution test
FAIL: gfortran.dg/nan_2.f90  -O2  execution test
FAIL: gfortran.dg/nan_2.f90  -O3 -fomit-frame-pointer  execution test
FAIL: gfortran.dg/nan_2.f90  -O3 -fomit-frame-pointer -funroll-loops  execution test
FAIL: gfortran.dg/nan_2.f90  -O3 -fomit-frame-pointer -funroll-all-loops -finline-functions  execution test
FAIL: gfortran.dg/nan_2.f90  -O3 -g  execution test
FAIL: gfortran.dg/nan_2.f90  -Os  execution test
FAIL: gfortran.dg/nan_3.f90  -O0  execution test
FAIL: gfortran.dg/nan_3.f90  -O1  execution test
FAIL: gfortran.dg/nan_3.f90  -O2  execution test
FAIL: gfortran.dg/nan_3.f90  -O3 -fomit-frame-pointer  execution test
FAIL: gfortran.dg/nan_3.f90  -O3 -fomit-frame-pointer -funroll-loops  execution test
FAIL: gfortran.dg/nan_3.f90  -O3 -fomit-frame-pointer -funroll-all-loops -finline-functions  execution test
FAIL: gfortran.dg/nan_3.f90  -O3 -g  execution test
FAIL: gfortran.dg/nan_3.f90  -Os  execution test
FAIL: gfortran.dg/nearest_1.f90  -O0  execution test
FAIL: gfortran.dg/nearest_1.f90  -O1  execution test
FAIL: gfortran.dg/nearest_1.f90  -O2  execution test
FAIL: gfortran.dg/nearest_1.f90  -O3 -fomit-frame-pointer  execution test
FAIL: gfortran.dg/nearest_1.f90  -O3 -fomit-frame-pointer -funroll-loops  execution test
FAIL: gfortran.dg/nearest_1.f90  -O3 -fomit-frame-pointer -funroll-all-loops -finline-functions  execution test
FAIL: gfortran.dg/nearest_1.f90  -O3 -g  execution test
FAIL: gfortran.dg/nearest_1.f90  -Os  execution test
FAIL: gfortran.dg/nearest_3.f90  -O0  execution test
FAIL: gfortran.dg/nearest_3.f90  -O1  execution test
FAIL: gfortran.dg/nearest_3.f90  -O2  execution test
FAIL: gfortran.dg/nearest_3.f90  -O3 -fomit-frame-pointer  execution test
FAIL: gfortran.dg/nearest_3.f90  -O3 -fomit-frame-pointer -funroll-loops  execution test
FAIL: gfortran.dg/nearest_3.f90  -O3 -fomit-frame-pointer -funroll-all-loops -finline-functions  execution test
FAIL: gfortran.dg/nearest_3.f90  -O3 -g  execution test
FAIL: gfortran.dg/nearest_3.f90  -Os  execution test
FAIL: gfortran.dg/parameter_array_init_3.f90  -O  (internal compiler error)
FAIL: gfortran.dg/parameter_array_init_3.f90  -O  (test for excess errors)
FAIL: gfortran.dg/real_const_3.f90  -O0  execution test
FAIL: gfortran.dg/real_const_3.f90  -O1  execution test
FAIL: gfortran.dg/real_const_3.f90  -O2  execution test
FAIL: gfortran.dg/real_const_3.f90  -O3 -fomit-frame-pointer  execution test
FAIL: gfortran.dg/real_const_3.f90  -O3 -fomit-frame-pointer -funroll-loops  execution test
FAIL: gfortran.dg/real_const_3.f90  -O3 -fomit-frame-pointer -funroll-all-loops -finline-functions  execution test
FAIL: gfortran.dg/real_const_3.f90  -O3 -g  execution test
FAIL: gfortran.dg/real_const_3.f90  -Os  execution test
FAIL: gfortran.dg/transfer_simplify_2.f90  -O0  execution test
FAIL: gfortran.dg/transfer_simplify_2.f90  -O1  execution test
FAIL: gfortran.dg/transfer_simplify_2.f90  -O2  execution test
FAIL: gfortran.dg/transfer_simplify_2.f90  -O3 -fomit-frame-pointer  execution test
FAIL: gfortran.dg/transfer_simplify_2.f90  -O3 -fomit-frame-pointer -funroll-loops  execution test
FAIL: gfortran.dg/transfer_simplify_2.f90  -O3 -fomit-frame-pointer -funroll-all-loops -finline-functions  execution test
FAIL: gfortran.dg/transfer_simplify_2.f90  -O3 -g  execution test
FAIL: gfortran.dg/transfer_simplify_2.f90  -Os  execution test
FAIL: gfortran.fortran-torture/execute/intrinsic_len.f90 execution,  -O3 -fomit-frame-pointer -funroll-loops 
FAIL: gfortran.fortran-torture/execute/intrinsic_len.f90 execution,  -O3 -fomit-frame-pointer -funroll-all-loops -finline-functions 
FAIL: gfortran.fortran-torture/execute/intrinsic_nearest.f90 execution,  -O2 
FAIL: gfortran.fortran-torture/execute/intrinsic_nearest.f90 execution,  -O3 -fomit-frame-pointer 
FAIL: gfortran.fortran-torture/execute/intrinsic_nearest.f90 execution,  -O3 -fomit-frame-pointer -funroll-loops 
FAIL: gfortran.fortran-torture/execute/intrinsic_nearest.f90 execution,  -O3 -fomit-frame-pointer -funroll-all-loops -finline-functions 
FAIL: gfortran.fortran-torture/execute/intrinsic_nearest.f90 execution,  -O3 -g 
FAIL: gfortran.fortran-torture/execute/intrinsic_nearest.f90 execution,  -Os 

		=== gfortran Summary ===

# of expected passes		23508
# of unexpected failures	147
# of expected failures		3
# of unsupported tests		29
/s/src/b-gcc43-132078-JEBb2724/gcc/testsuite/gfortran/../../gfortran  version 4.3.0 20080203 (experimental) [trunk revision 132078] 

		=== objc tests ===


Running target unix

		=== objc Summary ===

# of expected passes		1810
# of expected failures		7
# of unsupported tests		25
/s/src/b-gcc43-132078-JEBb2724/gcc/xgcc  version 4.3.0 20080203 (experimental) [trunk revision 132078] 


Compiler version: 4.3.0 20080203 (experimental) [trunk revision 132078] 
Platform: alphaev56-unknown-linux-gnu
configure flags: --prefix=/s/gcc43-132078 --enable-languages=c,objc,c++,fortran --enable-checking --enable-__cxa_atexit --disable-nls --without-pkgversion --with-long-double-128 --with-cpu=ev56 --with-tune=ev56
BOOT_CFLAGS=-O2 -g


Index Nav: [Date Index] [Subject Index] [Author Index] [Thread Index]
Message Nav: [Date Prev] [Date Next] [Thread Prev] [Thread Next]