This is the mail archive of the
gcc-testresults@gcc.gnu.org
mailing list for the GCC project.
Results for 4.3.0 20080126 (experimental) (GCC) testsuite on mips-unknown-elf
- From: Richard Sandiford <richard at nildram dot co dot uk>
- To: gcc-testresults at gcc dot gnu dot org
- Date: Mon, 28 Jan 2008 10:23:38 +0000
- Subject: Results for 4.3.0 20080126 (experimental) (GCC) testsuite on mips-unknown-elf
LAST_UPDATED: Sat Jan 26 22:52:38 UTC 2008
Target is mips-unknown-elf
Host is x86_64-unknown-linux-gnu
=== gcc tests ===
Running target mips-sim/-EB
=== gcc Summary for mips-sim/-EB ===
# of expected passes 46297
# of expected failures 85
# of untested testcases 35
# of unsupported tests 355
Running target mips-sim/-EL
=== gcc Summary for mips-sim/-EL ===
# of expected passes 46296
# of expected failures 85
# of untested testcases 35
# of unsupported tests 356
Running target mips-sim/-msoft-float/-EB
=== gcc Summary for mips-sim/-msoft-float/-EB ===
# of expected passes 46167
# of expected failures 84
# of untested testcases 35
# of unsupported tests 378
Running target mips-sim/-msoft-float/-EL
=== gcc Summary for mips-sim/-msoft-float/-EL ===
# of expected passes 46166
# of expected failures 84
# of untested testcases 35
# of unsupported tests 379
=== gcc Summary ===
# of expected passes 184926
# of expected failures 338
# of untested testcases 140
# of unsupported tests 1468
/scratch/richard/gcc/HEAD/mips-elf/x86_64-unknown-linux-gnu/gcc/xgcc version 4.3.0 20080126 (experimental) (GCC)
Host is x86_64-unknown-linux-gnu
=== g++ tests ===
Running target mips-sim/-EB
FAIL: g++.dg/cpp0x/vt-34103.C (internal compiler error)
FAIL: g++.dg/cpp0x/vt-34103.C (test for excess errors)
FAIL: g++.dg/expr/cast7.C (internal compiler error)
FAIL: g++.dg/expr/cast7.C (test for excess errors)
XPASS: g++.dg/tree-ssa/ivopts-1.C scan-tree-dump-not ivopts "offset: (4294967292|0x0f+fc)"
=== g++ Summary for mips-sim/-EB ===
# of expected passes 16754
# of unexpected failures 4
# of unexpected successes 1
# of expected failures 81
# of unsupported tests 161
Running target mips-sim/-EL
FAIL: g++.dg/cpp0x/vt-34103.C (internal compiler error)
FAIL: g++.dg/cpp0x/vt-34103.C (test for excess errors)
FAIL: g++.dg/expr/cast7.C (internal compiler error)
FAIL: g++.dg/expr/cast7.C (test for excess errors)
XPASS: g++.dg/tree-ssa/ivopts-1.C scan-tree-dump-not ivopts "offset: (4294967292|0x0f+fc)"
=== g++ Summary for mips-sim/-EL ===
# of expected passes 16754
# of unexpected failures 4
# of unexpected successes 1
# of expected failures 81
# of unsupported tests 161
Running target mips-sim/-msoft-float/-EB
FAIL: g++.dg/cpp0x/vt-34103.C (internal compiler error)
FAIL: g++.dg/cpp0x/vt-34103.C (test for excess errors)
FAIL: g++.dg/expr/cast7.C (internal compiler error)
FAIL: g++.dg/expr/cast7.C (test for excess errors)
XPASS: g++.dg/tree-ssa/ivopts-1.C scan-tree-dump-not ivopts "offset: (4294967292|0x0f+fc)"
=== g++ Summary for mips-sim/-msoft-float/-EB ===
# of expected passes 16754
# of unexpected failures 4
# of unexpected successes 1
# of expected failures 81
# of unsupported tests 161
Running target mips-sim/-msoft-float/-EL
FAIL: g++.dg/cpp0x/vt-34103.C (internal compiler error)
FAIL: g++.dg/cpp0x/vt-34103.C (test for excess errors)
FAIL: g++.dg/expr/cast7.C (internal compiler error)
FAIL: g++.dg/expr/cast7.C (test for excess errors)
XPASS: g++.dg/tree-ssa/ivopts-1.C scan-tree-dump-not ivopts "offset: (4294967292|0x0f+fc)"
=== g++ Summary for mips-sim/-msoft-float/-EL ===
# of expected passes 16754
# of unexpected failures 4
# of unexpected successes 1
# of expected failures 81
# of unsupported tests 161
=== g++ Summary ===
# of expected passes 67016
# of unexpected failures 16
# of unexpected successes 4
# of expected failures 324
# of unsupported tests 644
/scratch/richard/gcc/HEAD/mips-elf/x86_64-unknown-linux-gnu/gcc/testsuite/g++/../../g++ version 4.3.0 20080126 (experimental) (GCC)
Host is x86_64-unknown-linux-gnu
=== objc tests ===
Running target mips-sim/-EB
FAIL: objc.dg/stabs-1.m scan-assembler (.SUBSPA.*[\$]CODE[\$]|.text"?)\\n\\t.stabs.*100,0,0,([.\$])?L?L[\$]?etext[0-9]*\\n([.\$])?L?L[\$]?etext
=== objc Summary for mips-sim/-EB ===
# of expected passes 1811
# of unexpected failures 1
# of expected failures 7
# of unsupported tests 24
Running target mips-sim/-EL
FAIL: objc.dg/stabs-1.m scan-assembler (.SUBSPA.*[\$]CODE[\$]|.text"?)\\n\\t.stabs.*100,0,0,([.\$])?L?L[\$]?etext[0-9]*\\n([.\$])?L?L[\$]?etext
=== objc Summary for mips-sim/-EL ===
# of expected passes 1811
# of unexpected failures 1
# of expected failures 7
# of unsupported tests 24
Running target mips-sim/-msoft-float/-EB
FAIL: objc.dg/stabs-1.m scan-assembler (.SUBSPA.*[\$]CODE[\$]|.text"?)\\n\\t.stabs.*100,0,0,([.\$])?L?L[\$]?etext[0-9]*\\n([.\$])?L?L[\$]?etext
=== objc Summary for mips-sim/-msoft-float/-EB ===
# of expected passes 1811
# of unexpected failures 1
# of expected failures 7
# of unsupported tests 24
Running target mips-sim/-msoft-float/-EL
FAIL: objc.dg/stabs-1.m scan-assembler (.SUBSPA.*[\$]CODE[\$]|.text"?)\\n\\t.stabs.*100,0,0,([.\$])?L?L[\$]?etext[0-9]*\\n([.\$])?L?L[\$]?etext
=== objc Summary for mips-sim/-msoft-float/-EL ===
# of expected passes 1811
# of unexpected failures 1
# of expected failures 7
# of unsupported tests 24
=== objc Summary ===
# of expected passes 7244
# of unexpected failures 4
# of expected failures 28
# of unsupported tests 96
/scratch/richard/gcc/HEAD/mips-elf/x86_64-unknown-linux-gnu/gcc/xgcc version 4.3.0 20080126 (experimental) (GCC)
Host is mips-unknown-elf
=== libstdc++ tests ===
Running target mips-sim/-EB
XPASS: 26_numerics/headers/cmath/c99_classification_macros_c.cc (test for excess errors)
=== libstdc++ Summary for mips-sim/-EB ===
# of expected passes 3680
# of unexpected successes 1
# of expected failures 57
# of unsupported tests 369
Running target mips-sim/-EL
XPASS: 26_numerics/headers/cmath/c99_classification_macros_c.cc (test for excess errors)
=== libstdc++ Summary for mips-sim/-EL ===
# of expected passes 3680
# of unexpected successes 1
# of expected failures 57
# of unsupported tests 369
Running target mips-sim/-msoft-float/-EB
XPASS: 26_numerics/headers/cmath/c99_classification_macros_c.cc (test for excess errors)
=== libstdc++ Summary for mips-sim/-msoft-float/-EB ===
# of expected passes 3680
# of unexpected successes 1
# of expected failures 57
# of unsupported tests 369
Running target mips-sim/-msoft-float/-EL
XPASS: 26_numerics/headers/cmath/c99_classification_macros_c.cc (test for excess errors)
=== libstdc++ Summary for mips-sim/-msoft-float/-EL ===
# of expected passes 3680
# of unexpected successes 1
# of expected failures 57
# of unsupported tests 369
=== libstdc++ Summary ===
# of expected passes 14720
# of unexpected successes 4
# of expected failures 228
# of unsupported tests 1476
Compiler version: 4.3.0 20080126 (experimental) (GCC)
Platform: mips-unknown-elf
configure flags: --prefix=/scratch/richard/usr/gcc --exec-prefix=/scratch/richard/usr/gcc/H-x86_64-unknown-linux-gnu --build=x86_64-unknown-linux-gnu --host=x86_64-unknown-linux-gnu --target=mips-elf --enable-__cxa_atexit --with-gmp=/scratch/richard/usr/gmp/H-x86_64-unknown-linux-gnu --with-gnu-as --with-as=/scratch/richard/usr/src/H-x86_64-unknown-linux-gnu/bin/mips-elf-as --with-gnu-ld --with-ld=/scratch/richard/usr/src/H-x86_64-unknown-linux-gnu/bin/mips-elf-ld --enable-werror-always