This is the mail archive of the
gcc-testresults@gcc.gnu.org
mailing list for the GCC project.
Results for 4.3.0 20080126 (experimental) [trunk revision 131856] (GCC) testsuite on x86_64-unknown-linux-gnu
- From: David Daney <daney at avtrex dot com>
- To: gcc-testresults at gcc dot gnu dot org
- Date: Sat, 26 Jan 2008 11:17:13 -0800
- Subject: Results for 4.3.0 20080126 (experimental) [trunk revision 131856] (GCC) testsuite on x86_64-unknown-linux-gnu
LAST_UPDATED: Sat Jan 26 05:52:33 UTC 2008 (revision 131856)
Native configuration is x86_64-unknown-linux-gnu
=== gcc tests ===
Running target unix/
FAIL: gcc.dg/torture/builtin-math-4.c -O0 (test for excess errors)
FAIL: gcc.dg/torture/builtin-math-4.c -O1 (test for excess errors)
FAIL: gcc.dg/torture/builtin-math-4.c -O2 (test for excess errors)
FAIL: gcc.dg/torture/builtin-math-4.c -O3 -fomit-frame-pointer (test for excess errors)
FAIL: gcc.dg/torture/builtin-math-4.c -O3 -fomit-frame-pointer -funroll-loops (test for excess errors)
FAIL: gcc.dg/torture/builtin-math-4.c -O3 -fomit-frame-pointer -funroll-all-loops -finline-functions (test for excess errors)
FAIL: gcc.dg/torture/builtin-math-4.c -O3 -g (test for excess errors)
FAIL: gcc.dg/torture/builtin-math-4.c -Os (test for excess errors)
FAIL: gcc.dg/torture/builtin-pow-mpfr-1.c -O0 scan-tree-dump original "pow"
FAIL: gcc.dg/torture/builtin-pow-mpfr-1.c -O1 scan-tree-dump original "pow"
FAIL: gcc.dg/torture/builtin-pow-mpfr-1.c -O2 scan-tree-dump original "pow"
FAIL: gcc.dg/torture/builtin-pow-mpfr-1.c -O3 -fomit-frame-pointer scan-tree-dump original "pow"
FAIL: gcc.dg/torture/builtin-pow-mpfr-1.c -O3 -g scan-tree-dump original "pow"
FAIL: gcc.dg/torture/builtin-pow-mpfr-1.c -Os scan-tree-dump original "pow"
=== gcc Summary for unix/ ===
# of expected passes 48548
# of unexpected failures 14
# of expected failures 165
# of untested testcases 35
# of unsupported tests 378
Running target unix//-m32
FAIL: gcc.dg/torture/builtin-math-4.c -O0 (test for excess errors)
FAIL: gcc.dg/torture/builtin-math-4.c -O1 (test for excess errors)
FAIL: gcc.dg/torture/builtin-math-4.c -O2 (test for excess errors)
FAIL: gcc.dg/torture/builtin-math-4.c -O3 -fomit-frame-pointer (test for excess errors)
FAIL: gcc.dg/torture/builtin-math-4.c -O3 -fomit-frame-pointer -funroll-loops (test for excess errors)
FAIL: gcc.dg/torture/builtin-math-4.c -O3 -fomit-frame-pointer -funroll-all-loops -finline-functions (test for excess errors)
FAIL: gcc.dg/torture/builtin-math-4.c -O3 -g (test for excess errors)
FAIL: gcc.dg/torture/builtin-math-4.c -Os (test for excess errors)
FAIL: gcc.dg/torture/builtin-pow-mpfr-1.c -O0 scan-tree-dump original "pow"
FAIL: gcc.dg/torture/builtin-pow-mpfr-1.c -O1 scan-tree-dump original "pow"
FAIL: gcc.dg/torture/builtin-pow-mpfr-1.c -O2 scan-tree-dump original "pow"
FAIL: gcc.dg/torture/builtin-pow-mpfr-1.c -O3 -fomit-frame-pointer scan-tree-dump original "pow"
FAIL: gcc.dg/torture/builtin-pow-mpfr-1.c -O3 -g scan-tree-dump original "pow"
FAIL: gcc.dg/torture/builtin-pow-mpfr-1.c -Os scan-tree-dump original "pow"
=== gcc Summary for unix//-m32 ===
# of expected passes 48684
# of unexpected failures 14
# of expected failures 166
# of untested testcases 35
# of unsupported tests 266
=== gcc Summary ===
# of expected passes 97232
# of unexpected failures 28
# of expected failures 331
# of untested testcases 70
# of unsupported tests 644
/home/daney/gccsvn/native-trunk/gcc/xgcc version 4.3.0 20080126 (experimental) [trunk revision 131856] (GCC)
=== libgomp tests ===
Running target unix/
=== libgomp Summary for unix/ ===
# of expected passes 165
Running target unix//-m32
=== libgomp Summary for unix//-m32 ===
# of expected passes 165
=== libgomp Summary ===
# of expected passes 330
=== libmudflap tests ===
Running target unix/
FAIL: libmudflap.c/fail8-frag.c (-static) output pattern test
FAIL: libmudflap.c/fail9-frag.c (-static) output pattern test
=== libmudflap Summary for unix/ ===
# of expected passes 1698
# of unexpected failures 2
# of unsupported tests 2
Running target unix//-m32
=== libmudflap Summary for unix//-m32 ===
# of expected passes 1700
# of unsupported tests 2
=== libmudflap Summary ===
# of expected passes 3398
# of unexpected failures 2
# of unsupported tests 4
Compiler version: 4.3.0 20080126 (experimental) [trunk revision 131856] (GCC)
Platform: x86_64-unknown-linux-gnu
configure flags: --enable-__cxa_atexit --enable-checking=release --enable-languages=c --prefix=/usr/local/mipsel-linux-test/native