This is the mail archive of the
gcc-testresults@gcc.gnu.org
mailing list for the GCC project.
Results for 4.3.0 20080122 (experimental) (GCC) testsuite on s390x-ibm-linux-gnu
- From: Andreas Krebbel <Andreas dot Krebbel at de dot ibm dot com>
- To: gcc-testresults at gcc dot gnu dot org
- Date: Tue, 22 Jan 2008 13:00:20 +0100
- Subject: Results for 4.3.0 20080122 (experimental) (GCC) testsuite on s390x-ibm-linux-gnu
LAST_UPDATED: Tue Jan 22 04:24:11 UTC 2008 (revision 131709M)
=== acats tests ===
=== acats Summary ===
# of expected passes 2315
# of unexpected failures 0
Native configuration is s390x-ibm-linux-gnu
=== g++ tests ===
Running target unix
FAIL: g++.dg/cpp0x/vt-34103.C (internal compiler error)
FAIL: g++.dg/cpp0x/vt-34103.C (test for excess errors)
=== g++ Summary ===
# of expected passes 17126
# of unexpected failures 2
# of expected failures 83
# of unsupported tests 135
/31bit/build/BUILD/gcc/obj-s390x-redhat-linux/gcc/testsuite/g++/../../g++ version 4.3.0 20080122 (experimental) (GCC)
=== gcc tests ===
Running target unix
FAIL: gcc.c-torture/execute/20041126-1.c execution, -O3 -fomit-frame-pointer -funroll-loops
FAIL: gcc.c-torture/execute/20041126-1.c execution, -O3 -fomit-frame-pointer -funroll-all-loops -finline-functions
XPASS: gcc.dg/cpp/cmdlne-dI-M.c scan-file (^|\\\\n)cmdlne-dI-M.*:[^\\\\n]*cmdlne-dI-M.c
XPASS: gcc.dg/cpp/cmdlne-dM-M.c scan-file (^|\\\\n)cmdlne-dM-M[^\\\\n]*:[^\\\\n]*cmdlne-dM-M.c
FAIL: gcc.dg/uninit-13.c unconditional (test for warnings, line 8)
FAIL: gcc.dg/uninit-13.c (test for excess errors)
FAIL: gcc.dg/struct/wo_prof_array_field.c execution test
FAIL: gcc.dg/struct/wo_prof_global_var.c execution test
FAIL: gcc.dg/struct/wo_prof_local_var.c execution test
FAIL: gcc.dg/struct/wo_prof_mult_field_peeling.c execution test
FAIL: gcc.dg/struct/wo_prof_two_strs.c execution test
FAIL: gcc.dg/struct/w_prof_global_var.c execution, -O3 -fwhole-program -combine -fipa-type-escape -fprofile-use -fipa-struct-reorg -fdump-ipa-all
FAIL: gcc.dg/struct/w_prof_local_var.c execution, -O3 -fwhole-program -combine -fipa-type-escape -fprofile-use -fipa-struct-reorg -fdump-ipa-all
FAIL: gcc.dg/struct/w_prof_two_strs.c execution, -O3 -fwhole-program -combine -fipa-type-escape -fprofile-use -fipa-struct-reorg -fdump-ipa-all
XPASS: gcc.dg/tree-ssa/20040204-1.c scan-tree-dump-times optimized "link_error" 0
XPASS: gcc.dg/tree-ssa/sra-2.c scan-tree-dump-times optimized "link_error" 0
FAIL: gcc.target/s390/20020926-1.c (test for excess errors)
ERROR: gcc.target/s390/20020926-1.c: error executing dg-final: couldn't open "20020926-1.s": no such file or directory
UNRESOLVED: gcc.target/s390/20020926-1.c: error executing dg-final: couldn't open "20020926-1.s": no such file or directory
=== gcc Summary ===
# of expected passes 45354
# of unexpected failures 13
# of unexpected successes 4
# of expected failures 87
# of unresolved testcases 1
# of untested testcases 35
# of unsupported tests 326
/31bit/build/BUILD/gcc/obj-s390x-redhat-linux/gcc/xgcc version 4.3.0 20080122 (experimental) (GCC)
=== gfortran tests ===
Running target unix
FAIL: gfortran.dg/char_allocation_1.f90 -O3 -fomit-frame-pointer -funroll-loops execution test
FAIL: gfortran.dg/char_allocation_1.f90 -O3 -fomit-frame-pointer -funroll-all-loops -finline-functions execution test
FAIL: gfortran.dg/parameter_array_init_3.f90 -O (internal compiler error)
FAIL: gfortran.dg/parameter_array_init_3.f90 -O (test for excess errors)
FAIL: gfortran.dg/repeat_2.f90 -O3 -fomit-frame-pointer -funroll-loops execution test
FAIL: gfortran.dg/repeat_2.f90 -O3 -fomit-frame-pointer -funroll-all-loops -finline-functions execution test
=== gfortran Summary ===
# of expected passes 23539
# of unexpected failures 6
# of expected failures 3
# of unsupported tests 20
/31bit/build/BUILD/gcc/obj-s390x-redhat-linux/gcc/testsuite/gfortran/../../gfortran version 4.3.0 20080122 (experimental) (GCC)
=== gnat tests ===
Running target unix
FAIL: gnat.dg/frame_overflow.adb (test for errors, line 12)
FAIL: gnat.dg/frame_overflow.adb (test for errors, line 21)
FAIL: gnat.dg/socket1.adb execution test
FAIL: gnat.dg/socket2.adb execution test
=== gnat Summary ===
# of expected passes 341
# of unexpected failures 4
=== obj-c++ tests ===
Running target unix
FAIL: obj-c++.dg/bitfield-1.mm (internal compiler error)
FAIL: obj-c++.dg/bitfield-1.mm (test for excess errors)
WARNING: obj-c++.dg/bitfield-1.mm compilation failed to produce executable
FAIL: obj-c++.dg/bitfield-4.mm (test for excess errors)
FAIL: obj-c++.dg/comp-types-10.mm (internal compiler error)
FAIL: obj-c++.dg/comp-types-10.mm (test for excess errors)
FAIL: obj-c++.dg/cxx-ivars-2.mm execution test
FAIL: obj-c++.dg/encode-2.mm scan-assembler {Vec<float>=ffi}
FAIL: obj-c++.dg/encode-2.mm scan-assembler {Vec<double>=ddi}
FAIL: obj-c++.dg/encode-3.mm execution test
FAIL: obj-c++.dg/encode-8.mm execution test
FAIL: obj-c++.dg/gnu-runtime-2.mm (test for excess errors)
FAIL: obj-c++.dg/isa-field-1.mm (test for excess errors)
FAIL: obj-c++.dg/layout-1.mm (test for excess errors)
FAIL: obj-c++.dg/lookup-2.mm (test for excess errors)
WARNING: obj-c++.dg/lookup-2.mm compilation failed to produce executable
FAIL: obj-c++.dg/try-catch-2.mm (test for excess errors)
WARNING: obj-c++.dg/try-catch-2.mm compilation failed to produce executable
FAIL: obj-c++.dg/try-catch-9.mm (internal compiler error)
FAIL: obj-c++.dg/try-catch-9.mm (test for excess errors)
WARNING: obj-c++.dg/try-catch-9.mm compilation failed to produce executable
=== obj-c++ Summary ===
# of expected passes 420
# of unexpected failures 17
# of unsupported tests 13
/31bit/build/BUILD/gcc/obj-s390x-redhat-linux/gcc/testsuite/obj-c++/../../g++ version 4.3.0 20080122 (experimental) (GCC)
=== objc tests ===
Running target unix
=== objc Summary ===
# of expected passes 1812
# of expected failures 7
# of unsupported tests 24
/31bit/build/BUILD/gcc/obj-s390x-redhat-linux/gcc/xgcc version 4.3.0 20080122 (experimental) (GCC)
=== libffi tests ===
Running target unix
=== libffi Summary ===
# of expected passes 1116
# of unsupported tests 8
=== libgomp tests ===
Running target unix
FAIL: libgomp.fortran/reduction5.f90 -O0 execution test
FAIL: libgomp.fortran/reduction5.f90 -O1 execution test
FAIL: libgomp.fortran/reduction5.f90 -O2 execution test
FAIL: libgomp.fortran/reduction5.f90 -O3 -fomit-frame-pointer execution test
FAIL: libgomp.fortran/reduction5.f90 -O3 -fomit-frame-pointer -funroll-loops execution test
FAIL: libgomp.fortran/reduction5.f90 -O3 -fomit-frame-pointer -funroll-all-loops -finline-functions execution test
FAIL: libgomp.fortran/reduction5.f90 -O3 -g execution test
FAIL: libgomp.fortran/reduction5.f90 -Os execution test
=== libgomp Summary ===
# of expected passes 1667
# of unexpected failures 8
=== libjava tests ===
Running target unix
FAIL: events output
=== libjava Summary ===
# of expected passes 2549
# of unexpected failures 1
=== libmudflap tests ===
Running target unix
FAIL: libmudflap.c++/pass41-frag.cxx execution test
FAIL: libmudflap.c++/pass41-frag.cxx (-static) execution test
FAIL: libmudflap.c++/pass41-frag.cxx ( -O) execution test
FAIL: libmudflap.c++/pass41-frag.cxx (-O2) execution test
FAIL: libmudflap.c++/pass41-frag.cxx (-O3) execution test
=== libmudflap Summary ===
# of expected passes 1844
# of unexpected failures 5
=== libstdc++ tests ===
Running target unix
FAIL: abi_check
XPASS: 26_numerics/headers/cmath/c99_classification_macros_c.cc (test for excess errors)
XPASS: 27_io/fpos/14320-1.cc execution test
FAIL: 27_io/ios_base/storage/2.cc execution test
=== libstdc++ Summary ===
# of expected passes 4961
# of unexpected failures 2
# of unexpected successes 2
# of expected failures 60
# of unsupported tests 326
Compiler version: 4.3.0 20080122 (experimental) (GCC)
Platform: s390x-ibm-linux-gnu
configure flags: --prefix=/usr --mandir=/usr/share/man --infodir=/usr/share/info --enable-shared --enable-threads=posix --enable-checking --with-system-zlib --enable-__cxa_atexit --with-long-double-128 --enable-languages=c,c++,objc,obj-c++,java,fortran,ada --host=s390x-redhat-linux