This is the mail archive of the
gcc-testresults@gcc.gnu.org
mailing list for the GCC project.
Results for 4.3.0 20080118 (experimental) [trunk revision 131628] (GCC) testsuite on sparc64-unknown-linux-gnu
- From: "Christian Joensson" <christian dot joensson at gmail dot com>
- To: gcc-testresults at gcc dot gnu dot org
- Date: Mon, 21 Jan 2008 11:02:27 +0100
- Subject: Results for 4.3.0 20080118 (experimental) [trunk revision 131628] (GCC) testsuite on sparc64-unknown-linux-gnu
Aurora SPARC Linux corona/rawhide (Angel)/TI UltraSparc IIi (Sabre) sun4u:
binutils-2.17.50.0.18-1.1.sparcv9
bison-2.3-4.fc8.sparcv9
dejagnu-1.4.4-5.1.noarch
expect-5.43.0-9.fc8.sparcv9
gcc-4.1.2-25.sparc
glibc-2.6.90-14.2.sparc64
glibc-2.6.90-14.2.sparcv9
glibc-devel-2.6.90-14.2.sparcv9
glibc-devel-2.6.90-14.2.sparc64
glibc-headers-2.6.90-14.2.sparc64
glibc-headers-2.6.90-14.2.sparcv9
gmp-4.2.2-3.fc8.1.sparcv9
gmp-4.2.2-3.fc8.1.sparc64
gmp-devel-4.2.2-3.fc8.1.sparcv9
gmp-devel-4.2.2-3.fc8.1.sparc64
kernel-2.6.21-1.3149.al3.14.sparc64
libgcc-4.1.2-25.sparc64
libgcc-4.1.2-25.sparc
package libgcj is not installed
package libgcj-devel is not installed
libstdc++-4.1.2-25.sparc
libstdc++-4.1.2-25.sparc64
libstdc++-devel-4.1.2-25.sparc64
libstdc++-devel-4.1.2-25.sparc
make-3.81-6.fc8.sparcv9
mpfr-2.3.0-1.fc8.sparcv9
mpfr-2.3.0-1.fc8.sparc64
mpfr-devel-2.3.0-1.fc8.sparcv9
mpfr-devel-2.3.0-1.fc8.sparc64
tcl-8.4.15-4.fc8.sparcv9
LAST_UPDATED: Fri Jan 18 14:26:10 UTC 2008 (revision 131628)
Native configuration is sparc64-unknown-linux-gnu
=== gcc tests ===
Running target unix
FAIL: gcc.dg/20061124-1.c (test for excess errors)
WARNING: gcc.dg/20061124-1.c compilation failed to produce executable
FAIL: gcc.dg/struct-ret-3.c execution test
FAIL: gcc.dg/vect/pr33804.c scan-tree-dump-times vect "vectorized 1 loops" 1
FAIL: gcc.dg/vect/pr33804.c scan-tree-dump-times vect "vectorizing
stmts using SLP" 1
FAIL: gcc.dg/vect/pr33953.c scan-tree-dump-times vect "vectorized 1 loops" 1
FAIL: gcc.dg/vect/pr33953.c scan-tree-dump-times vect "vectorizing
stmts using SLP" 1
FAIL: gcc.dg/vect/vect-35.c scan-tree-dump-times vect "vectorized 1 loops" 1
FAIL: gcc.dg/vect/vect-iv-6.c scan-tree-dump-times vect "vectorized 1 loops" 1
FAIL: gcc.dg/vect/vect-multitypes-5.c scan-tree-dump-times vect
"vectorized 1 loops" 1
FAIL: gcc.dg/vect/vect-multitypes-6.c scan-tree-dump-times vect
"vectorized 1 loops" 1
FAIL: gcc.dg/vect/vect-outer-5.c scan-tree-dump-times vect "OUTER LOOP
VECTORIZED" 1
FAIL: gcc.dg/vect/vect-outer-5.c scan-tree-dump-times vect "zero step
in outer loop." 1
FAIL: gcc.dg/vect/vect-outer-6.c scan-tree-dump-times vect "OUTER LOOP
VECTORIZED" 1
FAIL: gcc.dg/vect/vect-outer-6.c scan-tree-dump-times vect "zero step
in outer loop." 1
FAIL: gcc.dg/vect/vect-vfa-slp.c scan-tree-dump-times vect "vectorized
1 loops" 1
FAIL: gcc.dg/vect/slp-15.c scan-tree-dump-times vect "vectorizing
stmts using SLP" 2
FAIL: gcc.dg/vect/slp-25.c scan-tree-dump-times vect "Alignment of
access forced using peeling" 2
FAIL: gcc.dg/vect/slp-3.c scan-tree-dump-times vect "vectorized 3 loops" 1
FAIL: gcc.dg/vect/slp-3.c scan-tree-dump-times vect "vectorizing stmts
using SLP" 3
FAIL: gcc.dg/vect/no-vfa-pr29145.c scan-tree-dump-times vect
"vectorized 0 loops" 2
FAIL: gcc.dg/vect/no-vfa-pr29145.c scan-tree-dump-times vect
"vectorized 1 loops" 1
FAIL: gcc.dg/vect/no-vfa-vect-depend-1.c scan-tree-dump-times vect
"vectorized 1 loops" 1
FAIL: gcc.target/sparc/pdist-3.c (internal compiler error)
FAIL: gcc.target/sparc/pdist-3.c (test for excess errors)
WARNING: gcc.target/sparc/pdist-3.c compilation failed to produce executable
=== gcc Summary for unix ===
# of expected passes 46245
# of unexpected failures 24
# of expected failures 189
# of untested testcases 35
# of unsupported tests 438
Running target unix/-m64
FAIL: gcc.c-torture/unsorted/DFcmp.c, -O1 (internal compiler error)
FAIL: gcc.c-torture/unsorted/DFcmp.c, -O2 (internal compiler error)
FAIL: gcc.c-torture/unsorted/DFcmp.c, -O3 -fomit-frame-pointer
(internal compiler error)
FAIL: gcc.c-torture/unsorted/DFcmp.c, -O3 -g (internal compiler error)
FAIL: gcc.c-torture/unsorted/DFcmp.c, -Os (internal compiler error)
FAIL: gcc.c-torture/unsorted/SFset.c, -O1 (internal compiler error)
FAIL: gcc.c-torture/unsorted/SFset.c, -O2 (internal compiler error)
FAIL: gcc.c-torture/unsorted/SFset.c, -O3 -fomit-frame-pointer
(internal compiler error)
FAIL: gcc.c-torture/unsorted/SFset.c, -O3 -g (internal compiler error)
FAIL: gcc.c-torture/unsorted/SFset.c, -Os (internal compiler error)
FAIL: gcc.dg/struct-ret-3.c execution test
FAIL: gcc.dg/tree-ssa/gen-vect-11c.c scan-tree-dump-times vect
"vectorized 0 loops" 1
FAIL: gcc.dg/vect/pr33804.c scan-tree-dump-times vect "vectorized 1 loops" 1
FAIL: gcc.dg/vect/pr33804.c scan-tree-dump-times vect "vectorizing
stmts using SLP" 1
FAIL: gcc.dg/vect/pr33953.c scan-tree-dump-times vect "vectorized 1 loops" 1
FAIL: gcc.dg/vect/pr33953.c scan-tree-dump-times vect "vectorizing
stmts using SLP" 1
FAIL: gcc.dg/vect/vect-iv-6.c scan-tree-dump-times vect "vectorized 1 loops" 1
FAIL: gcc.dg/vect/vect-outer-5.c scan-tree-dump-times vect "OUTER LOOP
VECTORIZED" 1
FAIL: gcc.dg/vect/vect-outer-5.c scan-tree-dump-times vect "zero step
in outer loop." 1
FAIL: gcc.dg/vect/vect-outer-6.c scan-tree-dump-times vect "OUTER LOOP
VECTORIZED" 1
FAIL: gcc.dg/vect/vect-outer-6.c scan-tree-dump-times vect "zero step
in outer loop." 1
FAIL: gcc.dg/vect/vect-vfa-slp.c scan-tree-dump-times vect "vectorized
1 loops" 1
FAIL: gcc.dg/vect/slp-15.c scan-tree-dump-times vect "vectorizing
stmts using SLP" 2
FAIL: gcc.dg/vect/slp-25.c scan-tree-dump-times vect "Alignment of
access forced using peeling" 2
FAIL: gcc.dg/vect/slp-3.c scan-tree-dump-times vect "vectorized 3 loops" 1
FAIL: gcc.dg/vect/slp-3.c scan-tree-dump-times vect "vectorizing stmts
using SLP" 3
FAIL: gcc.dg/vect/no-vfa-pr29145.c scan-tree-dump-times vect
"vectorized 0 loops" 2
FAIL: gcc.dg/vect/no-vfa-pr29145.c scan-tree-dump-times vect
"vectorized 1 loops" 1
FAIL: gcc.dg/vect/no-vfa-vect-depend-1.c scan-tree-dump-times vect
"vectorized 1 loops" 1
FAIL: gcc.misc-tests/linkage.c link
=== gcc Summary for unix/-m64 ===
# of expected passes 46224
# of unexpected failures 30
# of expected failures 189
# of untested testcases 35
# of unsupported tests 445
=== gcc Summary ===
# of expected passes 92469
# of unexpected failures 54
# of expected failures 378
# of untested testcases 70
# of unsupported tests 883
/usr/local/src/trunk/objdir/gcc/xgcc version 4.3.0 20080118
(experimental) [trunk revision 131628] (GCC)
=== gfortran tests ===
Running target unix
FAIL: gfortran.dg/default_format_2.f90 -O0 execution test
FAIL: gfortran.dg/default_format_2.f90 -O1 execution test
FAIL: gfortran.dg/default_format_2.f90 -O2 execution test
FAIL: gfortran.dg/default_format_2.f90 -O3 -fomit-frame-pointer execution test
FAIL: gfortran.dg/default_format_2.f90 -O3 -fomit-frame-pointer
-funroll-loops execution test
FAIL: gfortran.dg/default_format_2.f90 -O3 -fomit-frame-pointer
-funroll-all-loops -finline-functions execution test
FAIL: gfortran.dg/default_format_2.f90 -O3 -g execution test
FAIL: gfortran.dg/default_format_2.f90 -Os execution test
=== gfortran Summary for unix ===
# of expected passes 23439
# of unexpected failures 8
# of expected failures 11
# of unsupported tests 45
Running target unix/-m64
FAIL: gfortran.dg/anyallcount_1.f90 -O0 (test for excess errors)
WARNING: gfortran.dg/anyallcount_1.f90 -O0 compilation failed to
produce executable
FAIL: gfortran.dg/anyallcount_1.f90 -O1 (test for excess errors)
WARNING: gfortran.dg/anyallcount_1.f90 -O1 compilation failed to
produce executable
FAIL: gfortran.dg/anyallcount_1.f90 -O2 (test for excess errors)
WARNING: gfortran.dg/anyallcount_1.f90 -O2 compilation failed to
produce executable
FAIL: gfortran.dg/anyallcount_1.f90 -O3 -fomit-frame-pointer (test
for excess errors)
WARNING: gfortran.dg/anyallcount_1.f90 -O3 -fomit-frame-pointer
compilation failed to produce executable
FAIL: gfortran.dg/anyallcount_1.f90 -O3 -fomit-frame-pointer
-funroll-loops (test for excess errors)
WARNING: gfortran.dg/anyallcount_1.f90 -O3 -fomit-frame-pointer
-funroll-loops compilation failed to produce executable
FAIL: gfortran.dg/anyallcount_1.f90 -O3 -fomit-frame-pointer
-funroll-all-loops -finline-functions (test for excess errors)
WARNING: gfortran.dg/anyallcount_1.f90 -O3 -fomit-frame-pointer
-funroll-all-loops -finline-functions compilation failed to produce
executable
FAIL: gfortran.dg/anyallcount_1.f90 -O3 -g (test for excess errors)
WARNING: gfortran.dg/anyallcount_1.f90 -O3 -g compilation failed to
produce executable
FAIL: gfortran.dg/anyallcount_1.f90 -Os (test for excess errors)
WARNING: gfortran.dg/anyallcount_1.f90 -Os compilation failed to
produce executable
FAIL: gfortran.dg/bound_2.f90 -O0 (test for excess errors)
WARNING: gfortran.dg/bound_2.f90 -O0 compilation failed to produce executable
FAIL: gfortran.dg/bound_2.f90 -O1 (test for excess errors)
WARNING: gfortran.dg/bound_2.f90 -O1 compilation failed to produce executable
FAIL: gfortran.dg/bound_2.f90 -O2 (test for excess errors)
WARNING: gfortran.dg/bound_2.f90 -O2 compilation failed to produce executable
FAIL: gfortran.dg/bound_2.f90 -O3 -fomit-frame-pointer (test for
excess errors)
WARNING: gfortran.dg/bound_2.f90 -O3 -fomit-frame-pointer
compilation failed to produce executable
FAIL: gfortran.dg/bound_2.f90 -O3 -fomit-frame-pointer -funroll-loops
(test for excess errors)
WARNING: gfortran.dg/bound_2.f90 -O3 -fomit-frame-pointer
-funroll-loops compilation failed to produce executable
FAIL: gfortran.dg/bound_2.f90 -O3 -fomit-frame-pointer
-funroll-all-loops -finline-functions (test for excess errors)
WARNING: gfortran.dg/bound_2.f90 -O3 -fomit-frame-pointer
-funroll-all-loops -finline-functions compilation failed to produce
executable
FAIL: gfortran.dg/bound_2.f90 -O3 -g (test for excess errors)
WARNING: gfortran.dg/bound_2.f90 -O3 -g compilation failed to
produce executable
FAIL: gfortran.dg/bound_2.f90 -Os (test for excess errors)
WARNING: gfortran.dg/bound_2.f90 -Os compilation failed to produce executable
FAIL: gfortran.dg/deallocate_stat.f90 -O1 (internal compiler error)
FAIL: gfortran.dg/deallocate_stat.f90 -O1 (test for excess errors)
WARNING: gfortran.dg/deallocate_stat.f90 -O1 compilation failed to
produce executable
FAIL: gfortran.dg/default_format_2.f90 -O0 execution test
FAIL: gfortran.dg/default_format_2.f90 -O1 execution test
FAIL: gfortran.dg/default_format_2.f90 -O2 execution test
FAIL: gfortran.dg/default_format_2.f90 -O3 -fomit-frame-pointer execution test
FAIL: gfortran.dg/default_format_2.f90 -O3 -fomit-frame-pointer
-funroll-loops execution test
FAIL: gfortran.dg/default_format_2.f90 -O3 -fomit-frame-pointer
-funroll-all-loops -finline-functions execution test
FAIL: gfortran.dg/default_format_2.f90 -O3 -g execution test
FAIL: gfortran.dg/default_format_2.f90 -Os execution test
FAIL: gfortran.fortran-torture/execute/intrinsic_count.f90 compilation, -O0
FAIL: gfortran.fortran-torture/execute/intrinsic_count.f90 compilation, -O1
FAIL: gfortran.fortran-torture/execute/intrinsic_count.f90 compilation, -O2
FAIL: gfortran.fortran-torture/execute/intrinsic_count.f90
compilation, -O3 -fomit-frame-pointer
FAIL: gfortran.fortran-torture/execute/intrinsic_count.f90
compilation, -O3 -fomit-frame-pointer -funroll-loops
FAIL: gfortran.fortran-torture/execute/intrinsic_count.f90
compilation, -O3 -fomit-frame-pointer -funroll-all-loops
-finline-functions
FAIL: gfortran.fortran-torture/execute/intrinsic_count.f90 compilation, -O3 -g
FAIL: gfortran.fortran-torture/execute/intrinsic_count.f90 compilation, -Os
=== gfortran Summary for unix/-m64 ===
# of expected passes 23421
# of unexpected failures 34
# of expected failures 11
# of untested testcases 8
# of unsupported tests 29
=== gfortran Summary ===
# of expected passes 46860
# of unexpected failures 42
# of expected failures 22
# of untested testcases 8
# of unsupported tests 74
/usr/local/src/trunk/objdir/gcc/testsuite/gfortran/../../gfortran
version 4.3.0 20080118 (experimental) [trunk revision 131628] (GCC)
=== g++ tests ===
Running target unix
FAIL: g++.dg/compat/eh/unexpected1 cp_compat_x_tst.o-cp_compat_y_tst.o execute
FAIL: g++.dg/cpp0x/vt-34103.C (internal compiler error)
FAIL: g++.dg/cpp0x/vt-34103.C (test for excess errors)
FAIL: g++.dg/eh/unexpected1.C execution test
FAIL: g++.dg/opt/anchor1.C execution test
FAIL: g++.dg/tree-ssa/ivopts-1.C scan-tree-dump-not ivopts "offset:
(4294967292|0x0f+fc)"
FAIL: g++.old-deja/g++.eh/spec2.C execution test
FAIL: g++.old-deja/g++.mike/eh33.C execution test
FAIL: g++.old-deja/g++.mike/eh50.C execution test
FAIL: g++.old-deja/g++.mike/eh51.C execution test
=== g++ Summary for unix ===
# of expected passes 17141
# of unexpected failures 10
# of expected failures 83
# of unsupported tests 133
Running target unix/-m64
FAIL: g++.dg/compat/eh/unexpected1 cp_compat_x_tst.o-cp_compat_y_tst.o execute
FAIL: tmpdir-g++.dg-struct-layout-1/t026 cp_compat_x_tst.o compile,
(internal compiler error)
FAIL: tmpdir-g++.dg-struct-layout-1/t026 cp_compat_y_tst.o compile,
(internal compiler error)
UNRESOLVED: tmpdir-g++.dg-struct-layout-1/t026
cp_compat_x_tst.o-cp_compat_y_tst.o link
UNRESOLVED: tmpdir-g++.dg-struct-layout-1/t026
cp_compat_x_tst.o-cp_compat_y_tst.o execute
FAIL: g++.dg/cpp0x/vt-34103.C (internal compiler error)
FAIL: g++.dg/cpp0x/vt-34103.C (test for excess errors)
FAIL: g++.dg/eh/unexpected1.C execution test
FAIL: g++.dg/opt/anchor1.C execution test
FAIL: g++.dg/tree-ssa/ivopts-1.C scan-tree-dump-not ivopts "offset:
(4294967292|0x0f+fc)"
FAIL: g++.old-deja/g++.eh/spec2.C execution test
FAIL: g++.old-deja/g++.mike/eh33.C execution test
FAIL: g++.old-deja/g++.mike/eh50.C execution test
FAIL: g++.old-deja/g++.mike/eh51.C execution test
=== g++ Summary for unix/-m64 ===
# of expected passes 17105
# of unexpected failures 12
# of expected failures 83
# of unresolved testcases 2
# of unsupported tests 135
=== g++ Summary ===
# of expected passes 34246
# of unexpected failures 22
# of expected failures 166
# of unresolved testcases 2
# of unsupported tests 268
/usr/local/src/trunk/objdir/gcc/testsuite/g++/../../g++ version 4.3.0
20080118 (experimental) [trunk revision 131628] (GCC)
=== obj-c++ tests ===
Running target unix
FAIL: obj-c++.dg/bitfield-1.mm (internal compiler error)
FAIL: obj-c++.dg/bitfield-1.mm (test for excess errors)
WARNING: obj-c++.dg/bitfield-1.mm compilation failed to produce executable
FAIL: obj-c++.dg/comp-types-10.mm (internal compiler error)
FAIL: obj-c++.dg/comp-types-10.mm (test for excess errors)
FAIL: obj-c++.dg/cxx-ivars-2.mm execution test
FAIL: obj-c++.dg/encode-2.mm scan-assembler {Vec<float>=ffi}
FAIL: obj-c++.dg/encode-2.mm scan-assembler {Vec<double>=ddi}
FAIL: obj-c++.dg/encode-3.mm execution test
FAIL: obj-c++.dg/encode-8.mm execution test
FAIL: obj-c++.dg/gnu-runtime-2.mm (test for excess errors)
FAIL: obj-c++.dg/isa-field-1.mm (test for excess errors)
FAIL: obj-c++.dg/lookup-2.mm (test for excess errors)
WARNING: obj-c++.dg/lookup-2.mm compilation failed to produce executable
FAIL: obj-c++.dg/try-catch-2.mm (test for excess errors)
WARNING: obj-c++.dg/try-catch-2.mm compilation failed to produce executable
FAIL: obj-c++.dg/try-catch-9.mm (internal compiler error)
FAIL: obj-c++.dg/try-catch-9.mm (test for excess errors)
WARNING: obj-c++.dg/try-catch-9.mm compilation failed to produce executable
=== obj-c++ Summary for unix ===
# of expected passes 422
# of unexpected failures 15
# of unsupported tests 13
Running target unix/-m64
FAIL: obj-c++.dg/bitfield-1.mm (internal compiler error)
FAIL: obj-c++.dg/bitfield-1.mm (test for excess errors)
WARNING: obj-c++.dg/bitfield-1.mm compilation failed to produce executable
FAIL: obj-c++.dg/bitfield-4.mm (test for excess errors)
FAIL: obj-c++.dg/comp-types-10.mm (internal compiler error)
FAIL: obj-c++.dg/comp-types-10.mm (test for excess errors)
FAIL: obj-c++.dg/cxx-ivars-2.mm execution test
FAIL: obj-c++.dg/encode-2.mm scan-assembler {Vec<float>=ffi}
FAIL: obj-c++.dg/encode-2.mm scan-assembler {Vec<double>=ddi}
FAIL: obj-c++.dg/encode-3.mm execution test
FAIL: obj-c++.dg/encode-8.mm execution test
FAIL: obj-c++.dg/gnu-runtime-2.mm (test for excess errors)
FAIL: obj-c++.dg/isa-field-1.mm (test for excess errors)
FAIL: obj-c++.dg/layout-1.mm (test for excess errors)
FAIL: obj-c++.dg/lookup-2.mm (test for excess errors)
WARNING: obj-c++.dg/lookup-2.mm compilation failed to produce executable
FAIL: obj-c++.dg/try-catch-2.mm (test for excess errors)
WARNING: obj-c++.dg/try-catch-2.mm compilation failed to produce executable
FAIL: obj-c++.dg/try-catch-9.mm (internal compiler error)
FAIL: obj-c++.dg/try-catch-9.mm (test for excess errors)
WARNING: obj-c++.dg/try-catch-9.mm compilation failed to produce executable
=== obj-c++ Summary for unix/-m64 ===
# of expected passes 420
# of unexpected failures 17
# of unsupported tests 13
=== obj-c++ Summary ===
# of expected passes 842
# of unexpected failures 32
# of unsupported tests 26
/usr/local/src/trunk/objdir/gcc/testsuite/obj-c++/../../g++ version
4.3.0 20080118 (experimental) [trunk revision 131628] (GCC)
=== objc tests ===
Running target unix
FAIL: objc/execute/exceptions/foward-1.m execution, -O3
-fomit-frame-pointer -funroll-loops -fgnu-runtime
FAIL: objc/execute/exceptions/foward-1.m execution, -O3
-fomit-frame-pointer -funroll-all-loops -finline-functions
-fgnu-runtime
=== objc Summary for unix ===
# of expected passes 1810
# of unexpected failures 2
# of expected failures 7
# of unsupported tests 24
Running target unix/-m64
FAIL: objc/execute/exceptions/foward-1.m execution, -O3
-fomit-frame-pointer -funroll-loops
FAIL: objc/execute/exceptions/foward-1.m execution, -O3
-fomit-frame-pointer -funroll-all-loops -finline-functions
=== objc Summary for unix/-m64 ===
# of expected passes 1810
# of unexpected failures 2
# of expected failures 7
# of unsupported tests 24
=== objc Summary ===
# of expected passes 3620
# of unexpected failures 4
# of expected failures 14
# of unsupported tests 48
/usr/local/src/trunk/objdir/gcc/xgcc version 4.3.0 20080118
(experimental) [trunk revision 131628] (GCC)
=== treelang tests ===
Running target unix
=== treelang Summary for unix ===
# of expected passes 52
Running target unix/-m64
=== treelang Summary for unix/-m64 ===
# of expected passes 52
=== treelang Summary ===
# of expected passes 104
=== libffi tests ===
Running target unix
FAIL: libffi.call/return_sc.c -O0 -W -Wall execution test
=== libffi Summary for unix ===
# of expected passes 1115
# of unexpected failures 1
# of unsupported tests 8
Running target unix/-m64
=== libffi Summary for unix/-m64 ===
# of expected passes 1116
# of unsupported tests 8
=== libffi Summary ===
# of expected passes 2231
# of unexpected failures 1
# of unsupported tests 16
=== libgomp tests ===
Running target unix
=== libgomp Summary for unix ===
# of expected passes 1675
Running target unix/-m64
=== libgomp Summary for unix/-m64 ===
# of expected passes 1675
=== libgomp Summary ===
# of expected passes 3350
=== libjava tests ===
Running target unix
=== libjava Summary for unix ===
# of expected passes 2550
Running target unix/-m64
WARNING: program timed out.
FAIL: TestClosureGC run
WARNING: program timed out.
FAIL: Array_3 execution - source compiled test
WARNING: program timed out.
FAIL: Array_3 -findirect-dispatch execution - source compiled test
WARNING: program timed out.
FAIL: Array_3 -O3 execution - source compiled test
WARNING: program timed out.
FAIL: Array_3 -O3 -findirect-dispatch execution - source compiled test
WARNING: program timed out.
FAIL: Invoke_1 execution - source compiled test
FAIL: Invoke_1 -findirect-dispatch execution - source compiled test
WARNING: program timed out.
FAIL: Invoke_1 -O3 execution - source compiled test
FAIL: Invoke_1 -O3 -findirect-dispatch execution - source compiled test
WARNING: program timed out.
FAIL: PR218 -O3 execution - source compiled test
WARNING: program timed out.
FAIL: Throw_3 -O3 execution - source compiled test
WARNING: program timed out.
FAIL: Throw_3 -O3 -findirect-dispatch execution - source compiled test
FAIL: pr83 -findirect-dispatch execution - source compiled test
FAIL: pr83 -O3 -findirect-dispatch execution - source compiled test
=== libjava Summary for unix/-m64 ===
# of expected passes 2523
# of unexpected failures 14
# of untested testcases 14
=== libjava Summary ===
# of expected passes 5073
# of unexpected failures 14
# of untested testcases 14
=== libmudflap tests ===
Running target unix
FAIL: libmudflap.c/pass54-frag.c execution test
FAIL: libmudflap.c/pass54-frag.c execution test
FAIL: libmudflap.c/pass54-frag.c (-static) execution test
FAIL: libmudflap.c/pass54-frag.c (-static) execution test
FAIL: libmudflap.c++/pass41-frag.cxx execution test
FAIL: libmudflap.c++/pass41-frag.cxx (-static) execution test
FAIL: libmudflap.c++/pass41-frag.cxx ( -O) execution test
FAIL: libmudflap.c++/pass41-frag.cxx (-O2) execution test
FAIL: libmudflap.c++/pass41-frag.cxx (-O3) execution test
=== libmudflap Summary for unix ===
# of expected passes 1840
# of unexpected failures 9
Running target unix/-m64
FAIL: libmudflap.c/pass54-frag.c execution test
FAIL: libmudflap.c/pass54-frag.c execution test
FAIL: libmudflap.c/fail27-frag.c (-static) output pattern test
FAIL: libmudflap.c/pass54-frag.c (-static) execution test
FAIL: libmudflap.c/pass54-frag.c (-static) execution test
FAIL: libmudflap.c++/pass41-frag.cxx execution test
FAIL: libmudflap.c++/pass41-frag.cxx (-static) execution test
FAIL: libmudflap.c++/pass41-frag.cxx ( -O) execution test
FAIL: libmudflap.c++/pass41-frag.cxx (-O2) execution test
FAIL: libmudflap.c++/pass41-frag.cxx (-O3) execution test
=== libmudflap Summary for unix/-m64 ===
# of expected passes 1839
# of unexpected failures 10
=== libmudflap Summary ===
# of expected passes 3679
# of unexpected failures 19
=== libstdc++ tests ===
Running target unix
XPASS: 26_numerics/headers/cmath/c99_classification_macros_c.cc (test
for excess errors)
FAIL: 27_io/ios_base/storage/2.cc execution test
WARNING: program timed out.
FAIL: ext/pb_ds/regression/tree_data_map_rand.cc (test for excess errors)
WARNING: ext/pb_ds/regression/tree_data_map_rand.cc compilation failed
to produce executable
WARNING: program timed out.
FAIL: ext/pb_ds/regression/tree_no_data_map_rand.cc (test for excess errors)
WARNING: ext/pb_ds/regression/tree_no_data_map_rand.cc compilation
failed to produce executable
=== libstdc++ Summary for unix ===
# of expected passes 5590
# of unexpected failures 3
# of unexpected successes 1
# of expected failures 61
# of unsupported tests 10
Running target unix/-m64
FAIL: 17_intro/headers/c++200x/all.cc (test for excess errors)
FAIL: 17_intro/headers/c++200x/all_multiple_inclusion.cc (test for
excess errors)
FAIL: 17_intro/using_namespace_std_tr1_neg.cc (test for excess errors)
FAIL: 20_util/enable_shared_from_this/requirements/explicit_instantiation.cc
(test for excess errors)
FAIL: 20_util/forward/1.cc (test for excess errors)
FAIL: 20_util/headers/memory/types_std_c++0x.cc (test for excess errors)
FAIL: 20_util/move/1.cc (test for excess errors)
FAIL: 20_util/shared_ptr/assign/assign.cc (test for excess errors)
WARNING: 20_util/shared_ptr/assign/assign.cc compilation failed to
produce executable
FAIL: 20_util/shared_ptr/assign/auto_ptr.cc (test for excess errors)
WARNING: 20_util/shared_ptr/assign/auto_ptr.cc compilation failed to
produce executable
FAIL: 20_util/shared_ptr/assign/auto_ptr_neg.cc (test for errors, line 40)
FAIL: 20_util/shared_ptr/assign/dr541.cc (test for excess errors)
FAIL: 20_util/shared_ptr/assign/move.cc (test for excess errors)
WARNING: 20_util/shared_ptr/assign/move.cc compilation failed to
produce executable
FAIL: 20_util/shared_ptr/assign/shared_ptr.cc (test for excess errors)
WARNING: 20_util/shared_ptr/assign/shared_ptr.cc compilation failed to
produce executable
FAIL: 20_util/shared_ptr/assign/shared_ptr_neg.cc (test for errors, line 40)
FAIL: 20_util/shared_ptr/assign/shared_ptr_neg.cc (test for errors, line )
FAIL: 20_util/shared_ptr/assign/shared_ptr_neg.cc (test for errors, line )
FAIL: 20_util/shared_ptr/assign/shared_ptr_neg.cc (test for excess errors)
FAIL: 20_util/shared_ptr/casts/1.cc (test for excess errors)
FAIL: 20_util/shared_ptr/comparison/cmp.cc (test for excess errors)
WARNING: 20_util/shared_ptr/comparison/cmp.cc compilation failed to
produce executable
FAIL: 20_util/shared_ptr/cons/alias.cc (test for excess errors)
WARNING: 20_util/shared_ptr/cons/alias.cc compilation failed to
produce executable
FAIL: 20_util/shared_ptr/cons/alloc.cc (test for excess errors)
WARNING: 20_util/shared_ptr/cons/alloc.cc compilation failed to
produce executable
FAIL: 20_util/shared_ptr/cons/auto_ptr.cc (test for excess errors)
WARNING: 20_util/shared_ptr/cons/auto_ptr.cc compilation failed to
produce executable
FAIL: 20_util/shared_ptr/cons/copy.cc (test for excess errors)
WARNING: 20_util/shared_ptr/cons/copy.cc compilation failed to produce
executable
FAIL: 20_util/shared_ptr/cons/default.cc (test for excess errors)
WARNING: 20_util/shared_ptr/cons/default.cc compilation failed to
produce executable
FAIL: 20_util/shared_ptr/cons/move.cc (test for excess errors)
WARNING: 20_util/shared_ptr/cons/move.cc compilation failed to produce
executable
FAIL: 20_util/shared_ptr/cons/pointer.cc (test for excess errors)
WARNING: 20_util/shared_ptr/cons/pointer.cc compilation failed to
produce executable
FAIL: 20_util/shared_ptr/cons/weak_ptr.cc (test for excess errors)
WARNING: 20_util/shared_ptr/cons/weak_ptr.cc compilation failed to
produce executable
FAIL: 20_util/shared_ptr/cons/weak_ptr_expired.cc (test for excess errors)
WARNING: 20_util/shared_ptr/cons/weak_ptr_expired.cc compilation
failed to produce executable
FAIL: 20_util/shared_ptr/creation/alloc.cc (test for excess errors)
WARNING: 20_util/shared_ptr/creation/alloc.cc compilation failed to
produce executable
FAIL: 20_util/shared_ptr/creation/dr402.cc (test for excess errors)
FAIL: 20_util/shared_ptr/creation/make.cc (test for excess errors)
WARNING: 20_util/shared_ptr/creation/make.cc compilation failed to
produce executable
FAIL: 20_util/shared_ptr/dest/dest.cc (test for excess errors)
WARNING: 20_util/shared_ptr/dest/dest.cc compilation failed to produce
executable
FAIL: 20_util/shared_ptr/misc/24595.cc (test for excess errors)
WARNING: 20_util/shared_ptr/misc/24595.cc compilation failed to
produce executable
FAIL: 20_util/shared_ptr/misc/io.cc (test for excess errors)
WARNING: 20_util/shared_ptr/misc/io.cc compilation failed to produce executable
FAIL: 20_util/shared_ptr/misc/swap.cc (test for excess errors)
WARNING: 20_util/shared_ptr/misc/swap.cc compilation failed to produce
executable
FAIL: 20_util/shared_ptr/modifiers/24805.cc (test for excess errors)
FAIL: 20_util/shared_ptr/modifiers/reset.cc (test for excess errors)
WARNING: 20_util/shared_ptr/modifiers/reset.cc compilation failed to
produce executable
FAIL: 20_util/shared_ptr/modifiers/reset_alloc.cc (test for excess errors)
WARNING: 20_util/shared_ptr/modifiers/reset_alloc.cc compilation
failed to produce executable
FAIL: 20_util/shared_ptr/modifiers/reset_neg.cc (test for errors, line 38)
FAIL: 20_util/shared_ptr/modifiers/reset_neg.cc (test for excess errors)
FAIL: 20_util/shared_ptr/modifiers/swap.cc (test for excess errors)
WARNING: 20_util/shared_ptr/modifiers/swap.cc compilation failed to
produce executable
FAIL: 20_util/shared_ptr/modifiers/swap_neg.cc (test for errors, line 39)
FAIL: 20_util/shared_ptr/modifiers/swap_neg.cc (test for excess errors)
FAIL: 20_util/shared_ptr/observers/bool_conv.cc (test for excess errors)
WARNING: 20_util/shared_ptr/observers/bool_conv.cc compilation failed
to produce executable
FAIL: 20_util/shared_ptr/observers/get.cc (test for excess errors)
WARNING: 20_util/shared_ptr/observers/get.cc compilation failed to
produce executable
FAIL: 20_util/shared_ptr/observers/unique.cc (test for excess errors)
WARNING: 20_util/shared_ptr/observers/unique.cc compilation failed to
produce executable
FAIL: 20_util/shared_ptr/observers/use_count.cc (test for excess errors)
WARNING: 20_util/shared_ptr/observers/use_count.cc compilation failed
to produce executable
FAIL: 20_util/shared_ptr/requirements/explicit_instantiation/1.cc
(test for excess errors)
FAIL: 20_util/shared_ptr/requirements/explicit_instantiation/2.cc
(test for excess errors)
FAIL: 20_util/shared_ptr/thread/default_weaktoshared.cc (test for excess errors)
WARNING: 20_util/shared_ptr/thread/default_weaktoshared.cc compilation
failed to produce executable
FAIL: 20_util/shared_ptr/thread/mutex_weaktoshared.cc (test for excess errors)
WARNING: 20_util/shared_ptr/thread/mutex_weaktoshared.cc compilation
failed to produce executable
FAIL: 20_util/weak_ptr/lock/1.cc (test for excess errors)
FAIL: 20_util/weak_ptr/requirements/explicit_instantiation/1.cc (test
for excess errors)
FAIL: 20_util/weak_ptr/requirements/explicit_instantiation/2.cc (test
for excess errors)
FAIL: 22_locale/num_put/put/char/12.cc execution test
FAIL: 22_locale/num_put/put/wchar_t/12.cc execution test
XPASS: 26_numerics/headers/cmath/c99_classification_macros_c.cc (test
for excess errors)
FAIL: 27_io/basic_filebuf/close/char/4879.cc execution test
FAIL: 27_io/basic_filebuf/close/char/9964.cc execution test
FAIL: 27_io/basic_filebuf/imbue/char/13171-2.cc execution test
FAIL: 27_io/basic_filebuf/imbue/wchar_t/14975-2.cc execution test
FAIL: 27_io/basic_filebuf/seekoff/char/26777.cc execution test
FAIL: 27_io/basic_filebuf/underflow/char/10097.cc execution test
XPASS: 27_io/fpos/14320-1.cc execution test
FAIL: 27_io/ios_base/storage/2.cc execution test
FAIL: 27_io/objects/char/7.cc execution test
FAIL: 27_io/objects/char/9661-1.cc execution test
FAIL: 27_io/objects/wchar_t/7.cc execution test
FAIL: 27_io/objects/wchar_t/9661-1.cc execution test
WARNING: program timed out.
FAIL: ext/pb_ds/regression/tree_data_map_rand.cc (test for excess errors)
WARNING: ext/pb_ds/regression/tree_data_map_rand.cc compilation failed
to produce executable
WARNING: program timed out.
FAIL: ext/pb_ds/regression/tree_no_data_map_rand.cc (test for excess errors)
WARNING: ext/pb_ds/regression/tree_no_data_map_rand.cc compilation
failed to produce executable
WARNING: program timed out.
FAIL: ext/pb_ds/regression/trie_data_map_rand.cc (test for excess errors)
WARNING: ext/pb_ds/regression/trie_data_map_rand.cc compilation failed
to produce executable
WARNING: program timed out.
FAIL: ext/pb_ds/regression/trie_no_data_map_rand.cc (test for excess errors)
WARNING: ext/pb_ds/regression/trie_no_data_map_rand.cc compilation
failed to produce executable
FAIL: tr1/2_general_utilities/enable_shared_from_this/1.cc (test for
excess errors)
FAIL: tr1/2_general_utilities/enable_shared_from_this/not_shared.cc
(test for excess errors)
WARNING: tr1/2_general_utilities/enable_shared_from_this/not_shared.cc
compilation failed to produce executable
FAIL: tr1/2_general_utilities/enable_shared_from_this/not_shared2.cc
(test for excess errors)
WARNING: tr1/2_general_utilities/enable_shared_from_this/not_shared2.cc
compilation failed to produce executable
FAIL: tr1/2_general_utilities/enable_shared_from_this/not_shared3.cc
(test for excess errors)
WARNING: tr1/2_general_utilities/enable_shared_from_this/not_shared3.cc
compilation failed to produce executable
FAIL: tr1/2_general_utilities/enable_shared_from_this/requirements/explicit_instantiation/1.cc
(test for excess errors)
FAIL: tr1/2_general_utilities/enable_shared_from_this/shared.cc (test
for excess errors)
WARNING: tr1/2_general_utilities/enable_shared_from_this/shared.cc
compilation failed to produce executable
FAIL: tr1/2_general_utilities/enable_shared_from_this/still_shared.cc
(test for excess errors)
WARNING: tr1/2_general_utilities/enable_shared_from_this/still_shared.cc
compilation failed to produce executable
FAIL: tr1/2_general_utilities/headers/memory/synopsis.cc (test for
excess errors)
FAIL: tr1/2_general_utilities/headers/memory/types_std_tr1.cc (test
for excess errors)
FAIL: tr1/2_general_utilities/shared_ptr/assign/assign.cc (test for
excess errors)
WARNING: tr1/2_general_utilities/shared_ptr/assign/assign.cc
compilation failed to produce executable
FAIL: tr1/2_general_utilities/shared_ptr/assign/auto_ptr.cc (test for
excess errors)
WARNING: tr1/2_general_utilities/shared_ptr/assign/auto_ptr.cc
compilation failed to produce executable
FAIL: tr1/2_general_utilities/shared_ptr/assign/auto_ptr_neg.cc (test
for errors, line 39)
FAIL: tr1/2_general_utilities/shared_ptr/assign/dr541.cc (test for
excess errors)
FAIL: tr1/2_general_utilities/shared_ptr/assign/shared_ptr.cc (test
for excess errors)
WARNING: tr1/2_general_utilities/shared_ptr/assign/shared_ptr.cc
compilation failed to produce executable
FAIL: tr1/2_general_utilities/shared_ptr/assign/shared_ptr_neg.cc
(test for errors, line 39)
FAIL: tr1/2_general_utilities/shared_ptr/assign/shared_ptr_neg.cc
(test for errors, line )
FAIL: tr1/2_general_utilities/shared_ptr/assign/shared_ptr_neg.cc
(test for errors, line )
FAIL: tr1/2_general_utilities/shared_ptr/assign/shared_ptr_neg.cc
(test for excess errors)
FAIL: tr1/2_general_utilities/shared_ptr/casts/1.cc (test for excess errors)
FAIL: tr1/2_general_utilities/shared_ptr/comparison/cmp.cc (test for
excess errors)
WARNING: tr1/2_general_utilities/shared_ptr/comparison/cmp.cc
compilation failed to produce executable
FAIL: tr1/2_general_utilities/shared_ptr/cons/auto_ptr.cc (test for
excess errors)
WARNING: tr1/2_general_utilities/shared_ptr/cons/auto_ptr.cc
compilation failed to produce executable
FAIL: tr1/2_general_utilities/shared_ptr/cons/copy.cc (test for excess errors)
WARNING: tr1/2_general_utilities/shared_ptr/cons/copy.cc compilation
failed to produce executable
FAIL: tr1/2_general_utilities/shared_ptr/cons/default.cc (test for
excess errors)
WARNING: tr1/2_general_utilities/shared_ptr/cons/default.cc
compilation failed to produce executable
FAIL: tr1/2_general_utilities/shared_ptr/cons/pointer.cc (test for
excess errors)
WARNING: tr1/2_general_utilities/shared_ptr/cons/pointer.cc
compilation failed to produce executable
FAIL: tr1/2_general_utilities/shared_ptr/cons/weak_ptr.cc (test for
excess errors)
WARNING: tr1/2_general_utilities/shared_ptr/cons/weak_ptr.cc
compilation failed to produce executable
FAIL: tr1/2_general_utilities/shared_ptr/cons/weak_ptr_expired.cc
(test for excess errors)
WARNING: tr1/2_general_utilities/shared_ptr/cons/weak_ptr_expired.cc
compilation failed to produce executable
FAIL: tr1/2_general_utilities/shared_ptr/dest/dest.cc (test for excess errors)
WARNING: tr1/2_general_utilities/shared_ptr/dest/dest.cc compilation
failed to produce executable
FAIL: tr1/2_general_utilities/shared_ptr/misc/24595.cc (test for excess errors)
WARNING: tr1/2_general_utilities/shared_ptr/misc/24595.cc compilation
failed to produce executable
FAIL: tr1/2_general_utilities/shared_ptr/misc/io.cc (test for excess errors)
WARNING: tr1/2_general_utilities/shared_ptr/misc/io.cc compilation
failed to produce executable
FAIL: tr1/2_general_utilities/shared_ptr/misc/swap.cc (test for excess errors)
WARNING: tr1/2_general_utilities/shared_ptr/misc/swap.cc compilation
failed to produce executable
FAIL: tr1/2_general_utilities/shared_ptr/modifiers/24805.cc (test for
excess errors)
FAIL: tr1/2_general_utilities/shared_ptr/modifiers/reset.cc (test for
excess errors)
WARNING: tr1/2_general_utilities/shared_ptr/modifiers/reset.cc
compilation failed to produce executable
FAIL: tr1/2_general_utilities/shared_ptr/modifiers/reset_neg.cc (test
for errors, line 37)
FAIL: tr1/2_general_utilities/shared_ptr/modifiers/reset_neg.cc (test
for excess errors)
FAIL: tr1/2_general_utilities/shared_ptr/modifiers/swap.cc (test for
excess errors)
WARNING: tr1/2_general_utilities/shared_ptr/modifiers/swap.cc
compilation failed to produce executable
FAIL: tr1/2_general_utilities/shared_ptr/modifiers/swap_neg.cc (test
for errors, line 38)
FAIL: tr1/2_general_utilities/shared_ptr/modifiers/swap_neg.cc (test
for excess errors)
FAIL: tr1/2_general_utilities/shared_ptr/observers/bool_conv.cc (test
for excess errors)
WARNING: tr1/2_general_utilities/shared_ptr/observers/bool_conv.cc
compilation failed to produce executable
FAIL: tr1/2_general_utilities/shared_ptr/observers/get.cc (test for
excess errors)
WARNING: tr1/2_general_utilities/shared_ptr/observers/get.cc
compilation failed to produce executable
FAIL: tr1/2_general_utilities/shared_ptr/observers/unique.cc (test for
excess errors)
WARNING: tr1/2_general_utilities/shared_ptr/observers/unique.cc
compilation failed to produce executable
FAIL: tr1/2_general_utilities/shared_ptr/observers/use_count.cc (test
for excess errors)
WARNING: tr1/2_general_utilities/shared_ptr/observers/use_count.cc
compilation failed to produce executable
FAIL: tr1/2_general_utilities/shared_ptr/requirements/explicit_instantiation/1.cc
(test for excess errors)
FAIL: tr1/2_general_utilities/shared_ptr/requirements/explicit_instantiation/2.cc
(test for excess errors)
FAIL: tr1/2_general_utilities/shared_ptr/thread/default_weaktoshared.cc
(test for excess errors)
WARNING: tr1/2_general_utilities/shared_ptr/thread/default_weaktoshared.cc
compilation failed to produce executable
FAIL: tr1/2_general_utilities/shared_ptr/thread/mutex_weaktoshared.cc
(test for excess errors)
WARNING: tr1/2_general_utilities/shared_ptr/thread/mutex_weaktoshared.cc
compilation failed to produce executable
FAIL: tr1/2_general_utilities/weak_ptr/lock/1.cc (test for excess errors)
FAIL: tr1/2_general_utilities/weak_ptr/requirements/explicit_instantiation/1.cc
(test for excess errors)
FAIL: tr1/2_general_utilities/weak_ptr/requirements/explicit_instantiation/2.cc
(test for excess errors)
FAIL: tr1/headers/all.cc (test for excess errors)
=== libstdc++ Summary for unix/-m64 ===
# of expected passes 5417
# of unexpected failures 120
# of unexpected successes 2
# of expected failures 58
# of unsupported tests 10
=== libstdc++ Summary ===
# of expected passes 11007
# of unexpected failures 123
# of unexpected successes 3
# of expected failures 119
# of unsupported tests 20
Compiler version: 4.3.0 20080118 (experimental) [trunk revision 131628] (GCC)
Platform: sparc64-unknown-linux-gnu
configure flags: --enable-__cxa_atexit --enable-shared --with-cpu=v7
--with-long-double-128
--enable-languages=c,c++,fortran,java,objc,obj-c++,treelang
--no-create --no-recursion