This is the mail archive of the
gcc-testresults@gcc.gnu.org
mailing list for the GCC project.
Results for 4.3.0 20080106 (experimental) [trunk revision 131352] (GCC) testsuite on x86_64-unknown-linux-gnu
- From: hjl at lucon dot org (H.J. Lu)
- To: gcc-testresults at gcc dot gnu dot org
- Date: Sun, 6 Jan 2008 09:50:32 -0800 (PST)
- Subject: Results for 4.3.0 20080106 (experimental) [trunk revision 131352] (GCC) testsuite on x86_64-unknown-linux-gnu
LAST_UPDATED: Sun Jan 6 16:30:52 UTC 2008 (revision 131352)
Native configuration is x86_64-unknown-linux-gnu
=== gcc tests ===
Running target unix/-m32
=== gcc Summary for unix/-m32 ===
# of expected passes 48529
# of expected failures 164
# of untested testcases 35
# of unsupported tests 258
Running target unix
FAIL: gcc.dg/tree-prof/bb-reorg.c compilation, -fprofile-use -D_PROFILE_USE
UNRESOLVED: gcc.dg/tree-prof/bb-reorg.c execution, -fprofile-use -D_PROFILE_USE
=== gcc Summary for unix ===
# of expected passes 48391
# of unexpected failures 1
# of expected failures 163
# of unresolved testcases 1
# of untested testcases 35
# of unsupported tests 370
=== gcc Summary ===
# of expected passes 96920
# of unexpected failures 1
# of expected failures 327
# of unresolved testcases 1
# of untested testcases 70
# of unsupported tests 628
/export/build/gnu/gcc/build-x86_64-linux/gcc/xgcc version 4.3.0 20080106 (experimental) [trunk revision 131352] (GCC)
=== gfortran tests ===
Running target unix/-m32
FAIL: gfortran.dg/elemental_args_check_2.f90 -O (test for errors, line 14)
FAIL: gfortran.dg/elemental_args_check_2.f90 -O (test for excess errors)
=== gfortran Summary for unix/-m32 ===
# of expected passes 23047
# of unexpected failures 2
# of expected failures 8
# of unsupported tests 16
Running target unix
FAIL: gfortran.dg/elemental_args_check_2.f90 -O (test for errors, line 14)
FAIL: gfortran.dg/elemental_args_check_2.f90 -O (test for excess errors)
=== gfortran Summary for unix ===
# of expected passes 23045
# of unexpected failures 2
# of expected failures 8
# of unsupported tests 18
=== gfortran Summary ===
# of expected passes 46092
# of unexpected failures 4
# of expected failures 16
# of unsupported tests 34
/export/build/gnu/gcc/build-x86_64-linux/gcc/testsuite/gfortran/../../gfortran version 4.3.0 20080106 (experimental) [trunk revision 131352] (GCC)
=== g++ tests ===
Running target unix/-m32
=== g++ Summary for unix/-m32 ===
# of expected passes 17160
# of expected failures 84
# of unsupported tests 89
Running target unix
=== g++ Summary for unix ===
# of expected passes 17075
# of expected failures 84
# of unsupported tests 118
=== g++ Summary ===
# of expected passes 34235
# of expected failures 168
# of unsupported tests 207
/export/build/gnu/gcc/build-x86_64-linux/gcc/testsuite/g++/../../g++ version 4.3.0 20080106 (experimental) [trunk revision 131352] (GCC)
=== objc tests ===
Running target unix/-m32
=== objc Summary for unix/-m32 ===
# of expected passes 1812
# of expected failures 7
# of unsupported tests 24
Running target unix
=== objc Summary for unix ===
# of expected passes 1812
# of expected failures 7
# of unsupported tests 24
=== objc Summary ===
# of expected passes 3624
# of expected failures 14
# of unsupported tests 48
/export/build/gnu/gcc/build-x86_64-linux/gcc/xgcc version 4.3.0 20080106 (experimental) [trunk revision 131352] (GCC)
=== libffi tests ===
Running target unix/-m32
=== libffi Summary for unix/-m32 ===
# of expected passes 1389
# of unsupported tests 10
Running target unix
=== libffi Summary for unix ===
# of expected passes 1389
# of unsupported tests 10
=== libffi Summary ===
# of expected passes 2778
# of unsupported tests 20
=== libgomp tests ===
Running target unix/-m32
FAIL: libgomp.fortran/appendix-a/a.33.3.f90 -O (test for excess errors)
FAIL: libgomp.fortran/appendix-a/a.38.1.f90 -O (test for excess errors)
=== libgomp Summary for unix/-m32 ===
# of expected passes 1673
# of unexpected failures 2
Running target unix
FAIL: libgomp.fortran/appendix-a/a.33.3.f90 -O (test for excess errors)
FAIL: libgomp.fortran/appendix-a/a.38.1.f90 -O (test for excess errors)
=== libgomp Summary for unix ===
# of expected passes 1673
# of unexpected failures 2
=== libgomp Summary ===
# of expected passes 3346
# of unexpected failures 4
=== libjava tests ===
Running target unix/-m32
FAIL: events output
=== libjava Summary for unix/-m32 ===
# of expected passes 2549
# of unexpected failures 1
Running target unix
=== libjava Summary for unix ===
# of expected passes 2550
=== libjava Summary ===
# of expected passes 5099
# of unexpected failures 1
=== libmudflap tests ===
Running target unix/-m32
FAIL: libmudflap.c++/pass41-frag.cxx execution test
FAIL: libmudflap.c++/pass41-frag.cxx (-static) execution test
FAIL: libmudflap.c++/pass41-frag.cxx ( -O) execution test
FAIL: libmudflap.c++/pass41-frag.cxx (-O2) execution test
FAIL: libmudflap.c++/pass41-frag.cxx (-O3) execution test
=== libmudflap Summary for unix/-m32 ===
# of expected passes 1844
# of unexpected failures 5
Running target unix
FAIL: libmudflap.c/fail8-frag.c (-static) output pattern test
FAIL: libmudflap.c/fail9-frag.c (-static) output pattern test
FAIL: libmudflap.c++/pass41-frag.cxx execution test
FAIL: libmudflap.c++/pass41-frag.cxx (-static) execution test
FAIL: libmudflap.c++/pass41-frag.cxx ( -O) execution test
FAIL: libmudflap.c++/pass41-frag.cxx (-O2) execution test
FAIL: libmudflap.c++/pass41-frag.cxx (-O3) execution test
=== libmudflap Summary for unix ===
# of expected passes 1842
# of unexpected failures 7
=== libmudflap Summary ===
# of expected passes 3686
# of unexpected failures 12
=== libstdc++ tests ===
Running target unix/-m32
XPASS: 26_numerics/headers/cmath/c99_classification_macros_c.cc (test for excess errors)
=== libstdc++ Summary for unix/-m32 ===
# of expected passes 5594
# of unexpected successes 1
# of expected failures 61
# of unsupported tests 10
Running target unix
XPASS: 26_numerics/headers/cmath/c99_classification_macros_c.cc (test for excess errors)
XPASS: 27_io/fpos/14320-1.cc execution test
=== libstdc++ Summary for unix ===
# of expected passes 5594
# of unexpected successes 2
# of expected failures 60
# of unsupported tests 10
=== libstdc++ Summary ===
# of expected passes 11188
# of unexpected successes 3
# of expected failures 121
# of unsupported tests 20
Compiler version: 4.3.0 20080106 (experimental) [trunk revision 131352] (GCC)
Platform: x86_64-unknown-linux-gnu
configure flags: --enable-clocale=gnu --with-system-zlib --enable-decimal-float=bid --with-demangler-in-ld --enable-shared --enable-threads=posix --enable-haifa --enable-checking=assert --prefix=/usr/gcc-4.3 --with-local-prefix=/usr/local