This is the mail archive of the
gcc-testresults@gcc.gnu.org
mailing list for the GCC project.
Results for 4.3.0 20071027 (experimental) [trunk revision 129679] (GCC) testsuite on i686-pc-linux-gnu
- From: Weidong Cui <mason dot cui at gmail dot com>
- To: gcc-testresults at gcc dot gnu dot org
- Date: Sat, 27 Oct 2007 11:49:54 -0700 (PDT)
- Subject: Results for 4.3.0 20071027 (experimental) [trunk revision 129679] (GCC) testsuite on i686-pc-linux-gnu
LAST_UPDATED: Sat Oct 27 14:31:06 UTC 2007 (revision 129679)
Native configuration is i686-pc-linux-gnu
=== gcc tests ===
Running target unix
FAIL: gcc.c-torture/execute/mayalias-2.c compilation, -O3 -g (internal compiler error)
UNRESOLVED: gcc.c-torture/execute/mayalias-2.c execution, -O3 -g
FAIL: gcc.c-torture/execute/mayalias-3.c compilation, -O3 -g (internal compiler error)
UNRESOLVED: gcc.c-torture/execute/mayalias-3.c execution, -O3 -g
=== gcc Summary ===
# of expected passes 47457
# of unexpected failures 2
# of expected failures 166
# of unresolved testcases 2
# of untested testcases 35
# of unsupported tests 346
/home/cuiwd/gcc4/build/gcc/xgcc version 4.3.0 20071027 (experimental) [trunk revision 129679] (GCC)
=== gfortran tests ===
Running target unix
=== gfortran Summary ===
# of expected passes 21822
# of expected failures 9
# of unsupported tests 16
/home/cuiwd/gcc4/build/gcc/testsuite/gfortran/../../gfortran version 4.3.0 20071027 (experimental) [trunk revision 129679] (GCC)
=== g++ tests ===
Running target unix
=== g++ Summary ===
# of expected passes 16855
# of expected failures 85
# of unsupported tests 88
/home/cuiwd/gcc4/build/gcc/testsuite/g++/../../g++ version 4.3.0 20071027 (experimental) [trunk revision 129679] (GCC)
=== objc tests ===
Running target unix
=== objc Summary ===
# of expected passes 1812
# of expected failures 7
# of unsupported tests 24
/home/cuiwd/gcc4/build/gcc/xgcc version 4.3.0 20071027 (experimental) [trunk revision 129679] (GCC)
=== libffi tests ===
Running target unix
=== libffi Summary ===
# of expected passes 1108
# of unsupported tests 8
=== libgomp tests ===
Running target unix
=== libgomp Summary ===
# of expected passes 1623
=== libjava tests ===
Running target unix
=== libjava Summary ===
# of expected passes 2550
=== libmudflap tests ===
Running target unix
FAIL: libmudflap.c++/pass41-frag.cxx execution test
FAIL: libmudflap.c++/pass41-frag.cxx (-static) execution test
FAIL: libmudflap.c++/pass41-frag.cxx ( -O) execution test
FAIL: libmudflap.c++/pass41-frag.cxx (-O2) execution test
FAIL: libmudflap.c++/pass41-frag.cxx (-O3) execution test
=== libmudflap Summary ===
# of expected passes 1821
# of unexpected failures 5
=== libstdc++ tests ===
Running target unix
XPASS: 26_numerics/headers/cmath/c99_classification_macros_c.cc (test for excess errors)
=== libstdc++ Summary ===
# of expected passes 4806
# of unexpected successes 1
# of expected failures 57
# of unsupported tests 332
Compiler version: 4.3.0 20071027 (experimental) [trunk revision 129679] (GCC)
Platform: i686-pc-linux-gnu
configure flags: --prefix=/home/cuiwd/gcc4/ins --with-gnu-as --with-as=/home/cuiwd/binutils217/bin/as --with-gnu-ld --with-ld=/home/cuiwd/binutils217/bin/ld --with-mpfr=/home/cuiwd/mpfr --with-gmp=/home/cuiwd/gmp --enable-clocale=gnu --with-system-zlib --enable-shared --enable-threads=posix --enable-decimal-float=bid --with-demangler-in-ld --enable-haifa --enable-checking=assert