This is the mail archive of the gcc-testresults@gcc.gnu.org mailing list for the GCC project.


Index Nav: [Date Index] [Subject Index] [Author Index] [Thread Index]
Message Nav: [Date Prev] [Date Next] [Thread Prev] [Thread Next]
Other format: [Raw text]

Results for 4.3.0 20071024 (experimental) (GCC) testsuite on i686-pc-linux-gnu


LAST_UPDATED: Wed Oct 24 07:12:23 UTC 2007 (/trunk revision 129597)

Native configuration is i686-pc-linux-gnu

		=== g++ tests ===


Running target unix
XPASS: g++.dg/tree-ssa/copyprop-1.C scan-tree-dump-not .* = [^>;]*;
XPASS: g++.dg/tree-ssa/ivopts-1.C scan-tree-dump-not offset: -4B
XPASS: g++.dg/tree-ssa/ivopts-1.C scan-tree-dump-not &x\\[5\\]

		=== g++ Summary ===

# of expected passes		16830
# of unexpected successes	3
# of expected failures		84
# of unsupported tests		87
/scratch/gcc/nightly-2007-10-24-mainline/i686-pc-linux-gnu/build_gcc/build/test-mainline-0-i686-pc-linux-gnu/host-i686-pc-linux-gnu/fsf-mainline/bin/i686-pc-linux-gnu-g++  version 4.3.0 20071024 (experimental) (GCC) 

		=== gcc tests ===


Running target unix
FAIL: gcc.c-torture/execute/mayalias-2.c compilation,  -O3 -g  (internal compiler error)
UNRESOLVED: gcc.c-torture/execute/mayalias-2.c execution,  -O3 -g 
FAIL: gcc.c-torture/execute/mayalias-3.c compilation,  -O3 -g  (internal compiler error)
UNRESOLVED: gcc.c-torture/execute/mayalias-3.c execution,  -O3 -g 
XPASS: gcc.dg/torture/builtin-math-4.c  -O0  (test for excess errors)
XPASS: gcc.dg/torture/builtin-math-4.c  -O1  (test for excess errors)
XPASS: gcc.dg/torture/builtin-math-4.c  -O2  (test for excess errors)
XPASS: gcc.dg/torture/builtin-math-4.c  -O3 -fomit-frame-pointer  (test for excess errors)
XPASS: gcc.dg/torture/builtin-math-4.c  -O3 -fomit-frame-pointer -funroll-loops  (test for excess errors)
XPASS: gcc.dg/torture/builtin-math-4.c  -O3 -fomit-frame-pointer -funroll-all-loops -finline-functions  (test for excess errors)
XPASS: gcc.dg/torture/builtin-math-4.c  -O3 -g  (test for excess errors)
XPASS: gcc.dg/torture/builtin-math-4.c  -Os  (test for excess errors)
XPASS: gcc.dg/tree-ssa/update-threading.c scan-tree-dump-times Invalid sum 0

		=== gcc Summary ===

# of expected passes		47591
# of unexpected failures	2
# of unexpected successes	9
# of expected failures		158
# of unresolved testcases	2
# of untested testcases		35
# of unsupported tests		269
/scratch/gcc/nightly-2007-10-24-mainline/i686-pc-linux-gnu/build_gcc/build/test-mainline-0-i686-pc-linux-gnu/host-i686-pc-linux-gnu/fsf-mainline/bin/i686-pc-linux-gnu-gcc  version 4.3.0 20071024 (experimental) (GCC) 

		=== libstdc++ tests ===


Running target unix

		=== libstdc++ Summary ===

# of expected passes		5415
# of expected failures		58
# of unsupported tests		18
		=== g++ tests ===


Running target unix/-m64
FAIL: g++.dg/inherit/override-attribs.C  (test for errors, line 7)
FAIL: g++.dg/inherit/override-attribs.C  (test for errors, line 14)
FAIL: g++.dg/inherit/override-attribs.C (test for excess errors)
XPASS: g++.dg/tree-ssa/copyprop-1.C scan-tree-dump-not .* = [^>;]*;
XPASS: g++.dg/tree-ssa/ivopts-1.C scan-tree-dump-not offset: -4B
XPASS: g++.dg/tree-ssa/ivopts-1.C scan-tree-dump-not &x\\[5\\]

		=== g++ Summary ===

# of expected passes		16741
# of unexpected failures	3
# of unexpected successes	3
# of expected failures		84
# of unsupported tests		117
/scratch/gcc/nightly-2007-10-24-mainline/i686-pc-linux-gnu/build_gcc/build/test-mainline-0-i686-pc-linux-gnu/host-i686-pc-linux-gnu/fsf-mainline/bin/i686-pc-linux-gnu-g++  version 4.3.0 20071024 (experimental) (GCC) 

		=== gcc tests ===


Running target unix/-m64
FAIL: gcc.c-torture/execute/mayalias-2.c compilation,  -O3 -g  (internal compiler error)
UNRESOLVED: gcc.c-torture/execute/mayalias-2.c execution,  -O3 -g 
FAIL: gcc.c-torture/execute/mayalias-3.c compilation,  -O3 -g  (internal compiler error)
UNRESOLVED: gcc.c-torture/execute/mayalias-3.c execution,  -O3 -g 
XPASS: gcc.dg/torture/builtin-math-4.c  -O0  (test for excess errors)
XPASS: gcc.dg/torture/builtin-math-4.c  -O1  (test for excess errors)
XPASS: gcc.dg/torture/builtin-math-4.c  -O2  (test for excess errors)
XPASS: gcc.dg/torture/builtin-math-4.c  -O3 -fomit-frame-pointer  (test for excess errors)
XPASS: gcc.dg/torture/builtin-math-4.c  -O3 -fomit-frame-pointer -funroll-loops  (test for excess errors)
XPASS: gcc.dg/torture/builtin-math-4.c  -O3 -fomit-frame-pointer -funroll-all-loops -finline-functions  (test for excess errors)
XPASS: gcc.dg/torture/builtin-math-4.c  -O3 -g  (test for excess errors)
XPASS: gcc.dg/torture/builtin-math-4.c  -Os  (test for excess errors)
XPASS: gcc.dg/tree-ssa/update-threading.c scan-tree-dump-times Invalid sum 0
FAIL: gcc.target/i386/pr11001-memcpy-1.c (test for excess errors)
FAIL: gcc.target/i386/pr11001-memcpy-2.c (test for excess errors)
FAIL: gcc.target/i386/pr11001-memset-3.c (test for excess errors)
FAIL: gcc.target/i386/pr11001-strlen-1.c (test for excess errors)

		=== gcc Summary ===

# of expected passes		47453
# of unexpected failures	6
# of unexpected successes	9
# of expected failures		157
# of unresolved testcases	2
# of untested testcases		35
# of unsupported tests		380
/scratch/gcc/nightly-2007-10-24-mainline/i686-pc-linux-gnu/build_gcc/build/test-mainline-0-i686-pc-linux-gnu/host-i686-pc-linux-gnu/fsf-mainline/bin/i686-pc-linux-gnu-gcc  version 4.3.0 20071024 (experimental) (GCC) 

		=== libstdc++ tests ===


Running target unix/-m64
XPASS: 27_io/fpos/14320-1.cc execution test

		=== libstdc++ Summary ===

# of expected passes		5415
# of unexpected successes	1
# of expected failures		57
# of unsupported tests		18

Compiler version: 4.3.0 20071024 (experimental) (GCC) 
Platform: i686-pc-linux-gnu
configure flags: --build=i686-pc-linux-gnu --host=i686-pc-linux-gnu --target=i686-pc-linux-gnu --enable-threads --disable-libmudflap --disable-libssp --disable-libgomp --disable-libstdcxx-pch --enable-targets=all --with-gnu-as --with-gnu-ld --enable-languages=c,c++ --enable-shared --disable-nls --prefix=/opt/codesourcery --with-gmp=/scratch/gcc/nightly-2007-10-24-mainline/i686-pc-linux-gnu/build_gcc/build/host-libs-mainline-0-i686-pc-linux-gnu-i686-pc-linux-gnu/usr --with-mpfr=/scratch/gcc/nightly-2007-10-24-mainline/i686-pc-linux-gnu/build_gcc/build/host-libs-mainline-0-i686-pc-linux-gnu-i686-pc-linux-gnu/usr --with-build-time-tools=/scratch/gcc/nightly-2007-10-24-mainline/i686-pc-linux-gnu/build_gcc/install/i686-pc-linux-gnu/bin --with-build-time-tools=/scratch/gcc/nightly-2007-10-24-mainline/i686-pc-linux-gnu/build_gcc/install/i686-pc-linux-gnu/bin


Index Nav: [Date Index] [Subject Index] [Author Index] [Thread Index]
Message Nav: [Date Prev] [Date Next] [Thread Prev] [Thread Next]