This is the mail archive of the
gcc-testresults@gcc.gnu.org
mailing list for the GCC project.
Results for 4.3.0 20071017 (experimental) (GCC) testsuite on mips-unknown-linux-gnu
- From: Richard Sandiford <richard at nildram dot co dot uk>
- To: gcc-testresults at gcc dot gnu dot org
- Date: Thu, 18 Oct 2007 17:46:56 +0100
- Subject: Results for 4.3.0 20071017 (experimental) (GCC) testsuite on mips-unknown-linux-gnu
LAST_UPDATED: Wed Oct 17 10:31:01 UTC 2007
Target is mips-unknown-linux-gnu
Host is x86_64-unknown-linux-gnu
=== gcc tests ===
Running target qemu32eb
FAIL: gcc.c-torture/execute/20040709-2.c execution, -O2
FAIL: gcc.c-torture/execute/20040709-2.c execution, -O3 -fomit-frame-pointer
FAIL: gcc.c-torture/execute/20040709-2.c execution, -O3 -fomit-frame-pointer -funroll-loops
FAIL: gcc.c-torture/execute/20040709-2.c execution, -O3 -fomit-frame-pointer -funroll-all-loops -finline-functions
FAIL: gcc.c-torture/execute/20040709-2.c execution, -O3 -g
FAIL: gcc.c-torture/execute/20040709-2.c execution, -Os
FAIL: gcc.c-torture/execute/mayalias-2.c compilation, -O3 -g (internal compiler error)
UNRESOLVED: gcc.c-torture/execute/mayalias-2.c execution, -O3 -g
FAIL: gcc.c-torture/execute/mayalias-3.c compilation, -O3 -g (internal compiler error)
UNRESOLVED: gcc.c-torture/execute/mayalias-3.c execution, -O3 -g
XPASS: gcc.dg/tree-ssa/20040204-1.c scan-tree-dump-times link_error 0
XPASS: gcc.dg/tree-ssa/update-threading.c scan-tree-dump-times Invalid sum 0
=== gcc Summary ===
# of expected passes 45904
# of unexpected failures 8
# of unexpected successes 2
# of expected failures 92
# of unresolved testcases 2
# of untested testcases 35
# of unsupported tests 324
/scratch/richard/gcc/HEAD/mips-linux-gnu/x86_64-unknown-linux-gnu/gcc/xgcc version 4.3.0 20071017 (experimental) (GCC)
Host is x86_64-unknown-linux-gnu
=== gfortran tests ===
Running target qemu32eb
FAIL: gfortran.dg/char_pointer_func.f90 -O3 -fomit-frame-pointer execution test
FAIL: gfortran.dg/char_pointer_func.f90 -O3 -fomit-frame-pointer -funroll-loops execution test
FAIL: gfortran.dg/char_pointer_func.f90 -O3 -fomit-frame-pointer -funroll-all-loops -finline-functions execution test
FAIL: gfortran.dg/char_pointer_func.f90 -O3 -g execution test
FAIL: gfortran.dg/direct_io_2.f90 -O0 execution test
FAIL: gfortran.dg/direct_io_2.f90 -O1 execution test
FAIL: gfortran.dg/direct_io_2.f90 -O2 execution test
FAIL: gfortran.dg/direct_io_2.f90 -O3 -fomit-frame-pointer execution test
FAIL: gfortran.dg/direct_io_2.f90 -O3 -fomit-frame-pointer -funroll-loops execution test
FAIL: gfortran.dg/direct_io_2.f90 -O3 -fomit-frame-pointer -funroll-all-loops -finline-functions execution test
FAIL: gfortran.dg/direct_io_2.f90 -O3 -g execution test
FAIL: gfortran.dg/direct_io_2.f90 -Os execution test
FAIL: gfortran.fortran-torture/execute/direct_io.f90 execution, -O0
FAIL: gfortran.fortran-torture/execute/direct_io.f90 execution, -O2
FAIL: gfortran.fortran-torture/execute/direct_io.f90 execution, -O3 -fomit-frame-pointer -funroll-loops
FAIL: gfortran.fortran-torture/execute/direct_io.f90 execution, -O3 -g
=== gfortran Summary ===
# of expected passes 21480
# of unexpected failures 16
# of expected failures 8
# of unsupported tests 116
/scratch/richard/gcc/HEAD/mips-linux-gnu/x86_64-unknown-linux-gnu/gcc/testsuite/gfortran/../../gfortran version 4.3.0 20071017 (experimental) (GCC)
Host is x86_64-unknown-linux-gnu
=== g++ tests ===
Running target qemu32eb
XPASS: g++.dg/tree-ssa/copyprop-1.C scan-tree-dump-not .* = [^>;]*;
=== g++ Summary ===
# of expected passes 16700
# of unexpected successes 1
# of expected failures 84
# of unsupported tests 142
/scratch/richard/gcc/HEAD/mips-linux-gnu/x86_64-unknown-linux-gnu/gcc/testsuite/g++/../../g++ version 4.3.0 20071017 (experimental) (GCC)
Host is x86_64-unknown-linux-gnu
=== objc tests ===
Running target qemu32eb
FAIL: objc.dg/stabs-1.m scan-assembler (.SUBSPA.*[\$]CODE[\$]|.text"?)\\n\\t.stabs.*100,0,0,(\\\\.)?L?L[\$]?etext[0-9]*\\n(\\\\.)?L?L[\$]?etext
=== objc Summary ===
# of expected passes 1811
# of unexpected failures 1
# of expected failures 7
# of unsupported tests 24
/scratch/richard/gcc/HEAD/mips-linux-gnu/x86_64-unknown-linux-gnu/gcc/xgcc version 4.3.0 20071017 (experimental) (GCC)
Host is mips-unknown-linux-gnu
=== libffi tests ===
Running target qemu32eb
=== libffi Summary ===
# of expected passes 1108
# of unsupported tests 8
Host is mips-unknown-linux-gnu
=== libjava tests ===
Running target qemu32eb
FAIL: /scratch/richard/gcc/HEAD/mips-linux-gnu/x86_64-unknown-linux-gnu/mips-linux-gnu/libjava/testsuite/TestMultiple.exe output - /scratch/richard/gcc/HEAD/mips-linux-gnu/x86_64-unknown-linux-gnu/mips-linux-gnu/libjava/testsuite/TestMultiple.exe
FAIL: /scratch/richard/gcc/HEAD/mips-linux-gnu/x86_64-unknown-linux-gnu/mips-linux-gnu/libjava/testsuite/TestParent.exe output - /scratch/richard/gcc/HEAD/mips-linux-gnu/x86_64-unknown-linux-gnu/mips-linux-gnu/libjava/testsuite/TestParent.exe
=== libjava Summary ===
# of expected passes 2379
# of unexpected failures 2
# of untested testcases 4
Host is mips-unknown-linux-gnu
=== libstdc++ tests ===
Running target qemu32eb
FAIL: abi_check
WARNING: program timed out.
FAIL: 23_containers/vector/bool/modifiers/insert/31370.cc execution test
XPASS: 26_numerics/headers/cmath/c99_classification_macros_c.cc (test for excess errors)
=== libstdc++ Summary ===
# of expected passes 4785
# of unexpected failures 2
# of unexpected successes 1
# of expected failures 57
# of unsupported tests 334
Compiler version: 4.3.0 20071017 (experimental) (GCC)
Platform: mips-unknown-linux-gnu
configure flags: --prefix=/scratch/richard/usr/gcc --exec-prefix=/scratch/richard/usr/gcc/H-x86_64-unknown-linux-gnu --build=x86_64-unknown-linux-gnu --host=x86_64-unknown-linux-gnu --target=mips-linux-gnu --enable-__cxa_atexit --with-gmp=/scratch/richard/usr/gmp/H-x86_64-unknown-linux-gnu --with-gnu-as --with-as=/scratch/richard/usr/src/H-x86_64-unknown-linux-gnu/bin/mips-linux-gnu-as --with-gnu-ld --with-ld=/scratch/richard/usr/src/H-x86_64-unknown-linux-gnu/bin/mips-linux-gnu-ld --with-sysroot=/scratch/richard/sysroot/roots/qemu32eb --enable-werror-always