This is the mail archive of the
gcc-testresults@gcc.gnu.org
mailing list for the GCC project.
Results for 4.3.0 20071013 (experimental) (GCC) testsuite on mipsisa32-unknown-elf
- From: Richard Sandiford <richard at nildram dot co dot uk>
- To: gcc-testresults at gcc dot gnu dot org
- Date: Sun, 14 Oct 2007 09:58:49 +0100
- Subject: Results for 4.3.0 20071013 (experimental) (GCC) testsuite on mipsisa32-unknown-elf
LAST_UPDATED: Sat Oct 13 22:14:43 UTC 2007
Target is mipsisa32-unknown-elf
Host is x86_64-unknown-linux-gnu
=== gcc tests ===
Running target mips-sim-idt32/-EB
FAIL: gcc.c-torture/compile/20050113-1.c -O1 (internal compiler error)
FAIL: gcc.c-torture/compile/20050113-1.c -O1 (test for excess errors)
FAIL: gcc.c-torture/compile/20050113-1.c -O2 (internal compiler error)
FAIL: gcc.c-torture/compile/20050113-1.c -O2 (test for excess errors)
FAIL: gcc.c-torture/compile/20050113-1.c -O3 -fomit-frame-pointer (internal compiler error)
FAIL: gcc.c-torture/compile/20050113-1.c -O3 -fomit-frame-pointer (test for excess errors)
FAIL: gcc.c-torture/compile/20050113-1.c -O3 -g (internal compiler error)
FAIL: gcc.c-torture/compile/20050113-1.c -O3 -g (test for excess errors)
FAIL: gcc.c-torture/compile/20050113-1.c -Os (internal compiler error)
FAIL: gcc.c-torture/compile/20050113-1.c -Os (test for excess errors)
FAIL: gcc.c-torture/execute/mayalias-2.c compilation, -O3 -g (internal compiler error)
UNRESOLVED: gcc.c-torture/execute/mayalias-2.c execution, -O3 -g
FAIL: gcc.c-torture/execute/mayalias-3.c compilation, -O3 -g (internal compiler error)
UNRESOLVED: gcc.c-torture/execute/mayalias-3.c execution, -O3 -g
FAIL: gcc.dg/memcpy-1.c scan-tree-dump-times nasty_local 0
XPASS: gcc.dg/tree-ssa/20040204-1.c scan-tree-dump-times link_error 0
FAIL: gcc.dg/tree-ssa/complex-3.c scan-tree-dump-times REALPART_EXPR 2
FAIL: gcc.dg/tree-ssa/complex-3.c scan-tree-dump-times IMAGPART_EXPR 1
XPASS: gcc.dg/tree-ssa/update-threading.c scan-tree-dump-times Invalid sum 0
=== gcc Summary for mips-sim-idt32/-EB ===
# of expected passes 45203
# of unexpected failures 15
# of unexpected successes 2
# of expected failures 87
# of unresolved testcases 2
# of untested testcases 35
# of unsupported tests 363
Running target mips-sim-idt32/-EB/-msoft-float
FAIL: gcc.c-torture/compile/20050113-1.c -O1 (internal compiler error)
FAIL: gcc.c-torture/compile/20050113-1.c -O1 (test for excess errors)
FAIL: gcc.c-torture/compile/20050113-1.c -O2 (internal compiler error)
FAIL: gcc.c-torture/compile/20050113-1.c -O2 (test for excess errors)
FAIL: gcc.c-torture/compile/20050113-1.c -O3 -fomit-frame-pointer (internal compiler error)
FAIL: gcc.c-torture/compile/20050113-1.c -O3 -fomit-frame-pointer (test for excess errors)
FAIL: gcc.c-torture/compile/20050113-1.c -O3 -g (internal compiler error)
FAIL: gcc.c-torture/compile/20050113-1.c -O3 -g (test for excess errors)
FAIL: gcc.c-torture/compile/20050113-1.c -Os (internal compiler error)
FAIL: gcc.c-torture/compile/20050113-1.c -Os (test for excess errors)
FAIL: gcc.c-torture/execute/mayalias-2.c compilation, -O3 -g (internal compiler error)
UNRESOLVED: gcc.c-torture/execute/mayalias-2.c execution, -O3 -g
FAIL: gcc.c-torture/execute/mayalias-3.c compilation, -O3 -g (internal compiler error)
UNRESOLVED: gcc.c-torture/execute/mayalias-3.c execution, -O3 -g
FAIL: gcc.dg/memcpy-1.c scan-tree-dump-times nasty_local 0
FAIL: gcc.dg/pr30957-1.c scan-rtl-dump Expanding Accumulator
FAIL: gcc.dg/var-expand1.c scan-rtl-dump Expanding Accumulator
XPASS: gcc.dg/tree-ssa/20040204-1.c scan-tree-dump-times link_error 0
FAIL: gcc.dg/tree-ssa/complex-3.c scan-tree-dump-times REALPART_EXPR 2
FAIL: gcc.dg/tree-ssa/complex-3.c scan-tree-dump-times IMAGPART_EXPR 1
XPASS: gcc.dg/tree-ssa/update-threading.c scan-tree-dump-times Invalid sum 0
=== gcc Summary for mips-sim-idt32/-EB/-msoft-float ===
# of expected passes 45192
# of unexpected failures 17
# of unexpected successes 2
# of expected failures 86
# of unresolved testcases 2
# of untested testcases 35
# of unsupported tests 367
Running target mips-sim-idt32/-EL
FAIL: gcc.c-torture/compile/20050113-1.c -O1 (internal compiler error)
FAIL: gcc.c-torture/compile/20050113-1.c -O1 (test for excess errors)
FAIL: gcc.c-torture/compile/20050113-1.c -O2 (internal compiler error)
FAIL: gcc.c-torture/compile/20050113-1.c -O2 (test for excess errors)
FAIL: gcc.c-torture/compile/20050113-1.c -O3 -fomit-frame-pointer (internal compiler error)
FAIL: gcc.c-torture/compile/20050113-1.c -O3 -fomit-frame-pointer (test for excess errors)
FAIL: gcc.c-torture/compile/20050113-1.c -O3 -g (internal compiler error)
FAIL: gcc.c-torture/compile/20050113-1.c -O3 -g (test for excess errors)
FAIL: gcc.c-torture/compile/20050113-1.c -Os (internal compiler error)
FAIL: gcc.c-torture/compile/20050113-1.c -Os (test for excess errors)
FAIL: gcc.c-torture/execute/mayalias-2.c compilation, -O3 -g (internal compiler error)
UNRESOLVED: gcc.c-torture/execute/mayalias-2.c execution, -O3 -g
FAIL: gcc.c-torture/execute/mayalias-3.c compilation, -O3 -g (internal compiler error)
UNRESOLVED: gcc.c-torture/execute/mayalias-3.c execution, -O3 -g
FAIL: gcc.dg/memcpy-1.c scan-tree-dump-times nasty_local 0
XPASS: gcc.dg/tree-ssa/20040204-1.c scan-tree-dump-times link_error 0
FAIL: gcc.dg/tree-ssa/complex-3.c scan-tree-dump-times REALPART_EXPR 2
FAIL: gcc.dg/tree-ssa/complex-3.c scan-tree-dump-times IMAGPART_EXPR 1
XPASS: gcc.dg/tree-ssa/update-threading.c scan-tree-dump-times Invalid sum 0
=== gcc Summary for mips-sim-idt32/-EL ===
# of expected passes 45203
# of unexpected failures 15
# of unexpected successes 2
# of expected failures 86
# of unresolved testcases 2
# of untested testcases 35
# of unsupported tests 364
Running target mips-sim-idt32/-EL/-msoft-float
FAIL: gcc.c-torture/compile/20050113-1.c -O1 (internal compiler error)
FAIL: gcc.c-torture/compile/20050113-1.c -O1 (test for excess errors)
FAIL: gcc.c-torture/compile/20050113-1.c -O2 (internal compiler error)
FAIL: gcc.c-torture/compile/20050113-1.c -O2 (test for excess errors)
FAIL: gcc.c-torture/compile/20050113-1.c -O3 -fomit-frame-pointer (internal compiler error)
FAIL: gcc.c-torture/compile/20050113-1.c -O3 -fomit-frame-pointer (test for excess errors)
FAIL: gcc.c-torture/compile/20050113-1.c -O3 -g (internal compiler error)
FAIL: gcc.c-torture/compile/20050113-1.c -O3 -g (test for excess errors)
FAIL: gcc.c-torture/compile/20050113-1.c -Os (internal compiler error)
FAIL: gcc.c-torture/compile/20050113-1.c -Os (test for excess errors)
FAIL: gcc.c-torture/execute/mayalias-2.c compilation, -O3 -g (internal compiler error)
UNRESOLVED: gcc.c-torture/execute/mayalias-2.c execution, -O3 -g
FAIL: gcc.c-torture/execute/mayalias-3.c compilation, -O3 -g (internal compiler error)
UNRESOLVED: gcc.c-torture/execute/mayalias-3.c execution, -O3 -g
FAIL: gcc.dg/memcpy-1.c scan-tree-dump-times nasty_local 0
FAIL: gcc.dg/pr30957-1.c scan-rtl-dump Expanding Accumulator
FAIL: gcc.dg/var-expand1.c scan-rtl-dump Expanding Accumulator
XPASS: gcc.dg/tree-ssa/20040204-1.c scan-tree-dump-times link_error 0
FAIL: gcc.dg/tree-ssa/complex-3.c scan-tree-dump-times REALPART_EXPR 2
FAIL: gcc.dg/tree-ssa/complex-3.c scan-tree-dump-times IMAGPART_EXPR 1
XPASS: gcc.dg/tree-ssa/update-threading.c scan-tree-dump-times Invalid sum 0
=== gcc Summary for mips-sim-idt32/-EL/-msoft-float ===
# of expected passes 45191
# of unexpected failures 17
# of unexpected successes 2
# of expected failures 86
# of unresolved testcases 2
# of untested testcases 35
# of unsupported tests 368
=== gcc Summary ===
# of expected passes 180789
# of unexpected failures 64
# of unexpected successes 8
# of expected failures 345
# of unresolved testcases 8
# of untested testcases 140
# of unsupported tests 1462
/scratch/richard/gcc/HEAD/mipsisa32-elf/x86_64-unknown-linux-gnu/gcc/xgcc version 4.3.0 20071013 (experimental) (GCC)
Host is x86_64-unknown-linux-gnu
=== g++ tests ===
Running target mips-sim-idt32/-EB
FAIL: g++.dg/eh/gcsec1.C execution test
XPASS: g++.dg/tree-ssa/copyprop-1.C scan-tree-dump-not .* = [^>;]*;
=== g++ Summary for mips-sim-idt32/-EB ===
# of expected passes 16207
# of unexpected failures 1
# of unexpected successes 1
# of expected failures 83
# of unsupported tests 158
Running target mips-sim-idt32/-EB/-msoft-float
FAIL: g++.dg/eh/gcsec1.C execution test
XPASS: g++.dg/tree-ssa/copyprop-1.C scan-tree-dump-not .* = [^>;]*;
=== g++ Summary for mips-sim-idt32/-EB/-msoft-float ===
# of expected passes 16207
# of unexpected failures 1
# of unexpected successes 1
# of expected failures 83
# of unsupported tests 158
Running target mips-sim-idt32/-EL
FAIL: g++.dg/eh/gcsec1.C execution test
XPASS: g++.dg/tree-ssa/copyprop-1.C scan-tree-dump-not .* = [^>;]*;
=== g++ Summary for mips-sim-idt32/-EL ===
# of expected passes 16207
# of unexpected failures 1
# of unexpected successes 1
# of expected failures 83
# of unsupported tests 158
Running target mips-sim-idt32/-EL/-msoft-float
FAIL: g++.dg/eh/gcsec1.C execution test
XPASS: g++.dg/tree-ssa/copyprop-1.C scan-tree-dump-not .* = [^>;]*;
=== g++ Summary for mips-sim-idt32/-EL/-msoft-float ===
# of expected passes 16207
# of unexpected failures 1
# of unexpected successes 1
# of expected failures 83
# of unsupported tests 158
=== g++ Summary ===
# of expected passes 64828
# of unexpected failures 4
# of unexpected successes 4
# of expected failures 332
# of unsupported tests 632
/scratch/richard/gcc/HEAD/mipsisa32-elf/x86_64-unknown-linux-gnu/gcc/testsuite/g++/../../g++ version 4.3.0 20071013 (experimental) (GCC)
Host is x86_64-unknown-linux-gnu
=== objc tests ===
Running target mips-sim-idt32/-EB
FAIL: objc.dg/stabs-1.m scan-assembler (.SUBSPA.*[\$]CODE[\$]|.text"?)\\n\\t.stabs.*100,0,0,(\\\\.)?L?L[\$]?etext[0-9]*\\n(\\\\.)?L?L[\$]?etext
=== objc Summary for mips-sim-idt32/-EB ===
# of expected passes 1811
# of unexpected failures 1
# of expected failures 7
# of unsupported tests 24
Running target mips-sim-idt32/-EB/-msoft-float
FAIL: objc.dg/stabs-1.m scan-assembler (.SUBSPA.*[\$]CODE[\$]|.text"?)\\n\\t.stabs.*100,0,0,(\\\\.)?L?L[\$]?etext[0-9]*\\n(\\\\.)?L?L[\$]?etext
=== objc Summary for mips-sim-idt32/-EB/-msoft-float ===
# of expected passes 1811
# of unexpected failures 1
# of expected failures 7
# of unsupported tests 24
Running target mips-sim-idt32/-EL
FAIL: objc.dg/stabs-1.m scan-assembler (.SUBSPA.*[\$]CODE[\$]|.text"?)\\n\\t.stabs.*100,0,0,(\\\\.)?L?L[\$]?etext[0-9]*\\n(\\\\.)?L?L[\$]?etext
=== objc Summary for mips-sim-idt32/-EL ===
# of expected passes 1811
# of unexpected failures 1
# of expected failures 7
# of unsupported tests 24
Running target mips-sim-idt32/-EL/-msoft-float
FAIL: objc.dg/stabs-1.m scan-assembler (.SUBSPA.*[\$]CODE[\$]|.text"?)\\n\\t.stabs.*100,0,0,(\\\\.)?L?L[\$]?etext[0-9]*\\n(\\\\.)?L?L[\$]?etext
=== objc Summary for mips-sim-idt32/-EL/-msoft-float ===
# of expected passes 1811
# of unexpected failures 1
# of expected failures 7
# of unsupported tests 24
=== objc Summary ===
# of expected passes 7244
# of unexpected failures 4
# of expected failures 28
# of unsupported tests 96
/scratch/richard/gcc/HEAD/mipsisa32-elf/x86_64-unknown-linux-gnu/gcc/xgcc version 4.3.0 20071013 (experimental) (GCC)
Host is mipsisa32-unknown-elf
=== libstdc++ tests ===
Running target mips-sim-idt32/-EB
XPASS: 26_numerics/headers/cmath/c99_classification_macros_c.cc (test for excess errors)
=== libstdc++ Summary for mips-sim-idt32/-EB ===
# of expected passes 3472
# of unexpected successes 1
# of expected failures 53
# of unsupported tests 374
Running target mips-sim-idt32/-EB/-msoft-float
XPASS: 26_numerics/headers/cmath/c99_classification_macros_c.cc (test for excess errors)
=== libstdc++ Summary for mips-sim-idt32/-EB/-msoft-float ===
# of expected passes 3472
# of unexpected successes 1
# of expected failures 53
# of unsupported tests 374
Running target mips-sim-idt32/-EL
XPASS: 26_numerics/headers/cmath/c99_classification_macros_c.cc (test for excess errors)
=== libstdc++ Summary for mips-sim-idt32/-EL ===
# of expected passes 3472
# of unexpected successes 1
# of expected failures 53
# of unsupported tests 374
Running target mips-sim-idt32/-EL/-msoft-float
XPASS: 26_numerics/headers/cmath/c99_classification_macros_c.cc (test for excess errors)
=== libstdc++ Summary for mips-sim-idt32/-EL/-msoft-float ===
# of expected passes 3472
# of unexpected successes 1
# of expected failures 53
# of unsupported tests 374
=== libstdc++ Summary ===
# of expected passes 13888
# of unexpected successes 4
# of expected failures 212
# of unsupported tests 1496
Compiler version: 4.3.0 20071013 (experimental) (GCC)
Platform: mipsisa32-unknown-elf
configure flags: --prefix=/scratch/richard/usr/gcc --exec-prefix=/scratch/richard/usr/gcc/H-x86_64-unknown-linux-gnu --build=x86_64-unknown-linux-gnu --host=x86_64-unknown-linux-gnu --target=mipsisa32-elf --enable-__cxa_atexit --with-gmp=/scratch/richard/usr/gmp/H-x86_64-unknown-linux-gnu --with-gnu-as --with-as=/scratch/richard/usr/src/H-x86_64-unknown-linux-gnu/bin/mipsisa32-elf-as --with-gnu-ld --with-ld=/scratch/richard/usr/src/H-x86_64-unknown-linux-gnu/bin/mipsisa32-elf-ld --enable-werror-always --enable-languages=c,c++,objc