This is the mail archive of the
gcc-testresults@gcc.gnu.org
mailing list for the GCC project.
Results for 4.3.0 20071009 (experimental) [trunk revision 129172] (GCC) testsuite on x86_64-pc-linux-gnu
- From: Panagiotis Christopoulos <pxrist at gmail dot com>
- To: gcc-testresults at gcc dot gnu dot org
- Date: Wed, 10 Oct 2007 09:47:37 +0300
- Subject: Results for 4.3.0 20071009 (experimental) [trunk revision 129172] (GCC) testsuite on x86_64-pc-linux-gnu
LAST_UPDATED: Tue Oct 9 18:48:28 UTC 2007 (revision 129172)
Native configuration is x86_64-pc-linux-gnu
=== g++ tests ===
Running target unix
XPASS: g++.dg/tree-ssa/copyprop-1.C scan-tree-dump-not .* = [^>;]*;
XPASS: g++.dg/tree-ssa/ivopts-1.C scan-tree-dump-not offset: -4B
XPASS: g++.dg/tree-ssa/ivopts-1.C scan-tree-dump-not &x\\[5\\]
=== g++ Summary ===
# of expected passes 16690
# of unexpected successes 3
# of expected failures 84
# of unsupported tests 118
/opt/gcc/tmpdir/gcc/testsuite/g++/../../g++ version 4.3.0 20071009 (experimental) [trunk revision 129172] (GCC)
=== gcc tests ===
Running target unix
FAIL: gcc.c-torture/execute/mayalias-2.c compilation, -O3 -g (internal compiler error)
UNRESOLVED: gcc.c-torture/execute/mayalias-2.c execution, -O3 -g
FAIL: gcc.c-torture/execute/mayalias-3.c compilation, -O3 -g (internal compiler error)
UNRESOLVED: gcc.c-torture/execute/mayalias-3.c execution, -O3 -g
FAIL: largefile.c -O0 -g (internal compiler error)
FAIL: largefile.c -O0 -g (test for excess errors)
FAIL: largefile.c -O0 (internal compiler error)
FAIL: largefile.c -O0 (test for excess errors)
FAIL: largefile.c -O1 (internal compiler error)
FAIL: largefile.c -O1 (test for excess errors)
FAIL: largefile.c -O2 (internal compiler error)
FAIL: largefile.c -O2 (test for excess errors)
FAIL: largefile.c -O3 -fomit-frame-pointer (internal compiler error)
FAIL: largefile.c -O3 -fomit-frame-pointer (test for excess errors)
FAIL: largefile.c -O3 -g (internal compiler error)
FAIL: largefile.c -O3 -g (test for excess errors)
FAIL: largefile.c -Os (internal compiler error)
FAIL: largefile.c -Os (test for excess errors)
XPASS: gcc.dg/tree-ssa/update-threading.c scan-tree-dump-times Invalid sum 0
=== gcc Summary ===
# of expected passes 47333
# of unexpected failures 16
# of unexpected successes 1
# of expected failures 164
# of unresolved testcases 2
# of untested testcases 42
# of unsupported tests 374
/opt/gcc/tmpdir/gcc/xgcc version 4.3.0 20071009 (experimental) [trunk revision 129172] (GCC)
=== gfortran tests ===
Running target unix
FAIL: gfortran.dg/do_3.F90 -O3 -fomit-frame-pointer execution test
FAIL: gfortran.dg/do_3.F90 -O3 -fomit-frame-pointer -funroll-loops execution test
FAIL: gfortran.dg/do_3.F90 -O3 -fomit-frame-pointer -funroll-all-loops -finline-functions execution test
FAIL: gfortran.dg/do_3.F90 -O3 -g execution test
FAIL: gfortran.dg/gamma_5.f90 -O0 execution test
FAIL: gfortran.dg/gamma_5.f90 -O1 execution test
FAIL: gfortran.dg/gamma_5.f90 -O2 execution test
FAIL: gfortran.dg/gamma_5.f90 -O3 -fomit-frame-pointer execution test
FAIL: gfortran.dg/gamma_5.f90 -O3 -fomit-frame-pointer -funroll-loops execution test
FAIL: gfortran.dg/gamma_5.f90 -O3 -fomit-frame-pointer -funroll-all-loops -finline-functions execution test
FAIL: gfortran.dg/gamma_5.f90 -O3 -g execution test
FAIL: gfortran.dg/gamma_5.f90 -Os execution test
=== gfortran Summary ===
# of expected passes 21598
# of unexpected failures 12
# of expected failures 9
# of unsupported tests 18
/opt/gcc/tmpdir/gcc/testsuite/gfortran/../../gfortran version 4.3.0 20071009 (experimental) [trunk revision 129172] (GCC)
=== obj-c++ tests ===
Running target unix
FAIL: obj-c++.dg/bitfield-1.mm (internal compiler error)
FAIL: obj-c++.dg/bitfield-1.mm (test for excess errors)
WARNING: obj-c++.dg/bitfield-1.mm compilation failed to produce executable
FAIL: obj-c++.dg/bitfield-4.mm (test for excess errors)
FAIL: obj-c++.dg/comp-types-10.mm (internal compiler error)
FAIL: obj-c++.dg/comp-types-10.mm (test for excess errors)
FAIL: obj-c++.dg/cxx-ivars-2.mm execution test
FAIL: obj-c++.dg/encode-2.mm scan-assembler {Vec<float>=ffi}
FAIL: obj-c++.dg/encode-2.mm scan-assembler {Vec<double>=ddi}
FAIL: obj-c++.dg/encode-3.mm execution test
FAIL: obj-c++.dg/encode-8.mm execution test
FAIL: obj-c++.dg/gnu-runtime-2.mm (test for excess errors)
FAIL: obj-c++.dg/isa-field-1.mm (test for excess errors)
FAIL: obj-c++.dg/layout-1.mm (test for excess errors)
FAIL: obj-c++.dg/lookup-2.mm (test for excess errors)
WARNING: obj-c++.dg/lookup-2.mm compilation failed to produce executable
FAIL: obj-c++.dg/try-catch-2.mm (test for excess errors)
WARNING: obj-c++.dg/try-catch-2.mm compilation failed to produce executable
FAIL: obj-c++.dg/try-catch-9.mm (internal compiler error)
FAIL: obj-c++.dg/try-catch-9.mm (test for excess errors)
WARNING: obj-c++.dg/try-catch-9.mm compilation failed to produce executable
=== obj-c++ Summary ===
# of expected passes 420
# of unexpected failures 17
# of unsupported tests 13
/opt/gcc/tmpdir/gcc/testsuite/obj-c++/../../g++ version 4.3.0 20071009 (experimental) [trunk revision 129172] (GCC)
=== objc tests ===
Running target unix
=== objc Summary ===
# of expected passes 1812
# of expected failures 7
# of unsupported tests 24
/opt/gcc/tmpdir/gcc/xgcc version 4.3.0 20071009 (experimental) [trunk revision 129172] (GCC)
=== treelang tests ===
Running target unix
=== treelang Summary ===
# of expected passes 52
=== libffi tests ===
Running target unix
=== libffi Summary ===
# of expected passes 1108
# of unsupported tests 8
=== libgomp tests ===
Running target unix
=== libgomp Summary ===
# of expected passes 1623
=== libjava tests ===
Running target unix
=== libjava Summary ===
# of expected passes 2550
=== libmudflap tests ===
Running target unix
FAIL: libmudflap.c/fail8-frag.c (-static) output pattern test
FAIL: libmudflap.c/fail9-frag.c (-static) output pattern test
FAIL: libmudflap.c++/pass41-frag.cxx execution test
FAIL: libmudflap.c++/pass41-frag.cxx (-static) execution test
FAIL: libmudflap.c++/pass41-frag.cxx ( -O) execution test
FAIL: libmudflap.c++/pass41-frag.cxx (-O2) execution test
FAIL: libmudflap.c++/pass41-frag.cxx (-O3) execution test
=== libmudflap Summary ===
# of expected passes 1819
# of unexpected failures 7
=== libstdc++ tests ===
Running target unix
XPASS: 27_io/fpos/14320-1.cc execution test
=== libstdc++ Summary ===
# of expected passes 4731
# of unexpected successes 1
# of expected failures 57
# of unsupported tests 334
Compiler version: 4.3.0 20071009 (experimental) [trunk revision 129172] (GCC)
Platform: x86_64-pc-linux-gnu
configure flags: --prefix=/opt/gcc/installdir/ -with-arch=nocona --build=x86_64-pc-linux-gnu --disable-nls --with-system-zlib --enable-objc-gc --enable-libgomp --enable-libgcj --disable-multilib --enable-languages=c,c++,fortran,objc,obj-c++,java,treelang --with-gc=zone --enable-coverage=opt --enable-shared --enable-threads=posix --enable-clocale=gnu --enable-__cxa_atexit