This is the mail archive of the
gcc-testresults@gcc.gnu.org
mailing list for the GCC project.
Results for 4.3.0 20070916 (experimental) [trunk revision 128522] (Debian 20070916-1) testsuite on powerpc-unknown-linux-gnu
- From: Matthias Klose <doko at debian dot org>
- To: gcc-testresults at gcc dot gnu dot org
- Cc: debian-gcc at lists dot debian dot org
- Date: Wed, 19 Sep 2007 17:55:07 -0600
- Subject: Results for 4.3.0 20070916 (experimental) [trunk revision 128522] (Debian 20070916-1) testsuite on powerpc-unknown-linux-gnu
- Reply-to: Matthias Klose <doko at debian dot org>
LAST_UPDATED: Sun Sep 16 07:54:18 UTC 2007 (revision 128522)
Target: powerpc-linux-gnu
gcc version 4.3.0 20070916 (experimental) [trunk revision 128522] (Debian 20070916-1)
=== acats tests ===
FAIL: c32107a
FAIL: c41328a
=== acats Summary ===
# of expected passes 2313
# of unexpected failures 2
Native configuration is powerpc-unknown-linux-gnu
=== g++ tests ===
Running target unix
XPASS: g++.dg/tree-ssa/copyprop-1.C scan-tree-dump-not .* = [^>;]*;
=== g++ Summary for unix ===
# of expected passes 16649
# of unexpected successes 1
# of expected failures 87
# of unsupported tests 114
Running target unix/-fstack-protector
XPASS: g++.dg/tree-ssa/copyprop-1.C scan-tree-dump-not .* = [^>;]*;
=== g++ Summary for unix/-fstack-protector ===
# of expected passes 16649
# of unexpected successes 1
# of expected failures 87
# of unsupported tests 114
=== g++ Summary ===
# of expected passes 33298
# of unexpected successes 2
# of expected failures 174
# of unsupported tests 228
/build/buildd/gcc-snapshot-20070916/build/gcc/testsuite/g++/../../g++ version 4.3.0 20070916 (experimental) [trunk revision 128522] (Debian 20070916-1)
=== gcc tests ===
Running target unix
FAIL: gcc.c-torture/compile/limits-structnest.c -O2 (test for excess errors)
FAIL: gcc.c-torture/compile/limits-structnest.c -O3 -fomit-frame-pointer (test for excess errors)
FAIL: gcc.c-torture/compile/limits-structnest.c -O3 -g (test for excess errors)
FAIL: gcc.c-torture/compile/limits-structnest.c -Os (test for excess errors)
FAIL: gcc.c-torture/execute/mayalias-2.c compilation, -O3 -g (internal compiler error)
UNRESOLVED: gcc.c-torture/execute/mayalias-2.c execution, -O3 -g
FAIL: gcc.c-torture/execute/mayalias-3.c compilation, -O3 -g (internal compiler error)
UNRESOLVED: gcc.c-torture/execute/mayalias-3.c execution, -O3 -g
FAIL: gcc.dg/dfp/convert-bfp-3.c execution test
WARNING: program timed out.
FAIL: gcc.dg/memcpy-1.c scan-tree-dump-times nasty_local 0
FAIL: gcc.dg/pr32912-3.c (test for excess errors)
XPASS: gcc.dg/torture/builtin-math-4.c -O0 (test for excess errors)
XPASS: gcc.dg/torture/builtin-math-4.c -O1 (test for excess errors)
XPASS: gcc.dg/torture/builtin-math-4.c -O2 (test for excess errors)
XPASS: gcc.dg/torture/builtin-math-4.c -O3 -fomit-frame-pointer (test for excess errors)
XPASS: gcc.dg/torture/builtin-math-4.c -O3 -fomit-frame-pointer -funroll-loops (test for excess errors)
XPASS: gcc.dg/torture/builtin-math-4.c -O3 -fomit-frame-pointer -funroll-all-loops -finline-functions (test for excess errors)
XPASS: gcc.dg/torture/builtin-math-4.c -O3 -g (test for excess errors)
XPASS: gcc.dg/torture/builtin-math-4.c -Os (test for excess errors)
FAIL: gcc.dg/tree-ssa/ssa-fre-4.c scan-tree-dump Replaced \\(char\\) .*with
XPASS: gcc.dg/tree-ssa/update-threading.c scan-tree-dump-times Invalid sum 0
FAIL: gcc.dg/vect/costmodel/ppc/costmodel-vect-31d.c scan-tree-dump-times vectorization not profitable 1
FAIL: gcc.dg/vect/costmodel/ppc/costmodel-vect-31d.c scan-tree-dump-times vectorized 1 loops 0
FAIL: gcc.dg/vect/costmodel/ppc/costmodel-vect-68d.c scan-tree-dump-times vectorization not profitable 1
FAIL: gcc.dg/vect/costmodel/ppc/costmodel-vect-68d.c scan-tree-dump-times vectorized 1 loops 0
WARNING: program timed out.
FAIL: gcc.dg/vmx/ops.c -O2 (internal compiler error)
FAIL: gcc.dg/vmx/ops.c -O2 (test for excess errors)
FAIL: gcc.dg/vmx/ops.c -O3 -fomit-frame-pointer (internal compiler error)
FAIL: gcc.dg/vmx/ops.c -O3 -fomit-frame-pointer (test for excess errors)
FAIL: gcc.dg/vmx/ops.c -O3 -g (internal compiler error)
FAIL: gcc.dg/vmx/ops.c -O3 -g (test for excess errors)
FAIL: gcc.dg/vmx/ops.c -Os (internal compiler error)
FAIL: gcc.dg/vmx/ops.c -Os (test for excess errors)
=== gcc Summary for unix ===
# of expected passes 47556
# of unexpected failures 22
# of unexpected successes 9
# of expected failures 157
# of unresolved testcases 2
# of untested testcases 35
# of unsupported tests 359
Running target unix/-fstack-protector
FAIL: gcc.c-torture/compile/limits-blockid.c -O0 (test for excess errors)
FAIL: gcc.c-torture/compile/limits-structnest.c -O2 (test for excess errors)
FAIL: gcc.c-torture/compile/limits-structnest.c -O3 -fomit-frame-pointer (test for excess errors)
FAIL: gcc.c-torture/compile/limits-structnest.c -O3 -g (test for excess errors)
FAIL: gcc.c-torture/compile/limits-structnest.c -Os (test for excess errors)
FAIL: gcc.c-torture/execute/mayalias-2.c compilation, -O3 -g (internal compiler error)
UNRESOLVED: gcc.c-torture/execute/mayalias-2.c execution, -O3 -g
FAIL: gcc.c-torture/execute/mayalias-3.c compilation, -O3 -g (internal compiler error)
UNRESOLVED: gcc.c-torture/execute/mayalias-3.c execution, -O3 -g
FAIL: gcc.dg/dfp/convert-bfp-3.c execution test
FAIL: gcc.dg/memcpy-1.c scan-tree-dump-times nasty_local 0
FAIL: gcc.dg/pr32912-3.c (test for excess errors)
XPASS: gcc.dg/torture/builtin-math-4.c -O0 (test for excess errors)
XPASS: gcc.dg/torture/builtin-math-4.c -O1 (test for excess errors)
XPASS: gcc.dg/torture/builtin-math-4.c -O2 (test for excess errors)
XPASS: gcc.dg/torture/builtin-math-4.c -O3 -fomit-frame-pointer (test for excess errors)
XPASS: gcc.dg/torture/builtin-math-4.c -O3 -fomit-frame-pointer -funroll-loops (test for excess errors)
XPASS: gcc.dg/torture/builtin-math-4.c -O3 -fomit-frame-pointer -funroll-all-loops -finline-functions (test for excess errors)
XPASS: gcc.dg/torture/builtin-math-4.c -O3 -g (test for excess errors)
XPASS: gcc.dg/torture/builtin-math-4.c -Os (test for excess errors)
FAIL: gcc.dg/tree-ssa/ssa-fre-4.c scan-tree-dump Replaced \\(char\\) .*with
XPASS: gcc.dg/tree-ssa/update-threading.c scan-tree-dump-times Invalid sum 0
FAIL: gcc.dg/vect/costmodel/ppc/costmodel-vect-31d.c scan-tree-dump-times vectorization not profitable 1
FAIL: gcc.dg/vect/costmodel/ppc/costmodel-vect-31d.c scan-tree-dump-times vectorized 1 loops 0
FAIL: gcc.dg/vect/costmodel/ppc/costmodel-vect-68d.c scan-tree-dump-times vectorization not profitable 1
FAIL: gcc.dg/vect/costmodel/ppc/costmodel-vect-68d.c scan-tree-dump-times vectorized 1 loops 0
FAIL: gcc.dg/vmx/ops.c -O2 (internal compiler error)
FAIL: gcc.dg/vmx/ops.c -O2 (test for excess errors)
FAIL: gcc.dg/vmx/ops.c -O3 -fomit-frame-pointer (internal compiler error)
FAIL: gcc.dg/vmx/ops.c -O3 -fomit-frame-pointer (test for excess errors)
FAIL: gcc.dg/vmx/ops.c -O3 -g (internal compiler error)
FAIL: gcc.dg/vmx/ops.c -O3 -g (test for excess errors)
FAIL: gcc.dg/vmx/ops.c -Os (internal compiler error)
FAIL: gcc.dg/vmx/ops.c -Os (test for excess errors)
=== gcc Summary for unix/-fstack-protector ===
# of expected passes 47555
# of unexpected failures 23
# of unexpected successes 9
# of expected failures 157
# of unresolved testcases 2
# of untested testcases 35
# of unsupported tests 359
=== gcc Summary ===
# of expected passes 95111
# of unexpected failures 45
# of unexpected successes 18
# of expected failures 314
# of unresolved testcases 4
# of untested testcases 70
# of unsupported tests 718
/build/buildd/gcc-snapshot-20070916/build/gcc/xgcc version 4.3.0 20070916 (experimental) [trunk revision 128522] (Debian 20070916-1)
=== gfortran tests ===
Running target unix
FAIL: gfortran.dg/do_3.F90 -O3 -fomit-frame-pointer execution test
FAIL: gfortran.dg/do_3.F90 -O3 -fomit-frame-pointer -funroll-loops execution test
FAIL: gfortran.dg/do_3.F90 -O3 -fomit-frame-pointer -funroll-all-loops -finline-functions execution test
FAIL: gfortran.dg/do_3.F90 -O3 -g execution test
FAIL: gfortran.dg/large_real_kind_form_io_2.f90 -O0 execution test
FAIL: gfortran.dg/large_real_kind_form_io_2.f90 -O1 execution test
FAIL: gfortran.dg/large_real_kind_form_io_2.f90 -O2 execution test
FAIL: gfortran.dg/large_real_kind_form_io_2.f90 -O3 -fomit-frame-pointer execution test
FAIL: gfortran.dg/large_real_kind_form_io_2.f90 -O3 -fomit-frame-pointer -funroll-loops execution test
FAIL: gfortran.dg/large_real_kind_form_io_2.f90 -O3 -fomit-frame-pointer -funroll-all-loops -finline-functions execution test
FAIL: gfortran.dg/large_real_kind_form_io_2.f90 -O3 -g execution test
FAIL: gfortran.dg/large_real_kind_form_io_2.f90 -Os execution test
XPASS: gfortran.dg/nint_2.f90 -O1 execution test
XPASS: gfortran.dg/nint_2.f90 -O2 execution test
XPASS: gfortran.dg/nint_2.f90 -O3 -fomit-frame-pointer execution test
XPASS: gfortran.dg/nint_2.f90 -O3 -fomit-frame-pointer -funroll-loops execution test
XPASS: gfortran.dg/nint_2.f90 -O3 -fomit-frame-pointer -funroll-all-loops -finline-functions execution test
XPASS: gfortran.dg/nint_2.f90 -O3 -g execution test
XPASS: gfortran.dg/nint_2.f90 -Os execution test
=== gfortran Summary for unix ===
# of expected passes 21067
# of unexpected failures 12
# of unexpected successes 7
# of expected failures 10
# of unsupported tests 37
Running target unix/-fstack-protector
FAIL: gfortran.dg/do_3.F90 -O3 -fomit-frame-pointer execution test
FAIL: gfortran.dg/do_3.F90 -O3 -fomit-frame-pointer -funroll-loops execution test
FAIL: gfortran.dg/do_3.F90 -O3 -fomit-frame-pointer -funroll-all-loops -finline-functions execution test
FAIL: gfortran.dg/do_3.F90 -O3 -g execution test
FAIL: gfortran.dg/large_real_kind_form_io_2.f90 -O0 execution test
FAIL: gfortran.dg/large_real_kind_form_io_2.f90 -O1 execution test
FAIL: gfortran.dg/large_real_kind_form_io_2.f90 -O2 execution test
FAIL: gfortran.dg/large_real_kind_form_io_2.f90 -O3 -fomit-frame-pointer execution test
FAIL: gfortran.dg/large_real_kind_form_io_2.f90 -O3 -fomit-frame-pointer -funroll-loops execution test
FAIL: gfortran.dg/large_real_kind_form_io_2.f90 -O3 -fomit-frame-pointer -funroll-all-loops -finline-functions execution test
FAIL: gfortran.dg/large_real_kind_form_io_2.f90 -O3 -g execution test
FAIL: gfortran.dg/large_real_kind_form_io_2.f90 -Os execution test
XPASS: gfortran.dg/nint_2.f90 -O1 execution test
XPASS: gfortran.dg/nint_2.f90 -O2 execution test
XPASS: gfortran.dg/nint_2.f90 -O3 -fomit-frame-pointer execution test
XPASS: gfortran.dg/nint_2.f90 -O3 -fomit-frame-pointer -funroll-loops execution test
XPASS: gfortran.dg/nint_2.f90 -O3 -fomit-frame-pointer -funroll-all-loops -finline-functions execution test
XPASS: gfortran.dg/nint_2.f90 -O3 -g execution test
XPASS: gfortran.dg/nint_2.f90 -Os execution test
=== gfortran Summary for unix/-fstack-protector ===
# of expected passes 21067
# of unexpected failures 12
# of unexpected successes 7
# of expected failures 10
# of unsupported tests 37
=== gfortran Summary ===
# of expected passes 42134
# of unexpected failures 24
# of unexpected successes 14
# of expected failures 20
# of unsupported tests 74
/build/buildd/gcc-snapshot-20070916/build/gcc/testsuite/gfortran/../../gfortran version 4.3.0 20070916 (experimental) [trunk revision 128522] (Debian 20070916-1)
=== gnat tests ===
Running target unix
FAIL: gnat.dg/socket1.adb execution test
FAIL: gnat.dg/socket2.adb execution test
=== gnat Summary for unix ===
# of expected passes 295
# of unexpected failures 2
Running target unix/-fstack-protector
FAIL: gnat.dg/socket1.adb execution test
FAIL: gnat.dg/socket2.adb execution test
=== gnat Summary for unix/-fstack-protector ===
# of expected passes 295
# of unexpected failures 2
=== gnat Summary ===
# of expected passes 590
# of unexpected failures 4
=== obj-c++ tests ===
Running target unix
FAIL: obj-c++.dg/bitfield-1.mm (internal compiler error)
FAIL: obj-c++.dg/bitfield-1.mm (test for excess errors)
UNRESOLVED: obj-c++.dg/bitfield-1.mm compilation failed to produce executable
FAIL: obj-c++.dg/comp-types-10.mm (internal compiler error)
FAIL: obj-c++.dg/comp-types-10.mm (test for excess errors)
FAIL: obj-c++.dg/cxx-ivars-2.mm execution test
FAIL: obj-c++.dg/encode-2.mm scan-assembler {Vec<float>=ffi}
FAIL: obj-c++.dg/encode-2.mm scan-assembler {Vec<double>=ddi}
FAIL: obj-c++.dg/encode-3.mm execution test
FAIL: obj-c++.dg/encode-8.mm execution test
FAIL: obj-c++.dg/gnu-runtime-2.mm (test for excess errors)
FAIL: obj-c++.dg/isa-field-1.mm (test for excess errors)
FAIL: obj-c++.dg/lookup-2.mm (test for excess errors)
UNRESOLVED: obj-c++.dg/lookup-2.mm compilation failed to produce executable
FAIL: obj-c++.dg/try-catch-2.mm (test for excess errors)
UNRESOLVED: obj-c++.dg/try-catch-2.mm compilation failed to produce executable
FAIL: obj-c++.dg/try-catch-9.mm (internal compiler error)
FAIL: obj-c++.dg/try-catch-9.mm (test for excess errors)
UNRESOLVED: obj-c++.dg/try-catch-9.mm compilation failed to produce executable
=== obj-c++ Summary for unix ===
# of expected passes 422
# of unexpected failures 15
# of unresolved testcases 4
# of unsupported tests 13
Running target unix/-fstack-protector
FAIL: obj-c++.dg/bitfield-1.mm (internal compiler error)
FAIL: obj-c++.dg/bitfield-1.mm (test for excess errors)
UNRESOLVED: obj-c++.dg/bitfield-1.mm compilation failed to produce executable
FAIL: obj-c++.dg/comp-types-10.mm (internal compiler error)
FAIL: obj-c++.dg/comp-types-10.mm (test for excess errors)
FAIL: obj-c++.dg/cxx-ivars-2.mm execution test
FAIL: obj-c++.dg/encode-2.mm scan-assembler {Vec<float>=ffi}
FAIL: obj-c++.dg/encode-2.mm scan-assembler {Vec<double>=ddi}
FAIL: obj-c++.dg/encode-3.mm execution test
FAIL: obj-c++.dg/encode-8.mm execution test
FAIL: obj-c++.dg/gnu-runtime-2.mm (test for excess errors)
FAIL: obj-c++.dg/isa-field-1.mm (test for excess errors)
FAIL: obj-c++.dg/lookup-2.mm (test for excess errors)
UNRESOLVED: obj-c++.dg/lookup-2.mm compilation failed to produce executable
FAIL: obj-c++.dg/try-catch-2.mm (test for excess errors)
UNRESOLVED: obj-c++.dg/try-catch-2.mm compilation failed to produce executable
FAIL: obj-c++.dg/try-catch-9.mm (internal compiler error)
FAIL: obj-c++.dg/try-catch-9.mm (test for excess errors)
UNRESOLVED: obj-c++.dg/try-catch-9.mm compilation failed to produce executable
=== obj-c++ Summary for unix/-fstack-protector ===
# of expected passes 422
# of unexpected failures 15
# of unresolved testcases 4
# of unsupported tests 13
=== obj-c++ Summary ===
# of expected passes 844
# of unexpected failures 30
# of unresolved testcases 8
# of unsupported tests 26
/build/buildd/gcc-snapshot-20070916/build/gcc/testsuite/obj-c++/../../g++ version 4.3.0 20070916 (experimental) [trunk revision 128522] (Debian 20070916-1)
=== objc tests ===
Running target unix
=== objc Summary for unix ===
# of expected passes 1812
# of expected failures 7
# of unsupported tests 24
Running target unix/-fstack-protector
=== objc Summary for unix/-fstack-protector ===
# of expected passes 1812
# of expected failures 7
# of unsupported tests 24
=== objc Summary ===
# of expected passes 3624
# of expected failures 14
# of unsupported tests 48
/build/buildd/gcc-snapshot-20070916/build/gcc/xgcc version 4.3.0 20070916 (experimental) [trunk revision 128522] (Debian 20070916-1)
=== treelang tests ===
Running target unix
=== treelang Summary for unix ===
# of expected passes 52
Running target unix/-fstack-protector
=== treelang Summary for unix/-fstack-protector ===
# of expected passes 52
=== treelang Summary ===
# of expected passes 104
=== libffi tests ===
Running target unix
=== libffi Summary for unix ===
# of expected passes 1108
# of unsupported tests 8
Running target unix/-fstack-protector
=== libffi Summary for unix/-fstack-protector ===
# of expected passes 1108
# of unsupported tests 8
=== libffi Summary ===
# of expected passes 2216
# of unsupported tests 16
=== libgomp tests ===
Running target unix
=== libgomp Summary for unix ===
# of expected passes 1607
Running target unix/-fstack-protector
=== libgomp Summary for unix/-fstack-protector ===
# of expected passes 1607
=== libgomp Summary ===
# of expected passes 3214
=== libjava tests ===
Running target unix
=== libjava Summary for unix ===
# of expected passes 2550
Running target unix/-fstack-protector
=== libjava Summary for unix/-fstack-protector ===
# of expected passes 2550
=== libjava Summary ===
# of expected passes 5100
=== libmudflap tests ===
Running target unix
FAIL: libmudflap.c++/pass41-frag.cxx execution test
FAIL: libmudflap.c++/pass41-frag.cxx (-static) execution test
FAIL: libmudflap.c++/pass41-frag.cxx ( -O) execution test
FAIL: libmudflap.c++/pass41-frag.cxx (-O2) execution test
FAIL: libmudflap.c++/pass41-frag.cxx (-O3) execution test
=== libmudflap Summary for unix ===
# of expected passes 1821
# of unexpected failures 5
Running target unix/-fstack-protector
FAIL: libmudflap.c++/pass41-frag.cxx execution test
FAIL: libmudflap.c++/pass41-frag.cxx (-static) execution test
FAIL: libmudflap.c++/pass41-frag.cxx ( -O) execution test
FAIL: libmudflap.c++/pass41-frag.cxx (-O2) execution test
FAIL: libmudflap.c++/pass41-frag.cxx (-O3) execution test
=== libmudflap Summary for unix/-fstack-protector ===
# of expected passes 1821
# of unexpected failures 5
=== libmudflap Summary ===
# of expected passes 3642
# of unexpected failures 10
=== libstdc++ tests ===
Running target unix
FAIL: 18_support/numeric_limits/epsilon.cc (test for excess errors)
UNRESOLVED: 18_support/numeric_limits/epsilon.cc compilation failed to produce executable
FAIL: 26_numerics/complex/inserters_extractors/char/1.cc (test for excess errors)
UNRESOLVED: 26_numerics/complex/inserters_extractors/char/1.cc compilation failed to produce executable
FAIL: 26_numerics/complex/inserters_extractors/wchar_t/1.cc (test for excess errors)
UNRESOLVED: 26_numerics/complex/inserters_extractors/wchar_t/1.cc compilation failed to produce executable
XPASS: 26_numerics/headers/cmath/c99_classification_macros_c.cc (test for excess errors)
FAIL: tr1/5_numerical_facilities/special_functions/02_assoc_legendre/check_nan.cc (test for excess errors)
UNRESOLVED: tr1/5_numerical_facilities/special_functions/02_assoc_legendre/check_nan.cc compilation failed to produce executable
FAIL: tr1/5_numerical_facilities/special_functions/03_beta/check_nan.cc (test for excess errors)
UNRESOLVED: tr1/5_numerical_facilities/special_functions/03_beta/check_nan.cc compilation failed to produce executable
FAIL: tr1/5_numerical_facilities/special_functions/04_comp_ellint_1/check_nan.cc (test for excess errors)
UNRESOLVED: tr1/5_numerical_facilities/special_functions/04_comp_ellint_1/check_nan.cc compilation failed to produce executable
FAIL: tr1/5_numerical_facilities/special_functions/05_comp_ellint_2/check_nan.cc (test for excess errors)
UNRESOLVED: tr1/5_numerical_facilities/special_functions/05_comp_ellint_2/check_nan.cc compilation failed to produce executable
FAIL: tr1/5_numerical_facilities/special_functions/06_comp_ellint_3/check_nan.cc (test for excess errors)
UNRESOLVED: tr1/5_numerical_facilities/special_functions/06_comp_ellint_3/check_nan.cc compilation failed to produce executable
FAIL: tr1/5_numerical_facilities/special_functions/07_conf_hyperg/check_nan.cc (test for excess errors)
UNRESOLVED: tr1/5_numerical_facilities/special_functions/07_conf_hyperg/check_nan.cc compilation failed to produce executable
FAIL: tr1/5_numerical_facilities/special_functions/08_cyl_bessel_i/check_nan.cc (test for excess errors)
UNRESOLVED: tr1/5_numerical_facilities/special_functions/08_cyl_bessel_i/check_nan.cc compilation failed to produce executable
FAIL: tr1/5_numerical_facilities/special_functions/09_cyl_bessel_j/check_nan.cc (test for excess errors)
UNRESOLVED: tr1/5_numerical_facilities/special_functions/09_cyl_bessel_j/check_nan.cc compilation failed to produce executable
FAIL: tr1/5_numerical_facilities/special_functions/10_cyl_bessel_k/check_nan.cc (test for excess errors)
UNRESOLVED: tr1/5_numerical_facilities/special_functions/10_cyl_bessel_k/check_nan.cc compilation failed to produce executable
FAIL: tr1/5_numerical_facilities/special_functions/11_cyl_neumann/check_nan.cc (test for excess errors)
UNRESOLVED: tr1/5_numerical_facilities/special_functions/11_cyl_neumann/check_nan.cc compilation failed to produce executable
FAIL: tr1/5_numerical_facilities/special_functions/12_ellint_1/check_nan.cc (test for excess errors)
UNRESOLVED: tr1/5_numerical_facilities/special_functions/12_ellint_1/check_nan.cc compilation failed to produce executable
FAIL: tr1/5_numerical_facilities/special_functions/13_ellint_2/check_nan.cc (test for excess errors)
UNRESOLVED: tr1/5_numerical_facilities/special_functions/13_ellint_2/check_nan.cc compilation failed to produce executable
FAIL: tr1/5_numerical_facilities/special_functions/14_ellint_3/check_nan.cc (test for excess errors)
UNRESOLVED: tr1/5_numerical_facilities/special_functions/14_ellint_3/check_nan.cc compilation failed to produce executable
FAIL: tr1/5_numerical_facilities/special_functions/15_expint/check_nan.cc (test for excess errors)
UNRESOLVED: tr1/5_numerical_facilities/special_functions/15_expint/check_nan.cc compilation failed to produce executable
FAIL: tr1/5_numerical_facilities/special_functions/16_hermite/check_nan.cc (test for excess errors)
UNRESOLVED: tr1/5_numerical_facilities/special_functions/16_hermite/check_nan.cc compilation failed to produce executable
FAIL: tr1/5_numerical_facilities/special_functions/17_hyperg/check_nan.cc (test for excess errors)
UNRESOLVED: tr1/5_numerical_facilities/special_functions/17_hyperg/check_nan.cc compilation failed to produce executable
FAIL: tr1/5_numerical_facilities/special_functions/17_hyperg/check_value.cc (test for excess errors)
UNRESOLVED: tr1/5_numerical_facilities/special_functions/17_hyperg/check_value.cc compilation failed to produce executable
FAIL: tr1/5_numerical_facilities/special_functions/19_legendre/check_nan.cc (test for excess errors)
UNRESOLVED: tr1/5_numerical_facilities/special_functions/19_legendre/check_nan.cc compilation failed to produce executable
FAIL: tr1/5_numerical_facilities/special_functions/20_riemann_zeta/check_nan.cc (test for excess errors)
UNRESOLVED: tr1/5_numerical_facilities/special_functions/20_riemann_zeta/check_nan.cc compilation failed to produce executable
FAIL: tr1/5_numerical_facilities/special_functions/21_sph_bessel/check_nan.cc (test for excess errors)
UNRESOLVED: tr1/5_numerical_facilities/special_functions/21_sph_bessel/check_nan.cc compilation failed to produce executable
FAIL: tr1/5_numerical_facilities/special_functions/22_sph_legendre/check_nan.cc (test for excess errors)
UNRESOLVED: tr1/5_numerical_facilities/special_functions/22_sph_legendre/check_nan.cc compilation failed to produce executable
FAIL: tr1/5_numerical_facilities/special_functions/23_sph_neumann/check_nan.cc (test for excess errors)
UNRESOLVED: tr1/5_numerical_facilities/special_functions/23_sph_neumann/check_nan.cc compilation failed to produce executable
FAIL: tr1/6_containers/hash/operators/size_t.cc (test for excess errors)
UNRESOLVED: tr1/6_containers/hash/operators/size_t.cc compilation failed to produce executable
=== libstdc++ Summary for unix ===
# of expected passes 4490
# of unexpected failures 26
# of unexpected successes 1
# of expected failures 57
# of unresolved testcases 26
# of unsupported tests 324
Running target unix/-fstack-protector
FAIL: 18_support/numeric_limits/epsilon.cc (test for excess errors)
UNRESOLVED: 18_support/numeric_limits/epsilon.cc compilation failed to produce executable
FAIL: 26_numerics/complex/inserters_extractors/char/1.cc (test for excess errors)
UNRESOLVED: 26_numerics/complex/inserters_extractors/char/1.cc compilation failed to produce executable
FAIL: 26_numerics/complex/inserters_extractors/wchar_t/1.cc (test for excess errors)
UNRESOLVED: 26_numerics/complex/inserters_extractors/wchar_t/1.cc compilation failed to produce executable
XPASS: 26_numerics/headers/cmath/c99_classification_macros_c.cc (test for excess errors)
FAIL: tr1/5_numerical_facilities/special_functions/02_assoc_legendre/check_nan.cc (test for excess errors)
UNRESOLVED: tr1/5_numerical_facilities/special_functions/02_assoc_legendre/check_nan.cc compilation failed to produce executable
FAIL: tr1/5_numerical_facilities/special_functions/03_beta/check_nan.cc (test for excess errors)
UNRESOLVED: tr1/5_numerical_facilities/special_functions/03_beta/check_nan.cc compilation failed to produce executable
FAIL: tr1/5_numerical_facilities/special_functions/04_comp_ellint_1/check_nan.cc (test for excess errors)
UNRESOLVED: tr1/5_numerical_facilities/special_functions/04_comp_ellint_1/check_nan.cc compilation failed to produce executable
FAIL: tr1/5_numerical_facilities/special_functions/05_comp_ellint_2/check_nan.cc (test for excess errors)
UNRESOLVED: tr1/5_numerical_facilities/special_functions/05_comp_ellint_2/check_nan.cc compilation failed to produce executable
FAIL: tr1/5_numerical_facilities/special_functions/06_comp_ellint_3/check_nan.cc (test for excess errors)
UNRESOLVED: tr1/5_numerical_facilities/special_functions/06_comp_ellint_3/check_nan.cc compilation failed to produce executable
FAIL: tr1/5_numerical_facilities/special_functions/07_conf_hyperg/check_nan.cc (test for excess errors)
UNRESOLVED: tr1/5_numerical_facilities/special_functions/07_conf_hyperg/check_nan.cc compilation failed to produce executable
FAIL: tr1/5_numerical_facilities/special_functions/08_cyl_bessel_i/check_nan.cc (test for excess errors)
UNRESOLVED: tr1/5_numerical_facilities/special_functions/08_cyl_bessel_i/check_nan.cc compilation failed to produce executable
FAIL: tr1/5_numerical_facilities/special_functions/09_cyl_bessel_j/check_nan.cc (test for excess errors)
UNRESOLVED: tr1/5_numerical_facilities/special_functions/09_cyl_bessel_j/check_nan.cc compilation failed to produce executable
FAIL: tr1/5_numerical_facilities/special_functions/10_cyl_bessel_k/check_nan.cc (test for excess errors)
UNRESOLVED: tr1/5_numerical_facilities/special_functions/10_cyl_bessel_k/check_nan.cc compilation failed to produce executable
FAIL: tr1/5_numerical_facilities/special_functions/11_cyl_neumann/check_nan.cc (test for excess errors)
UNRESOLVED: tr1/5_numerical_facilities/special_functions/11_cyl_neumann/check_nan.cc compilation failed to produce executable
FAIL: tr1/5_numerical_facilities/special_functions/12_ellint_1/check_nan.cc (test for excess errors)
UNRESOLVED: tr1/5_numerical_facilities/special_functions/12_ellint_1/check_nan.cc compilation failed to produce executable
FAIL: tr1/5_numerical_facilities/special_functions/13_ellint_2/check_nan.cc (test for excess errors)
UNRESOLVED: tr1/5_numerical_facilities/special_functions/13_ellint_2/check_nan.cc compilation failed to produce executable
FAIL: tr1/5_numerical_facilities/special_functions/14_ellint_3/check_nan.cc (test for excess errors)
UNRESOLVED: tr1/5_numerical_facilities/special_functions/14_ellint_3/check_nan.cc compilation failed to produce executable
FAIL: tr1/5_numerical_facilities/special_functions/15_expint/check_nan.cc (test for excess errors)
UNRESOLVED: tr1/5_numerical_facilities/special_functions/15_expint/check_nan.cc compilation failed to produce executable
FAIL: tr1/5_numerical_facilities/special_functions/16_hermite/check_nan.cc (test for excess errors)
UNRESOLVED: tr1/5_numerical_facilities/special_functions/16_hermite/check_nan.cc compilation failed to produce executable
FAIL: tr1/5_numerical_facilities/special_functions/17_hyperg/check_nan.cc (test for excess errors)
UNRESOLVED: tr1/5_numerical_facilities/special_functions/17_hyperg/check_nan.cc compilation failed to produce executable
FAIL: tr1/5_numerical_facilities/special_functions/17_hyperg/check_value.cc (test for excess errors)
UNRESOLVED: tr1/5_numerical_facilities/special_functions/17_hyperg/check_value.cc compilation failed to produce executable
FAIL: tr1/5_numerical_facilities/special_functions/19_legendre/check_nan.cc (test for excess errors)
UNRESOLVED: tr1/5_numerical_facilities/special_functions/19_legendre/check_nan.cc compilation failed to produce executable
FAIL: tr1/5_numerical_facilities/special_functions/20_riemann_zeta/check_nan.cc (test for excess errors)
UNRESOLVED: tr1/5_numerical_facilities/special_functions/20_riemann_zeta/check_nan.cc compilation failed to produce executable
FAIL: tr1/5_numerical_facilities/special_functions/21_sph_bessel/check_nan.cc (test for excess errors)
UNRESOLVED: tr1/5_numerical_facilities/special_functions/21_sph_bessel/check_nan.cc compilation failed to produce executable
FAIL: tr1/5_numerical_facilities/special_functions/22_sph_legendre/check_nan.cc (test for excess errors)
UNRESOLVED: tr1/5_numerical_facilities/special_functions/22_sph_legendre/check_nan.cc compilation failed to produce executable
FAIL: tr1/5_numerical_facilities/special_functions/23_sph_neumann/check_nan.cc (test for excess errors)
UNRESOLVED: tr1/5_numerical_facilities/special_functions/23_sph_neumann/check_nan.cc compilation failed to produce executable
FAIL: tr1/6_containers/hash/operators/size_t.cc (test for excess errors)
UNRESOLVED: tr1/6_containers/hash/operators/size_t.cc compilation failed to produce executable
=== libstdc++ Summary for unix/-fstack-protector ===
# of expected passes 4490
# of unexpected failures 26
# of unexpected successes 1
# of expected failures 57
# of unresolved testcases 26
# of unsupported tests 324
=== libstdc++ Summary ===
# of expected passes 8980
# of unexpected failures 52
# of unexpected successes 2
# of expected failures 114
# of unresolved testcases 52
# of unsupported tests 648
Compiler version: 4.3.0 20070916 (experimental) [trunk revision 128522] (Debian 20070916-1)
Platform: powerpc-unknown-linux-gnu
configure flags: -v --with-pkgversion='Debian 20070916-1' --with-bugurl=file:///usr/share/doc/gcc-snapshot/README.Bugs --enable-languages=c,c++,java,fortran,objc,obj-c++,ada,treelang --prefix=/usr/lib/gcc-snapshot --enable-shared --with-system-zlib --disable-nls --enable-clocale=gnu --enable-libstdcxx-debug --enable-java-awt=gtk --enable-gtk-cairo --disable-plugin --with-java-home=/usr/lib/gcc-snapshot/jre --with-ecj-jar=/usr/share/java/eclipse-ecj.jar --enable-mpfr --disable-softfloat --enable-secureplt --enable-targets=powerpc-linux,powerpc64-linux --with-cpu=default32 --with-long-double-128 --disable-werror --build=powerpc-linux-gnu --host=powerpc-linux-gnu --target=powerpc-linux-gnu
BOOT_CFLAGS=
Build Dependencies:
Desired=Unknown/Install/Remove/Purge/Hold
| Status=Not/Installed/Config-files/Unpacked/Failed-config/Half-installed
|/ Err?=(none)/Hold/Reinst-required/X=both-problems (Status,Err: uppercase=bad)
||/ Name Version Description
+++-==============-==============-==============================================
ii binutils 2.18-1 The GNU assembler, linker and binary utilities
ii libc6 2.6.1-4 GNU C Library: Shared libraries
Patches that Debian applied in this version:
pr33273:
Proposed patch for PR middle-end/33273
cpu-default-i486:
set default 32bit ix86 architecture to i486
multiarch-include:
biarch-include.dpatch
Adds biarch include directories
/usr/local/include/<arch>-linux-gnu
/usr/include/<arch>-linux-gnu
to the system include paths, depending on 32/64 bit mode.
gcc-ice-hack:
Retry the build on an ice, save the calling options and preprocessed
source when the ice is reproducible.
libjava-disable-static:
Disable building the static libjava.
ada-driver-check:
Simplify Ada driver check (we always build using the required
Ada version. Needed for warnings on alpha.
gcc-ice-apport:
Report an ICE to apport (if apport is available
and the environment variable GCC_NOAPPORT is not set)
libjava-nobiarch-check:
For biarch builds, disable the testsuite for the non-default architecture
for runtime libraries, which are not built by default (libjava).
config-ml:
disable some biarch libraries for biarch builds
powerpc-biarch:
enable biarch for 32 bit compiler
Counting all warnings,
there are 0 warnings in stage3 of this bootstrap.
Number of warnings per file:
Number of warning types: