This is the mail archive of the
gcc-testresults@gcc.gnu.org
mailing list for the GCC project.
Results for 4.2.1 testsuite on sparc-sun-solaris2.8
- From: renaud dot saintgratien at orange-ftgroup dot com
- To: gcc-testresults at gcc dot gnu dot org
- Date: Tue, 4 Sep 2007 15:52:20 +0200
- Subject: Results for 4.2.1 testsuite on sparc-sun-solaris2.8
LAST_UPDATED: Obtained from SVN: tags/gcc_4_2_1_release revision 126787
Native configuration is sparc-sun-solaris2.8
=== g++ tests ===
Running target unix
ERROR: g++.dg/abi/rtti1.C: error executing dg-final: couldn't execute
"c++filt": no such file or directory
UNRESOLVED: g++.dg/abi/rtti1.C: error executing dg-final: couldn't execute
"c++filt": no such file or directory
WARNING: g++.dg/other/ucnid-1.C compilation failed to produce executable
XPASS: g++.old-deja/g++.other/init18.C execution test
XPASS: g++.old-deja/g++.other/init19.C execution test
=== g++ Summary ===
# of expected passes 13188
# of unexpected successes 2
# of expected failures 69
# of unresolved testcases 1
# of unsupported tests 216
/new_master/RGratien/build-gcc-4.2.1/objdir/gcc/testsuite/g++/../../g++
version 4.2.1
=== gcc tests ===
Running target unix
WARNING: program timed out.
FAIL: gcc.c-torture/compile/20001226-1.c (test for excess errors)
WARNING: program timed out.
FAIL: gcc.c-torture/compile/20001226-1.c (test for excess errors)
WARNING: program timed out.
FAIL: gcc.c-torture/compile/20001226-1.c (test for excess errors)
WARNING: program timed out.
FAIL: gcc.c-torture/compile/20001226-1.c (test for excess errors)
UNRESOLVED: gcc.c-torture/execute/mayalias-2.c execution, -O3 -g
FAIL: gcc.dg/pthread-init-1.c (test for excess errors)
FAIL: gcc.dg/pthread-init-2.c (test for excess errors)
WARNING: gcc.dg/ucnid-2.c compilation failed to produce executable
WARNING: gcc.dg/ucnid-3.c compilation failed to produce executable
WARNING: gcc.dg/ucnid-4.c compilation failed to produce executable
XPASS: gcc.dg/vect/pr20122.c scan-tree-dump-times vectorized 1 loops 2
XPASS: gcc.dg/vect/vect-105.c scan-tree-dump-times vectorized 1 loops 1
XPASS: gcc.dg/vect/vect-75.c scan-tree-dump-times vectorized 1 loops 1
=== gcc Summary ===
# of expected passes 42560
# of unexpected failures 6
# of unexpected successes 3
# of expected failures 127
# of unresolved testcases 1
# of untested testcases 28
# of unsupported tests 493
/new_master/RGratien/build-gcc-4.2.1/objdir/gcc/xgcc version 4.2.1
=== libffi tests ===
Running target unix
=== libffi Summary ===
# of expected passes 1084
# of unsupported tests 8
=== libgomp tests ===
Running target unix
=== libgomp Summary ===
# of expected passes 374
# of unsupported tests 62
=== libjava tests ===
Running target unix
FAIL: PR16923.c compilation
FAIL: events output
FAIL: Array_3 execution - gij test
FAIL: Array_3 execution - gij test
FAIL: Array_3 execution - gij test
FAIL: Array_3 execution - gij test
WARNING: program timed out.
FAIL: PR18699 execution - source compiled test
WARNING: program timed out.
FAIL: PR18699 execution - gij test
WARNING: program timed out.
FAIL: PR18699 execution - bytecode->native test
WARNING: program timed out.
FAIL: PR18699 execution - gij test
WARNING: program timed out.
FAIL: PR18699 -findirect-dispatch execution - bytecode->native test
WARNING: program timed out.
FAIL: PR18699 -O3 execution - source compiled test
WARNING: program timed out.
FAIL: PR18699 execution - gij test
WARNING: program timed out.
FAIL: PR18699 -O3 execution - bytecode->native test
WARNING: program timed out.
FAIL: PR18699 execution - gij test
WARNING: program timed out.
FAIL: PR18699 -O3 -findirect-dispatch execution - bytecode->native test
WARNING: program timed out.
FAIL: PR27908 execution - source compiled test
WARNING: program timed out.
FAIL: PR27908 execution - gij test
WARNING: program timed out.
FAIL: PR27908 execution - bytecode->native test
WARNING: program timed out.
FAIL: PR27908 execution - gij test
WARNING: program timed out.
FAIL: PR27908 -findirect-dispatch execution - bytecode->native test
WARNING: program timed out.
FAIL: PR27908 -O3 execution - source compiled test
WARNING: program timed out.
FAIL: PR27908 execution - gij test
WARNING: program timed out.
FAIL: PR27908 -O3 execution - bytecode->native test
WARNING: program timed out.
FAIL: PR27908 execution - gij test
WARNING: program timed out.
FAIL: PR27908 -O3 -findirect-dispatch execution - bytecode->native test
FAIL: Thread_Join execution - gij test
FAIL: Throw_2 execution - source compiled test
FAIL: Throw_2 execution - gij test
FAIL: Throw_2 execution - bytecode->native test
FAIL: Throw_2 execution - gij test
FAIL: Throw_2 -findirect-dispatch execution - bytecode->native test
FAIL: Throw_2 -O3 execution - source compiled test
FAIL: Throw_2 execution - gij test
FAIL: Throw_2 -O3 execution - bytecode->native test
FAIL: Throw_2 execution - gij test
FAIL: Throw_2 -O3 -findirect-dispatch execution - bytecode->native test
=== libjava Summary ===
# of expected passes 6933
# of unexpected failures 37
# of expected failures 12
# of untested testcases 43
=== libstdc++ tests ===
Running target unix
FAIL: 27_io/basic_filebuf/seekoff/char/1-io.cc execution test
FAIL: 27_io/basic_filebuf/seekoff/char/1-io.cc execution test
FAIL: 27_io/basic_filebuf/seekoff/char/2-io.cc execution test
FAIL: 27_io/basic_filebuf/seekoff/char/2-io.cc execution test
FAIL: 27_io/basic_filebuf/seekpos/char/1-io.cc execution test
FAIL: 27_io/basic_filebuf/seekpos/char/1-io.cc execution test
FAIL: 27_io/basic_filebuf/seekpos/char/2-io.cc execution test
FAIL: 27_io/basic_filebuf/seekpos/char/2-io.cc execution test
=== libstdc++ Summary ===
# of expected passes 9407
# of unexpected failures 8
# of expected failures 45
# of unsupported tests 926
Compiler version: 4.2.1
Platform: sparc-sun-solaris2.8
configure flags: --prefix=/opt/gcc-4.2.1 --disable-nls
--enable-languages=c,c++,java