This is the mail archive of the
gcc-testresults@gcc.gnu.org
mailing list for the GCC project.
Results for 4.3.0 20070713 (experimental) [trunk revision 126610] testsuite on x86_64-unknown-linux-gnu
- From: hjl at lucon dot org (H.J. Lu)
- To: gcc-testresults at gcc dot gnu dot org
- Date: Thu, 12 Jul 2007 21:39:50 -0700 (PDT)
- Subject: Results for 4.3.0 20070713 (experimental) [trunk revision 126610] testsuite on x86_64-unknown-linux-gnu
LAST_UPDATED: Fri Jul 13 02:55:01 UTC 2007 (revision 126610)
Native configuration is x86_64-unknown-linux-gnu
=== gcc tests ===
Running target unix/-m32
FAIL: gcc.c-torture/execute/mayalias-2.c compilation, -O3 -g (internal compiler error)
UNRESOLVED: gcc.c-torture/execute/mayalias-2.c execution, -O3 -g
FAIL: gcc.c-torture/execute/mayalias-3.c compilation, -O3 -g (internal compiler error)
UNRESOLVED: gcc.c-torture/execute/mayalias-3.c execution, -O3 -g
FAIL: gcc.dg/builtins-61.c scan-tree-dump return 0.0
XPASS: gcc.dg/tree-ssa/update-threading.c scan-tree-dump-times Invalid sum 0
=== gcc Summary for unix/-m32 ===
# of expected passes 46356
# of unexpected failures 3
# of unexpected successes 1
# of expected failures 141
# of unresolved testcases 2
# of untested testcases 35
# of unsupported tests 324
Running target unix
FAIL: gcc.c-torture/execute/mayalias-2.c compilation, -O3 -g (internal compiler error)
UNRESOLVED: gcc.c-torture/execute/mayalias-2.c execution, -O3 -g
FAIL: gcc.c-torture/execute/mayalias-3.c compilation, -O3 -g (internal compiler error)
UNRESOLVED: gcc.c-torture/execute/mayalias-3.c execution, -O3 -g
FAIL: gcc.dg/builtins-61.c scan-tree-dump return 0.0
XPASS: gcc.dg/tree-ssa/update-threading.c scan-tree-dump-times Invalid sum 0
FAIL: gcc.dg/vect/costmodel/x86_64/costmodel-vect-reduc-1char.c scan-tree-dump-times vectorized 1 loops 1
FAIL: gcc.dg/vect/costmodel/x86_64/costmodel-vect-reduc-1char.c scan-tree-dump-times vectorization not profitable 2
FAIL: gcc.dg/vect/pr25413.c scan-tree-dump-times vectorized 1 loops 0
FAIL: gcc.dg/vect/pr25413.c scan-tree-dump-times vector alignment may not be reachable 1
FAIL: gcc.dg/vect/pr25413.c scan-tree-dump-times not vectorized: unsupported unaligned store 1
FAIL: gcc.dg/vect/pr25413a.c (test for excess errors)
WARNING: gcc.dg/vect/pr25413a.c compilation failed to produce executable
ERROR: gcc.dg/vect/pr25413a.c: error executing dg-final: no files matched glob pattern "pr25413a.c.[0-9][0-9][0-9]t.vect"
UNRESOLVED: gcc.dg/vect/pr25413a.c: error executing dg-final: no files matched glob pattern "pr25413a.c.[0-9][0-9][0-9]t.vect"
FAIL: gcc.dg/vect/pr31699.c scan-tree-dump-times vector alignment may not be reachable 1
FAIL: gcc.dg/vect/pr31699.c scan-tree-dump-times Alignment of access forced using versioning 1
=== gcc Summary for unix ===
# of expected passes 46212
# of unexpected failures 11
# of unexpected successes 1
# of expected failures 140
# of unresolved testcases 3
# of untested testcases 35
# of unsupported tests 430
=== gcc Summary ===
# of expected passes 92568
# of unexpected failures 14
# of unexpected successes 2
# of expected failures 281
# of unresolved testcases 5
# of untested testcases 70
# of unsupported tests 754
/export/build/gnu/gcc/build-x86_64-linux/gcc/xgcc version 4.3.0 20070713 (experimental) [trunk revision 126610]
=== gfortran tests ===
Running target unix/-m32
=== gfortran Summary for unix/-m32 ===
# of expected passes 19434
# of expected failures 9
# of unsupported tests 16
Running target unix
=== gfortran Summary for unix ===
# of expected passes 19432
# of expected failures 9
# of unsupported tests 18
=== gfortran Summary ===
# of expected passes 38866
# of expected failures 18
# of unsupported tests 34
/export/build/gnu/gcc/build-x86_64-linux/gcc/testsuite/gfortran/../../gfortran version 4.3.0 20070713 (experimental) [trunk revision 126610]
=== g++ tests ===
Running target unix/-m32
FAIL: g++.dg/opt/pr24665.C (internal compiler error)
FAIL: g++.dg/opt/pr24665.C (test for excess errors)
XPASS: g++.dg/tree-ssa/copyprop-1.C scan-tree-dump-not .* = [^>;]*;
XPASS: g++.dg/tree-ssa/ivopts-1.C scan-tree-dump-not offset: -4B
XPASS: g++.dg/tree-ssa/ivopts-1.C scan-tree-dump-not &x\\[5\\]
FAIL: g++.old-deja/g++.jason/synth7.C execution test
=== g++ Summary for unix/-m32 ===
# of expected passes 16278
# of unexpected failures 3
# of unexpected successes 3
# of expected failures 86
# of unsupported tests 83
Running target unix
FAIL: g++.dg/opt/pr24665.C (internal compiler error)
FAIL: g++.dg/opt/pr24665.C (test for excess errors)
XPASS: g++.dg/tree-ssa/copyprop-1.C scan-tree-dump-not .* = [^>;]*;
XPASS: g++.dg/tree-ssa/ivopts-1.C scan-tree-dump-not offset: -4B
XPASS: g++.dg/tree-ssa/ivopts-1.C scan-tree-dump-not &x\\[5\\]
FAIL: g++.dg/tree-prof/indir-call-prof.C execution, -g -fprofile-use
FAIL: g++.dg/tree-prof/indir-call-prof.C execution, -O0 -fprofile-use
FAIL: g++.dg/tree-prof/indir-call-prof.C execution, -O1 -fprofile-use
FAIL: g++.dg/tree-prof/indir-call-prof.C execution, -O2 -fprofile-use
FAIL: g++.dg/tree-prof/indir-call-prof.C execution, -O3 -fprofile-use
FAIL: g++.dg/tree-prof/indir-call-prof.C execution, -O3 -g -fprofile-use
FAIL: g++.dg/tree-prof/indir-call-prof.C execution, -Os -fprofile-use
FAIL: g++.old-deja/g++.jason/synth7.C execution test
=== g++ Summary for unix ===
# of expected passes 16186
# of unexpected failures 10
# of unexpected successes 3
# of expected failures 86
# of unsupported tests 112
=== g++ Summary ===
# of expected passes 32464
# of unexpected failures 13
# of unexpected successes 6
# of expected failures 172
# of unsupported tests 195
/export/build/gnu/gcc/build-x86_64-linux/gcc/testsuite/g++/../../g++ version 4.3.0 20070713 (experimental) [trunk revision 126610]
=== objc tests ===
Running target unix/-m32
=== objc Summary for unix/-m32 ===
# of expected passes 1812
# of expected failures 7
# of unsupported tests 24
Running target unix
=== objc Summary for unix ===
# of expected passes 1812
# of expected failures 7
# of unsupported tests 24
=== objc Summary ===
# of expected passes 3624
# of expected failures 14
# of unsupported tests 48
/export/build/gnu/gcc/build-x86_64-linux/gcc/xgcc version 4.3.0 20070713 (experimental) [trunk revision 126610]
=== libffi tests ===
Running target unix/-m32
FAIL: libffi.call/return_sc.c -O0 -W -Wall execution test
FAIL: libffi.call/return_sc.c -O2 execution test
FAIL: libffi.call/return_sc.c -O3 execution test
=== libffi Summary for unix/-m32 ===
# of expected passes 1093
# of unexpected failures 3
# of unsupported tests 8
Running target unix
=== libffi Summary for unix ===
# of expected passes 1096
# of unsupported tests 8
=== libffi Summary ===
# of expected passes 2189
# of unexpected failures 3
# of unsupported tests 16
=== libgomp tests ===
Running target unix/-m32
=== libgomp Summary for unix/-m32 ===
# of expected passes 1607
Running target unix
=== libgomp Summary for unix ===
# of expected passes 1607
=== libgomp Summary ===
# of expected passes 3214
=== libjava tests ===
Running target unix/-m32
FAIL: events output
=== libjava Summary for unix/-m32 ===
# of expected passes 2537
# of unexpected failures 1
Running target unix
=== libjava Summary for unix ===
# of expected passes 2538
=== libjava Summary ===
# of expected passes 5075
# of unexpected failures 1
=== libmudflap tests ===
Running target unix/-m32
FAIL: libmudflap.c++/pass41-frag.cxx execution test
FAIL: libmudflap.c++/pass41-frag.cxx (-static) execution test
FAIL: libmudflap.c++/pass41-frag.cxx ( -O) execution test
FAIL: libmudflap.c++/pass41-frag.cxx (-O2) execution test
FAIL: libmudflap.c++/pass41-frag.cxx (-O3) execution test
=== libmudflap Summary for unix/-m32 ===
# of expected passes 1821
# of unexpected failures 5
Running target unix
FAIL: libmudflap.c/fail8-frag.c (-static) output pattern test
FAIL: libmudflap.c/fail9-frag.c (-static) output pattern test
FAIL: libmudflap.c++/pass41-frag.cxx execution test
FAIL: libmudflap.c++/pass41-frag.cxx (-static) execution test
FAIL: libmudflap.c++/pass41-frag.cxx ( -O) execution test
FAIL: libmudflap.c++/pass41-frag.cxx (-O2) execution test
FAIL: libmudflap.c++/pass41-frag.cxx (-O3) execution test
=== libmudflap Summary for unix ===
# of expected passes 1819
# of unexpected failures 7
=== libmudflap Summary ===
# of expected passes 3640
# of unexpected failures 12
=== libstdc++ tests ===
Running target unix/-m32
XPASS: 26_numerics/headers/cmath/c99_classification_macros_c.cc (test for excess errors)
=== libstdc++ Summary for unix/-m32 ===
# of expected passes 5106
# of unexpected successes 1
# of expected failures 54
Running target unix
XPASS: 26_numerics/headers/cmath/c99_classification_macros_c.cc (test for excess errors)
XPASS: 27_io/fpos/14320-1.cc execution test
=== libstdc++ Summary for unix ===
# of expected passes 5106
# of unexpected successes 2
# of expected failures 53
=== libstdc++ Summary ===
# of expected passes 10212
# of unexpected successes 3
# of expected failures 107
Compiler version: 4.3.0 20070713 (experimental) [trunk revision 126610]
Platform: x86_64-unknown-linux-gnu
configure flags: --enable-clocale=gnu --with-system-zlib --enable-decimal-float=yes --with-demangler-in-ld --enable-shared --enable-threads=posix --enable-haifa --enable-checking=assert --prefix=/usr/gcc-4.3 --with-local-prefix=/usr/local