This is the mail archive of the gcc-testresults@gcc.gnu.org mailing list for the GCC project.


Index Nav: [Date Index] [Subject Index] [Author Index] [Thread Index]
Message Nav: [Date Prev] [Date Next] [Thread Prev] [Thread Next]
Other format: [Raw text]

Results for 4.2.1 20070528 (prerelease) (Debian 4.2-20070528-1) testsuite on s390-ibm-linux-gnu


LAST_UPDATED: Sat May 26 13:24:09 UTC 2007 (revision 125090MS)

Native configuration is s390-ibm-linux-gnu

		=== g++ tests ===


Running target unix

		=== g++ Summary for unix ===

# of expected passes		13353
# of expected failures		66
# of unsupported tests		116

Running target unix/-fstack-protector

		=== g++ Summary for unix/-fstack-protector ===

# of expected passes		13353
# of expected failures		66
# of unsupported tests		116

Running target unix/-m64

		=== g++ Summary for unix/-m64 ===

# of expected passes		13321
# of expected failures		66
# of unsupported tests		118

		=== g++ Summary ===

# of expected passes		40027
# of expected failures		198
# of unsupported tests		350
/build/buildd/gcc-4.2-4.2-20070528/build/gcc/testsuite/g++/../../g++  version 4.2.1 20070528 (prerelease) (Debian 4.2-20070528-1)

		=== gcc tests ===


Running target unix
UNRESOLVED: gcc.c-torture/execute/mayalias-2.c execution,  -O3 -g 
XPASS: gcc.dg/tree-ssa/20040204-1.c scan-tree-dump-times link_error 0

		=== gcc Summary for unix ===

# of expected passes		40762
# of unexpected successes	1
# of expected failures		83
# of unresolved testcases	1
# of untested testcases		28
# of unsupported tests		354

Running target unix/-fstack-protector
UNRESOLVED: gcc.c-torture/execute/mayalias-2.c execution,  -O3 -g 
XPASS: gcc.dg/tree-ssa/20040204-1.c scan-tree-dump-times link_error 0

		=== gcc Summary for unix/-fstack-protector ===

# of expected passes		40762
# of unexpected successes	1
# of expected failures		83
# of unresolved testcases	1
# of untested testcases		28
# of unsupported tests		354

Running target unix/-m64
UNRESOLVED: gcc.c-torture/execute/mayalias-2.c execution,  -O3 -g 
FAIL: gcc.dg/20020926-1.c (test for excess errors)
ERROR: gcc.dg/20020926-1.c: error executing dg-final: couldn't open "20020926-1.s": no such file or directory
UNRESOLVED: gcc.dg/20020926-1.c: error executing dg-final: couldn't open "20020926-1.s": no such file or directory
XPASS: gcc.dg/tree-ssa/20040204-1.c scan-tree-dump-times link_error 0
XPASS: gcc.dg/tree-ssa/sra-2.c scan-tree-dump-times link_error 0

		=== gcc Summary for unix/-m64 ===

# of expected passes		40760
# of unexpected failures	1
# of unexpected successes	2
# of expected failures		82
# of unresolved testcases	2
# of untested testcases		28
# of unsupported tests		353

		=== gcc Summary ===

# of expected passes		122284
# of unexpected failures	1
# of unexpected successes	4
# of expected failures		248
# of unresolved testcases	4
# of untested testcases		84
# of unsupported tests		1061
/build/buildd/gcc-4.2-4.2-20070528/build/gcc/xgcc  version 4.2.1 20070528 (prerelease) (Debian 4.2-20070528-1)

		=== gfortran tests ===


Running target unix
FAIL: gfortran.dg/c_by_val_1.f  -O0  execution test
FAIL: gfortran.dg/c_by_val_1.f  -O1  execution test
FAIL: gfortran.dg/c_by_val_1.f  -O2  execution test
FAIL: gfortran.dg/c_by_val_1.f  -O3 -fomit-frame-pointer  execution test
FAIL: gfortran.dg/c_by_val_1.f  -O3 -fomit-frame-pointer -funroll-loops  execution test
FAIL: gfortran.dg/c_by_val_1.f  -O3 -fomit-frame-pointer -funroll-all-loops -finline-functions  execution test
FAIL: gfortran.dg/c_by_val_1.f  -O3 -g  execution test
FAIL: gfortran.dg/c_by_val_1.f  -Os  execution test
XPASS: gfortran.dg/csqrt_2.f  -O0  execution test
XPASS: gfortran.dg/csqrt_2.f  -O1  execution test
XPASS: gfortran.dg/csqrt_2.f  -O2  execution test
XPASS: gfortran.dg/csqrt_2.f  -O3 -fomit-frame-pointer  execution test
XPASS: gfortran.dg/csqrt_2.f  -O3 -fomit-frame-pointer -funroll-loops  execution test
XPASS: gfortran.dg/csqrt_2.f  -O3 -fomit-frame-pointer -funroll-all-loops -finline-functions  execution test
XPASS: gfortran.dg/csqrt_2.f  -O3 -g  execution test
XPASS: gfortran.dg/csqrt_2.f  -Os  execution test

		=== gfortran Summary for unix ===

# of expected passes		16061
# of unexpected failures	8
# of unexpected successes	8
# of expected failures		6
# of unsupported tests		35

Running target unix/-fstack-protector
FAIL: gfortran.dg/c_by_val_1.f  -O0  execution test
FAIL: gfortran.dg/c_by_val_1.f  -O1  execution test
FAIL: gfortran.dg/c_by_val_1.f  -O2  execution test
FAIL: gfortran.dg/c_by_val_1.f  -O3 -fomit-frame-pointer  execution test
FAIL: gfortran.dg/c_by_val_1.f  -O3 -fomit-frame-pointer -funroll-loops  execution test
FAIL: gfortran.dg/c_by_val_1.f  -O3 -fomit-frame-pointer -funroll-all-loops -finline-functions  execution test
FAIL: gfortran.dg/c_by_val_1.f  -O3 -g  execution test
FAIL: gfortran.dg/c_by_val_1.f  -Os  execution test
XPASS: gfortran.dg/csqrt_2.f  -O0  execution test
XPASS: gfortran.dg/csqrt_2.f  -O1  execution test
XPASS: gfortran.dg/csqrt_2.f  -O2  execution test
XPASS: gfortran.dg/csqrt_2.f  -O3 -fomit-frame-pointer  execution test
XPASS: gfortran.dg/csqrt_2.f  -O3 -fomit-frame-pointer -funroll-loops  execution test
XPASS: gfortran.dg/csqrt_2.f  -O3 -fomit-frame-pointer -funroll-all-loops -finline-functions  execution test
XPASS: gfortran.dg/csqrt_2.f  -O3 -g  execution test
XPASS: gfortran.dg/csqrt_2.f  -Os  execution test

		=== gfortran Summary for unix/-fstack-protector ===

# of expected passes		16061
# of unexpected failures	8
# of unexpected successes	8
# of expected failures		6
# of unsupported tests		35

Running target unix/-m64
FAIL: gfortran.dg/c_by_val_1.f  -O0  execution test
FAIL: gfortran.dg/c_by_val_1.f  -O1  execution test
FAIL: gfortran.dg/c_by_val_1.f  -O2  execution test
FAIL: gfortran.dg/c_by_val_1.f  -O3 -fomit-frame-pointer  execution test
FAIL: gfortran.dg/c_by_val_1.f  -O3 -fomit-frame-pointer -funroll-loops  execution test
FAIL: gfortran.dg/c_by_val_1.f  -O3 -fomit-frame-pointer -funroll-all-loops -finline-functions  execution test
FAIL: gfortran.dg/c_by_val_1.f  -O3 -g  execution test
FAIL: gfortran.dg/c_by_val_1.f  -Os  execution test
XPASS: gfortran.dg/csqrt_2.f  -O0  execution test
XPASS: gfortran.dg/csqrt_2.f  -O1  execution test
XPASS: gfortran.dg/csqrt_2.f  -O2  execution test
XPASS: gfortran.dg/csqrt_2.f  -O3 -fomit-frame-pointer  execution test
XPASS: gfortran.dg/csqrt_2.f  -O3 -fomit-frame-pointer -funroll-loops  execution test
XPASS: gfortran.dg/csqrt_2.f  -O3 -fomit-frame-pointer -funroll-all-loops -finline-functions  execution test
XPASS: gfortran.dg/csqrt_2.f  -O3 -g  execution test
XPASS: gfortran.dg/csqrt_2.f  -Os  execution test

		=== gfortran Summary for unix/-m64 ===

# of expected passes		16093
# of unexpected failures	8
# of unexpected successes	8
# of expected failures		6
# of unsupported tests		19

		=== gfortran Summary ===

# of expected passes		48215
# of unexpected failures	24
# of unexpected successes	24
# of expected failures		18
# of unsupported tests		89
/build/buildd/gcc-4.2-4.2-20070528/build/gcc/testsuite/gfortran/../../gfortran  version 4.2.1 20070528 (prerelease) (Debian 4.2-20070528-1)

		=== obj-c++ tests ===


Running target unix
FAIL: obj-c++.dg/cxx-ivars-2.mm execution test
FAIL: obj-c++.dg/encode-8.mm execution test
FAIL: obj-c++.dg/isa-field-1.mm (test for excess errors)
FAIL: obj-c++.dg/lookup-2.mm (test for excess errors)
UNRESOLVED: obj-c++.dg/lookup-2.mm compilation failed to produce executable
FAIL: obj-c++.dg/try-catch-2.mm (test for excess errors)
UNRESOLVED: obj-c++.dg/try-catch-2.mm compilation failed to produce executable
FAIL: obj-c++.dg/try-catch-9.mm (test for excess errors)
UNRESOLVED: obj-c++.dg/try-catch-9.mm compilation failed to produce executable

		=== obj-c++ Summary for unix ===

# of expected passes		429
# of unexpected failures	6
# of unresolved testcases	3
# of unsupported tests		13

Running target unix/-fstack-protector
FAIL: obj-c++.dg/cxx-ivars-2.mm execution test
FAIL: obj-c++.dg/encode-8.mm execution test
FAIL: obj-c++.dg/isa-field-1.mm (test for excess errors)
FAIL: obj-c++.dg/lookup-2.mm (test for excess errors)
UNRESOLVED: obj-c++.dg/lookup-2.mm compilation failed to produce executable
FAIL: obj-c++.dg/try-catch-2.mm (test for excess errors)
UNRESOLVED: obj-c++.dg/try-catch-2.mm compilation failed to produce executable
FAIL: obj-c++.dg/try-catch-9.mm (test for excess errors)
UNRESOLVED: obj-c++.dg/try-catch-9.mm compilation failed to produce executable

		=== obj-c++ Summary for unix/-fstack-protector ===

# of expected passes		429
# of unexpected failures	6
# of unresolved testcases	3
# of unsupported tests		13

Running target unix/-m64
FAIL: obj-c++.dg/bitfield-1.mm (test for excess errors)
FAIL: obj-c++.dg/bitfield-4.mm (test for excess errors)
FAIL: obj-c++.dg/cxx-ivars-2.mm execution test
FAIL: obj-c++.dg/encode-8.mm execution test
FAIL: obj-c++.dg/isa-field-1.mm (test for excess errors)
FAIL: obj-c++.dg/layout-1.mm (test for excess errors)
FAIL: obj-c++.dg/lookup-2.mm (test for excess errors)
UNRESOLVED: obj-c++.dg/lookup-2.mm compilation failed to produce executable
FAIL: obj-c++.dg/try-catch-2.mm (test for excess errors)
UNRESOLVED: obj-c++.dg/try-catch-2.mm compilation failed to produce executable
FAIL: obj-c++.dg/try-catch-9.mm (test for excess errors)
UNRESOLVED: obj-c++.dg/try-catch-9.mm compilation failed to produce executable

		=== obj-c++ Summary for unix/-m64 ===

# of expected passes		426
# of unexpected failures	9
# of unresolved testcases	3
# of unsupported tests		13

		=== obj-c++ Summary ===

# of expected passes		1284
# of unexpected failures	21
# of unresolved testcases	9
# of unsupported tests		39
/build/buildd/gcc-4.2-4.2-20070528/build/gcc/testsuite/obj-c++/../../g++  version 4.2.1 20070528 (prerelease) (Debian 4.2-20070528-1)

		=== objc tests ===


Running target unix

		=== objc Summary for unix ===

# of expected passes		1806
# of expected failures		7
# of unsupported tests		24

Running target unix/-fstack-protector

		=== objc Summary for unix/-fstack-protector ===

# of expected passes		1806
# of expected failures		7
# of unsupported tests		24

Running target unix/-m64

		=== objc Summary for unix/-m64 ===

# of expected passes		1806
# of expected failures		7
# of unsupported tests		24

		=== objc Summary ===

# of expected passes		5418
# of expected failures		21
# of unsupported tests		72
/build/buildd/gcc-4.2-4.2-20070528/build/gcc/xgcc  version 4.2.1 20070528 (prerelease) (Debian 4.2-20070528-1)

		=== treelang tests ===


Running target unix

		=== treelang Summary for unix ===

# of expected passes		52

Running target unix/-fstack-protector

		=== treelang Summary for unix/-fstack-protector ===

# of expected passes		52

Running target unix/-m64

		=== treelang Summary for unix/-m64 ===

# of expected passes		52

		=== treelang Summary ===

# of expected passes		156
		=== libffi tests ===


Running target unix

		=== libffi Summary for unix ===

# of expected passes		1096
# of unsupported tests		8

Running target unix/-fstack-protector

		=== libffi Summary for unix/-fstack-protector ===

# of expected passes		1096
# of unsupported tests		8

Running target unix/-m64

		=== libffi Summary for unix/-m64 ===

# of expected passes		1096
# of unsupported tests		8

		=== libffi Summary ===

# of expected passes		3288
# of unsupported tests		24
		=== libgomp tests ===


Running target unix

		=== libgomp Summary for unix ===

# of expected passes		1566

Running target unix/-fstack-protector

		=== libgomp Summary for unix/-fstack-protector ===

# of expected passes		1566

Running target unix/-m64

		=== libgomp Summary for unix/-m64 ===

# of expected passes		1566

		=== libgomp Summary ===

# of expected passes		4698
		=== libmudflap tests ===


Running target unix
WARNING: program timed out.
FAIL: libmudflap.cth/pass37-frag.c execution test
FAIL: libmudflap.cth/pass37-frag.c output pattern test
WARNING: program timed out.
FAIL: libmudflap.cth/pass37-frag.c (rerun 1) execution test
FAIL: libmudflap.cth/pass37-frag.c (rerun 1) output pattern test
WARNING: program timed out.
FAIL: libmudflap.cth/pass37-frag.c (rerun 2) execution test
FAIL: libmudflap.cth/pass37-frag.c (rerun 2) output pattern test
WARNING: program timed out.
FAIL: libmudflap.cth/pass37-frag.c (rerun 3) execution test
FAIL: libmudflap.cth/pass37-frag.c (rerun 3) output pattern test
WARNING: program timed out.
FAIL: libmudflap.cth/pass37-frag.c (rerun 4) execution test
FAIL: libmudflap.cth/pass37-frag.c (rerun 4) output pattern test
WARNING: program timed out.
FAIL: libmudflap.cth/pass37-frag.c (rerun 5) execution test
FAIL: libmudflap.cth/pass37-frag.c (rerun 5) output pattern test
WARNING: program timed out.
FAIL: libmudflap.cth/pass37-frag.c (rerun 6) execution test
FAIL: libmudflap.cth/pass37-frag.c (rerun 6) output pattern test
WARNING: program timed out.
FAIL: libmudflap.cth/pass37-frag.c (rerun 7) execution test
FAIL: libmudflap.cth/pass37-frag.c (rerun 7) output pattern test
WARNING: program timed out.
FAIL: libmudflap.cth/pass37-frag.c (rerun 8) execution test
FAIL: libmudflap.cth/pass37-frag.c (rerun 8) output pattern test
WARNING: program timed out.
FAIL: libmudflap.cth/pass37-frag.c (rerun 9) execution test
FAIL: libmudflap.cth/pass37-frag.c (rerun 9) output pattern test
WARNING: program timed out.
FAIL: libmudflap.cth/pass37-frag.c (rerun 10) execution test
FAIL: libmudflap.cth/pass37-frag.c (rerun 10) output pattern test
WARNING: program timed out.
FAIL: libmudflap.cth/pass37-frag.c (rerun 11) execution test
FAIL: libmudflap.cth/pass37-frag.c (rerun 11) output pattern test
WARNING: program timed out.
FAIL: libmudflap.cth/pass37-frag.c (rerun 12) execution test
FAIL: libmudflap.cth/pass37-frag.c (rerun 12) output pattern test
WARNING: program timed out.
FAIL: libmudflap.cth/pass37-frag.c (rerun 13) execution test
FAIL: libmudflap.cth/pass37-frag.c (rerun 13) output pattern test
WARNING: program timed out.
FAIL: libmudflap.cth/pass37-frag.c (rerun 14) execution test
FAIL: libmudflap.cth/pass37-frag.c (rerun 14) output pattern test
WARNING: program timed out.
FAIL: libmudflap.cth/pass37-frag.c (rerun 15) execution test
FAIL: libmudflap.cth/pass37-frag.c (rerun 15) output pattern test
WARNING: program timed out.
FAIL: libmudflap.cth/pass37-frag.c (rerun 16) execution test
FAIL: libmudflap.cth/pass37-frag.c (rerun 16) output pattern test
WARNING: program timed out.
FAIL: libmudflap.cth/pass37-frag.c (rerun 17) execution test
FAIL: libmudflap.cth/pass37-frag.c (rerun 17) output pattern test
WARNING: program timed out.
FAIL: libmudflap.cth/pass37-frag.c (rerun 18) execution test
FAIL: libmudflap.cth/pass37-frag.c (rerun 18) output pattern test
WARNING: program timed out.
FAIL: libmudflap.cth/pass37-frag.c (rerun 19) execution test
FAIL: libmudflap.cth/pass37-frag.c (rerun 19) output pattern test
WARNING: program timed out.
FAIL: libmudflap.cth/pass39-frag.c execution test
FAIL: libmudflap.cth/pass39-frag.c output pattern test
WARNING: program timed out.
FAIL: libmudflap.cth/pass39-frag.c (rerun 1) execution test
FAIL: libmudflap.cth/pass39-frag.c (rerun 1) output pattern test
WARNING: program timed out.
FAIL: libmudflap.cth/pass39-frag.c (rerun 2) execution test
FAIL: libmudflap.cth/pass39-frag.c (rerun 2) output pattern test
WARNING: program timed out.
FAIL: libmudflap.cth/pass39-frag.c (rerun 3) execution test
FAIL: libmudflap.cth/pass39-frag.c (rerun 3) output pattern test
WARNING: program timed out.
FAIL: libmudflap.cth/pass39-frag.c (rerun 4) execution test
FAIL: libmudflap.cth/pass39-frag.c (rerun 4) output pattern test
WARNING: program timed out.
FAIL: libmudflap.cth/pass39-frag.c (rerun 5) execution test
FAIL: libmudflap.cth/pass39-frag.c (rerun 5) output pattern test
WARNING: program timed out.
FAIL: libmudflap.cth/pass39-frag.c (rerun 6) execution test
FAIL: libmudflap.cth/pass39-frag.c (rerun 6) output pattern test
WARNING: program timed out.
FAIL: libmudflap.cth/pass39-frag.c (rerun 7) execution test
FAIL: libmudflap.cth/pass39-frag.c (rerun 7) output pattern test
WARNING: program timed out.
FAIL: libmudflap.cth/pass39-frag.c (rerun 8) execution test
FAIL: libmudflap.cth/pass39-frag.c (rerun 8) output pattern test
WARNING: program timed out.
FAIL: libmudflap.cth/pass39-frag.c (rerun 9) execution test
FAIL: libmudflap.cth/pass39-frag.c (rerun 9) output pattern test
WARNING: program timed out.
FAIL: libmudflap.cth/pass39-frag.c (rerun 10) execution test
FAIL: libmudflap.cth/pass39-frag.c (rerun 10) output pattern test
WARNING: program timed out.
FAIL: libmudflap.cth/pass39-frag.c (rerun 11) execution test
FAIL: libmudflap.cth/pass39-frag.c (rerun 11) output pattern test
WARNING: program timed out.
FAIL: libmudflap.cth/pass39-frag.c (rerun 13) execution test
FAIL: libmudflap.cth/pass39-frag.c (rerun 13) output pattern test
WARNING: program timed out.
FAIL: libmudflap.cth/pass39-frag.c (rerun 14) execution test
FAIL: libmudflap.cth/pass39-frag.c (rerun 14) output pattern test
WARNING: program timed out.
FAIL: libmudflap.cth/pass39-frag.c (rerun 15) execution test
FAIL: libmudflap.cth/pass39-frag.c (rerun 15) output pattern test
WARNING: program timed out.
FAIL: libmudflap.cth/pass39-frag.c (rerun 16) execution test
FAIL: libmudflap.cth/pass39-frag.c (rerun 16) output pattern test
WARNING: program timed out.
FAIL: libmudflap.cth/pass39-frag.c (rerun 17) execution test
FAIL: libmudflap.cth/pass39-frag.c (rerun 17) output pattern test
WARNING: program timed out.
FAIL: libmudflap.cth/pass39-frag.c (rerun 18) execution test
FAIL: libmudflap.cth/pass39-frag.c (rerun 18) output pattern test
WARNING: program timed out.
FAIL: libmudflap.cth/pass39-frag.c (rerun 19) execution test
FAIL: libmudflap.cth/pass39-frag.c (rerun 19) output pattern test
WARNING: program timed out.
FAIL: libmudflap.cth/pass40-frag.c execution test
FAIL: libmudflap.cth/pass40-frag.c output pattern test
WARNING: program timed out.
FAIL: libmudflap.cth/pass37-frag.c (-static -DSTATIC) execution test
FAIL: libmudflap.cth/pass37-frag.c (-static -DSTATIC) output pattern test
WARNING: program timed out.
FAIL: libmudflap.cth/pass37-frag.c (-static -DSTATIC) (rerun 1) execution test
FAIL: libmudflap.cth/pass37-frag.c (-static -DSTATIC) (rerun 1) output pattern test
WARNING: program timed out.
FAIL: libmudflap.cth/pass37-frag.c (-static -DSTATIC) (rerun 2) execution test
FAIL: libmudflap.cth/pass37-frag.c (-static -DSTATIC) (rerun 2) output pattern test
WARNING: program timed out.
FAIL: libmudflap.cth/pass37-frag.c (-static -DSTATIC) (rerun 4) execution test
FAIL: libmudflap.cth/pass37-frag.c (-static -DSTATIC) (rerun 4) output pattern test
WARNING: program timed out.
FAIL: libmudflap.cth/pass37-frag.c (-static -DSTATIC) (rerun 7) execution test
FAIL: libmudflap.cth/pass37-frag.c (-static -DSTATIC) (rerun 7) output pattern test
WARNING: program timed out.
FAIL: libmudflap.cth/pass37-frag.c (-static -DSTATIC) (rerun 8) execution test
FAIL: libmudflap.cth/pass37-frag.c (-static -DSTATIC) (rerun 8) output pattern test
WARNING: program timed out.
FAIL: libmudflap.cth/pass37-frag.c (-static -DSTATIC) (rerun 11) execution test
FAIL: libmudflap.cth/pass37-frag.c (-static -DSTATIC) (rerun 11) output pattern test
WARNING: program timed out.
FAIL: libmudflap.cth/pass37-frag.c (-static -DSTATIC) (rerun 12) execution test
FAIL: libmudflap.cth/pass37-frag.c (-static -DSTATIC) (rerun 12) output pattern test
WARNING: program timed out.
FAIL: libmudflap.cth/pass37-frag.c (-static -DSTATIC) (rerun 14) execution test
FAIL: libmudflap.cth/pass37-frag.c (-static -DSTATIC) (rerun 14) output pattern test
WARNING: program timed out.
FAIL: libmudflap.cth/pass37-frag.c (-static -DSTATIC) (rerun 15) execution test
FAIL: libmudflap.cth/pass37-frag.c (-static -DSTATIC) (rerun 15) output pattern test
WARNING: program timed out.
FAIL: libmudflap.cth/pass37-frag.c (-static -DSTATIC) (rerun 16) execution test
FAIL: libmudflap.cth/pass37-frag.c (-static -DSTATIC) (rerun 16) output pattern test
WARNING: program timed out.
FAIL: libmudflap.cth/pass37-frag.c (-static -DSTATIC) (rerun 17) execution test
FAIL: libmudflap.cth/pass37-frag.c (-static -DSTATIC) (rerun 17) output pattern test
WARNING: program timed out.
FAIL: libmudflap.cth/pass37-frag.c (-static -DSTATIC) (rerun 18) execution test
FAIL: libmudflap.cth/pass37-frag.c (-static -DSTATIC) (rerun 18) output pattern test
WARNING: program timed out.
FAIL: libmudflap.cth/pass40-frag.c (-static -DSTATIC) execution test
FAIL: libmudflap.cth/pass40-frag.c (-static -DSTATIC) output pattern test
WARNING: program timed out.
FAIL: libmudflap.cth/pass40-frag.c (-O2) execution test
FAIL: libmudflap.cth/pass40-frag.c (-O2) output pattern test
WARNING: program timed out.
FAIL: libmudflap.cth/pass40-frag.c (-O3) execution test
FAIL: libmudflap.cth/pass40-frag.c (-O3) output pattern test

		=== libmudflap Summary for unix ===

# of expected passes		1702
# of unexpected failures	112

Running target unix/-fstack-protector
WARNING: program timed out.
FAIL: libmudflap.cth/pass37-frag.c execution test
FAIL: libmudflap.cth/pass37-frag.c output pattern test
WARNING: program timed out.
FAIL: libmudflap.cth/pass37-frag.c (rerun 1) execution test
FAIL: libmudflap.cth/pass37-frag.c (rerun 1) output pattern test
WARNING: program timed out.
FAIL: libmudflap.cth/pass37-frag.c (rerun 10) execution test
FAIL: libmudflap.cth/pass37-frag.c (rerun 10) output pattern test
WARNING: program timed out.
FAIL: libmudflap.cth/pass37-frag.c (rerun 15) execution test
FAIL: libmudflap.cth/pass37-frag.c (rerun 15) output pattern test
WARNING: program timed out.
FAIL: libmudflap.cth/pass37-frag.c (rerun 16) execution test
FAIL: libmudflap.cth/pass37-frag.c (rerun 16) output pattern test
WARNING: program timed out.
FAIL: libmudflap.cth/pass40-frag.c execution test
FAIL: libmudflap.cth/pass40-frag.c output pattern test
WARNING: program timed out.
FAIL: libmudflap.cth/pass40-frag.c (-static -DSTATIC) execution test
FAIL: libmudflap.cth/pass40-frag.c (-static -DSTATIC) output pattern test
WARNING: program timed out.
FAIL: libmudflap.cth/pass37-frag.c (-O2) (rerun 6) execution test
FAIL: libmudflap.cth/pass37-frag.c (-O2) (rerun 6) output pattern test
WARNING: program timed out.
FAIL: libmudflap.cth/pass37-frag.c (-O2) (rerun 8) execution test
FAIL: libmudflap.cth/pass37-frag.c (-O2) (rerun 8) output pattern test
WARNING: program timed out.
FAIL: libmudflap.cth/pass37-frag.c (-O2) (rerun 9) execution test
FAIL: libmudflap.cth/pass37-frag.c (-O2) (rerun 9) output pattern test
WARNING: program timed out.
FAIL: libmudflap.cth/pass37-frag.c (-O2) (rerun 10) execution test
FAIL: libmudflap.cth/pass37-frag.c (-O2) (rerun 10) output pattern test
WARNING: program timed out.
FAIL: libmudflap.cth/pass37-frag.c (-O2) (rerun 12) execution test
FAIL: libmudflap.cth/pass37-frag.c (-O2) (rerun 12) output pattern test
WARNING: program timed out.
FAIL: libmudflap.cth/pass37-frag.c (-O2) (rerun 13) execution test
FAIL: libmudflap.cth/pass37-frag.c (-O2) (rerun 13) output pattern test
WARNING: program timed out.
FAIL: libmudflap.cth/pass37-frag.c (-O2) (rerun 14) execution test
FAIL: libmudflap.cth/pass37-frag.c (-O2) (rerun 14) output pattern test
WARNING: program timed out.
FAIL: libmudflap.cth/pass37-frag.c (-O2) (rerun 15) execution test
FAIL: libmudflap.cth/pass37-frag.c (-O2) (rerun 15) output pattern test
WARNING: program timed out.
FAIL: libmudflap.cth/pass37-frag.c (-O2) (rerun 16) execution test
FAIL: libmudflap.cth/pass37-frag.c (-O2) (rerun 16) output pattern test
WARNING: program timed out.
FAIL: libmudflap.cth/pass37-frag.c (-O2) (rerun 17) execution test
FAIL: libmudflap.cth/pass37-frag.c (-O2) (rerun 17) output pattern test
WARNING: program timed out.
FAIL: libmudflap.cth/pass37-frag.c (-O2) (rerun 18) execution test
FAIL: libmudflap.cth/pass37-frag.c (-O2) (rerun 18) output pattern test
WARNING: program timed out.
FAIL: libmudflap.cth/pass40-frag.c (-O2) execution test
FAIL: libmudflap.cth/pass40-frag.c (-O2) output pattern test
WARNING: program timed out.
FAIL: libmudflap.cth/pass40-frag.c (-O3) execution test
FAIL: libmudflap.cth/pass40-frag.c (-O3) output pattern test

		=== libmudflap Summary for unix/-fstack-protector ===

# of expected passes		1774
# of unexpected failures	40

Running target unix/-m64
WARNING: program timed out.
FAIL: libmudflap.cth/pass37-frag.c (rerun 2) execution test
FAIL: libmudflap.cth/pass37-frag.c (rerun 2) output pattern test
WARNING: program timed out.
FAIL: libmudflap.cth/pass40-frag.c execution test
FAIL: libmudflap.cth/pass40-frag.c output pattern test
WARNING: program timed out.
FAIL: libmudflap.cth/pass40-frag.c (-static -DSTATIC) execution test
FAIL: libmudflap.cth/pass40-frag.c (-static -DSTATIC) output pattern test
WARNING: program timed out.
FAIL: libmudflap.cth/pass39-frag.c (-O2) execution test
FAIL: libmudflap.cth/pass39-frag.c (-O2) output pattern test
WARNING: program timed out.
FAIL: libmudflap.cth/pass40-frag.c (-O2) execution test
FAIL: libmudflap.cth/pass40-frag.c (-O2) output pattern test
WARNING: program timed out.
FAIL: libmudflap.cth/pass39-frag.c (-O3) (rerun 5) execution test
FAIL: libmudflap.cth/pass39-frag.c (-O3) (rerun 5) output pattern test
WARNING: program timed out.
FAIL: libmudflap.cth/pass39-frag.c (-O3) (rerun 8) execution test
FAIL: libmudflap.cth/pass39-frag.c (-O3) (rerun 8) output pattern test
WARNING: program timed out.
FAIL: libmudflap.cth/pass39-frag.c (-O3) (rerun 11) execution test
FAIL: libmudflap.cth/pass39-frag.c (-O3) (rerun 11) output pattern test
WARNING: program timed out.
FAIL: libmudflap.cth/pass39-frag.c (-O3) (rerun 12) execution test
FAIL: libmudflap.cth/pass39-frag.c (-O3) (rerun 12) output pattern test
WARNING: program timed out.
FAIL: libmudflap.cth/pass39-frag.c (-O3) (rerun 13) execution test
FAIL: libmudflap.cth/pass39-frag.c (-O3) (rerun 13) output pattern test
WARNING: program timed out.
FAIL: libmudflap.cth/pass39-frag.c (-O3) (rerun 14) execution test
FAIL: libmudflap.cth/pass39-frag.c (-O3) (rerun 14) output pattern test
WARNING: program timed out.
FAIL: libmudflap.cth/pass39-frag.c (-O3) (rerun 15) execution test
FAIL: libmudflap.cth/pass39-frag.c (-O3) (rerun 15) output pattern test
WARNING: program timed out.
FAIL: libmudflap.cth/pass39-frag.c (-O3) (rerun 17) execution test
FAIL: libmudflap.cth/pass39-frag.c (-O3) (rerun 17) output pattern test
WARNING: program timed out.
FAIL: libmudflap.cth/pass39-frag.c (-O3) (rerun 18) execution test
FAIL: libmudflap.cth/pass39-frag.c (-O3) (rerun 18) output pattern test
WARNING: program timed out.
FAIL: libmudflap.cth/pass40-frag.c (-O3) execution test
FAIL: libmudflap.cth/pass40-frag.c (-O3) output pattern test

		=== libmudflap Summary for unix/-m64 ===

# of expected passes		1784
# of unexpected failures	30

		=== libmudflap Summary ===

# of expected passes		5260
# of unexpected failures	182
		=== libstdc++ tests ===


Running target unix
XPASS: 26_numerics/cmath/c99_classification_macros_c.cc (test for excess errors)

		=== libstdc++ Summary for unix ===

# of expected passes		3842
# of unexpected successes	1
# of expected failures		15
# of unsupported tests		316

Running target unix/-fstack-protector
XPASS: 26_numerics/cmath/c99_classification_macros_c.cc (test for excess errors)
WARNING: program timed out.
FAIL: thread/pthread7-rope.cc execution test

		=== libstdc++ Summary for unix/-fstack-protector ===

# of expected passes		3841
# of unexpected failures	1
# of unexpected successes	1
# of expected failures		15
# of unsupported tests		316

Running target unix/-m64
XPASS: 26_numerics/cmath/c99_classification_macros_c.cc (test for excess errors)
XPASS: 27_io/fpos/14320-1.cc execution test

		=== libstdc++ Summary for unix/-m64 ===

# of expected passes		3842
# of unexpected successes	2
# of expected failures		14
# of unsupported tests		316

		=== libstdc++ Summary ===

# of expected passes		11525
# of unexpected failures	1
# of unexpected successes	4
# of expected failures		44
# of unsupported tests		948

Compiler version: 4.2.1 20070528 (prerelease) (Debian 4.2-20070528-1) 
Platform: s390-ibm-linux-gnu
configure flags: -v --prefix=/usr --enable-shared --with-system-zlib --libexecdir=/usr/lib --without-included-gettext --enable-threads=posix --enable-nls --with-gxx-include-dir=/usr/include/c++/4.2 --program-suffix=-4.2 --enable-clocale=gnu --enable-libstdcxx-debug --enable-mpfr --disable-werror --with-long-double-128 --enable-checking=release --build=s390-linux-gnu --host=s390-linux-gnu --target=s390-linux-gnu --enable-languages=c,c++,fortran,objc,obj-c++,treelang
BOOT_CFLAGS=-O2


Build Dependencies:
Desired=Unknown/Install/Remove/Purge/Hold
| Status=Not/Installed/Config-files/Unpacked/Failed-config/Half-installed
|/ Err?=(none)/Hold/Reinst-required/X=both-problems (Status,Err: uppercase=bad)
||/ Name           Version           Description
+++-==============-=================-==============================================
ii  binutils       2.17cvs20070426-7 The GNU assembler, linker and binary utilities
ii  libc6          2.5-9             GNU C Library: Shared libraries


Patches that Debian applied in this version:

rename-info-files:
  Allow transformations on info file names. Reference the
  transformed info file names in the texinfo files.

gcc-version:
  Add package identification to the gcc version string

gcc-textdomain:
  Set gettext's domain and textdomain to the versioned package name.

gcc-driver-extra-langs:
  Add options and specs for languages that are not built from a source
  (but built from separate sources).

gcc-hash-style-both:
  Link using --hash-style=both (alpha, amd64, ia64, i386, powerpc, ppc64, s390, sparc)

libstdc++-pic:
  Build and install libstdc++_pic.a library.

libstdc++-doclink:
  adjust hrefs to point to the local documentation

gccbug:
  Use sensible-editor instead of vi as fallback editor

gccbug-posix:
  Make gccbug POSIX compliant (patch by David Weinehall)
  http://www.opengroup.org/onlinepubs/009695399/utilities/test.html

libstdc++-doxygen:
  libstdc++ doxygen docs: Set SHORT_NAMES to YES

libjava-stacktrace:
  libgcj: Lookup source file name and line number in separated
  debug files found in /usr/lib/debug

libjava-subdir:
  - Set the libjava sublibdir to /usr/lib/gcj-4.2
  - Set the default libgcj database dir to /var/lib/gcj-4.2

libjava-lib32subdir:
  - When running the i386 binaries on amd64, look in /usr/lib32/gcj-x-y

libjava-jnipath:
  - Add /usr/lib/jni to java.library.path.
  - When running the i386 binaries on amd64, look in
  - /usr/lib32/gcj-x.y and /usr/lib32/jni instead.

libjava-lib32-properties:
  - When running the i386 binaries on amd64, adjust the properties
  java.home, gnu.classpath.home.url, sun.boot.class.path,
  gnu.gcj.precompiled.db.path.

libjava-sjlj:
  Don't try to use _Unwind_Backtrace on SJLJ targets.
  See bug #387875, #388505, GCC PR 29206.

libjava-soname:
  Bump the libgcj soversion.

libjava-rpath:
  - Link ecjx and gij with -rpath \$(dbexecdir)

libffi-configure:
  Add --enable-libffi option to toplevel configure script

pr20218:
  Backport from mainline for PR middle-end/17982, PR middle-end/20218.

pr20218-mips:
  Backport from mainline for PR middle-end/20218, mips part.

pr30052:
  Proposed PTA solver backport, PR tree-optimization/30052

pr31868:
  Backport from mainline for PR target/31868

alpha-no-ev4-directive:

arm-libffi:
  Add closure support to libffi for arm

arm-gij:
  Enable gij interpreter on arm

boehm-gc-nocheck:
  Disable running the boehm-gc testsuite. Hangs the buildd at least on hppa.

note-gnu-stack:
  Add .note.GNU-stack sections for gcc's crt files, libffi and boehm-gc
  Taken from FC.

hppa-caller-save-pic-tls:
  Make sure %r19 an %r27 aren't clobbered.
  http://gcc.gnu.org/ml/gcc-patches/2007-05/msg00144.html

classpath-config-guess:
  Update config.guess/config.sub in the classpath directory.

arm-pr28516:
  Fix PR28516 on ARM

arm-pr30486:
  Fix 30486 on ARM

arm-unbreak-eabi-armv4t:
  Fix armv4t build on ARM

m68k-save_pic:
  gcc/config/m68k/m68k.c:
  correctly save the pic register, when not done by reload()
  (fixes _Unwind_RaiseException and thus exception handling)
  fixes 345574

m68k-dwarf:
  correct the dwarf frame information, but preserve compatibility

m68k-limit_reload:
  correctly limit reload class
  fixes 375522

m68k-prevent-qipush:
  prevent combine from creating a byte push on the stack (invalid on m68k)

m68k-peephole:
  Convert some text peepholes to rtl peepholes, so the correct
  DWARF2 information can be generated for stack manipulations.
  (Keep a few peepholes temporarily disabled.)

m68k-return:
  don't use single return if fp register have to be restored
  fixes 386864

m68k-sig-unwind:
  add support for unwinding over signal frames

m68k-align-code:
  use "move.l %a4,%a4" to advance within code.

m68k-align-stack:
  try to keep the stack word aligned

m68k-secondary-addr-reload:
  add secondary reloads to allow reload to get byte values into addr regs

m68k-notice-move:
  don't set cc_status for fp move without fp register

m68k-symbolic-operand:
  better recognize symbolic operands in addresses

m68k-bitfield-offset:
  only use constant offset for register bitfields
  (combine expects shifts, but does a rotate)

libssp-gnu:
  GNU/k*BSD support

deb-protoize:
  build protoize/unprotoize binaries

cpu-default-i486:
  set default 32bit ix86 architecture to i486

reporting:
  Add Debian URL for bug reporting instructions.

gcc-ice-hack:
  2004-01-23  Jakub Jelinek  <jakub@redhat.com>
  
  	* system.h (ICE_EXIT_CODE): Define.
  	* gcc.c (execute): Don't free first string early, but at the end
  	of the function.  Call retry_ice if compiler exited with
  	ICE_EXIT_CODE.
  	(retry_ice): New function.
  	* diagnostic.c (diagnostic_count_diagnostic,
  	diagnostic_action_after_output, error_recursion): Exit with
  	ICE_EXIT_CODE instead of FATAL_EXIT_CODE.

multiarch-include:
  biarch-include.dpatch
  
  Adds biarch include directories
  /usr/local/include/<arch>-linux-gnu
  /usr/include/<arch>-linux-gnu
  to the system include paths, depending on 32/64 bit mode.

libjava-qt-peer:
  Add standard C++ include directores when building the QT peer library.

libjava-disable-static:
  Disable building the static libjava.

ada-driver-check:
  Simplify Ada driver check (we always build using the required
  Ada version. Needed for warnings on alpha.

disable-biarch-check:
  For biarch builds, disable the testsuite for the non-default architecture
  for runtime libraries, which are not built by default (libjava).

config-ml:
  disable some biarch libraries for biarch builds

libjava-biarch-alsa:
  Fix linking with the correct biarch asound library

s390-biarch:
  enable biarch for 31 bit compiler

Counting all warnings,
there are 0 warnings in stage3 of this bootstrap.

Number of warnings per file:

Number of warning types:


Index Nav: [Date Index] [Subject Index] [Author Index] [Thread Index]
Message Nav: [Date Prev] [Date Next] [Thread Prev] [Thread Next]