This is the mail archive of the gcc-testresults@gcc.gnu.org mailing list for the GCC project.


Index Nav: [Date Index] [Subject Index] [Author Index] [Thread Index]
Message Nav: [Date Prev] [Date Next] [Thread Prev] [Thread Next]
Other format: [Raw text]

Results for 4.3.0 20070529 (experimental) testsuite on sparc-sun-solaris2.8


LAST_UPDATED: Tue May 29 06:57:12 UTC 2007 (revision 125159)

		=== acats tests ===
FAIL:	c3a2003
FAIL:	c460001
FAIL:	c460002
FAIL:	cxh1001

		=== acats Summary ===
# of expected passes		2311
# of unexpected failures	4
Native configuration is sparc-sun-solaris2.8

		=== g++ tests ===


Running target unix
FAIL: g++.dg/compat/eh/unexpected1 cp_compat_x_tst.o-cp_compat_y_tst.o execute 
FAIL: g++.dg/eh/unexpected1.C execution test
WARNING: g++.dg/other/ucnid-1.C compilation failed to produce executable
FAIL: g++.old-deja/g++.eh/spec2.C execution test
FAIL: g++.old-deja/g++.mike/eh33.C execution test
FAIL: g++.old-deja/g++.mike/eh50.C execution test
FAIL: g++.old-deja/g++.mike/eh51.C execution test
XPASS: g++.old-deja/g++.other/init19.C execution test

		=== g++ Summary ===

# of expected passes		14781
# of unexpected failures	6
# of unexpected successes	1
# of expected failures		89
# of unsupported tests		191
/opt/build/eric/gcc/gcc/testsuite/g++/../../g++  version 4.3.0 20070529 (experimental)

		=== gcc tests ===


Running target unix
FAIL: gcc.c-torture/compile/limits-exprparen.c  -O0  (test for excess errors)
FAIL: gcc.c-torture/compile/limits-exprparen.c  -O1  (test for excess errors)
FAIL: gcc.c-torture/compile/limits-exprparen.c  -O2  (test for excess errors)
FAIL: gcc.c-torture/compile/limits-exprparen.c  -O3 -fomit-frame-pointer  (test for excess errors)
FAIL: gcc.c-torture/compile/limits-exprparen.c  -O3 -g  (test for excess errors)
FAIL: gcc.c-torture/compile/limits-exprparen.c  -Os  (test for excess errors)
FAIL: gcc.c-torture/execute/mayalias-2.c compilation,  -O3 -g  (internal compiler error)
UNRESOLVED: gcc.c-torture/execute/mayalias-2.c execution,  -O3 -g 
FAIL: gcc.c-torture/execute/mayalias-3.c compilation,  -O3 -g  (internal compiler error)
UNRESOLVED: gcc.c-torture/execute/mayalias-3.c execution,  -O3 -g 
XPASS: gcc.dg/cpp/cmdlne-dI-M.c scan-file (^|\\\\n)cmdlne-dI-M.*:[^\\\\n]*cmdlne-dI-M.c
XPASS: gcc.dg/cpp/cmdlne-dM-M.c scan-file (^|\\\\n)cmdlne-dM-M[^\\\\n]*:[^\\\\n]*cmdlne-dM-M.c
FAIL: gcc.dg/builtins-20.c (test for excess errors)
FAIL: gcc.dg/builtins-59.c scan-tree-dump __builtin_cexpi
FAIL: gcc.dg/builtins-59.c scan-tree-dump-not sincos
FAIL: gcc.dg/builtins-61.c scan-tree-dump cexpi
FAIL: gcc.dg/builtins-61.c scan-tree-dump sin
FAIL: gcc.dg/builtins-61.c scan-tree-dump cos
FAIL: gcc.dg/builtins-61.c scan-tree-dump return 0.0
FAIL: gcc.dg/builtins-62.c scan-tree-dump-times cexpi 3
FAIL: gcc.dg/float-range-3.c (test for excess errors)
FAIL: gcc.dg/float-range-4.c (test for excess errors)
FAIL: gcc.dg/float-range-5.c (test for excess errors)
FAIL: gcc.dg/pthread-init-1.c (test for excess errors)
FAIL: gcc.dg/pthread-init-2.c (test for excess errors)
WARNING: gcc.dg/ucnid-2.c compilation failed to produce executable
WARNING: gcc.dg/ucnid-3.c compilation failed to produce executable
WARNING: gcc.dg/ucnid-4.c compilation failed to produce executable
FAIL: gcc.dg/matrix/matrix-1.c scan-ipa-dump-times Flattened 3 dimensions 1
FAIL: gcc.dg/matrix/transpose-1.c scan-ipa-dump-times Flattened 3 dimensions 1
FAIL: gcc.dg/matrix/transpose-1.c scan-ipa-dump-times Transposed 3
FAIL: gcc.dg/matrix/transpose-2.c scan-ipa-dump-times Flattened 3 dimensions 1
FAIL: gcc.dg/matrix/transpose-4.c scan-ipa-dump-times Flattened 3 dimensions 1
FAIL: gcc.dg/matrix/transpose-4.c scan-ipa-dump-times Transposed 2
FAIL: gcc.dg/matrix/transpose-5.c scan-ipa-dump-times Flattened 3 dimensions 1
FAIL: gcc.dg/matrix/transpose-6.c scan-ipa-dump-times Flattened 3 dimensions 1
FAIL: largefile.c -O0 -g (test for excess errors)
FAIL: largefile.c  -O0  (test for excess errors)
FAIL: largefile.c  -O1  (test for excess errors)
FAIL: largefile.c  -O2  (test for excess errors)
FAIL: largefile.c  -O3 -fomit-frame-pointer  (test for excess errors)
FAIL: largefile.c  -O3 -g  (test for excess errors)
FAIL: largefile.c  -Os  (test for excess errors)
FAIL: gcc.dg/torture/builtin-pow-mpfr-1.c  -O0  scan-tree-dump pow
FAIL: gcc.dg/torture/builtin-pow-mpfr-1.c  -O1  scan-tree-dump pow
FAIL: gcc.dg/torture/builtin-pow-mpfr-1.c  -O2  scan-tree-dump pow
FAIL: gcc.dg/torture/builtin-pow-mpfr-1.c  -O3 -fomit-frame-pointer  scan-tree-dump pow
FAIL: gcc.dg/torture/builtin-pow-mpfr-1.c  -O3 -g  scan-tree-dump pow
FAIL: gcc.dg/torture/builtin-pow-mpfr-1.c  -Os  scan-tree-dump pow
FAIL: gcc.dg/torture/builtin-sin-mpfr-1.c  -O0  (test for excess errors)
FAIL: gcc.dg/torture/builtin-sin-mpfr-1.c  -O1  (test for excess errors)
FAIL: gcc.dg/torture/builtin-sin-mpfr-1.c  -O2  (test for excess errors)
FAIL: gcc.dg/torture/builtin-sin-mpfr-1.c  -O3 -fomit-frame-pointer  (test for excess errors)
FAIL: gcc.dg/torture/builtin-sin-mpfr-1.c  -O3 -fomit-frame-pointer -funroll-loops  (test for excess errors)
FAIL: gcc.dg/torture/builtin-sin-mpfr-1.c  -O3 -fomit-frame-pointer -funroll-all-loops -finline-functions  (test for excess errors)
FAIL: gcc.dg/torture/builtin-sin-mpfr-1.c  -O3 -g  (test for excess errors)
FAIL: gcc.dg/torture/builtin-sin-mpfr-1.c  -Os  (test for excess errors)
XPASS: gcc.dg/tree-ssa/update-threading.c scan-tree-dump-times Invalid sum 0
FAIL: gcc.dg/vect/vect-multitypes-5.c scan-tree-dump-times vectorized 1 loops 1
FAIL: gcc.dg/vect/vect-multitypes-6.c scan-tree-dump-times vectorized 1 loops 1
FAIL: gcc.target/sparc/align.c (test for excess errors)
ERROR: gcc.target/sparc/align.c: error executing dg-final: couldn't open "align.s": no such file or directory
UNRESOLVED: gcc.target/sparc/align.c: error executing dg-final: couldn't open "align.s": no such file or directory
FAIL: gcc.target/sparc/combined-2.c (test for excess errors)
ERROR: gcc.target/sparc/combined-2.c: error executing dg-final: couldn't open "combined-2.s": no such file or directory
UNRESOLVED: gcc.target/sparc/combined-2.c: error executing dg-final: couldn't open "combined-2.s": no such file or directory
FAIL: gcc.target/sparc/fexpand.c (test for excess errors)
ERROR: gcc.target/sparc/fexpand.c: error executing dg-final: couldn't open "fexpand.s": no such file or directory
UNRESOLVED: gcc.target/sparc/fexpand.c: error executing dg-final: couldn't open "fexpand.s": no such file or directory
FAIL: gcc.target/sparc/fnot.c (test for excess errors)
ERROR: gcc.target/sparc/fnot.c: error executing dg-final: couldn't open "fnot.s": no such file or directory
UNRESOLVED: gcc.target/sparc/fnot.c: error executing dg-final: couldn't open "fnot.s": no such file or directory
FAIL: gcc.target/sparc/fpack16.c (test for excess errors)
ERROR: gcc.target/sparc/fpack16.c: error executing dg-final: couldn't open "fpack16.s": no such file or directory
UNRESOLVED: gcc.target/sparc/fpack16.c: error executing dg-final: couldn't open "fpack16.s": no such file or directory
FAIL: gcc.target/sparc/fpmerge.c (test for excess errors)
ERROR: gcc.target/sparc/fpmerge.c: error executing dg-final: couldn't open "fpmerge.s": no such file or directory
UNRESOLVED: gcc.target/sparc/fpmerge.c: error executing dg-final: couldn't open "fpmerge.s": no such file or directory
FAIL: gcc.target/sparc/fpmul.c (test for excess errors)
ERROR: gcc.target/sparc/fpmul.c: error executing dg-final: couldn't open "fpmul.s": no such file or directory
UNRESOLVED: gcc.target/sparc/fpmul.c: error executing dg-final: couldn't open "fpmul.s": no such file or directory
FAIL: gcc.target/sparc/noresult.c (internal compiler error)
FAIL: gcc.target/sparc/noresult.c (test for excess errors)
ERROR: gcc.target/sparc/noresult.c: error executing dg-final: couldn't open "noresult.s": no such file or directory
UNRESOLVED: gcc.target/sparc/noresult.c: error executing dg-final: couldn't open "noresult.s": no such file or directory
FAIL: gcc.target/sparc/pdist.c (test for excess errors)
ERROR: gcc.target/sparc/pdist.c: error executing dg-final: couldn't open "pdist.s": no such file or directory
UNRESOLVED: gcc.target/sparc/pdist.c: error executing dg-final: couldn't open "pdist.s": no such file or directory

		=== gcc Summary ===

# of expected passes		43428
# of unexpected failures	62
# of unexpected successes	3
# of expected failures		151
# of unresolved testcases	11
# of untested testcases		42
# of unsupported tests		514
/opt/build/eric/gcc/gcc/xgcc  version 4.3.0 20070529 (experimental)

		=== gfortran tests ===


Running target unix
FAIL: gfortran.dg/actual_array_constructor_1.f90  -O0  (internal compiler error)
FAIL: gfortran.dg/actual_array_constructor_1.f90  -O0  (test for excess errors)
WARNING: gfortran.dg/actual_array_constructor_1.f90  -O0  compilation failed to produce executable
FAIL: gfortran.dg/actual_array_constructor_1.f90  -O1  (internal compiler error)
FAIL: gfortran.dg/actual_array_constructor_1.f90  -O1  (test for excess errors)
WARNING: gfortran.dg/actual_array_constructor_1.f90  -O1  compilation failed to produce executable
FAIL: gfortran.dg/actual_array_constructor_1.f90  -O2  (internal compiler error)
FAIL: gfortran.dg/actual_array_constructor_1.f90  -O2  (test for excess errors)
WARNING: gfortran.dg/actual_array_constructor_1.f90  -O2  compilation failed to produce executable
FAIL: gfortran.dg/actual_array_constructor_1.f90  -O3 -fomit-frame-pointer  (internal compiler error)
FAIL: gfortran.dg/actual_array_constructor_1.f90  -O3 -fomit-frame-pointer  (test for excess errors)
WARNING: gfortran.dg/actual_array_constructor_1.f90  -O3 -fomit-frame-pointer  compilation failed to produce executable
FAIL: gfortran.dg/actual_array_constructor_1.f90  -O3 -fomit-frame-pointer -funroll-loops  (internal compiler error)
FAIL: gfortran.dg/actual_array_constructor_1.f90  -O3 -fomit-frame-pointer -funroll-loops  (test for excess errors)
WARNING: gfortran.dg/actual_array_constructor_1.f90  -O3 -fomit-frame-pointer -funroll-loops  compilation failed to produce executable
FAIL: gfortran.dg/actual_array_constructor_1.f90  -O3 -fomit-frame-pointer -funroll-all-loops -finline-functions  (internal compiler error)
FAIL: gfortran.dg/actual_array_constructor_1.f90  -O3 -fomit-frame-pointer -funroll-all-loops -finline-functions  (test for excess errors)
WARNING: gfortran.dg/actual_array_constructor_1.f90  -O3 -fomit-frame-pointer -funroll-all-loops -finline-functions  compilation failed to produce executable
FAIL: gfortran.dg/actual_array_constructor_1.f90  -O3 -g  (internal compiler error)
FAIL: gfortran.dg/actual_array_constructor_1.f90  -O3 -g  (test for excess errors)
WARNING: gfortran.dg/actual_array_constructor_1.f90  -O3 -g  compilation failed to produce executable
FAIL: gfortran.dg/actual_array_constructor_1.f90  -Os  (internal compiler error)
FAIL: gfortran.dg/actual_array_constructor_1.f90  -Os  (test for excess errors)
WARNING: gfortran.dg/actual_array_constructor_1.f90  -Os  compilation failed to produce executable
FAIL: gfortran.dg/actual_array_constructor_2.f90  -O0  (internal compiler error)
FAIL: gfortran.dg/actual_array_constructor_2.f90  -O0  (test for excess errors)
WARNING: gfortran.dg/actual_array_constructor_2.f90  -O0  compilation failed to produce executable
FAIL: gfortran.dg/actual_array_constructor_2.f90  -O1  (internal compiler error)
FAIL: gfortran.dg/actual_array_constructor_2.f90  -O1  (test for excess errors)
WARNING: gfortran.dg/actual_array_constructor_2.f90  -O1  compilation failed to produce executable
FAIL: gfortran.dg/actual_array_constructor_2.f90  -O2  (internal compiler error)
FAIL: gfortran.dg/actual_array_constructor_2.f90  -O2  (test for excess errors)
WARNING: gfortran.dg/actual_array_constructor_2.f90  -O2  compilation failed to produce executable
FAIL: gfortran.dg/actual_array_constructor_2.f90  -O3 -fomit-frame-pointer  (internal compiler error)
FAIL: gfortran.dg/actual_array_constructor_2.f90  -O3 -fomit-frame-pointer  (test for excess errors)
WARNING: gfortran.dg/actual_array_constructor_2.f90  -O3 -fomit-frame-pointer  compilation failed to produce executable
FAIL: gfortran.dg/actual_array_constructor_2.f90  -O3 -fomit-frame-pointer -funroll-loops  (internal compiler error)
FAIL: gfortran.dg/actual_array_constructor_2.f90  -O3 -fomit-frame-pointer -funroll-loops  (test for excess errors)
WARNING: gfortran.dg/actual_array_constructor_2.f90  -O3 -fomit-frame-pointer -funroll-loops  compilation failed to produce executable
FAIL: gfortran.dg/actual_array_constructor_2.f90  -O3 -fomit-frame-pointer -funroll-all-loops -finline-functions  (internal compiler error)
FAIL: gfortran.dg/actual_array_constructor_2.f90  -O3 -fomit-frame-pointer -funroll-all-loops -finline-functions  (test for excess errors)
WARNING: gfortran.dg/actual_array_constructor_2.f90  -O3 -fomit-frame-pointer -funroll-all-loops -finline-functions  compilation failed to produce executable
FAIL: gfortran.dg/actual_array_constructor_2.f90  -O3 -g  (internal compiler error)
FAIL: gfortran.dg/actual_array_constructor_2.f90  -O3 -g  (test for excess errors)
WARNING: gfortran.dg/actual_array_constructor_2.f90  -O3 -g  compilation failed to produce executable
FAIL: gfortran.dg/actual_array_constructor_2.f90  -Os  (internal compiler error)
FAIL: gfortran.dg/actual_array_constructor_2.f90  -Os  (test for excess errors)
WARNING: gfortran.dg/actual_array_constructor_2.f90  -Os  compilation failed to produce executable
FAIL: gfortran.dg/allocate_stat_1.f90  -O0  execution test
FAIL: gfortran.dg/allocate_stat_1.f90  -O1  execution test
FAIL: gfortran.dg/allocate_stat_1.f90  -O2  execution test
FAIL: gfortran.dg/allocate_stat_1.f90  -O3 -fomit-frame-pointer  execution test
FAIL: gfortran.dg/allocate_stat_1.f90  -O3 -fomit-frame-pointer -funroll-loops  execution test
FAIL: gfortran.dg/allocate_stat_1.f90  -O3 -fomit-frame-pointer -funroll-all-loops -finline-functions  execution test
FAIL: gfortran.dg/allocate_stat_1.f90  -O3 -g  execution test
FAIL: gfortran.dg/allocate_stat_1.f90  -Os  execution test
FAIL: gfortran.dg/char_initialiser_actual.f90  -O0  (internal compiler error)
FAIL: gfortran.dg/char_initialiser_actual.f90  -O0  (test for excess errors)
WARNING: gfortran.dg/char_initialiser_actual.f90  -O0  compilation failed to produce executable
FAIL: gfortran.dg/char_initialiser_actual.f90  -O1  (internal compiler error)
FAIL: gfortran.dg/char_initialiser_actual.f90  -O1  (test for excess errors)
WARNING: gfortran.dg/char_initialiser_actual.f90  -O1  compilation failed to produce executable
FAIL: gfortran.dg/char_initialiser_actual.f90  -O2  (internal compiler error)
FAIL: gfortran.dg/char_initialiser_actual.f90  -O2  (test for excess errors)
WARNING: gfortran.dg/char_initialiser_actual.f90  -O2  compilation failed to produce executable
FAIL: gfortran.dg/char_initialiser_actual.f90  -O3 -fomit-frame-pointer  (internal compiler error)
FAIL: gfortran.dg/char_initialiser_actual.f90  -O3 -fomit-frame-pointer  (test for excess errors)
WARNING: gfortran.dg/char_initialiser_actual.f90  -O3 -fomit-frame-pointer  compilation failed to produce executable
FAIL: gfortran.dg/char_initialiser_actual.f90  -O3 -fomit-frame-pointer -funroll-loops  (internal compiler error)
FAIL: gfortran.dg/char_initialiser_actual.f90  -O3 -fomit-frame-pointer -funroll-loops  (test for excess errors)
WARNING: gfortran.dg/char_initialiser_actual.f90  -O3 -fomit-frame-pointer -funroll-loops  compilation failed to produce executable
FAIL: gfortran.dg/char_initialiser_actual.f90  -O3 -fomit-frame-pointer -funroll-all-loops -finline-functions  (internal compiler error)
FAIL: gfortran.dg/char_initialiser_actual.f90  -O3 -fomit-frame-pointer -funroll-all-loops -finline-functions  (test for excess errors)
WARNING: gfortran.dg/char_initialiser_actual.f90  -O3 -fomit-frame-pointer -funroll-all-loops -finline-functions  compilation failed to produce executable
FAIL: gfortran.dg/char_initialiser_actual.f90  -O3 -g  (internal compiler error)
FAIL: gfortran.dg/char_initialiser_actual.f90  -O3 -g  (test for excess errors)
WARNING: gfortran.dg/char_initialiser_actual.f90  -O3 -g  compilation failed to produce executable
FAIL: gfortran.dg/char_initialiser_actual.f90  -Os  (internal compiler error)
FAIL: gfortran.dg/char_initialiser_actual.f90  -Os  (test for excess errors)
WARNING: gfortran.dg/char_initialiser_actual.f90  -Os  compilation failed to produce executable
FAIL: gfortran.fortran-torture/execute/pr19269-1.f90,  -O0  (internal compiler error)
FAIL: gfortran.fortran-torture/execute/pr19269-1.f90,  -O1  (internal compiler error)
FAIL: gfortran.fortran-torture/execute/pr19269-1.f90,  -O2  (internal compiler error)
FAIL: gfortran.fortran-torture/execute/pr19269-1.f90,  -O3 -fomit-frame-pointer  (internal compiler error)
FAIL: gfortran.fortran-torture/execute/pr19269-1.f90,  -O3 -fomit-frame-pointer -funroll-loops  (internal compiler error)
FAIL: gfortran.fortran-torture/execute/pr19269-1.f90,  -O3 -fomit-frame-pointer -funroll-all-loops -finline-functions  (internal compiler error)
FAIL: gfortran.fortran-torture/execute/pr19269-1.f90,  -O3 -g  (internal compiler error)
FAIL: gfortran.fortran-torture/execute/pr19269-1.f90,  -Os  (internal compiler error)

		=== gfortran Summary ===

# of expected passes		17901
# of unexpected failures	64
# of expected failures		9
# of unsupported tests		111
/opt/build/eric/gcc/gcc/testsuite/gfortran/../../gfortran  version 4.3.0 20070529 (experimental)

		=== gnat tests ===


Running target unix
FAIL: gnat.dg/address_conversion.adb execution test

		=== gnat Summary ===

# of expected passes		168
# of unexpected failures	1
		=== obj-c++ tests ===


Running target unix
FAIL: obj-c++.dg/cxx-class-1.mm (test for excess errors)
FAIL: obj-c++.dg/cxx-ivars-2.mm execution test
FAIL: obj-c++.dg/encode-2.mm scan-assembler {Vec<float>=ffi}
FAIL: obj-c++.dg/encode-2.mm scan-assembler {Vec<double>=ddi}
FAIL: obj-c++.dg/encode-3.mm execution test
FAIL: obj-c++.dg/encode-8.mm execution test
FAIL: obj-c++.dg/gnu-runtime-2.mm (test for excess errors)
FAIL: obj-c++.dg/isa-field-1.mm (test for excess errors)
FAIL: obj-c++.dg/lookup-2.mm (test for excess errors)
WARNING: obj-c++.dg/lookup-2.mm compilation failed to produce executable
FAIL: obj-c++.dg/try-catch-2.mm (test for excess errors)
WARNING: obj-c++.dg/try-catch-2.mm compilation failed to produce executable
FAIL: obj-c++.dg/try-catch-9.mm (test for excess errors)
WARNING: obj-c++.dg/try-catch-9.mm compilation failed to produce executable

		=== obj-c++ Summary ===

# of expected passes		424
# of unexpected failures	11
# of unsupported tests		13
/opt/build/eric/gcc/gcc/testsuite/obj-c++/../../g++  version 4.3.0 20070529 (experimental)

		=== objc tests ===


Running target unix

		=== objc Summary ===

# of expected passes		1812
# of expected failures		7
# of unsupported tests		24
/opt/build/eric/gcc/gcc/xgcc  version 4.3.0 20070529 (experimental)

		=== libffi tests ===


Running target unix

		=== libffi Summary ===

# of expected passes		1096
# of unsupported tests		8
		=== libgomp tests ===


Running target unix
FAIL: libgomp.fortran/omp_parse1.f90  -O0  execution test
FAIL: libgomp.fortran/omp_parse1.f90  -O1  execution test
FAIL: libgomp.fortran/omp_parse1.f90  -O2  execution test
FAIL: libgomp.fortran/omp_parse1.f90  -O3 -fomit-frame-pointer  execution test
FAIL: libgomp.fortran/omp_parse1.f90  -O3 -fomit-frame-pointer -funroll-loops  execution test
FAIL: libgomp.fortran/omp_parse1.f90  -O3 -fomit-frame-pointer -funroll-all-loops -finline-functions  execution test
FAIL: libgomp.fortran/omp_parse1.f90  -O3 -g  execution test
FAIL: libgomp.fortran/omp_parse1.f90  -Os  execution test

		=== libgomp Summary ===

# of expected passes		1542
# of unexpected failures	8
# of unsupported tests		9
		=== libstdc++ tests ===


Running target unix
FAIL: 27_io/ios_base/storage/2.cc execution test
FAIL: ext/enc_filebuf/char/13598.cc execution test

		=== libstdc++ Summary ===

# of expected passes		4307
# of unexpected failures	2
# of expected failures		48
# of unsupported tests		359

Compiler version: 4.3.0 20070529 (experimental) 
Platform: sparc-sun-solaris2.8
configure flags: --prefix=/opt/build/eric/local/gcc --with-gmp=/opt/build/eric/local --with-mpfr=/opt/build/eric/local --with-local-prefix=/opt/build/eric/local --enable-languages=c,c++,objc,obj-c++,java,fortran,ada --enable-checking=assert,misc,runtime --disable-multilib
BOOT_CFLAGS=-g -O2


Index Nav: [Date Index] [Subject Index] [Author Index] [Thread Index]
Message Nav: [Date Prev] [Date Next] [Thread Prev] [Thread Next]