This is the mail archive of the gcc-testresults@gcc.gnu.org mailing list for the GCC project.


Index Nav: [Date Index] [Subject Index] [Author Index] [Thread Index]
Message Nav: [Date Prev] [Date Next] [Thread Prev] [Thread Next]
Other format: [Raw text]

Results for 4.3.0 20070525 (experimental) testsuite on i686-pc-cygwin


LAST_UPDATED: Obtained from SVN: trunk revision 125076

Native configuration is i686-pc-cygwin

		=== g++ tests ===


Running target unix
FAIL: g++.dg/abi/local1.C execution test
FAIL: g++.dg/abi/rtti1.C scan-assembler-dem-not \\ntypeinfo for A[: \\t\\n]
FAIL: g++.dg/abi/rtti3.C scan-assembler .weak[ \\t]_?_ZTSPP1A
FAIL: g++.dg/abi/thunk4.C scan-assembler .weak[ \\t]_?_ZThn._N7Derived3FooEv
FAIL: g++.dg/eh/weak1.C execution test
FAIL: g++.dg/ext/dllimport7.C C++ specific error (test for errors, line 24)
FAIL: g++.dg/opt/complex3.C (internal compiler error)
FAIL: g++.dg/opt/complex3.C (test for excess errors)
FAIL: g++.dg/opt/vt1.C scan-assembler-not section[^\\n\\r]*_ZTV1S[^\\n\\r]*"[^w"\\n\\r]*"
FAIL: g++.dg/other/unused1.C scan-assembler (string|ascii?)z?\\t"class2("|\\\\\\\\000)
FAIL: g++.dg/other/unused1.C scan-assembler (string|ascii?)z?\\t"printer("|\\\\\\\\000)
XPASS: g++.dg/tree-ssa/ivopts-1.C scan-tree-dump-not offset: -4B
XPASS: g++.dg/tree-ssa/ivopts-1.C scan-tree-dump-not &x\\[5\\]
FAIL: g++.dg/pch/externc-1.C -g assembly comparison
FAIL: g++.dg/pch/externc-1.C -O2 -g assembly comparison
FAIL: g++.dg/pch/static-1.C -g assembly comparison
FAIL: g++.dg/pch/static-1.C -O2 -g assembly comparison
FAIL: g++.dg/pch/system-1.C -g assembly comparison
FAIL: g++.dg/pch/system-1.C -O2 -g assembly comparison
FAIL: g++.dg/pch/system-2.C -g assembly comparison
FAIL: g++.dg/pch/system-2.C -O2 -g assembly comparison
FAIL: g++.dg/pch/uninst.C -g assembly comparison
FAIL: g++.dg/pch/uninst.C -O2 -g assembly comparison
FAIL: g++.dg/pch/wchar-1.C -g assembly comparison
FAIL: g++.dg/pch/wchar-1.C -O2 -g assembly comparison
FAIL: g++.old-deja/g++.eh/badalloc1.C execution test
XPASS: g++.old-deja/g++.ext/attrib5.C execution test
FAIL: g++.old-deja/g++.other/init18.C execution test
FAIL: g++.old-deja/g++.other/init19.C execution test
FAIL: g++.old-deja/g++.other/init5.C execution test

		=== g++ Summary ===

# of expected passes		15253
# of unexpected failures	27
# of unexpected successes	3
# of expected failures		86
# of unsupported tests		178
/cygdrive/e/gnu/gcc-4.3-20070525/xp/gcc/testsuite/g++/../../g++  version 4.3.0 20070525 (experimental)

		=== gcc tests ===


Running target unix
FAIL: gcc.c-torture/compile/20001226-1.c (test for excess errors)
FAIL: gcc.c-torture/compile/limits-declparen.c (test for excess errors)
FAIL: gcc.c-torture/compile/limits-exprparen.c (test for excess errors)
FAIL: gcc.c-torture/compile/limits-pointer.c (test for excess errors)
FAIL: gcc.c-torture/execute/990127-2.c execution,  -Os 
FAIL: gcc.dg/cpp/trigraphs.c (test for excess errors)
WARNING: gcc.dg/cpp/trigraphs.c compilation failed to produce executable
FAIL: gcc.dg/20021014-1.c (test for excess errors)
WARNING: gcc.dg/20021014-1.c compilation failed to produce executable
FAIL: gcc.dg/builtins-20.c (test for excess errors)
FAIL: gcc.dg/builtins-59.c scan-tree-dump __builtin_cexpi
FAIL: gcc.dg/builtins-59.c scan-tree-dump-not sincos
FAIL: gcc.dg/builtins-61.c scan-tree-dump cexpi
FAIL: gcc.dg/builtins-61.c scan-tree-dump sin
FAIL: gcc.dg/builtins-61.c scan-tree-dump cos
FAIL: gcc.dg/builtins-61.c scan-tree-dump return 0.0
FAIL: gcc.dg/builtins-62.c scan-tree-dump-times cexpi 3
FAIL: gcc.dg/float-range-3.c (test for excess errors)
FAIL: gcc.dg/float-range-4.c (test for excess errors)
FAIL: gcc.dg/float-range-5.c (test for excess errors)
FAIL: gcc.dg/pr25993.c (test for excess errors)
FAIL: gcc.dg/setjmp-3.c (test for excess errors)
WARNING: gcc.dg/setjmp-3.c compilation failed to produce executable
FAIL: gcc.dg/setjmp-4.c (test for excess errors)
WARNING: gcc.dg/setjmp-4.c compilation failed to produce executable
FAIL: gcc.dg/ssp-2.c (test for excess errors)
WARNING: gcc.dg/ssp-2.c compilation failed to produce executable
FAIL: largefile.c (test for excess errors)
FAIL: largefile.c (test for excess errors)
FAIL: largefile.c (test for excess errors)
FAIL: largefile.c (test for excess errors)
FAIL: largefile.c (test for excess errors)
FAIL: largefile.c (test for excess errors)
FAIL: largefile.c (test for excess errors)
FAIL: gcc.dg/tree-ssa/loop-1.c scan-assembler-times foo 5
FAIL: gcc.dg/tree-ssa/pr27781.c scan-tree-dump func \\(\\);
XPASS: gcc.dg/tree-ssa/update-threading.c scan-tree-dump-times Invalid sum 0
FAIL: gcc.dg/vect/pr31041.c (test for excess errors)
XPASS: gcc.dg/vect/vect-iv-4.c scan-tree-dump-times vectorized 1 loops 1
FAIL: compiler driver --coverage option(s) (compiler options)
FAIL: gcc.target/i386/pic-1.c  (test for errors, line 11)
FAIL: gcc.target/i386/pr21291.c (test for excess errors)

		=== gcc Summary ===

# of expected passes		46514
# of unexpected failures	35
# of unexpected successes	2
# of expected failures		134
# of untested testcases		42
# of unsupported tests		423
/cygdrive/e/gnu/gcc-4.3-20070525/xp/gcc/xgcc  version 4.3.0 20070525 (experimental)

		=== gfortran tests ===


Running target unix

		=== gfortran Summary ===

# of expected passes		17958
# of expected failures		8
# of unsupported tests		86
/cygdrive/e/gnu/gcc-4.3-20070525/xp/gcc/testsuite/gfortran/../../gfortran  version 4.3.0 20070525 (experimental)

		=== objc tests ===


Running target unix

		=== objc Summary ===

# of expected passes		1892
# of expected failures		7
# of unsupported tests		24
/cygdrive/e/gnu/gcc-4.3-20070525/xp/gcc/xgcc  version 4.3.0 20070525 (experimental)

		=== treelang tests ===


Running target unix
ERROR: tcl error sourcing /cygdrive/e/gnu/gcc-4.3-20070525/gcc/testsuite/treelang/output/output.exp.
ERROR: rm: cannot remove \`treelang/output-1': No such file or directory

		=== treelang Summary ===

# of expected passes		52
		=== libgomp tests ===


Running target unix
FAIL: libgomp.c/pr30494.c execution test
WARNING: program timed out.
FAIL: libgomp.c++/ctor-8.C execution test
WARNING: program timed out.
FAIL: libgomp.c++/ctor-8.C execution test
FAIL: libgomp.c++/ctor-8.C execution test
FAIL: libgomp.c++/ctor-8.C execution test
WARNING: program timed out.
FAIL: libgomp.c++/ctor-9.C execution test
FAIL: libgomp.c++/ctor-9.C execution test
WARNING: program timed out.
FAIL: libgomp.c++/ctor-9.C execution test
WARNING: program timed out.
FAIL: libgomp.c++/ctor-9.C execution test
WARNING: program timed out.
FAIL: libgomp.c++/ctor-9.C execution test
WARNING: program timed out.
FAIL: libgomp.c++/ctor-9.C execution test
FAIL: libgomp.c++/nested-1.C execution test
FAIL: libgomp.fortran/omp_parse2.f90 execution test
FAIL: libgomp.fortran/omp_parse2.f90 execution test
FAIL: libgomp.fortran/omp_parse3.f90 (test for excess errors)
WARNING: libgomp.fortran/omp_parse3.f90 compilation failed to produce executable
FAIL: libgomp.fortran/threadprivate1.f90 execution test
WARNING: program timed out.
FAIL: libgomp.fortran/threadprivate1.f90 execution test
FAIL: libgomp.fortran/threadprivate1.f90 execution test
WARNING: program timed out.
FAIL: libgomp.fortran/threadprivate2.f90 execution test
WARNING: program timed out.
FAIL: libgomp.fortran/threadprivate2.f90 execution test
WARNING: program timed out.
FAIL: libgomp.fortran/threadprivate2.f90 execution test
WARNING: program timed out.
FAIL: libgomp.fortran/threadprivate2.f90 execution test
FAIL: libgomp.fortran/threadprivate2.f90 (test for excess errors)
WARNING: libgomp.fortran/threadprivate2.f90 compilation failed to produce executable
WARNING: program timed out.
FAIL: libgomp.fortran/threadprivate3.f90 execution test
WARNING: program timed out.
FAIL: libgomp.fortran/threadprivate3.f90 execution test
FAIL: libgomp.fortran/threadprivate3.f90 (test for excess errors)
WARNING: libgomp.fortran/threadprivate3.f90 compilation failed to produce executable
FAIL: libgomp.fortran/vla2.f90 execution test
FAIL: libgomp.fortran/vla2.f90 execution test
FAIL: libgomp.fortran/vla5.f90 execution test
FAIL: libgomp.fortran/vla5.f90 execution test
FAIL: libgomp.fortran/vla6.f90 execution test
FAIL: libgomp.fortran/vla6.f90 execution test

		=== libgomp Summary ===

# of expected passes		1529
# of unexpected failures	32
# of unsupported tests		2
		=== libstdc++ tests ===


Running target unix
FAIL: 22_locale/locale/cons/unicode.cc (test for excess errors)
WARNING: 22_locale/locale/cons/unicode.cc compilation failed to produce executable
FAIL: 22_locale/locale/cons/unicode.cc (test for excess errors)
WARNING: 22_locale/locale/cons/unicode.cc compilation failed to produce executable
FAIL: 27_io/basic_filebuf/seekoff/char/1-io.cc execution test
FAIL: 27_io/basic_filebuf/seekoff/char/1-io.cc execution test
FAIL: 27_io/basic_filebuf/seekoff/char/2-io.cc execution test
FAIL: 27_io/basic_filebuf/seekoff/char/2-io.cc execution test
FAIL: 27_io/basic_filebuf/seekpos/char/1-io.cc execution test
FAIL: 27_io/basic_filebuf/seekpos/char/1-io.cc execution test
FAIL: 27_io/basic_filebuf/seekpos/char/2-io.cc execution test
FAIL: 27_io/basic_filebuf/seekpos/char/2-io.cc execution test
FAIL: 27_io/basic_filebuf/sgetn/char/1-in.cc execution test
FAIL: 27_io/basic_filebuf/sgetn/char/1-in.cc execution test
FAIL: 27_io/basic_filebuf/sgetn/char/1-in.cc execution test
FAIL: 27_io/basic_filebuf/sgetn/char/1-io.cc execution test
FAIL: 27_io/basic_filebuf/sgetn/char/1-io.cc execution test
FAIL: 27_io/basic_filebuf/sgetn/char/1-io.cc execution test
FAIL: 27_io/basic_filebuf/sgetn/char/2-in.cc execution test
FAIL: 27_io/basic_filebuf/sgetn/char/2-in.cc execution test
FAIL: 27_io/basic_filebuf/sgetn/char/2-in.cc execution test
FAIL: 27_io/basic_filebuf/sgetn/char/2-io.cc execution test
FAIL: 27_io/basic_filebuf/sgetn/char/2-io.cc execution test
FAIL: 27_io/basic_filebuf/sgetn/char/2-io.cc execution test
FAIL: 27_io/basic_istream/readsome/char/6746-2.cc execution test
FAIL: 27_io/basic_istream/readsome/char/6746-2.cc execution test
FAIL: 27_io/basic_istream/readsome/char/6746-2.cc execution test
FAIL: ext/codecvt/1.cc (test for excess errors)
WARNING: ext/codecvt/1.cc compilation failed to produce executable
FAIL: ext/codecvt/char-1.cc (test for excess errors)
WARNING: ext/codecvt/char-1.cc compilation failed to produce executable
FAIL: ext/codecvt/char-2.cc (test for excess errors)
WARNING: ext/codecvt/char-2.cc compilation failed to produce executable
FAIL: ext/enc_filebuf/char/13189.cc (test for excess errors)
WARNING: ext/enc_filebuf/char/13189.cc compilation failed to produce executable
FAIL: ext/enc_filebuf/char/13189.cc (test for excess errors)
WARNING: ext/enc_filebuf/char/13189.cc compilation failed to produce executable
FAIL: ext/enc_filebuf/char/13598.cc (test for excess errors)
WARNING: ext/enc_filebuf/char/13598.cc compilation failed to produce executable
FAIL: ext/enc_filebuf/char/13598.cc (test for excess errors)
WARNING: ext/enc_filebuf/char/13598.cc compilation failed to produce executable
FAIL: ext/mt_allocator/deallocate_local_thread-5.cc execution test
FAIL: ext/mt_allocator/deallocate_local_thread-7.cc execution test
FAIL: ext/pb_ds/example/priority_queue_dijkstra.cc execution test
FAIL: ext/pb_ds/example/priority_queue_dijkstra.cc execution test
WARNING: program timed out.
FAIL: thread/pthread6.cc execution test
FAIL: tr1/2_general_utilities/shared_ptr/thread/default_weaktoshared.cc execution test
FAIL: tr1/2_general_utilities/shared_ptr/thread/default_weaktoshared.cc execution test
FAIL: tr1/2_general_utilities/shared_ptr/thread/mutex_weaktoshared.cc execution test
FAIL: tr1/2_general_utilities/shared_ptr/thread/mutex_weaktoshared.cc execution test
FAIL: tr1/2_general_utilities/shared_ptr/thread/mutex_weaktoshared.cc execution test

		=== libstdc++ Summary ===

# of expected passes		8195
# of unexpected failures	42
# of expected failures		106
# of unsupported tests		538

Compiler version: 4.3.0 20070525 (experimental)
Platform: i686-pc-cygwin
configure flags: --enable-threads=posix --enable-sjlj-exceptions --disable-libmudflap --disable-shared --enable-maintainer-mode --prefix=/usr/local/gcc43 --enable-bootstrap --enable-languages=c,c++,fortran,objc,treelang --enable-libgomp

Tim Prince


Index Nav: [Date Index] [Subject Index] [Author Index] [Thread Index]
Message Nav: [Date Prev] [Date Next] [Thread Prev] [Thread Next]