This is the mail archive of the gcc-testresults@gcc.gnu.org mailing list for the GCC project.


Index Nav: [Date Index] [Subject Index] [Author Index] [Thread Index]
Message Nav: [Date Prev] [Date Next] [Thread Prev] [Thread Next]
Other format: [Raw text]

Results for 4.3.0 20070530 (experimental) testsuite on powerpc-apple-darwin8.5.0


This build run by an automatic regression tester.
See <http://gcc.gnu.org/regtest/HEAD/> for more information.

Date: 2007-05-30T19:14:06Z
Revision: 125196
URL: svn://gcc.gnu.org/svn/gcc/trunk
Status: regress-33
Prev-Endtime: 2007-05-30T19:11:11Z

LAST_UPDATED: 
Native configuration is powerpc-apple-darwin8.5.0

		=== g++ tests ===


Running target unix
WARNING: Could not compile g++.dg/compat/struct-layout-1 generator
FAIL: g++.dg/ext/alignof2.C execution test
FAIL: g++.dg/other/unused1.C scan-assembler (string|ascii?)z?\\t"class2("|\\\\\\\\000)
FAIL: g++.dg/other/unused1.C scan-assembler (string|ascii?)z?\\t"printer("|\\\\\\\\000)
FAIL: g++.dg/warn/weak1.C (test for excess errors)
WARNING: g++.dg/warn/weak1.C compilation failed to produce executable
FAIL: g++.dg/special/conpr-3.C execution test
FAIL: g++.dg/special/initpri1.C execution test

		=== g++ Summary ===

# of expected passes		14800
# of unexpected failures	6
# of expected failures		86
# of unsupported tests		134
/Users/regress/tbox/native/build/gcc/testsuite/g++/../../g++  version 4.3.0 20070530 (experimental)

		=== gcc tests ===


Running target unix
WARNING: Could not compile gcc.dg/compat/struct-layout-1 generator
XPASS: gcc.dg/20020103-1.c scan-assembler-not LC[0-9]
FAIL: gcc.dg/builtins-59.c scan-tree-dump __builtin_cexpi
FAIL: gcc.dg/builtins-59.c scan-tree-dump-not sincos
FAIL: gcc.dg/builtins-61.c scan-tree-dump cexpi
FAIL: gcc.dg/builtins-61.c scan-tree-dump sin
FAIL: gcc.dg/builtins-61.c scan-tree-dump cos
FAIL: gcc.dg/builtins-61.c scan-tree-dump return 0.0
FAIL: gcc.dg/builtins-62.c scan-tree-dump-times cexpi 3
FAIL: gcc.dg/initpri1.c execution test
FAIL: gcc.dg/memcpy-1.c scan-tree-dump-times nasty_local 0
FAIL: gcc.dg/setjmp-3.c (test for excess errors)
FAIL: gcc.dg/setjmp-4.c (test for excess errors)
FAIL: gcc.dg/ssp-2.c (test for excess errors)
XPASS: gcc.dg/tree-ssa/update-threading.c scan-tree-dump-times Invalid sum 0
FAIL: gcc.dg/vect/vect-intfloat-conversion-4a.c scan-tree-dump-times vectorized 1 loops 1
FAIL: gcc.dg/vect/vect-intfloat-conversion-4b.c scan-tree-dump-times vectorized 1 loops 1
XPASS: gcc.dg/vect/vect-iv-4.c scan-tree-dump-times vectorized 1 loops 1
FAIL: gcc.dg/vect/section-anchors-pr27770.c (test for excess errors)
FAIL: gcc.dg/vect/section-anchors-vect-69.c (test for excess errors)
FAIL: gcc.dg/vect/section-anchors-vect-69.c scan-tree-dump-times Alignment of access forced using peeling 4
FAIL: gcc.target/powerpc/parity-1.c scan-assembler popcntb
FAIL: gcc.target/powerpc/popcount-1.c scan-assembler popcntb
FAIL: gcc.target/powerpc/stabs-attrib-vect-darwin.c scan-assembler .stabs.*vi:\\\\(0,[0-9]+\\\\)=@V

		=== gcc Summary ===

# of expected passes		45118
# of unexpected failures	20
# of unexpected successes	3
# of expected failures		136
# of untested testcases		35
# of unsupported tests		465
/Users/regress/tbox/native/build/gcc/xgcc  version 4.3.0 20070530 (experimental)

		=== gfortran tests ===


Running target unix
FAIL: gfortran.dg/allocate_stat_1.f90  -O0  execution test
FAIL: gfortran.dg/allocate_stat_1.f90  -O1  execution test
FAIL: gfortran.dg/allocate_stat_1.f90  -O2  execution test
FAIL: gfortran.dg/allocate_stat_1.f90  -O3 -fomit-frame-pointer  execution test
FAIL: gfortran.dg/allocate_stat_1.f90  -O3 -fomit-frame-pointer -funroll-loops  execution test
FAIL: gfortran.dg/allocate_stat_1.f90  -O3 -fomit-frame-pointer -funroll-all-loops -finline-functions  execution test
FAIL: gfortran.dg/allocate_stat_1.f90  -O3 -g  execution test
FAIL: gfortran.dg/allocate_stat_1.f90  -Os  execution test
FAIL: gfortran.dg/edit_real_1.f90  -O0  execution test
FAIL: gfortran.dg/edit_real_1.f90  -O1  execution test
FAIL: gfortran.dg/edit_real_1.f90  -O2  execution test
FAIL: gfortran.dg/edit_real_1.f90  -O3 -fomit-frame-pointer  execution test
FAIL: gfortran.dg/edit_real_1.f90  -O3 -fomit-frame-pointer -funroll-loops  execution test
FAIL: gfortran.dg/edit_real_1.f90  -O3 -fomit-frame-pointer -funroll-all-loops -finline-functions  execution test
FAIL: gfortran.dg/edit_real_1.f90  -O3 -g  execution test
FAIL: gfortran.dg/edit_real_1.f90  -Os  execution test
FAIL: gfortran.dg/large_real_kind_2.F90  -O0  execution test
FAIL: gfortran.dg/large_real_kind_2.F90  -O1  execution test
FAIL: gfortran.dg/large_real_kind_2.F90  -O2  execution test
FAIL: gfortran.dg/large_real_kind_2.F90  -O3 -fomit-frame-pointer  execution test
FAIL: gfortran.dg/large_real_kind_2.F90  -O3 -fomit-frame-pointer -funroll-loops  execution test
FAIL: gfortran.dg/large_real_kind_2.F90  -O3 -fomit-frame-pointer -funroll-all-loops -finline-functions  execution test
FAIL: gfortran.dg/large_real_kind_2.F90  -O3 -g  execution test
FAIL: gfortran.dg/large_real_kind_2.F90  -Os  execution test
FAIL: gfortran.dg/large_real_kind_form_io_2.f90  -O0  execution test
FAIL: gfortran.dg/large_real_kind_form_io_2.f90  -O1  execution test
FAIL: gfortran.dg/large_real_kind_form_io_2.f90  -O2  execution test
FAIL: gfortran.dg/large_real_kind_form_io_2.f90  -O3 -fomit-frame-pointer  execution test
FAIL: gfortran.dg/large_real_kind_form_io_2.f90  -O3 -fomit-frame-pointer -funroll-loops  execution test
FAIL: gfortran.dg/large_real_kind_form_io_2.f90  -O3 -fomit-frame-pointer -funroll-all-loops -finline-functions  execution test
FAIL: gfortran.dg/large_real_kind_form_io_2.f90  -O3 -g  execution test
FAIL: gfortran.dg/large_real_kind_form_io_2.f90  -Os  execution test

		=== gfortran Summary ===

# of expected passes		18077
# of unexpected failures	32
# of expected failures		8
# of unsupported tests		58
/Users/regress/tbox/native/build/gcc/testsuite/gfortran/../../gfortran  version 4.3.0 20070530 (experimental)

		=== objc tests ===


Running target unix
FAIL: objc.dg/bitfield-1.m (test for excess errors)
WARNING: objc.dg/bitfield-1.m compilation failed to produce executable
FAIL: objc.dg/call-super-1.m (test for excess errors)
WARNING: objc.dg/call-super-1.m compilation failed to produce executable
FAIL: objc.dg/call-super-3.m (test for excess errors)
WARNING: objc.dg/call-super-3.m compilation failed to produce executable
FAIL: objc.dg/category-1.m (test for excess errors)
WARNING: objc.dg/category-1.m compilation failed to produce executable
FAIL: objc.dg/const-str-3.m (test for excess errors)
WARNING: objc.dg/const-str-3.m compilation failed to produce executable
FAIL: objc.dg/const-str-7.m (test for excess errors)
WARNING: objc.dg/const-str-7.m compilation failed to produce executable
FAIL: objc.dg/const-str-8.m (test for excess errors)
WARNING: objc.dg/const-str-8.m compilation failed to produce executable
FAIL: objc.dg/defs.m (test for excess errors)
WARNING: objc.dg/defs.m compilation failed to produce executable
FAIL: objc.dg/desig-init-1.m (test for excess errors)
WARNING: objc.dg/desig-init-1.m compilation failed to produce executable
FAIL: objc.dg/encode-2.m (test for excess errors)
WARNING: objc.dg/encode-2.m compilation failed to produce executable
FAIL: objc.dg/encode-3.m (test for excess errors)
WARNING: objc.dg/encode-3.m compilation failed to produce executable
FAIL: objc.dg/encode-4.m (test for excess errors)
WARNING: objc.dg/encode-4.m compilation failed to produce executable
FAIL: objc.dg/encode-5.m (test for excess errors)
FAIL: objc.dg/fix-and-continue-1.m (test for excess errors)
WARNING: objc.dg/fix-and-continue-1.m compilation failed to produce executable
FAIL: objc.dg/func-ptr-1.m (test for excess errors)
WARNING: objc.dg/func-ptr-1.m compilation failed to produce executable
FAIL: objc.dg/func-ptr-2.m (test for excess errors)
WARNING: objc.dg/func-ptr-2.m compilation failed to produce executable
FAIL: objc.dg/headers.m (test for excess errors)
FAIL: objc.dg/isa-field-1.m (test for excess errors)
FAIL: objc.dg/lookup-1.m (test for excess errors)
WARNING: objc.dg/lookup-1.m compilation failed to produce executable
FAIL: objc.dg/method-10.m (test for excess errors)
WARNING: objc.dg/method-10.m compilation failed to produce executable
FAIL: objc.dg/method-13.m (test for excess errors)
WARNING: objc.dg/method-13.m compilation failed to produce executable
FAIL: objc.dg/method-3.m (test for excess errors)
WARNING: objc.dg/method-3.m compilation failed to produce executable
FAIL: objc.dg/no-extra-load.m (test for excess errors)
ERROR: objc.dg/no-extra-load.m: error executing dg-final: couldn't open "no-extra-load.s": no such file or directory
UNRESOLVED: objc.dg/no-extra-load.m: error executing dg-final: couldn't open "no-extra-load.s": no such file or directory
FAIL: objc.dg/proto-lossage-3.m (test for excess errors)
WARNING: objc.dg/proto-lossage-3.m compilation failed to produce executable
FAIL: objc.dg/proto-qual-1.m (test for excess errors)
WARNING: objc.dg/proto-qual-1.m compilation failed to produce executable
FAIL: objc.dg/sizeof-1.m (test for excess errors)
WARNING: objc.dg/sizeof-1.m compilation failed to produce executable
FAIL: objc.dg/stret-1.m (test for excess errors)
WARNING: objc.dg/stret-1.m compilation failed to produce executable
FAIL: objc.dg/super-class-3.m (test for excess errors)
WARNING: objc.dg/super-class-3.m compilation failed to produce executable
FAIL: objc.dg/type-size-2.m (test for excess errors)
WARNING: objc.dg/type-size-2.m compilation failed to produce executable
FAIL: objc.dg/va-meth-1.m (test for excess errors)
WARNING: objc.dg/va-meth-1.m compilation failed to produce executable
FAIL: objc.dg/zero-link-3.m (test for excess errors)
WARNING: objc.dg/zero-link-3.m compilation failed to produce executable
WARNING: Could not compile objc.dg/gnu-encoding/struct-layout-encoding-1 generator
FAIL: objc.dg/special/unclaimed-category-1.m unclaimed-category-1a.o (test for excess errors)
WARNING: objc.dg/special/unclaimed-category-1.m unclaimed-category-1a.o compilation failed to produce executable

		=== objc Summary ===

# of expected passes		1749
# of unexpected failures	32
# of unresolved testcases	1
# of unsupported tests		1
/Users/regress/tbox/native/build/gcc/xgcc  version 4.3.0 20070530 (experimental)

		=== libffi tests ===


Running target unix

		=== libffi Summary ===

# of expected passes		1096
# of unsupported tests		8
		=== libgomp tests ===


Running target unix

		=== libgomp Summary ===

# of expected passes		1346
# of unsupported tests		111
		=== libjava tests ===


Running target unix
FAIL: Thread_Sleep_2 output - source compiled test
FAIL: Thread_Sleep_2 -findirect-dispatch output - source compiled test
FAIL: Thread_Sleep_2 -O3 output - source compiled test

		=== libjava Summary ===

# of expected passes		2535
# of unexpected failures	3
		=== libstdc++ tests ===


Running target unix
XPASS: 21_strings/basic_string/element_access/char/21674.cc execution test
XPASS: 21_strings/basic_string/element_access/wchar_t/21674.cc execution test
FAIL: 25_algorithms/equal/1.cc (test for excess errors)
WARNING: 25_algorithms/equal/1.cc compilation failed to produce executable
XPASS: 26_numerics/headers/cmath/c99_classification_macros_c.cc (test for excess errors)
FAIL: ext/mt_allocator/deallocate_local_thread-5.cc execution test
FAIL: ext/mt_allocator/deallocate_local_thread-7.cc execution test
FAIL: ext/pb_ds/example/priority_queue_dijkstra.cc execution test

		=== libstdc++ Summary ===

# of expected passes		4373
# of unexpected failures	4
# of unexpected successes	3
# of expected failures		44
# of unsupported tests		318

Compiler version: 4.3.0 20070530 (experimental) 
Platform: powerpc-apple-darwin8.5.0
configure flags: --prefix=/Users/regress/tbox/objs --target=powerpc-apple-darwin8.5.0


Index Nav: [Date Index] [Subject Index] [Author Index] [Thread Index]
Message Nav: [Date Prev] [Date Next] [Thread Prev] [Thread Next]