This is the mail archive of the
gcc-testresults@gcc.gnu.org
mailing list for the GCC project.
Results for 4.3.0 20070530 (experimental)[PR 32130 fix] testsuite on powerpc-unknown-eabisim
- From: Rask Ingemann Lambertsen <rask at sygehus dot dk>
- To: gcc-testresults at gcc dot gnu dot org
- Date: Wed, 30 May 2007 19:27:15 +0200
- Subject: Results for 4.3.0 20070530 (experimental)[PR 32130 fix] testsuite on powerpc-unknown-eabisim
LAST_UPDATED:
Target is powerpc-unknown-eabisim
Host is i686-pc-linux-gnu
=== gcc tests ===
Running target powerpc-sim
FAIL: gcc.c-torture/compile/limits-exprparen.c -O0 (test for excess errors)
FAIL: gcc.c-torture/compile/limits-exprparen.c -O1 (test for excess errors)
FAIL: gcc.c-torture/compile/limits-exprparen.c -O2 (test for excess errors)
FAIL: gcc.c-torture/compile/limits-exprparen.c -O3 -fomit-frame-pointer (test for excess errors)
FAIL: gcc.c-torture/compile/limits-exprparen.c -O3 -g (test for excess errors)
FAIL: gcc.c-torture/compile/limits-exprparen.c -Os (test for excess errors)
FAIL: gcc.c-torture/execute/builtins/pr23484-chk.c execution, -O1
FAIL: gcc.c-torture/execute/builtins/pr23484-chk.c execution, -O2
FAIL: gcc.c-torture/execute/builtins/pr23484-chk.c execution, -O3 -fomit-frame-pointer
FAIL: gcc.c-torture/execute/builtins/pr23484-chk.c execution, -O3 -g
FAIL: gcc.c-torture/execute/builtins/pr23484-chk.c execution, -Os
FAIL: gcc.c-torture/execute/builtins/printf.c execution, -O0
FAIL: gcc.c-torture/execute/builtins/printf.c execution, -O1
FAIL: gcc.c-torture/execute/builtins/printf.c execution, -O2
FAIL: gcc.c-torture/execute/builtins/printf.c execution, -O3 -fomit-frame-pointer
FAIL: gcc.c-torture/execute/builtins/printf.c execution, -O3 -g
FAIL: gcc.c-torture/execute/builtins/printf.c execution, -Os
FAIL: gcc.c-torture/execute/builtins/snprintf-chk.c execution, -O1
FAIL: gcc.c-torture/execute/builtins/vsnprintf-chk.c execution, -O3 -fomit-frame-pointer -funroll-loops
FAIL: gcc.c-torture/execute/builtins/vsnprintf-chk.c execution, -O3 -fomit-frame-pointer -funroll-all-loops -finline-functions
FAIL: gcc.c-torture/execute/builtins/vsnprintf-chk.c execution, -O3 -g
FAIL: gcc.c-torture/execute/builtins/vsnprintf-chk.c execution, -Os
FAIL: gcc.c-torture/execute/builtins/vsprintf-chk.c execution, -O1
FAIL: gcc.c-torture/execute/builtins/vsprintf-chk.c execution, -O2
FAIL: gcc.c-torture/execute/builtins/vsprintf-chk.c execution, -O3 -fomit-frame-pointer
FAIL: gcc.c-torture/execute/builtins/vsprintf-chk.c execution, -O3 -fomit-frame-pointer -funroll-loops
FAIL: gcc.c-torture/execute/builtins/vsprintf-chk.c execution, -O3 -fomit-frame-pointer -funroll-all-loops -finline-functions
FAIL: gcc.c-torture/execute/builtins/vsprintf-chk.c execution, -O3 -g
FAIL: gcc.c-torture/execute/builtins/vsprintf-chk.c execution, -Os
FAIL: gcc.c-torture/execute/20020406-1.c execution, -O0
FAIL: gcc.c-torture/execute/20020406-1.c execution, -O1
FAIL: gcc.c-torture/execute/20020406-1.c execution, -O2
FAIL: gcc.c-torture/execute/20020406-1.c execution, -O3 -fomit-frame-pointer
FAIL: gcc.c-torture/execute/20020406-1.c execution, -O3 -fomit-frame-pointer -funroll-loops
FAIL: gcc.c-torture/execute/20020406-1.c execution, -O3 -fomit-frame-pointer -funroll-all-loops -finline-functions
FAIL: gcc.c-torture/execute/20020406-1.c execution, -O3 -g
FAIL: gcc.c-torture/execute/20020406-1.c execution, -Os
FAIL: gcc.c-torture/execute/20070201-1.c execution, -O0
FAIL: gcc.c-torture/execute/20070201-1.c execution, -O1
FAIL: gcc.c-torture/execute/20070201-1.c execution, -O2
FAIL: gcc.c-torture/execute/20070201-1.c execution, -O3 -fomit-frame-pointer
FAIL: gcc.c-torture/execute/920501-8.c execution, -O0
FAIL: gcc.c-torture/execute/920501-8.c execution, -O1
FAIL: gcc.c-torture/execute/920501-8.c execution, -O2
FAIL: gcc.c-torture/execute/920501-8.c execution, -O3 -fomit-frame-pointer
FAIL: gcc.c-torture/execute/920501-8.c execution, -O3 -g
FAIL: gcc.c-torture/execute/920501-8.c execution, -Os
FAIL: gcc.c-torture/execute/920501-9.c execution, -O0
FAIL: gcc.c-torture/execute/920501-9.c execution, -O1
FAIL: gcc.c-torture/execute/920501-9.c execution, -O2
FAIL: gcc.c-torture/execute/920501-9.c execution, -O3 -fomit-frame-pointer
FAIL: gcc.c-torture/execute/920501-9.c execution, -O3 -g
FAIL: gcc.c-torture/execute/920501-9.c execution, -Os
FAIL: gcc.c-torture/execute/920726-1.c execution, -O0
FAIL: gcc.c-torture/execute/920726-1.c execution, -O1
FAIL: gcc.c-torture/execute/920726-1.c execution, -O2
FAIL: gcc.c-torture/execute/920726-1.c execution, -O3 -fomit-frame-pointer
FAIL: gcc.c-torture/execute/mayalias-2.c compilation, -O3 -g (internal compiler error)
UNRESOLVED: gcc.c-torture/execute/mayalias-2.c execution, -O3 -g
FAIL: gcc.c-torture/execute/mayalias-3.c compilation, -O3 -g (internal compiler error)
UNRESOLVED: gcc.c-torture/execute/mayalias-3.c execution, -O3 -g
FAIL: gcc.c-torture/execute/struct-ret-1.c execution, -O2
FAIL: gcc.c-torture/execute/struct-ret-1.c execution, -O3 -fomit-frame-pointer
FAIL: gcc.c-torture/execute/struct-ret-1.c execution, -O3 -g
FAIL: gcc.c-torture/execute/struct-ret-1.c execution, -Os
FAIL: gcc.c-torture/execute/va-arg-21.c execution, -O0
FAIL: gcc.c-torture/execute/va-arg-21.c execution, -O1
FAIL: gcc.c-torture/execute/va-arg-21.c execution, -O2
FAIL: gcc.c-torture/execute/va-arg-21.c execution, -O3 -fomit-frame-pointer
FAIL: gcc.c-torture/execute/va-arg-21.c execution, -O3 -fomit-frame-pointer -funroll-loops
FAIL: gcc.c-torture/execute/va-arg-21.c execution, -O3 -fomit-frame-pointer -funroll-all-loops -finline-functions
FAIL: gcc.c-torture/execute/ieee/inf-1.c execution, -O0
FAIL: gcc.dg/cpp/assert4.c (test for excess errors)
XPASS: gcc.dg/cpp/cmdlne-dI-M.c scan-file (^|\\\\n)cmdlne-dI-M.*:[^\\\\n]*cmdlne-dI-M.c
XPASS: gcc.dg/cpp/cmdlne-dM-M.c scan-file (^|\\\\n)cmdlne-dM-M[^\\\\n]*:[^\\\\n]*cmdlne-dM-M.c
FAIL: gcc.dg/builtins-20.c (test for excess errors)
FAIL: gcc.dg/builtins-59.c scan-tree-dump __builtin_cexpi
FAIL: gcc.dg/builtins-59.c scan-tree-dump-not sincos
FAIL: gcc.dg/builtins-61.c scan-tree-dump cexpi
FAIL: gcc.dg/builtins-61.c scan-tree-dump sin
FAIL: gcc.dg/builtins-61.c scan-tree-dump cos
FAIL: gcc.dg/builtins-61.c scan-tree-dump return 0.0
FAIL: gcc.dg/builtins-62.c scan-tree-dump-times cexpi 3
FAIL: gcc.dg/float-range-3.c (test for excess errors)
FAIL: gcc.dg/float-range-4.c (test for excess errors)
FAIL: gcc.dg/float-range-5.c (test for excess errors)
FAIL: gcc.dg/ia64-sync-1.c execution test
FAIL: gcc.dg/memcpy-1.c scan-tree-dump-times nasty_local 0
FAIL: gcc.dg/var-expand3.c execution test
FAIL: gcc.dg/torture/builtin-pow-mpfr-1.c -O0 scan-tree-dump pow
FAIL: gcc.dg/torture/builtin-pow-mpfr-1.c -O1 scan-tree-dump pow
FAIL: gcc.dg/torture/builtin-pow-mpfr-1.c -O2 scan-tree-dump pow
FAIL: gcc.dg/torture/builtin-pow-mpfr-1.c -O3 -fomit-frame-pointer scan-tree-dump pow
FAIL: gcc.dg/torture/builtin-pow-mpfr-1.c -O3 -g scan-tree-dump pow
FAIL: gcc.dg/torture/builtin-pow-mpfr-1.c -Os scan-tree-dump pow
FAIL: gcc.dg/torture/builtin-sin-mpfr-1.c -O0 (test for excess errors)
FAIL: gcc.dg/torture/builtin-sin-mpfr-1.c -O1 (test for excess errors)
FAIL: gcc.dg/torture/builtin-sin-mpfr-1.c -O2 (test for excess errors)
FAIL: gcc.dg/torture/builtin-sin-mpfr-1.c -O3 -fomit-frame-pointer (test for excess errors)
FAIL: gcc.dg/torture/builtin-sin-mpfr-1.c -O3 -fomit-frame-pointer -funroll-loops (test for excess errors)
FAIL: gcc.dg/torture/builtin-sin-mpfr-1.c -O3 -fomit-frame-pointer -funroll-all-loops -finline-functions (test for excess errors)
FAIL: gcc.dg/torture/builtin-sin-mpfr-1.c -O3 -g (test for excess errors)
FAIL: gcc.dg/torture/builtin-sin-mpfr-1.c -Os (test for excess errors)
XPASS: gcc.dg/tree-ssa/update-threading.c scan-tree-dump-times Invalid sum 0
FAIL: gcc.dg/vect/vect-intfloat-conversion-4a.c scan-tree-dump-times vectorized 1 loops 1
FAIL: gcc.dg/vect/vect-intfloat-conversion-4b.c scan-tree-dump-times vectorized 1 loops 1
XPASS: gcc.dg/vect/vect-iv-4.c scan-tree-dump-times vectorized 1 loops 1
FAIL: gcc.target/powerpc/20020118-1.c execution test
FAIL: gcc.target/powerpc/20030218-1.c (test for errors, line 14)
FAIL: gcc.target/powerpc/20030218-1.c (test for errors, line 18)
FAIL: gcc.target/powerpc/20030218-1.c (test for errors, line 21)
FAIL: gcc.target/powerpc/20030218-1.c (test for excess errors)
FAIL: gcc.target/powerpc/altivec-1.c execution test
FAIL: gcc.target/powerpc/altivec-12.c execution test
FAIL: gcc.target/powerpc/altivec-24.c execution test
FAIL: gcc.target/powerpc/altivec-3.c execution test
FAIL: gcc.target/powerpc/altivec-consts.c execution test
FAIL: gcc.target/powerpc/altivec-varargs-1.c execution test
FAIL: gcc.target/powerpc/altivec-vec-merge.c execution test
FAIL: gcc.target/powerpc/darwin-longlong.c execution test
FAIL: gcc.target/powerpc/spe1.c (test for excess errors)
=== gcc Summary ===
# of expected passes 44412
# of unexpected failures 115
# of unexpected successes 4
# of expected failures 136
# of unresolved testcases 2
# of untested testcases 35
# of unsupported tests 470
/mnt/disk01-2/rask/build/gcc-powerpc-unknown-eabisim/gcc/xgcc version 4.3.0 20070530 (experimental)
Host is i686-pc-linux-gnu
=== objc tests ===
Running target powerpc-sim
FAIL: objc/execute/exceptions/catchall-1.m execution, -O0 -fgnu-runtime
FAIL: objc/execute/exceptions/catchall-1.m execution, -O1 -fgnu-runtime
FAIL: objc/execute/exceptions/catchall-1.m execution, -O2 -fgnu-runtime
FAIL: objc/execute/exceptions/catchall-1.m execution, -O3 -fomit-frame-pointer -fgnu-runtime
FAIL: objc/execute/exceptions/catchall-1.m execution, -O3 -g -fgnu-runtime
FAIL: objc/execute/exceptions/catchall-1.m execution, -Os -fgnu-runtime
FAIL: objc/execute/np-2.m execution, -O0 -fgnu-runtime
FAIL: objc/execute/np-2.m execution, -O1 -fgnu-runtime
FAIL: objc/execute/np-2.m execution, -O2 -fgnu-runtime
FAIL: objc/execute/np-2.m execution, -O3 -fomit-frame-pointer -fgnu-runtime
FAIL: objc/execute/np-2.m execution, -O3 -g -fgnu-runtime
FAIL: objc/execute/np-2.m execution, -Os -fgnu-runtime
FAIL: objc.dg/desig-init-1.m execution test
FAIL: objc.dg/encode-2.m execution test
FAIL: objc.dg/encode-3.m execution test
=== objc Summary ===
# of expected passes 1797
# of unexpected failures 15
# of expected failures 7
# of unsupported tests 24
/mnt/disk01-2/rask/build/gcc-powerpc-unknown-eabisim/gcc/xgcc version 4.3.0 20070530 (experimental)
Compiler version: 4.3.0 20070530 (experimental)
Platform: powerpc-unknown-eabisim
configure flags: --target=powerpc-unknown-eabisim --disable-nls --with-newlib --enable-sim --disable-shared --enable-languages=c,objc --with-libgloss