This is the mail archive of the gcc-testresults@gcc.gnu.org mailing list for the GCC project.


Index Nav: [Date Index] [Subject Index] [Author Index] [Thread Index]
Message Nav: [Date Prev] [Date Next] [Thread Prev] [Thread Next]
Other format: [Raw text]

Results for 4.2.1 20070524 (prerelease) testsuite on i686-pc-cygwin


Windows XP Pro/SP2 cygwin Pentium M processor 2.13GHz system with packages:

binutils             20060817-1     2.17.50 20060817
bison                2.3-1          2.3
cygwin               1.5.24-2       (with D Korn's stdio.h patch to newlib)
dejagnu              20021217-2     1.4.2.x
expect               20030128-1	    5.26
gcc                  3.4.4-3
gcc-ada              3.4.4-3
gcc-g++              3.4.4-3
gmp                  4.2.1-1
make                 3.81-1
mpfr                 2.2.1-1
tcltk                20060202-1     8.4
w32api               3.8-1

LAST_UPDATED: Thu May 24 16:57:54 UTC 2007 (revision 125033)

Native configuration is i686-pc-cygwin

=== g++ tests ===


Running target unix FAIL: g++.dg/abi/local1.C execution test FAIL: g++.dg/abi/rtti1.C scan-assembler-dem-not \\ntypeinfo for A[: \\t\\n] FAIL: g++.dg/abi/rtti3.C scan-assembler .weak[ \\t]_?_ZTSPP1A FAIL: g++.dg/abi/thunk4.C scan-assembler .weak[ \\t]_?_ZThn._N7Derived3FooEv FAIL: g++.dg/ext/dllimport7.C C++ specific error (test for errors, line 24) FAIL: g++.dg/opt/complex3.C (internal compiler error) FAIL: g++.dg/opt/complex3.C (test for excess errors) FAIL: g++.dg/opt/vt1.C scan-assembler-not section[^\\n\\r]*_ZTV1S[^\\n\\r]*"[^w"\\n\\r]*" FAIL: g++.dg/other/unused1.C scan-assembler (string|ascii?)z?\\t"class2("|\\\\\\\\000) FAIL: g++.dg/other/unused1.C scan-assembler (string|ascii?)z?\\t"printer("|\\\\\\\\000) XPASS: g++.dg/tree-ssa/ivopts-1.C scan-tree-dump-not offset: -4B XPASS: g++.dg/tree-ssa/ivopts-1.C scan-tree-dump-not &x\\[5\\] FAIL: g++.dg/pch/externc-1.C -g assembly comparison FAIL: g++.dg/pch/externc-1.C -O2 -g assembly comparison FAIL: g++.dg/pch/static-1.C -g assembly comparison FAIL: g++.dg/pch/static-1.C -O2 -g assembly comparison FAIL: g++.dg/pch/system-1.C -g assembly comparison FAIL: g++.dg/pch/system-1.C -O2 -g assembly comparison FAIL: g++.dg/pch/system-2.C -g assembly comparison FAIL: g++.dg/pch/system-2.C -O2 -g assembly comparison FAIL: g++.dg/pch/uninst.C -g assembly comparison FAIL: g++.dg/pch/uninst.C -O2 -g assembly comparison FAIL: g++.dg/pch/wchar-1.C -g assembly comparison FAIL: g++.dg/pch/wchar-1.C -O2 -g assembly comparison FAIL: g++.old-deja/g++.eh/badalloc1.C execution test XPASS: g++.old-deja/g++.ext/attrib5.C execution test FAIL: g++.old-deja/g++.other/init18.C execution test FAIL: g++.old-deja/g++.other/init19.C execution test FAIL: g++.old-deja/g++.other/init5.C execution test

=== g++ Summary ===

# of expected passes		13574
# of unexpected failures	26
# of unexpected successes	3
# of expected failures		66
# of unsupported tests		168
/usr/local/src/branch/objdir/gcc/testsuite/g++/../../g++  version
4.2.1 20070524 (prerelease)

=== gcc tests ===


Running target unix WARNING: program timed out. FAIL: gcc.c-torture/compile/20011205-1.c (test for excess errors) XPASS: gcc.c-torture/execute/mayalias-2.c compilation, -O3 -g FAIL: gcc.dg/20021014-1.c (test for excess errors) WARNING: gcc.dg/20021014-1.c compilation failed to produce executable FAIL: gcc.dg/pr25993.c (test for excess errors) FAIL: gcc.dg/setjmp-3.c (test for excess errors) WARNING: gcc.dg/setjmp-3.c compilation failed to produce executable FAIL: gcc.dg/setjmp-4.c (test for excess errors) WARNING: gcc.dg/setjmp-4.c compilation failed to produce executable FAIL: largefile.c (test for excess errors) FAIL: largefile.c (test for excess errors) FAIL: largefile.c (test for excess errors) FAIL: largefile.c (test for excess errors) FAIL: largefile.c (test for excess errors) FAIL: largefile.c (test for excess errors) FAIL: largefile.c (test for excess errors) FAIL: gcc.dg/tree-ssa/loop-1.c scan-assembler-times foo 5 FAIL: compiler driver --coverage option(s) (compiler options) FAIL: gcc.target/i386/pic-1.c (test for errors, line 10)

=== gcc Summary ===

# of expected passes		43682
# of unexpected failures	15
# of unexpected successes	1
# of expected failures		114
# of untested testcases		35
# of unsupported tests		362
/usr/local/src/branch/objdir/gcc/xgcc  version 4.2.1 20070524 (prerelease)

=== gfortran tests ===


Running target unix


=== gfortran Summary ===

# of expected passes		15947
# of expected failures		7
# of unsupported tests		86
/usr/local/src/branch/objdir/gcc/testsuite/gfortran/../../gfortran
version 4.2.1 20070524 (prerelease)

=== obj-c++ tests ===


Running target unix FAIL: obj-c++.dg/cxx-ivars-2.mm execution test FAIL: obj-c++.dg/encode-8.mm execution test FAIL: obj-c++.dg/isa-field-1.mm (test for excess errors) FAIL: obj-c++.dg/lookup-2.mm (test for excess errors) WARNING: obj-c++.dg/lookup-2.mm compilation failed to produce executable FAIL: obj-c++.dg/try-catch-2.mm (test for excess errors) WARNING: obj-c++.dg/try-catch-2.mm compilation failed to produce executable FAIL: obj-c++.dg/try-catch-9.mm (test for excess errors) WARNING: obj-c++.dg/try-catch-9.mm compilation failed to produce executable

=== obj-c++ Summary ===

# of expected passes		429
# of unexpected failures	6
# of unsupported tests		13
/usr/local/src/branch/objdir/gcc/testsuite/obj-c++/../../g++  version
4.2.1 20070524 (prerelease)

=== objc tests ===


Running target unix


=== objc Summary ===

# of expected passes		1886
# of expected failures		7
# of unsupported tests		24
/usr/local/src/branch/objdir/gcc/xgcc  version 4.2.1 20070524 (prerelease)

=== treelang tests ===


Running target unix ERROR: tcl error sourcing /usr/local/src/branch/gcc/gcc/testsuite/treelang/output/output.exp. ERROR: rm: cannot remove \`treelang/output-1': No such file or directory

=== treelang Summary ===

# of expected passes		52
		=== libstdc++ tests ===


Running target unix FAIL: 26_numerics/cmath/c99_classification_macros_c.cc (test for excess errors) FAIL: 27_io/basic_filebuf/seekoff/char/1-io.cc execution test FAIL: 27_io/basic_filebuf/seekoff/char/1-io.cc execution test FAIL: 27_io/basic_filebuf/seekoff/char/2-io.cc execution test FAIL: 27_io/basic_filebuf/seekoff/char/2-io.cc execution test FAIL: 27_io/basic_filebuf/seekpos/char/1-io.cc execution test FAIL: 27_io/basic_filebuf/seekpos/char/1-io.cc execution test FAIL: 27_io/basic_filebuf/seekpos/char/2-io.cc execution test FAIL: 27_io/basic_filebuf/seekpos/char/2-io.cc execution test FAIL: 27_io/basic_filebuf/sgetn/char/1-in.cc execution test FAIL: 27_io/basic_filebuf/sgetn/char/1-in.cc execution test FAIL: 27_io/basic_filebuf/sgetn/char/1-in.cc execution test FAIL: 27_io/basic_filebuf/sgetn/char/1-io.cc execution test FAIL: 27_io/basic_filebuf/sgetn/char/1-io.cc execution test FAIL: 27_io/basic_filebuf/sgetn/char/1-io.cc execution test FAIL: 27_io/basic_filebuf/sgetn/char/2-in.cc execution test FAIL: 27_io/basic_filebuf/sgetn/char/2-in.cc execution test FAIL: 27_io/basic_filebuf/sgetn/char/2-in.cc execution test FAIL: 27_io/basic_filebuf/sgetn/char/2-io.cc execution test FAIL: 27_io/basic_filebuf/sgetn/char/2-io.cc execution test FAIL: 27_io/basic_filebuf/sgetn/char/2-io.cc execution test FAIL: 27_io/basic_istream/extractors_arithmetic/char/12.cc execution test FAIL: 27_io/basic_istream/extractors_arithmetic/char/12.cc execution test FAIL: 27_io/basic_istream/extractors_arithmetic/char/12.cc execution test FAIL: 27_io/basic_istream/readsome/char/6746-2.cc execution test FAIL: 27_io/basic_istream/readsome/char/6746-2.cc execution test FAIL: 27_io/basic_istream/readsome/char/6746-2.cc execution test FAIL: ext/pb_ds/example/priority_queue_dijkstra.cc execution test FAIL: ext/pb_ds/example/priority_queue_dijkstra.cc execution test

=== libstdc++ Summary ===

# of expected passes		6994
# of unexpected failures	29
# of expected failures		31
# of unsupported tests		447

Compiler version: 4.2.1 20070524 (prerelease)
Platform: i686-pc-cygwin
configure flags: --disable-nls --without-included-gettext
--enable-version-specific-runtime-libs --without-x --disable-libgcj
--with-system-zlib --enable-threads=posix
--enable-languages=c,c++,fortran,objc,obj-c++,treelang


Index Nav: [Date Index] [Subject Index] [Author Index] [Thread Index]
Message Nav: [Date Prev] [Date Next] [Thread Prev] [Thread Next]