This is the mail archive of the gcc-testresults@gcc.gnu.org mailing list for the GCC project.


Index Nav: [Date Index] [Subject Index] [Author Index] [Thread Index]
Message Nav: [Date Prev] [Date Next] [Thread Prev] [Thread Next]
Other format: [Raw text]

Results for 4.3.0 20070523 (experimental) gcc testsuite on arm-unknown-elf


Ubuntu 5 on pentium3-smp
cross tool versions:
GNU assembler (GNU Binutils) 2.17.50.20070520
GNU gdb 6.6.50.20070520-cvs
GNU ld (GNU Binutils) 2.17.50.20070520

GNU Make 3.80
expect version 5.42.1
host gcc version: gcc (GCC) 4.3.0 20070523 (experimental)
LAST_UPDATED: Wed May 23 22:03:37 UTC 2007 (revision 125002)

Target is arm-unknown-elf
Host   is i686-pc-linux-gnu

		=== gcc tests ===


Running target arm-sim
FAIL: gcc.c-torture/compile/limits-structnest.c  -O2  (test for excess errors)
FAIL: gcc.c-torture/compile/limits-structnest.c  -O3 -fomit-frame-pointer  (test for excess errors)
FAIL: gcc.c-torture/compile/limits-structnest.c  -O3 -g  (test for excess errors)
FAIL: gcc.c-torture/compile/limits-structnest.c  -Os  (test for excess errors)
FAIL: gcc.c-torture/execute/mayalias-2.c compilation,  -O3 -g  (internal compiler error)
UNRESOLVED: gcc.c-torture/execute/mayalias-2.c execution,  -O3 -g 
FAIL: gcc.c-torture/execute/mayalias-3.c compilation,  -O3 -g  (internal compiler error)
UNRESOLVED: gcc.c-torture/execute/mayalias-3.c execution,  -O3 -g 
WARNING: Could not compile gcc.dg/compat/struct-layout-1 generator
FAIL: gcc.dg/cpp/_Pragma6.c (test for excess errors)
FAIL: gcc.dg/Wno-pointer-sign.c (test for excess errors)
FAIL: gcc.dg/arm-g2.c scan-assembler mla[ \\t].*
FAIL: gcc.dg/assign-warn-1.c  (test for warnings, line 63)
FAIL: gcc.dg/assign-warn-1.c  (test for warnings, line 64)
FAIL: gcc.dg/assign-warn-1.c  (test for warnings, line 65)
FAIL: gcc.dg/assign-warn-1.c  (test for warnings, line 66)
FAIL: gcc.dg/assign-warn-1.c  (test for warnings, line 67)
FAIL: gcc.dg/assign-warn-1.c  (test for warnings, line 69)
FAIL: gcc.dg/assign-warn-1.c  (test for warnings, line 70)
FAIL: gcc.dg/assign-warn-1.c  (test for warnings, line 71)
FAIL: gcc.dg/assign-warn-1.c  (test for warnings, line 72)
FAIL: gcc.dg/assign-warn-1.c  (test for warnings, line 73)
FAIL: gcc.dg/assign-warn-1.c  (test for warnings, line 75)
FAIL: gcc.dg/assign-warn-1.c  (test for warnings, line 76)
FAIL: gcc.dg/assign-warn-1.c  (test for warnings, line 77)
FAIL: gcc.dg/assign-warn-1.c  (test for warnings, line 78)
FAIL: gcc.dg/assign-warn-1.c  (test for warnings, line 79)
FAIL: gcc.dg/assign-warn-1.c  (test for warnings, line 81)
FAIL: gcc.dg/assign-warn-1.c  (test for warnings, line 82)
FAIL: gcc.dg/assign-warn-1.c  (test for warnings, line 83)
FAIL: gcc.dg/assign-warn-1.c  (test for warnings, line 84)
FAIL: gcc.dg/assign-warn-1.c  (test for warnings, line 85)
FAIL: gcc.dg/assign-warn-1.c (test for excess errors)
FAIL: gcc.dg/assign-warn-2.c  (test for errors, line 64)
FAIL: gcc.dg/assign-warn-2.c  (test for errors, line 65)
FAIL: gcc.dg/assign-warn-2.c  (test for errors, line 66)
FAIL: gcc.dg/assign-warn-2.c  (test for errors, line 67)
FAIL: gcc.dg/assign-warn-2.c  (test for errors, line 68)
FAIL: gcc.dg/assign-warn-2.c  (test for errors, line 70)
FAIL: gcc.dg/assign-warn-2.c  (test for errors, line 71)
FAIL: gcc.dg/assign-warn-2.c  (test for errors, line 72)
FAIL: gcc.dg/assign-warn-2.c  (test for errors, line 73)
FAIL: gcc.dg/assign-warn-2.c  (test for errors, line 74)
FAIL: gcc.dg/assign-warn-2.c  (test for errors, line 76)
FAIL: gcc.dg/assign-warn-2.c  (test for errors, line 77)
FAIL: gcc.dg/assign-warn-2.c  (test for errors, line 78)
FAIL: gcc.dg/assign-warn-2.c  (test for errors, line 79)
FAIL: gcc.dg/assign-warn-2.c  (test for errors, line 80)
FAIL: gcc.dg/assign-warn-2.c  (test for errors, line 82)
FAIL: gcc.dg/assign-warn-2.c  (test for errors, line 83)
FAIL: gcc.dg/assign-warn-2.c  (test for errors, line 84)
FAIL: gcc.dg/assign-warn-2.c  (test for errors, line 85)
FAIL: gcc.dg/assign-warn-2.c  (test for errors, line 86)
FAIL: gcc.dg/assign-warn-2.c (test for excess errors)
FAIL: gcc.dg/builtins-20.c (test for excess errors)
FAIL: gcc.dg/builtins-59.c scan-tree-dump __builtin_cexpi
FAIL: gcc.dg/builtins-59.c scan-tree-dump-not sincos
FAIL: gcc.dg/builtins-61.c scan-tree-dump cexpi
FAIL: gcc.dg/builtins-61.c scan-tree-dump sin
FAIL: gcc.dg/builtins-61.c scan-tree-dump cos
FAIL: gcc.dg/builtins-61.c scan-tree-dump return 0.0
FAIL: gcc.dg/builtins-62.c scan-tree-dump-times cexpi 3
FAIL: gcc.dg/conv-2.c  (test for warnings, line 20)
FAIL: gcc.dg/conv-2.c  (test for warnings, line 21)
FAIL: gcc.dg/conv-2.c  (test for warnings, line 23)
FAIL: gcc.dg/conv-2.c  (test for warnings, line 25)
FAIL: gcc.dg/conv-2.c (test for excess errors)
FAIL: gcc.dg/float-range-3.c (test for excess errors)
FAIL: gcc.dg/float-range-4.c (test for excess errors)
FAIL: gcc.dg/float-range-5.c (test for excess errors)
FAIL: gcc.dg/intmax_t-1.c  (test for errors, line )
FAIL: gcc.dg/memcpy-1.c scan-tree-dump-times nasty_local 0
FAIL: gcc.dg/pr28726.c (test for excess errors)
FAIL: gcc.dg/pr30957-1.c scan-rtl-dump Expanding Accumulator
FAIL: gcc.dg/var-expand1.c scan-rtl-dump Expanding Accumulator
FAIL: gcc.dg/tls/alias-1.c (test for excess errors)
FAIL: gcc.dg/tls/opt-2.c (test for excess errors)
FAIL: gcc.dg/torture/builtin-pow-mpfr-1.c  -O0  scan-tree-dump pow
FAIL: gcc.dg/torture/builtin-pow-mpfr-1.c  -O1  scan-tree-dump pow
FAIL: gcc.dg/torture/builtin-pow-mpfr-1.c  -O2  scan-tree-dump pow
FAIL: gcc.dg/torture/builtin-pow-mpfr-1.c  -O3 -fomit-frame-pointer  scan-tree-dump pow
FAIL: gcc.dg/torture/builtin-pow-mpfr-1.c  -O3 -g  scan-tree-dump pow
FAIL: gcc.dg/torture/builtin-pow-mpfr-1.c  -Os  scan-tree-dump pow
FAIL: gcc.dg/torture/builtin-sin-mpfr-1.c  -O0  (test for excess errors)
FAIL: gcc.dg/torture/builtin-sin-mpfr-1.c  -O1  (test for excess errors)
FAIL: gcc.dg/torture/builtin-sin-mpfr-1.c  -O2  (test for excess errors)
FAIL: gcc.dg/torture/builtin-sin-mpfr-1.c  -O3 -fomit-frame-pointer  (test for excess errors)
FAIL: gcc.dg/torture/builtin-sin-mpfr-1.c  -O3 -fomit-frame-pointer -funroll-loops  (test for excess errors)
FAIL: gcc.dg/torture/builtin-sin-mpfr-1.c  -O3 -fomit-frame-pointer -funroll-all-loops -finline-functions  (test for excess errors)
FAIL: gcc.dg/torture/builtin-sin-mpfr-1.c  -O3 -g  (test for excess errors)
FAIL: gcc.dg/torture/builtin-sin-mpfr-1.c  -Os  (test for excess errors)
XPASS: gcc.dg/tree-ssa/update-threading.c scan-tree-dump-times Invalid sum 0
FAIL: gcc.target/arm/pr27387.C (test for excess errors)
ERROR: gcc.target/arm/pr27387.C: error executing dg-final: couldn't open "pr27387.s": no such file or directory
UNRESOLVED: gcc.target/arm/pr27387.C: error executing dg-final: couldn't open "pr27387.s": no such file or directory

		=== gcc Summary ===

# of expected passes		42166
# of unexpected failures	89
# of unexpected successes	1
# of expected failures		86
# of unresolved testcases	3
# of untested testcases		28
# of unsupported tests		437
/home/mstein/sim/arm-elf/build/gcc/xgcc  version 4.3.0 20070523 (experimental)


Compiler version: 4.3.0 20070523 (experimental) gcc 
Platform: arm-unknown-elf
configure flags: --target=arm-elf --prefix=/n/07/mstein/cross-local/arm-elf --enable-languages=c --disable-nls --disable-build-warnings --with-ld=/n/07/mstein/cross-local/arm-elf/bin/arm-elf-ld --with-as=/n/07/mstein/cross-local/arm-elf/bin/arm-elf-as --disable-libssp


Index Nav: [Date Index] [Subject Index] [Author Index] [Thread Index]
Message Nav: [Date Prev] [Date Next] [Thread Prev] [Thread Next]