This is the mail archive of the gcc-testresults@gcc.gnu.org mailing list for the GCC project.


Index Nav: [Date Index] [Subject Index] [Author Index] [Thread Index]
Message Nav: [Date Prev] [Date Next] [Thread Prev] [Thread Next]
Other format: [Raw text]

Results for 4.3.0 20070524 (experimental) testsuite on i686-apple-darwin9


Tested after a make install on Leopard9A428.  libstdc++ omitted, too sad to report.

LAST_UPDATED: Thu May 24 21:40:59 UTC 2007 (revision 125042M)

Native configuration is i686-apple-darwin9

		=== g++ tests ===


Running target unix
WARNING: Could not compile g++.dg/compat/struct-layout-1 generator
WARNING: program timed out.
FAIL: g++.dg/eh/omit-frame-pointer.C execution test
FAIL: g++.dg/opt/pr15551.C execution test
FAIL: g++.dg/other/unused1.C scan-assembler (string|ascii?)z?\\t"class2("|\\\\\\\\000)
FAIL: g++.dg/other/unused1.C scan-assembler (string|ascii?)z?\\t"printer("|\\\\\\\\000)
FAIL: g++.dg/rtti/typeid4.C execution test
FAIL: g++.dg/template/friend10.C execution test
XPASS: g++.dg/tree-ssa/ivopts-1.C scan-tree-dump-not offset: -4B
XPASS: g++.dg/tree-ssa/ivopts-1.C scan-tree-dump-not &x\\[5\\]
FAIL: g++.dg/tree-ssa/pr20458.C execution test
FAIL: g++.dg/warn/weak1.C (test for excess errors)
WARNING: g++.dg/warn/weak1.C compilation failed to produce executable
FAIL: g++.dg/special/conpr-3.C execution test
FAIL: g++.dg/special/initpri1.C execution test
FAIL: g++.old-deja/g++.benjamin/15071.C execution test
FAIL: g++.old-deja/g++.brendan/copy9.C execution test
FAIL: g++.old-deja/g++.brendan/nest21.C execution test
FAIL: g++.old-deja/g++.brendan/ptolemy2.C execution test
FAIL: g++.old-deja/g++.jason/2371.C execution test
WARNING: program timed out.
FAIL: g++.old-deja/g++.jason/ambig3.C (test for excess errors)
FAIL: g++.old-deja/g++.jason/template24.C execution test
FAIL: g++.old-deja/g++.jason/template31.C execution test
FAIL: g++.old-deja/g++.law/arg8.C execution test
FAIL: g++.old-deja/g++.law/code-gen5.C execution test
FAIL: g++.old-deja/g++.law/ctors12.C execution test
FAIL: g++.old-deja/g++.law/cvt2.C execution test
FAIL: g++.old-deja/g++.law/virtual3.C execution test
FAIL: g++.old-deja/g++.mike/eh2.C execution test
FAIL: g++.old-deja/g++.mike/net34.C execution test
FAIL: g++.old-deja/g++.mike/net46.C execution test
FAIL: g++.old-deja/g++.mike/p658.C execution test
FAIL: g++.old-deja/g++.other/headers1.C execution test
FAIL: g++.old-deja/g++.other/sibcall1.C execution test
FAIL: g++.old-deja/g++.other/unchanging1.C execution test
FAIL: g++.old-deja/g++.robertl/eb115.C execution test
FAIL: g++.old-deja/g++.robertl/eb21.C execution test
FAIL: g++.old-deja/g++.robertl/eb31.C execution test
FAIL: g++.old-deja/g++.robertl/eb41.C execution test
FAIL: g++.old-deja/g++.robertl/eb46.C execution test
FAIL: g++.old-deja/g++.robertl/eb54.C execution test
FAIL: g++.old-deja/g++.robertl/eb66.C execution test
FAIL: g++.old-deja/g++.robertl/eb73.C execution test
FAIL: g++.old-deja/g++.robertl/eb77.C execution test

		=== g++ Summary ===

# of expected passes		14748
# of unexpected failures	39
# of unexpected successes	2
# of expected failures		86
# of unsupported tests		119
/Volumes/mrs5/net/gcc-darwinO2/gcc/testsuite/g++/../../g++  version 4.3.0 20070524 (experimental)

		=== gcc tests ===


Running target unix
WARNING: program timed out.
FAIL: gcc.c-torture/compile/20000211-1.c  -O3 -fomit-frame-pointer -funroll-loops  (test for excess errors)
FAIL: gcc.dg/initpri1.c execution test
FAIL: gcc.dg/sibcall-6.c execution test
FAIL: gcc.dg/tree-ssa/gen-vect-11b.c scan-tree-dump-times vectorized 0 loops 1
FAIL: gcc.dg/tree-ssa/gen-vect-11c.c scan-tree-dump-times vectorized 0 loops 1
XPASS: gcc.dg/tree-ssa/update-threading.c scan-tree-dump-times Invalid sum 0
XPASS: gcc.dg/vect/vect-iv-4.c scan-tree-dump-times vectorized 1 loops 1
XPASS: gcc.target/i386/builtin-apply-mmx.c execution test
FAIL: gcc.target/i386/cmov4.c scan-assembler cmov
FAIL: gcc.target/i386/local2.c scan-assembler-not sub[^\\\\n]*sp
FAIL: gcc.target/i386/pow-1.c scan-assembler-not call
FAIL: gcc.target/i386/sse4_1-blendvpd.c (test for excess errors)
WARNING: gcc.target/i386/sse4_1-blendvpd.c compilation failed to produce executable
FAIL: gcc.target/i386/sse4_1-blendvps.c (test for excess errors)
WARNING: gcc.target/i386/sse4_1-blendvps.c compilation failed to produce executable
FAIL: gcc.target/i386/sse4_1-insertps-1.c (test for excess errors)
WARNING: gcc.target/i386/sse4_1-insertps-1.c compilation failed to produce executable
FAIL: gcc.target/i386/sse4_1-insertps-2.c (test for excess errors)
WARNING: gcc.target/i386/sse4_1-insertps-2.c compilation failed to produce executable
FAIL: gcc.target/i386/sse4_1-pblendvb.c (test for excess errors)
WARNING: gcc.target/i386/sse4_1-pblendvb.c compilation failed to produce executable
FAIL: gcc.target/i386/ssefn-1.c scan-assembler-not movsd
FAIL: gcc.target/i386/ssefn-1.c scan-assembler-not mulsd

		=== gcc Summary ===

# of expected passes		44643
# of unexpected failures	15
# of unexpected successes	3
# of expected failures		132
# of untested testcases		35
# of unsupported tests		408
/Volumes/mrs5/net/gcc-darwinO2/gcc/xgcc  version 4.3.0 20070524 (experimental)

		=== gfortran tests ===


Running target unix
FAIL: gfortran.dg/stat_1.f90  -O0  execution test
FAIL: gfortran.dg/stat_1.f90  -O1  execution test
FAIL: gfortran.dg/stat_1.f90  -O2  execution test
FAIL: gfortran.dg/stat_1.f90  -O3 -fomit-frame-pointer  execution test
FAIL: gfortran.dg/stat_1.f90  -O3 -fomit-frame-pointer -funroll-loops  execution test
FAIL: gfortran.dg/stat_1.f90  -O3 -fomit-frame-pointer -funroll-all-loops -finline-functions  execution test
FAIL: gfortran.dg/stat_1.f90  -O3 -g  execution test
FAIL: gfortran.dg/stat_1.f90  -Os  execution test
FAIL: gfortran.dg/stat_2.f90  -O0  execution test
FAIL: gfortran.dg/stat_2.f90  -O1  execution test
FAIL: gfortran.dg/stat_2.f90  -O2  execution test
FAIL: gfortran.dg/stat_2.f90  -O3 -fomit-frame-pointer  execution test
FAIL: gfortran.dg/stat_2.f90  -O3 -fomit-frame-pointer -funroll-loops  execution test
FAIL: gfortran.dg/stat_2.f90  -O3 -fomit-frame-pointer -funroll-all-loops -finline-functions  execution test
FAIL: gfortran.dg/stat_2.f90  -O3 -g  execution test
FAIL: gfortran.dg/stat_2.f90  -Os  execution test
FAIL: gfortran.fortran-torture/execute/intrinsic_fraction_exponent.f90 execution,  -O0 
FAIL: gfortran.fortran-torture/execute/intrinsic_fraction_exponent.f90 execution,  -O1 
FAIL: gfortran.fortran-torture/execute/intrinsic_fraction_exponent.f90 execution,  -O2 
FAIL: gfortran.fortran-torture/execute/intrinsic_fraction_exponent.f90 execution,  -O3 -fomit-frame-pointer 
FAIL: gfortran.fortran-torture/execute/intrinsic_fraction_exponent.f90 execution,  -O3 -fomit-frame-pointer -funroll-loops 
FAIL: gfortran.fortran-torture/execute/intrinsic_fraction_exponent.f90 execution,  -O3 -fomit-frame-pointer -funroll-all-loops -finline-functions 
FAIL: gfortran.fortran-torture/execute/intrinsic_fraction_exponent.f90 execution,  -O3 -g 
FAIL: gfortran.fortran-torture/execute/intrinsic_fraction_exponent.f90 execution,  -Os 
FAIL: gfortran.fortran-torture/execute/intrinsic_set_exponent.f90 execution,  -O0 
FAIL: gfortran.fortran-torture/execute/intrinsic_set_exponent.f90 execution,  -O1 
FAIL: gfortran.fortran-torture/execute/intrinsic_set_exponent.f90 execution,  -O2 
FAIL: gfortran.fortran-torture/execute/intrinsic_set_exponent.f90 execution,  -O3 -fomit-frame-pointer 
FAIL: gfortran.fortran-torture/execute/intrinsic_set_exponent.f90 execution,  -O3 -fomit-frame-pointer -funroll-loops 
FAIL: gfortran.fortran-torture/execute/intrinsic_set_exponent.f90 execution,  -O3 -fomit-frame-pointer -funroll-all-loops -finline-functions 
FAIL: gfortran.fortran-torture/execute/intrinsic_set_exponent.f90 execution,  -O3 -g 
FAIL: gfortran.fortran-torture/execute/intrinsic_set_exponent.f90 execution,  -Os 

		=== gfortran Summary ===

# of expected passes		18014
# of unexpected failures	32
# of expected failures		8
# of unsupported tests		38
/Volumes/mrs5/net/gcc-darwinO2/gcc/testsuite/gfortran/../../gfortran  version 4.3.0 20070524 (experimental)

		=== obj-c++ tests ===


Running target unix
FAIL: obj-c++.dg/basic.mm (test for excess errors)
FAIL: obj-c++.dg/basic.mm execution test
FAIL: obj-c++.dg/bitfield-2.mm (test for excess errors)
FAIL: obj-c++.dg/bitfield-2.mm execution test
FAIL: obj-c++.dg/const-str-3.mm (test for excess errors)
FAIL: obj-c++.dg/cxx-class-1.mm (test for excess errors)
FAIL: obj-c++.dg/cxx-ivars-1.mm (test for excess errors)
FAIL: obj-c++.dg/cxx-ivars-1.mm execution test
FAIL: obj-c++.dg/cxx-ivars-2.mm (test for excess errors)
FAIL: obj-c++.dg/cxx-ivars-2.mm execution test
FAIL: obj-c++.dg/cxx-scope-1.mm (test for excess errors)
FAIL: obj-c++.dg/cxx-scope-1.mm execution test
FAIL: obj-c++.dg/defs.mm (test for excess errors)
FAIL: obj-c++.dg/defs.mm execution test
FAIL: obj-c++.dg/encode-2.mm scan-assembler {Vec<float>=ffi}
FAIL: obj-c++.dg/encode-2.mm scan-assembler {Vec<double>=ddi}
FAIL: obj-c++.dg/encode-3.mm execution test
FAIL: obj-c++.dg/encode-4.mm (test for excess errors)
FAIL: obj-c++.dg/encode-4.mm execution test
FAIL: obj-c++.dg/encode-5.mm (test for excess errors)
FAIL: obj-c++.dg/encode-5.mm execution test
FAIL: obj-c++.dg/except-1.mm (test for excess errors)
FAIL: obj-c++.dg/except-1.mm execution test
FAIL: obj-c++.dg/gnu-runtime-2.mm (test for excess errors)
FAIL: obj-c++.dg/gnu-runtime-3.mm (test for excess errors)
WARNING: obj-c++.dg/gnu-runtime-3.mm compilation failed to produce executable
FAIL: obj-c++.dg/lookup-2.mm (test for excess errors)
FAIL: obj-c++.dg/lookup-2.mm execution test
FAIL: obj-c++.dg/method-10.mm (test for excess errors)
FAIL: obj-c++.dg/method-10.mm execution test
FAIL: obj-c++.dg/method-17.mm (test for excess errors)
FAIL: obj-c++.dg/method-17.mm execution test
FAIL: obj-c++.dg/method-19.mm (test for excess errors)
FAIL: obj-c++.dg/method-19.mm execution test
FAIL: obj-c++.dg/proto-lossage-3.mm (test for excess errors)
FAIL: obj-c++.dg/proto-qual-1.mm (test for excess errors)
FAIL: obj-c++.dg/proto-qual-1.mm execution test
FAIL: obj-c++.dg/qual-types-1.mm (test for excess errors)
FAIL: obj-c++.dg/qual-types-1.mm execution test
FAIL: obj-c++.dg/stubify-2.mm (test for excess errors)
ERROR: obj-c++.dg/stubify-2.mm: error executing dg-final: couldn't open "stubify-2.mm.08.jump": no such file or directory
UNRESOLVED: obj-c++.dg/stubify-2.mm: error executing dg-final: couldn't open "stubify-2.mm.08.jump": no such file or directory
FAIL: obj-c++.dg/template-1.mm (test for excess errors)
FAIL: obj-c++.dg/template-1.mm execution test
FAIL: obj-c++.dg/template-3.mm (test for excess errors)
FAIL: obj-c++.dg/template-3.mm execution test
FAIL: obj-c++.dg/template-4.mm (test for excess errors)
FAIL: obj-c++.dg/template-4.mm execution test
FAIL: obj-c++.dg/try-catch-2.mm (test for excess errors)
FAIL: obj-c++.dg/try-catch-2.mm execution test
FAIL: obj-c++.dg/try-catch-9.mm (test for excess errors)
FAIL: obj-c++.dg/try-catch-9.mm execution test
FAIL: obj-c++.dg/va-meth-1.mm (test for excess errors)
FAIL: obj-c++.dg/va-meth-1.mm execution test

		=== obj-c++ Summary ===

# of expected passes		410
# of unexpected failures	51
# of unresolved testcases	1
# of unsupported tests		1
/Volumes/mrs5/net/gcc-darwinO2/gcc/testsuite/obj-c++/../../g++  version 4.3.0 20070524 (experimental)

		=== objc tests ===


Running target unix
FAIL: objc.dg/encode-7.m (test for excess errors)
WARNING: objc.dg/encode-7.m compilation failed to produce executable
FAIL: objc.dg/encode-8.m (test for excess errors)
WARNING: objc.dg/encode-8.m compilation failed to produce executable
FAIL: objc.dg/gnu-runtime-3.m (test for excess errors)
WARNING: objc.dg/gnu-runtime-3.m compilation failed to produce executable
FAIL: objc.dg/headers.m (test for excess errors)
FAIL: objc.dg/no-extra-load.m (test for excess errors)
ERROR: objc.dg/no-extra-load.m: error executing dg-final: couldn't open "no-extra-load.s": no such file or directory
UNRESOLVED: objc.dg/no-extra-load.m: error executing dg-final: couldn't open "no-extra-load.s": no such file or directory
FAIL: objc.dg/stret-2.m scan-assembler objc_msgSend_stret
FAIL: objc.dg/stret-2.m scan-assembler-not objc_msgSend[^_S]
FAIL: objc.dg/stret-2.m scan-assembler-not objc_msgSendSuper[^_]
FAIL: objc.dg/stubify-1.m (test for excess errors)
ERROR: objc.dg/stubify-1.m: error executing dg-final: couldn't open "stubify-1.s": no such file or directory
UNRESOLVED: objc.dg/stubify-1.m: error executing dg-final: couldn't open "stubify-1.s": no such file or directory
FAIL: objc.dg/stubify-2.m (test for excess errors)
ERROR: objc.dg/stubify-2.m: error executing dg-final: no files matched glob pattern "stubify-2.m.[0-9][0-9][0-9]r.jump"
UNRESOLVED: objc.dg/stubify-2.m: error executing dg-final: no files matched glob pattern "stubify-2.m.[0-9][0-9][0-9]r.jump"
FAIL: objc.dg/symtab-1.m scan-assembler L_OBJC_SYMBOLS.*:\\n\\t.long\\t0\\n\\t.long\\t0\\n\\t.short\\t2\\n\\t.short\\t0\\n\\t.long\\tL_OBJC_CLASS_Derived.*\\n\\t.long\\tL_OBJC_CLASS_Base.*\\n
FAIL: objc.dg/type-stream-1.m (test for excess errors)
WARNING: objc.dg/type-stream-1.m compilation failed to produce executable
FAIL: objc.dg-struct-layout-encoding-1/t001_main.m (test for excess errors)
WARNING: objc.dg-struct-layout-encoding-1/t001_main.m compilation failed to produce executable
FAIL: objc.dg-struct-layout-encoding-1/t002_main.m (test for excess errors)
WARNING: objc.dg-struct-layout-encoding-1/t002_main.m compilation failed to produce executable
FAIL: objc.dg-struct-layout-encoding-1/t003_main.m (test for excess errors)
WARNING: objc.dg-struct-layout-encoding-1/t003_main.m compilation failed to produce executable
FAIL: objc.dg-struct-layout-encoding-1/t004_main.m (test for excess errors)
WARNING: objc.dg-struct-layout-encoding-1/t004_main.m compilation failed to produce executable
FAIL: objc.dg-struct-layout-encoding-1/t005_main.m (test for excess errors)
WARNING: objc.dg-struct-layout-encoding-1/t005_main.m compilation failed to produce executable
FAIL: objc.dg-struct-layout-encoding-1/t006_main.m (test for excess errors)
WARNING: objc.dg-struct-layout-encoding-1/t006_main.m compilation failed to produce executable
FAIL: objc.dg-struct-layout-encoding-1/t007_main.m (test for excess errors)
WARNING: objc.dg-struct-layout-encoding-1/t007_main.m compilation failed to produce executable
FAIL: objc.dg-struct-layout-encoding-1/t008_main.m (test for excess errors)
WARNING: objc.dg-struct-layout-encoding-1/t008_main.m compilation failed to produce executable
FAIL: objc.dg-struct-layout-encoding-1/t009_main.m (test for excess errors)
WARNING: objc.dg-struct-layout-encoding-1/t009_main.m compilation failed to produce executable
FAIL: objc.dg-struct-layout-encoding-1/t010_main.m (test for excess errors)
WARNING: objc.dg-struct-layout-encoding-1/t010_main.m compilation failed to produce executable
FAIL: objc.dg-struct-layout-encoding-1/t011_main.m (test for excess errors)
WARNING: objc.dg-struct-layout-encoding-1/t011_main.m compilation failed to produce executable
FAIL: objc.dg-struct-layout-encoding-1/t012_main.m (test for excess errors)
WARNING: objc.dg-struct-layout-encoding-1/t012_main.m compilation failed to produce executable
FAIL: objc.dg-struct-layout-encoding-1/t013_main.m (test for excess errors)
WARNING: objc.dg-struct-layout-encoding-1/t013_main.m compilation failed to produce executable
FAIL: objc.dg-struct-layout-encoding-1/t014_main.m (test for excess errors)
WARNING: objc.dg-struct-layout-encoding-1/t014_main.m compilation failed to produce executable
FAIL: objc.dg-struct-layout-encoding-1/t015_main.m (test for excess errors)
WARNING: objc.dg-struct-layout-encoding-1/t015_main.m compilation failed to produce executable
FAIL: objc.dg-struct-layout-encoding-1/t016_main.m (test for excess errors)
WARNING: objc.dg-struct-layout-encoding-1/t016_main.m compilation failed to produce executable
FAIL: objc.dg-struct-layout-encoding-1/t017_main.m (test for excess errors)
WARNING: objc.dg-struct-layout-encoding-1/t017_main.m compilation failed to produce executable
FAIL: objc.dg-struct-layout-encoding-1/t018_main.m (test for excess errors)
WARNING: objc.dg-struct-layout-encoding-1/t018_main.m compilation failed to produce executable
FAIL: objc.dg-struct-layout-encoding-1/t019_main.m (test for excess errors)
WARNING: objc.dg-struct-layout-encoding-1/t019_main.m compilation failed to produce executable
FAIL: objc.dg-struct-layout-encoding-1/t020_main.m (test for excess errors)
WARNING: objc.dg-struct-layout-encoding-1/t020_main.m compilation failed to produce executable
FAIL: objc.dg-struct-layout-encoding-1/t021_main.m (test for excess errors)
WARNING: objc.dg-struct-layout-encoding-1/t021_main.m compilation failed to produce executable
FAIL: objc.dg-struct-layout-encoding-1/t022_main.m (test for excess errors)
WARNING: objc.dg-struct-layout-encoding-1/t022_main.m compilation failed to produce executable
FAIL: objc.dg-struct-layout-encoding-1/t023_main.m (test for excess errors)
WARNING: objc.dg-struct-layout-encoding-1/t023_main.m compilation failed to produce executable
FAIL: objc.dg-struct-layout-encoding-1/t024_main.m (test for excess errors)
WARNING: objc.dg-struct-layout-encoding-1/t024_main.m compilation failed to produce executable
FAIL: objc.dg-struct-layout-encoding-1/t025_main.m (test for excess errors)
WARNING: objc.dg-struct-layout-encoding-1/t025_main.m compilation failed to produce executable
FAIL: objc.dg-struct-layout-encoding-1/t026_main.m (test for excess errors)
WARNING: objc.dg-struct-layout-encoding-1/t026_main.m compilation failed to produce executable
FAIL: objc.dg-struct-layout-encoding-1/t027_main.m (test for excess errors)
WARNING: objc.dg-struct-layout-encoding-1/t027_main.m compilation failed to produce executable
FAIL: objc.dg-struct-layout-encoding-1/t028_main.m (test for excess errors)
WARNING: objc.dg-struct-layout-encoding-1/t028_main.m compilation failed to produce executable
FAIL: objc.dg-struct-layout-encoding-1/t029_main.m (test for excess errors)
WARNING: objc.dg-struct-layout-encoding-1/t029_main.m compilation failed to produce executable
FAIL: objc.dg-struct-layout-encoding-1/t030_main.m (test for excess errors)
WARNING: objc.dg-struct-layout-encoding-1/t030_main.m compilation failed to produce executable
FAIL: objc.dg-struct-layout-encoding-1/t031_main.m (test for excess errors)
WARNING: objc.dg-struct-layout-encoding-1/t031_main.m compilation failed to produce executable

		=== objc Summary ===

# of expected passes		1784
# of unexpected failures	43
# of unresolved testcases	3
# of unsupported tests		2
/Volumes/mrs5/net/gcc-darwinO2/gcc/xgcc  version 4.3.0 20070524 (experimental)

		=== treelang tests ===


Running target unix

		=== treelang Summary ===

# of expected passes		52
		=== libgomp tests ===


Running target unix

		=== libgomp Summary ===

# of expected passes		1346
# of unsupported tests		111

		=== libstdc++ Summary ===

# of expected passes		2614
# of unexpected failures	1728
# of unexpected successes	3
# of expected failures		44
# of unsupported tests		336

Compiler version: 4.3.0 20070524 (experimental) 
Platform: i686-apple-darwin9
configure flags: --with-arch=nocona --with-tune=generic --prefix=/tmp/gcc-20061113 --build=i686-apple-darwin9 --disable-checking build_alias=i686-apple-darwin9 --enable-languages=c,c++,fortran,objc,obj-c++,treelang --no-create --no-recursion
BOOT_CFLAGS=-O2 -g -fomit-frame-pointer


Index Nav: [Date Index] [Subject Index] [Author Index] [Thread Index]
Message Nav: [Date Prev] [Date Next] [Thread Prev] [Thread Next]