This is the mail archive of the gcc-testresults@gcc.gnu.org mailing list for the GCC project.


Index Nav: [Date Index] [Subject Index] [Author Index] [Thread Index]
Message Nav: [Date Prev] [Date Next] [Thread Prev] [Thread Next]
Other format: [Raw text]

Results for 4.3.0 20070524 (experimental) testsuite on x86_64-suse-linux-gnu


LAST_UPDATED: Thu May 24 06:51:40 UTC 2007 (revision 125017)

		=== acats tests ===
FAIL:	cxh1001

		=== acats Summary ===
# of expected passes		2314
# of unexpected failures	1
Native configuration is x86_64-suse-linux-gnu

		=== gcc tests ===


Running target unix
FAIL: gcc.c-torture/compile/limits-structnest.c  -O2  (test for excess errors)
FAIL: gcc.c-torture/compile/limits-structnest.c  -O3 -fomit-frame-pointer  (test for excess errors)
FAIL: gcc.c-torture/compile/limits-structnest.c  -O3 -g  (test for excess errors)
FAIL: gcc.c-torture/compile/limits-structnest.c  -Os  (test for excess errors)
FAIL: gcc.c-torture/execute/mayalias-2.c compilation,  -O3 -g  (internal compiler error)
UNRESOLVED: gcc.c-torture/execute/mayalias-2.c execution,  -O3 -g 
FAIL: gcc.c-torture/execute/mayalias-3.c compilation,  -O3 -g  (internal compiler error)
UNRESOLVED: gcc.c-torture/execute/mayalias-3.c execution,  -O3 -g 
XPASS: gcc.dg/cpp/cmdlne-dI-M.c scan-file (^|\\\\n)cmdlne-dI-M.*:[^\\\\n]*cmdlne-dI-M.c
XPASS: gcc.dg/cpp/cmdlne-dM-M.c scan-file (^|\\\\n)cmdlne-dM-M[^\\\\n]*:[^\\\\n]*cmdlne-dM-M.c
FAIL: gcc.dg/torture/builtin-pow-mpfr-1.c  -O0  scan-tree-dump pow
FAIL: gcc.dg/torture/builtin-pow-mpfr-1.c  -O1  scan-tree-dump pow
FAIL: gcc.dg/torture/builtin-pow-mpfr-1.c  -O2  scan-tree-dump pow
FAIL: gcc.dg/torture/builtin-pow-mpfr-1.c  -O3 -fomit-frame-pointer  scan-tree-dump pow
FAIL: gcc.dg/torture/builtin-pow-mpfr-1.c  -O3 -g  scan-tree-dump pow
FAIL: gcc.dg/torture/builtin-pow-mpfr-1.c  -Os  scan-tree-dump pow
FAIL: gcc.dg/torture/builtin-sin-mpfr-1.c  -O0  (test for excess errors)
FAIL: gcc.dg/torture/builtin-sin-mpfr-1.c  -O1  (test for excess errors)
FAIL: gcc.dg/torture/builtin-sin-mpfr-1.c  -O2  (test for excess errors)
FAIL: gcc.dg/torture/builtin-sin-mpfr-1.c  -O3 -fomit-frame-pointer  (test for excess errors)
FAIL: gcc.dg/torture/builtin-sin-mpfr-1.c  -O3 -fomit-frame-pointer -funroll-loops  (test for excess errors)
FAIL: gcc.dg/torture/builtin-sin-mpfr-1.c  -O3 -fomit-frame-pointer -funroll-all-loops -finline-functions  (test for excess errors)
FAIL: gcc.dg/torture/builtin-sin-mpfr-1.c  -O3 -g  (test for excess errors)
FAIL: gcc.dg/torture/builtin-sin-mpfr-1.c  -Os  (test for excess errors)
XPASS: gcc.dg/tree-ssa/update-threading.c scan-tree-dump-times Invalid sum 0
XPASS: gcc.dg/vect/vect-iv-4.c scan-tree-dump-times vectorized 1 loops 1
FAIL: compiler driver --coverage option(s) (assembler options)

		=== gcc Summary ===

# of expected passes		44496
# of unexpected failures	21
# of unexpected successes	4
# of expected failures		131
# of unresolved testcases	2
# of untested testcases		28
# of unsupported tests		495
/home/eric/build/gcc/native/gcc/xgcc  version 4.3.0 20070524 (experimental)

		=== gfortran tests ===


Running target unix
FAIL: gfortran.dg/csqrt_2.f  -O0  execution test
FAIL: gfortran.dg/csqrt_2.f  -O1  execution test
FAIL: gfortran.dg/csqrt_2.f  -O2  execution test
FAIL: gfortran.dg/csqrt_2.f  -O3 -fomit-frame-pointer  execution test
FAIL: gfortran.dg/csqrt_2.f  -O3 -fomit-frame-pointer -funroll-loops  execution test
FAIL: gfortran.dg/csqrt_2.f  -O3 -fomit-frame-pointer -funroll-all-loops -finline-functions  execution test
FAIL: gfortran.dg/csqrt_2.f  -O3 -g  execution test
FAIL: gfortran.dg/csqrt_2.f  -Os  execution test

		=== gfortran Summary ===

# of expected passes		18121
# of unexpected failures	8
# of expected failures		8
# of unsupported tests		18
/home/eric/build/gcc/native/gcc/testsuite/gfortran/../../gfortran  version 4.3.0 20070524 (experimental)

		=== g++ tests ===


Running target unix
XPASS: g++.dg/tree-ssa/ivopts-1.C scan-tree-dump-not offset: -4B
XPASS: g++.dg/tree-ssa/ivopts-1.C scan-tree-dump-not &x\\[5\\]

		=== g++ Summary ===

# of expected passes		14988
# of unexpected successes	2
# of expected failures		86
# of unsupported tests		108
/home/eric/build/gcc/native/gcc/testsuite/g++/../../g++  version 4.3.0 20070524 (experimental)

		=== gnat tests ===


Running target unix
FAIL: gnat.dg/address_conversion.adb execution test
FAIL: gnat.dg/frame_overflow.adb  (test for errors, line 12)
FAIL: gnat.dg/frame_overflow.adb  (test for errors, line 21)

		=== gnat Summary ===

# of expected passes		166
# of unexpected failures	3
		=== obj-c++ tests ===


Running target unix
FAIL: obj-c++.dg/bitfield-1.mm (internal compiler error)
FAIL: obj-c++.dg/bitfield-1.mm (test for excess errors)
WARNING: obj-c++.dg/bitfield-1.mm compilation failed to produce executable
FAIL: obj-c++.dg/bitfield-4.mm (test for excess errors)
FAIL: obj-c++.dg/comp-types-10.mm (internal compiler error)
FAIL: obj-c++.dg/comp-types-10.mm (test for excess errors)
FAIL: obj-c++.dg/cxx-class-1.mm (test for excess errors)
FAIL: obj-c++.dg/cxx-ivars-2.mm execution test
FAIL: obj-c++.dg/encode-2.mm scan-assembler {Vec<float>=ffi}
FAIL: obj-c++.dg/encode-2.mm scan-assembler {Vec<double>=ddi}
FAIL: obj-c++.dg/encode-3.mm execution test
FAIL: obj-c++.dg/encode-8.mm execution test
FAIL: obj-c++.dg/gnu-runtime-2.mm (test for excess errors)
FAIL: obj-c++.dg/isa-field-1.mm (test for excess errors)
FAIL: obj-c++.dg/layout-1.mm (test for excess errors)
FAIL: obj-c++.dg/lookup-2.mm (test for excess errors)
WARNING: obj-c++.dg/lookup-2.mm compilation failed to produce executable
FAIL: obj-c++.dg/try-catch-2.mm (test for excess errors)
WARNING: obj-c++.dg/try-catch-2.mm compilation failed to produce executable
FAIL: obj-c++.dg/try-catch-9.mm (internal compiler error)
FAIL: obj-c++.dg/try-catch-9.mm (test for excess errors)
WARNING: obj-c++.dg/try-catch-9.mm compilation failed to produce executable

		=== obj-c++ Summary ===

# of expected passes		419
# of unexpected failures	18
# of unsupported tests		13
/home/eric/build/gcc/native/gcc/testsuite/obj-c++/../../g++  version 4.3.0 20070524 (experimental)

		=== objc tests ===


Running target unix

		=== objc Summary ===

# of expected passes		1812
# of expected failures		7
# of unsupported tests		24
/home/eric/build/gcc/native/gcc/xgcc  version 4.3.0 20070524 (experimental)

		=== libffi tests ===


Running target unix

		=== libffi Summary ===

# of expected passes		1096
# of unsupported tests		8
		=== libgomp tests ===


Running target unix

		=== libgomp Summary ===

# of expected passes		1566
		=== libjava tests ===


Running target unix
WARNING: program timed out.
FAIL: getstacktrace run

		=== libjava Summary ===

# of expected passes		2535
# of unexpected failures	1
# of untested testcases		1
		=== libmudflap tests ===


Running target unix
FAIL: libmudflap.c++/pass41-frag.cxx execution test
FAIL: libmudflap.c++/pass41-frag.cxx (-static) execution test
FAIL: libmudflap.c++/pass41-frag.cxx ( -O) execution test
FAIL: libmudflap.c++/pass41-frag.cxx (-O2) execution test
FAIL: libmudflap.c++/pass41-frag.cxx (-O3) execution test

		=== libmudflap Summary ===

# of expected passes		1821
# of unexpected failures	5
		=== libstdc++ tests ===


Running target unix
FAIL: 25_algorithms/equal/1.cc (test for excess errors)
WARNING: 25_algorithms/equal/1.cc compilation failed to produce executable
XPASS: 26_numerics/headers/cmath/c99_classification_macros_c.cc (test for excess errors)
XPASS: 27_io/fpos/14320-1.cc execution test

		=== libstdc++ Summary ===

# of expected passes		5013
# of unexpected failures	1
# of unexpected successes	2
# of expected failures		45

Compiler version: 4.3.0 20070524 (experimental) 
Platform: x86_64-suse-linux-gnu
configure flags: x86_64-suse-linux --prefix=/home/eric/install/gcc --with-as=/home/eric/build/binutils-2_17-branch/native/gas/as-new --with-ld=/home/eric/build/binutils-2_17-branch/native/ld/ld-new --enable-languages=c,c++,objc,obj-c++,java,fortran,ada --enable-__cxa_atexit --disable-decimal-float --enable-checking=assert,gc,misc,rtl,rtlflag,runtime,tree
BOOT_CFLAGS=-g -O2


Index Nav: [Date Index] [Subject Index] [Author Index] [Thread Index]
Message Nav: [Date Prev] [Date Next] [Thread Prev] [Thread Next]