This is the mail archive of the
gcc-testresults@gcc.gnu.org
mailing list for the GCC project.
Results for 4.3.0 20070524 (experimental) [trunk revision 125026] testsuite on x86_64-unknown-linux-gnu
- From: hjl at lucon dot org (H.J. Lu)
- To: gcc-testresults at gcc dot gnu dot org
- Date: Thu, 24 May 2007 08:55:17 -0700 (PDT)
- Subject: Results for 4.3.0 20070524 (experimental) [trunk revision 125026] testsuite on x86_64-unknown-linux-gnu
LAST_UPDATED: Thu May 24 14:27:57 UTC 2007 (revision 125026)
Native configuration is x86_64-unknown-linux-gnu
=== gcc tests ===
Running target unix/-m32
FAIL: gcc.c-torture/execute/mayalias-2.c compilation, -O3 -g (internal compiler error)
UNRESOLVED: gcc.c-torture/execute/mayalias-2.c execution, -O3 -g
FAIL: gcc.c-torture/execute/mayalias-3.c compilation, -O3 -g (internal compiler error)
UNRESOLVED: gcc.c-torture/execute/mayalias-3.c execution, -O3 -g
XPASS: gcc.dg/tree-ssa/update-threading.c scan-tree-dump-times Invalid sum 0
XPASS: gcc.dg/vect/vect-iv-4.c scan-tree-dump-times vectorized 1 loops 1
FAIL: gcc.target/i386/pr21291.c (test for excess errors)
=== gcc Summary for unix/-m32 ===
# of expected passes 45594
# of unexpected failures 3
# of unexpected successes 2
# of expected failures 134
# of unresolved testcases 2
# of untested testcases 28
# of unsupported tests 312
Running target unix
FAIL: gcc.c-torture/execute/mayalias-2.c compilation, -O3 -g (internal compiler error)
UNRESOLVED: gcc.c-torture/execute/mayalias-2.c execution, -O3 -g
FAIL: gcc.c-torture/execute/mayalias-3.c compilation, -O3 -g (internal compiler error)
UNRESOLVED: gcc.c-torture/execute/mayalias-3.c execution, -O3 -g
XPASS: gcc.dg/tree-ssa/update-threading.c scan-tree-dump-times Invalid sum 0
XPASS: gcc.dg/vect/vect-iv-4.c scan-tree-dump-times vectorized 1 loops 1
=== gcc Summary for unix ===
# of expected passes 45457
# of unexpected failures 2
# of unexpected successes 2
# of expected failures 133
# of unresolved testcases 2
# of untested testcases 28
# of unsupported tests 420
=== gcc Summary ===
# of expected passes 91051
# of unexpected failures 5
# of unexpected successes 4
# of expected failures 267
# of unresolved testcases 4
# of untested testcases 56
# of unsupported tests 732
/export/build/gnu/gcc-isa/build-x86_64-linux/gcc/xgcc version 4.3.0 20070524 (experimental) [trunk revision 125026]
=== libgomp tests ===
Running target unix/-m32
=== libgomp Summary for unix/-m32 ===
# of expected passes 151
Running target unix
=== libgomp Summary for unix ===
# of expected passes 151
=== libgomp Summary ===
# of expected passes 302
=== libmudflap tests ===
Running target unix/-m32
=== libmudflap Summary for unix/-m32 ===
# of expected passes 1692
# of unsupported tests 2
Running target unix
FAIL: libmudflap.c/fail8-frag.c (-static) output pattern test
FAIL: libmudflap.c/fail9-frag.c (-static) output pattern test
=== libmudflap Summary for unix ===
# of expected passes 1690
# of unexpected failures 2
# of unsupported tests 2
=== libmudflap Summary ===
# of expected passes 3382
# of unexpected failures 2
# of unsupported tests 4
Compiler version: 4.3.0 20070524 (experimental) [trunk revision 125026]
Platform: x86_64-unknown-linux-gnu
configure flags: --enable-clocale=gnu --with-system-zlib --enable-decimal-float=yes --with-demangler-in-ld --enable-languages=c --enable-shared --enable-threads=posix --enable-haifa --enable-checking=assert --prefix=/usr/gcc-isa --with-local-prefix=/usr/local