This is the mail archive of the
gcc-testresults@gcc.gnu.org
mailing list for the GCC project.
Results for 4.3.0 20070523 (experimental) testsuite on i686-pc-linux-gnu
- From: Rob1weld at aol dot com
- To: gcc-testresults at gcc dot gnu dot org
- Date: Wed, 23 May 2007 23:11:42 EDT
- Subject: Results for 4.3.0 20070523 (experimental) testsuite on i686-pc-linux-gnu
LAST_UPDATED: Wed May 23 09:59:45 UTC 2007 (revision 124987)
=== acats tests ===
FAIL: cxh1001
=== acats Summary ===
# of expected passes 2314
# of unexpected failures 1
Native configuration is i686-pc-linux-gnu
=== g++ tests ===
Running target unix
WARNING: Could not compile g++.dg/compat/struct-layout-1 generator
XPASS: g++.dg/tree-ssa/ivopts-1.C scan-tree-dump-not offset: -4B
XPASS: g++.dg/tree-ssa/ivopts-1.C scan-tree-dump-not &x\\[5\\]
=== g++ Summary ===
# of expected passes 14919
# of unexpected successes 2
# of expected failures 86
# of unsupported tests 80
/opt/gcc-4_3-build/gcc/testsuite/g++/../../g++ version 4.3.0 20070523
(experimental)
=== gcc tests ===
Running target unix
FAIL: gcc.c-torture/execute/20050316-2.c execution, -O0
FAIL: gcc.c-torture/execute/20050316-2.c execution, -O1
FAIL: gcc.c-torture/execute/20050316-2.c execution, -O2
FAIL: gcc.c-torture/execute/20050604-1.c execution, -O3
-fomit-frame-pointer -funroll-loops
FAIL: gcc.c-torture/execute/20050604-1.c execution, -O3
-fomit-frame-pointer -funroll-all-loops -finline-functions
FAIL: gcc.c-torture/execute/mayalias-2.c compilation, -O3 -g (internal
compiler error)
UNRESOLVED: gcc.c-torture/execute/mayalias-2.c execution, -O3 -g
FAIL: gcc.c-torture/execute/mayalias-3.c compilation, -O3 -g (internal
compiler error)
UNRESOLVED: gcc.c-torture/execute/mayalias-3.c execution, -O3 -g
FAIL: gcc.dg/compat/scalar-by-value-dfp c_compat_x_tst.o compile, (internal
compiler error)
FAIL: gcc.dg/compat/scalar-by-value-dfp c_compat_y_tst.o compile, (internal
compiler error)
UNRESOLVED: gcc.dg/compat/scalar-by-value-dfp
c_compat_x_tst.o-c_compat_y_tst.o link
UNRESOLVED: gcc.dg/compat/scalar-by-value-dfp c_compat_x
_tst.o-c_compat_y_tst.o execute
FAIL: gcc.dg/compat/scalar-return-dfp c_compat_x_tst.o compile, (internal
compiler error)
FAIL: gcc.dg/compat/scalar-return-dfp c_compat_y_tst.o compile, (internal
compiler error)
UNRESOLVED: gcc.dg/compat/scalar-return-dfp
c_compat_x_tst.o-c_compat_y_tst.o link
UNRESOLVED: gcc.dg/compat/scalar-return-dfp
c_compat_x_tst.o-c_compat_y_tst.o execute
FAIL: gcc.dg/compat/vector-2 c_compat_x_tst.o-c_compat_y_tst.o execute
WARNING: Could not compile gcc.dg/compat/struct-layout-1 generator
FAIL: gcc.dg/debug/dwarf2/dwarf-dfp.c (internal compiler error)
FAIL: gcc.dg/debug/dwarf2/dwarf-dfp.c (test for excess errors)
ERROR: gcc.dg/debug/dwarf2/dwarf-dfp.c: error executing dg-final: couldn't
open "dwarf-dfp.s": no such file or directory
UNRESOLVED: gcc.dg/debug/dwarf2/dwarf-dfp.c: error executing dg-final:
couldn't open "dwarf-dfp.s": no such file or directory
FAIL: gcc.dg/dfp/Wtraditional-conversion-2.c (internal compiler error)
FAIL: gcc.dg/dfp/Wtraditional-conversion-2.c (test for excess errors)
FAIL: gcc.dg/dfp/call-by-value.c (internal compiler error)
FAIL: gcc.dg/dfp/call-by-value.c (test for excess errors)
UNRESOLVED: gcc.dg/dfp/call-by-value.c compilation failed to produce
executable
FAIL: gcc.dg/dfp/cast.c (internal compiler error)
FAIL: gcc.dg/dfp/cast.c (test for excess errors)
UNRESOLVED: gcc.dg/dfp/cast.c compilation failed to produce executable
FAIL: gcc.dg/dfp/compare-eq-dfp.c (internal compiler error)
FAIL: gcc.dg/dfp/compare-eq-dfp.c (test for excess errors)
UNRESOLVED: gcc.dg/dfp/compare-eq-dfp.c compilation failed to produce
executable
FAIL: gcc.dg/dfp/compare-rel-dfp.c (internal compiler error)
FAIL: gcc.dg/dfp/compare-rel-dfp.c (test for excess errors)
UNRESOLVED: gcc.dg/dfp/compare-rel-dfp.c compilation failed to produce
executable
FAIL: gcc.dg/dfp/compare-special-d128.c (internal compiler error)
FAIL: gcc.dg/dfp/compare-special-d128.c (test for excess errors)
UNRESOLVED: gcc.dg/dfp/compare-special-d128.c compilation failed to produce
executable
FAIL: gcc.dg/dfp/convert-bfp-fold.c (internal compiler error)
FAIL: gcc.dg/dfp/convert-bfp-fold.c (test for excess errors)
UNRESOLVED: gcc.dg/dfp/convert-bfp-fold.c compilation failed to produce
executable
FAIL: gcc.dg/dfp/convert-bfp.c (internal compiler error)
FAIL: gcc.dg/dfp/convert-bfp.c (test for excess errors)
UNRESOLVED: gcc.dg/dfp/convert-bfp.c compilation failed to produce executable
FAIL: gcc.dg/dfp/convert-dfp-round.c (internal compiler error)
FAIL: gcc.dg/dfp/convert-dfp-round.c (test for excess errors)
UNRESOLVED: gcc.dg/dfp/convert-dfp-round.c compilation failed to produce
executable
FAIL: gcc.dg/dfp/convert-dfp.c (internal compiler error)
FAIL: gcc.dg/dfp/convert-dfp.c (test for excess errors)
UNRESOLVED: gcc.dg/dfp/convert-dfp.c compilation failed to produce executable
FAIL: gcc.dg/dfp/convert-int-max.c (internal compiler error)
FAIL: gcc.dg/dfp/convert-int-max.c (test for excess errors)
UNRESOLVED: gcc.dg/dfp/convert-int-max.c compilation failed to produce
executable
FAIL: gcc.dg/dfp/convert-int.c (internal compiler error)
FAIL: gcc.dg/dfp/convert-int.c (test for excess errors)
UNRESOLVED: gcc.dg/dfp/convert-int.c compilation failed to produce executable
FAIL: gcc.dg/dfp/fe-binop.c (internal compiler error)
FAIL: gcc.dg/dfp/fe-binop.c (test for excess errors)
UNRESOLVED: gcc.dg/dfp/fe-binop.c compilation failed to produce executable
FAIL: gcc.dg/dfp/fe-convert-1.c (internal compiler error)
FAIL: gcc.dg/dfp/fe-convert-1.c (test for excess errors)
UNRESOLVED: gcc.dg/dfp/fe-convert-1.c compilation failed to produce
executable
FAIL: gcc.dg/dfp/func-array.c (internal compiler error)
FAIL: gcc.dg/dfp/func-array.c (test for excess errors)
UNRESOLVED: gcc.dg/dfp/func-array.c compilation failed to produce executable
FAIL: gcc.dg/dfp/func-mixed.c (internal compiler error)
FAIL: gcc.dg/dfp/func-mixed.c (test for excess errors)
UNRESOLVED: gcc.dg/dfp/func-mixed.c compilation failed to produce executable
FAIL: gcc.dg/dfp/func-scalar.c (internal compiler error)
FAIL: gcc.dg/dfp/func-scalar.c (test for excess errors)
UNRESOLVED: gcc.dg/dfp/func-scalar.c compilation failed to produce executable
FAIL: gcc.dg/dfp/func-struct.c (internal compiler error)
FAIL: gcc.dg/dfp/func-struct.c (test for excess errors)
UNRESOLVED: gcc.dg/dfp/func-struct.c compilation failed to produce executable
FAIL: gcc.dg/dfp/func-vararg-alternate-d128.c (internal compiler error)
FAIL: gcc.dg/dfp/func-vararg-alternate-d128.c (test for excess errors)
UNRESOLVED: gcc.dg/dfp/func-vararg-alternate-d128.c compilation failed to
produce executable
FAIL: gcc.dg/dfp/func-vararg-dfp.c (internal compiler error)
FAIL: gcc.dg/dfp/func-vararg-dfp.c (test for excess errors)
UNRESOLVED: gcc.dg/dfp/func-vararg-dfp.c compilation failed to produce
executable
FAIL: gcc.dg/dfp/func-vararg-mixed.c (internal compiler error)
FAIL: gcc.dg/dfp/func-vararg-mixed.c (test for excess errors)
UNRESOLVED: gcc.dg/dfp/func-vararg-mixed.c compilation failed to produce
executable
FAIL: gcc.dg/dfp/inf-1.c (internal compiler error)
FAIL: gcc.dg/dfp/inf-1.c (test for excess errors)
UNRESOLVED: gcc.dg/dfp/inf-1.c compilation failed to produce executable
FAIL: gcc.dg/dfp/loop-index.c (internal compiler error)
FAIL: gcc.dg/dfp/loop-index.c (test for excess errors)
UNRESOLVED: gcc.dg/dfp/loop-index.c compilation failed to produce executable
FAIL: gcc.dg/dfp/nan-2.c (internal compiler error)
FAIL: gcc.dg/dfp/nan-2.c (test for excess errors)
UNRESOLVED: gcc.dg/dfp/nan-2.c compilation failed to produce executable
FAIL: gcc.dg/dfp/operator-assignment.c (internal compiler error)
FAIL: gcc.dg/dfp/operator-assignment.c (test for excess errors)
UNRESOLVED: gcc.dg/dfp/operator-assignment.c compilation failed to produce
executable
FAIL: gcc.dg/dfp/operator-comma.c (internal compiler error)
FAIL: gcc.dg/dfp/operator-comma.c (test for excess errors)
UNRESOLVED: gcc.dg/dfp/operator-comma.c compilation failed to produce
executable
FAIL: gcc.dg/dfp/operator-cond.c (internal compiler error)
FAIL: gcc.dg/dfp/operator-cond.c (test for excess errors)
UNRESOLVED: gcc.dg/dfp/operator-cond.c compilation failed to produce
executable
FAIL: gcc.dg/dfp/operator-logical.c (internal compiler error)
FAIL: gcc.dg/dfp/operator-logical.c (test for excess errors)
UNRESOLVED: gcc.dg/dfp/operator-logical.c compilation failed to produce
executable
FAIL: gcc.dg/dfp/operator-unary.c (internal compiler error)
FAIL: gcc.dg/dfp/operator-unary.c (test for excess errors)
UNRESOLVED: gcc.dg/dfp/operator-unary.c compilation failed to produce
executable
FAIL: gcc.dg/dfp/signbit-1.c (internal compiler error)
FAIL: gcc.dg/dfp/signbit-1.c (test for excess errors)
UNRESOLVED: gcc.dg/dfp/signbit-1.c compilation failed to produce executable
FAIL: gcc.dg/dfp/union-init.c (internal compiler error)
FAIL: gcc.dg/dfp/union-init.c (test for excess errors)
UNRESOLVED: gcc.dg/dfp/union-init.c compilation failed to produce executable
FAIL: gcc.dg/dfp/usual-arith-conv.c (internal compiler error)
FAIL: gcc.dg/dfp/usual-arith-conv.c (test for excess errors)
UNRESOLVED: gcc.dg/dfp/usual-arith-conv.c compilation failed to produce
executable
FAIL: gcc.dg/builtin-apply4.c execution test
FAIL: gcc.dg/torture/builtin-pow-mpfr-1.c -O0 scan-tree-dump pow
FAIL: gcc.dg/torture/builtin-pow-mpfr-1.c -O1 scan-tree-dump pow
FAIL: gcc.dg/torture/builtin-pow-mpfr-1.c -O2 scan-tree-dump pow
FAIL: gcc.dg/torture/builtin-pow-mpfr-1.c -O3 -fomit-frame-pointer
scan-tree-dump pow
FAIL: gcc.dg/torture/builtin-pow-mpfr-1.c -O3 -g scan-tree-dump pow
FAIL: gcc.dg/torture/builtin-pow-mpfr-1.c -Os scan-tree-dump pow
FAIL: gcc.dg/tree-ssa/gen-vect-11.c scan-tree-dump-times vectorized 1 loops 1
FAIL: gcc.dg/tree-ssa/gen-vect-11a.c scan-tree-dump-times vectorized 1 loops
1
XPASS: gcc.dg/tree-ssa/update-threading.c scan-tree-dump-times Invalid sum 0
XPASS: gcc.dg/vect/vect-iv-4.c scan-tree-dump-times vectorized 1 loops 1
FAIL: gcc.target/i386/pr21291.c (test for excess errors)
=== gcc Summary ===
# of expected passes 45242
# of unexpected failures 88
# of unexpected successes 2
# of expected failures 134
# of unresolved testcases 38
# of untested testcases 28
# of unsupported tests 372
/opt/gcc-4_3-build/gcc/xgcc version 4.3.0 20070523 (experimental)
=== gfortran tests ===
Running target unix
FAIL: gfortran.dg/open_errors.f90 -O0 execution test
FAIL: gfortran.dg/open_errors.f90 -O1 execution test
FAIL: gfortran.dg/open_errors.f90 -O2 execution test
FAIL: gfortran.dg/open_errors.f90 -O3 -fomit-frame-pointer execution test
FAIL: gfortran.dg/open_errors.f90 -O3 -fomit-frame-pointer -funroll-loops
execution test
FAIL: gfortran.dg/open_errors.f90 -O3 -fomit-frame-pointer
-funroll-all-loops -finline-functions execution test
FAIL: gfortran.dg/open_errors.f90 -O3 -g execution test
FAIL: gfortran.dg/open_errors.f90 -Os execution test
=== gfortran Summary ===
# of expected passes 18123
# of unexpected failures 8
# of expected failures 8
# of unsupported tests 16
/opt/gcc-4_3-build/gcc/testsuite/gfortran/../../gfortran version 4.3.0
20070523 (experimental)
=== gnat tests ===
Running target unix
FAIL: gnat.dg/address_conversion.adb execution test
=== gnat Summary ===
# of expected passes 168
# of unexpected failures 1
=== obj-c++ tests ===
Running target unix
FAIL: obj-c++.dg/bitfield-1.mm (internal compiler error)
FAIL: obj-c++.dg/bitfield-1.mm (test for excess errors)
UNRESOLVED: obj-c++.dg/bitfield-1.mm compilation failed to produce executable
FAIL: obj-c++.dg/comp-types-10.mm (internal compiler error)
FAIL: obj-c++.dg/comp-types-10.mm (test for excess errors)
FAIL: obj-c++.dg/cxx-class-1.mm (test for excess errors)
FAIL: obj-c++.dg/cxx-ivars-2.mm execution test
FAIL: obj-c++.dg/encode-2.mm scan-assembler {Vec<float>=ffi}
FAIL: obj-c++.dg/encode-2.mm scan-assembler {Vec<double>=ddi}
FAIL: obj-c++.dg/encode-3.mm execution test
FAIL: obj-c++.dg/encode-8.mm execution test
FAIL: obj-c++.dg/gnu-runtime-2.mm (test for excess errors)
FAIL: obj-c++.dg/isa-field-1.mm (test for excess errors)
FAIL: obj-c++.dg/lookup-2.mm (test for excess errors)
UNRESOLVED: obj-c++.dg/lookup-2.mm compilation failed to produce executable
FAIL: obj-c++.dg/try-catch-2.mm (test for excess errors)
UNRESOLVED: obj-c++.dg/try-catch-2.mm compilation failed to produce
executable
FAIL: obj-c++.dg/try-catch-9.mm (internal compiler error)
FAIL: obj-c++.dg/try-catch-9.mm (test for excess errors)
UNRESOLVED: obj-c++.dg/try-catch-9.mm compilation failed to produce
executable
=== obj-c++ Summary ===
# of expected passes 421
# of unexpected failures 16
# of unresolved testcases 4
# of unsupported tests 13
/opt/gcc-4_3-build/gcc/testsuite/obj-c++/../../g++ version 4.3.0 20070523
(experimental)
=== objc tests ===
Running target unix
WARNING: Could not compile objc.dg/gnu-encoding/struct-layout-encoding-1
generator
=== objc Summary ===
# of expected passes 1757
# of unsupported tests 24
/opt/gcc-4_3-build/gcc/xgcc version 4.3.0 20070523 (experimental)
=== libffi tests ===
Running target unix
=== libffi Summary ===
# of expected passes 1096
# of unsupported tests 8
=== libgomp tests ===
Running target unix
=== libgomp Summary ===
# of expected passes 1566
=== libjava tests ===
Running target unix
WARNING: program timed out.
FAIL: getstacktrace run
FAIL: Thread_Sleep_2 -O3 -findirect-dispatch output - source compiled test
=== libjava Summary ===
# of expected passes 2534
# of unexpected failures 2
# of untested testcases 1
=== libmudflap tests ===
Running target unix
FAIL: libmudflap.c++/pass41-frag.cxx execution test
FAIL: libmudflap.c++/pass41-frag.cxx (-static) execution test
FAIL: libmudflap.c++/pass41-frag.cxx ( -O) execution test
FAIL: libmudflap.c++/pass41-frag.cxx (-O2) execution test
FAIL: libmudflap.c++/pass41-frag.cxx (-O3) execution test
=== libmudflap Summary ===
# of expected passes 1821
# of unexpected failures 5
=== libstdc++ tests ===
Running target unix
FAIL: abi_check
FAIL: 23_containers/deque/requirements/explicit_instantiation/3.cc (test for
excess errors)
FAIL: 23_containers/list/requirements/explicit_instantiation/3.cc (test for
excess errors)
FAIL: 23_containers/map/requirements/explicit_instantiation/3.cc (test for
excess errors)
FAIL: 23_containers/multimap/requirements/explicit_instantiation/3.cc (test
for excess errors)
FAIL: 23_containers/multiset/requirements/explicit_instantiation/3.cc (test
for excess errors)
FAIL: 23_containers/set/requirements/explicit_instantiation/3.cc (test for
excess errors)
FAIL: 23_containers/vector/requirements/explicit_instantiation/3.cc (test
for excess errors)
XPASS: 26_numerics/headers/cmath/c99_classification_macros_c.cc (test for
excess errors)
FAIL: ext/pool_allocator/allocate_chunk.cc execution test
=== libstdc++ Summary ===
# of expected passes 4374
# of unexpected failures 9
# of unexpected successes 1
# of expected failures 46
# of unsupported tests 316
Compiler version: 4.3.0 20070523 (experimental)
Platform: i686-pc-linux-gnu
configure flags: --verbose
--enable-languages=c,ada,c++,fortran,java,objc,obj-c++ --with-tune=athlon-xp --prefix=/usr --enable-objc-gc
--enable-concept-checks --disable-multilib --with-gxx-include-dir=/usr/include/c++/4.3
--enable-libstdcxx-debug --enable-static --enable-shared --enable-initfini-array
--enable-__cxa_atexit --enable-threads=posix
--enable-version-specific-runtime-libs --enable-libssp --enable-libmudflap --enable-libgomp --disable-werror
--enable-nls --with-included-gettext --enable-decimal-float
--with-long-double-128 --enable-debug --enable-java-gc=boehm --with-x
--x-includes=/usr/X11R6/include --x-libraries=/usr/X11R6/lib --enable-java-awt=gtk,xlib
--enable-gtk-cairo --enable-qt-peer --enable-xmlj --enable-gconf-peer --enable-tool-wrappers
--enable-portable-native-sync --enable-libgcj-multifile --with-stabs
--enable-hash-synchronization --enable-gc-debug --enable-interpreter
--with-system-zlib --enable-libada --with-tls --with-cpu=athlon-xp --with-arch=athlon-xp
--enable-stage1-checking=assert,gc,misc,rtl,rtlflag,runtime