This is the mail archive of the gcc-testresults@gcc.gnu.org mailing list for the GCC project.


Index Nav: [Date Index] [Subject Index] [Author Index] [Thread Index]
Message Nav: [Date Prev] [Date Next] [Thread Prev] [Thread Next]
Other format: [Raw text]

Results for 4.3.0 20070519 (experimental) testsuite on x86_64-unknown-netbsd3.0


LAST_UPDATED: Sat May 19 11:35:21 UTC 2007 (revision 124854)

Native configuration is x86_64-unknown-netbsd3.0

		=== g++ tests ===


Running target unix
WARNING: Could not compile g++.dg/compat/struct-layout-1 generator
FAIL: g++.dg/cpp/_Pragma1.C (test for excess errors)
FAIL: g++.dg/eh/gcsec1.C execution test
XPASS: g++.dg/tree-ssa/ivopts-1.C scan-tree-dump-not offset: -4B
XPASS: g++.dg/tree-ssa/ivopts-1.C scan-tree-dump-not &x\\[5\\]
FAIL: g++.old-deja/g++.other/init18.C execution test
WARNING: program timed out.
FAIL: g++.old-deja/g++.other/init19.C execution test

		=== g++ Summary ===

# of expected passes		14674
# of unexpected failures	4
# of unexpected successes	2
# of expected failures		82
# of unsupported tests		124
/gcctmp/gcc070519/build/gcc/testsuite/g++/../../g++  version 4.3.0 20070519 (experimental)

		=== gcc tests ===


Running target unix
FAIL: gcc.c-torture/execute/conversion.c execution,  -O0 
FAIL: gcc.c-torture/execute/conversion.c execution,  -O1 
FAIL: gcc.c-torture/execute/conversion.c execution,  -O2 
FAIL: gcc.c-torture/execute/mayalias-2.c compilation,  -O3 -g  (internal compiler error)
UNRESOLVED: gcc.c-torture/execute/mayalias-2.c execution,  -O3 -g 
FAIL: gcc.c-torture/execute/mayalias-3.c compilation,  -O3 -g  (internal compiler error)
UNRESOLVED: gcc.c-torture/execute/mayalias-3.c execution,  -O3 -g 
FAIL: gcc.dg/compat/struct-complex-1 c_compat_x_tst.o compile
FAIL: gcc.dg/compat/struct-complex-1 c_compat_y_tst.o compile
UNRESOLVED: gcc.dg/compat/struct-complex-1 c_compat_x_tst.o-c_compat_y_tst.o link 
UNRESOLVED: gcc.dg/compat/struct-complex-1 c_compat_x_tst.o-c_compat_y_tst.o execute 
WARNING: Could not compile gcc.dg/compat/struct-layout-1 generator
FAIL: gcc.dg/cpp/_Pragma6.c (test for excess errors)
FAIL: gcc.dg/builtins-20.c (test for excess errors)
FAIL: gcc.dg/builtins-55.c (test for excess errors)
FAIL: gcc.dg/builtins-57.c (test for excess errors)
FAIL: gcc.dg/builtins-58.c scan-assembler-not pow
FAIL: gcc.dg/builtins-59.c scan-tree-dump __builtin_cexpi
FAIL: gcc.dg/builtins-59.c scan-tree-dump-not sincos
FAIL: gcc.dg/builtins-61.c scan-tree-dump cexpi
FAIL: gcc.dg/builtins-61.c scan-tree-dump sin
FAIL: gcc.dg/builtins-61.c scan-tree-dump cos
FAIL: gcc.dg/builtins-61.c scan-tree-dump return 0.0
FAIL: gcc.dg/builtins-62.c scan-tree-dump-times cexpi 3
FAIL: largefile.c -O0 -g (test for excess errors)
FAIL: largefile.c  -O0  (test for excess errors)
FAIL: largefile.c  -O1  (test for excess errors)
FAIL: largefile.c  -O2  (test for excess errors)
FAIL: largefile.c  -O3 -fomit-frame-pointer  (test for excess errors)
FAIL: largefile.c  -O3 -g  (test for excess errors)
FAIL: largefile.c  -Os  (test for excess errors)
FAIL: gcc.dg/special/gcsec-1.c execution test
FAIL: gcc.dg/torture/builtin-convert-1.c  -O1  (test for excess errors)
FAIL: gcc.dg/torture/builtin-convert-1.c  -O2  (test for excess errors)
FAIL: gcc.dg/torture/builtin-convert-1.c  -O3 -fomit-frame-pointer  (test for excess errors)
FAIL: gcc.dg/torture/builtin-convert-1.c  -O3 -g  (test for excess errors)
FAIL: gcc.dg/torture/builtin-convert-1.c  -Os  (test for excess errors)
FAIL: gcc.dg/torture/builtin-convert-2.c  -O1  (test for excess errors)
FAIL: gcc.dg/torture/builtin-convert-2.c  -O2  (test for excess errors)
FAIL: gcc.dg/torture/builtin-convert-2.c  -O3 -fomit-frame-pointer  (test for excess errors)
FAIL: gcc.dg/torture/builtin-convert-2.c  -O3 -g  (test for excess errors)
FAIL: gcc.dg/torture/builtin-convert-2.c  -Os  (test for excess errors)
FAIL: gcc.dg/torture/builtin-convert-3.c  -O1  (test for excess errors)
FAIL: gcc.dg/torture/builtin-convert-3.c  -O2  (test for excess errors)
FAIL: gcc.dg/torture/builtin-convert-3.c  -O3 -fomit-frame-pointer  (test for excess errors)
FAIL: gcc.dg/torture/builtin-convert-3.c  -O3 -g  (test for excess errors)
FAIL: gcc.dg/torture/builtin-convert-3.c  -Os  (test for excess errors)
FAIL: gcc.dg/torture/builtin-power-1.c  -O0  (test for excess errors)
FAIL: gcc.dg/torture/builtin-power-1.c  -O1  (test for excess errors)
FAIL: gcc.dg/torture/builtin-power-1.c  -O2  (test for excess errors)
FAIL: gcc.dg/torture/builtin-power-1.c  -O3 -fomit-frame-pointer  (test for excess errors)
FAIL: gcc.dg/torture/builtin-power-1.c  -O3 -g  (test for excess errors)
FAIL: gcc.dg/torture/builtin-power-1.c  -Os  (test for excess errors)
FAIL: gcc.dg/torture/fp-int-convert-float128-timode.c  -O0  (test for excess errors)
WARNING: gcc.dg/torture/fp-int-convert-float128-timode.c  -O0  compilation failed to produce executable
FAIL: gcc.dg/torture/fp-int-convert-float128-timode.c  -O1  (test for excess errors)
WARNING: gcc.dg/torture/fp-int-convert-float128-timode.c  -O1  compilation failed to produce executable
FAIL: gcc.dg/torture/fp-int-convert-float128-timode.c  -O2  (test for excess errors)
WARNING: gcc.dg/torture/fp-int-convert-float128-timode.c  -O2  compilation failed to produce executable
FAIL: gcc.dg/torture/fp-int-convert-float128-timode.c  -O3 -fomit-frame-pointer  (test for excess errors)
WARNING: gcc.dg/torture/fp-int-convert-float128-timode.c  -O3 -fomit-frame-pointer  compilation failed to produce executable
FAIL: gcc.dg/torture/fp-int-convert-float128-timode.c  -O3 -g  (test for excess errors)
WARNING: gcc.dg/torture/fp-int-convert-float128-timode.c  -O3 -g  compilation failed to produce executable
FAIL: gcc.dg/torture/fp-int-convert-float128-timode.c  -Os  (test for excess errors)
WARNING: gcc.dg/torture/fp-int-convert-float128-timode.c  -Os  compilation failed to produce executable
FAIL: gcc.dg/torture/fp-int-convert-float128.c  -O0  (test for excess errors)
WARNING: gcc.dg/torture/fp-int-convert-float128.c  -O0  compilation failed to produce executable
FAIL: gcc.dg/torture/fp-int-convert-float128.c  -O1  (test for excess errors)
WARNING: gcc.dg/torture/fp-int-convert-float128.c  -O1  compilation failed to produce executable
FAIL: gcc.dg/torture/fp-int-convert-float128.c  -O2  (test for excess errors)
WARNING: gcc.dg/torture/fp-int-convert-float128.c  -O2  compilation failed to produce executable
FAIL: gcc.dg/torture/fp-int-convert-float128.c  -O3 -fomit-frame-pointer  (test for excess errors)
WARNING: gcc.dg/torture/fp-int-convert-float128.c  -O3 -fomit-frame-pointer  compilation failed to produce executable
FAIL: gcc.dg/torture/fp-int-convert-float128.c  -O3 -g  (test for excess errors)
WARNING: gcc.dg/torture/fp-int-convert-float128.c  -O3 -g  compilation failed to produce executable
FAIL: gcc.dg/torture/fp-int-convert-float128.c  -Os  (test for excess errors)
WARNING: gcc.dg/torture/fp-int-convert-float128.c  -Os  compilation failed to produce executable
FAIL: gcc.dg/torture/fp-int-convert-float80-timode.c  -O0  execution test
FAIL: gcc.dg/torture/fp-int-convert-float80-timode.c  -O1  execution test
FAIL: gcc.dg/torture/fp-int-convert-float80-timode.c  -O2  execution test
FAIL: gcc.dg/torture/fp-int-convert-float80-timode.c  -O3 -fomit-frame-pointer  execution test
FAIL: gcc.dg/torture/fp-int-convert-float80-timode.c  -O3 -g  execution test
FAIL: gcc.dg/torture/fp-int-convert-float80-timode.c  -Os  execution test
FAIL: gcc.dg/torture/fp-int-convert-float80.c  -O0  execution test
FAIL: gcc.dg/torture/fp-int-convert-float80.c  -O1  execution test
FAIL: gcc.dg/torture/fp-int-convert-float80.c  -O2  execution test
FAIL: gcc.dg/torture/fp-int-convert-float80.c  -O3 -fomit-frame-pointer  execution test
FAIL: gcc.dg/torture/fp-int-convert-float80.c  -O3 -g  execution test
FAIL: gcc.dg/torture/fp-int-convert-float80.c  -Os  execution test
FAIL: gcc.dg/torture/fp-int-convert-long-double.c  -O0  execution test
FAIL: gcc.dg/torture/fp-int-convert-long-double.c  -O1  execution test
FAIL: gcc.dg/torture/fp-int-convert-long-double.c  -O2  execution test
FAIL: gcc.dg/torture/fp-int-convert-long-double.c  -O3 -fomit-frame-pointer  execution test
FAIL: gcc.dg/torture/fp-int-convert-long-double.c  -O3 -g  execution test
FAIL: gcc.dg/torture/fp-int-convert-long-double.c  -Os  execution test
FAIL: gcc.dg/torture/fp-int-convert-timode.c  -O0  execution test
FAIL: gcc.dg/torture/fp-int-convert-timode.c  -O1  execution test
FAIL: gcc.dg/torture/fp-int-convert-timode.c  -O2  execution test
FAIL: gcc.dg/torture/fp-int-convert-timode.c  -O3 -fomit-frame-pointer  execution test
FAIL: gcc.dg/torture/fp-int-convert-timode.c  -O3 -g  execution test
FAIL: gcc.dg/torture/fp-int-convert-timode.c  -Os  execution test
XPASS: gcc.dg/tree-ssa/update-threading.c scan-tree-dump-times Invalid sum 0
XPASS: gcc.dg/vect/vect-iv-4.c scan-tree-dump-times vectorized 1 loops 1
FAIL: gcc.target/i386/sse-13.c (test for excess errors)
FAIL: gcc.target/i386/sse-14.c (test for excess errors)
FAIL: gcc.target/i386/sse-vect-types.c (test for excess errors)
FAIL: gcc.target/i386/sse4a-extract.c (test for excess errors)
WARNING: gcc.target/i386/sse4a-extract.c compilation failed to produce executable
FAIL: gcc.target/i386/sse4a-insert.c (test for excess errors)
WARNING: gcc.target/i386/sse4a-insert.c compilation failed to produce executable
FAIL: gcc.target/i386/sse4a-montsd.c (test for excess errors)
WARNING: gcc.target/i386/sse4a-montsd.c compilation failed to produce executable
FAIL: gcc.target/i386/sse4a-montss.c (test for excess errors)
WARNING: gcc.target/i386/sse4a-montss.c compilation failed to produce executable

		=== gcc Summary ===

# of expected passes		44010
# of unexpected failures	91
# of unexpected successes	2
# of expected failures		129
# of unresolved testcases	4
# of untested testcases		35
# of unsupported tests		463
/gcctmp/gcc070519/build/gcc/xgcc  version 4.3.0 20070519 (experimental)

		=== gfortran tests ===


Running target unix
FAIL: gfortran.dg/exponent_1.f90  -O0  execution test
FAIL: gfortran.dg/exponent_1.f90  -O1  execution test
FAIL: gfortran.dg/exponent_1.f90  -O2  execution test
FAIL: gfortran.dg/exponent_1.f90  -O3 -fomit-frame-pointer  execution test
FAIL: gfortran.dg/exponent_1.f90  -O3 -fomit-frame-pointer -funroll-loops  execution test
FAIL: gfortran.dg/exponent_1.f90  -O3 -fomit-frame-pointer -funroll-all-loops -finline-functions  execution test
FAIL: gfortran.dg/exponent_1.f90  -O3 -g  execution test
FAIL: gfortran.dg/exponent_1.f90  -Os  execution test
FAIL: gfortran.dg/interface_12.f90  -O2  execution test
FAIL: gfortran.dg/interface_12.f90  -O3 -fomit-frame-pointer  execution test
FAIL: gfortran.dg/interface_12.f90  -O3 -fomit-frame-pointer -funroll-loops  execution test
FAIL: gfortran.dg/interface_12.f90  -O3 -fomit-frame-pointer -funroll-all-loops -finline-functions  execution test
FAIL: gfortran.dg/interface_12.f90  -O3 -g  execution test
FAIL: gfortran.dg/result_in_spec_1.f90  -O2  execution test
FAIL: gfortran.dg/result_in_spec_1.f90  -O3 -fomit-frame-pointer  execution test
FAIL: gfortran.dg/result_in_spec_1.f90  -O3 -fomit-frame-pointer -funroll-loops  execution test
FAIL: gfortran.dg/result_in_spec_1.f90  -O3 -fomit-frame-pointer -funroll-all-loops -finline-functions  execution test
FAIL: gfortran.dg/result_in_spec_1.f90  -O3 -g  execution test
FAIL: gfortran.fortran-torture/execute/intrinsic_fraction_exponent.f90 execution,  -O0 
FAIL: gfortran.fortran-torture/execute/intrinsic_fraction_exponent.f90 execution,  -O1 
FAIL: gfortran.fortran-torture/execute/intrinsic_fraction_exponent.f90 execution,  -O2 
FAIL: gfortran.fortran-torture/execute/intrinsic_fraction_exponent.f90 execution,  -O3 -fomit-frame-pointer 
FAIL: gfortran.fortran-torture/execute/intrinsic_fraction_exponent.f90 execution,  -O3 -fomit-frame-pointer -funroll-loops 
FAIL: gfortran.fortran-torture/execute/intrinsic_fraction_exponent.f90 execution,  -O3 -fomit-frame-pointer -funroll-all-loops -finline-functions 
FAIL: gfortran.fortran-torture/execute/intrinsic_fraction_exponent.f90 execution,  -O3 -g 
FAIL: gfortran.fortran-torture/execute/intrinsic_fraction_exponent.f90 execution,  -Os 
FAIL: gfortran.fortran-torture/execute/intrinsic_rrspacing.f90 execution,  -O0 
FAIL: gfortran.fortran-torture/execute/intrinsic_rrspacing.f90 execution,  -O1 
FAIL: gfortran.fortran-torture/execute/intrinsic_rrspacing.f90 execution,  -O2 
FAIL: gfortran.fortran-torture/execute/intrinsic_rrspacing.f90 execution,  -O3 -fomit-frame-pointer 
FAIL: gfortran.fortran-torture/execute/intrinsic_rrspacing.f90 execution,  -O3 -fomit-frame-pointer -funroll-loops 
FAIL: gfortran.fortran-torture/execute/intrinsic_rrspacing.f90 execution,  -O3 -fomit-frame-pointer -funroll-all-loops -finline-functions 
FAIL: gfortran.fortran-torture/execute/intrinsic_rrspacing.f90 execution,  -O3 -g 
FAIL: gfortran.fortran-torture/execute/intrinsic_rrspacing.f90 execution,  -Os 
FAIL: gfortran.fortran-torture/execute/intrinsic_scale.f90 execution,  -O1 
FAIL: gfortran.fortran-torture/execute/intrinsic_scale.f90 execution,  -O2 
FAIL: gfortran.fortran-torture/execute/intrinsic_scale.f90 execution,  -O3 -fomit-frame-pointer 
FAIL: gfortran.fortran-torture/execute/intrinsic_scale.f90 execution,  -O3 -fomit-frame-pointer -funroll-loops 
FAIL: gfortran.fortran-torture/execute/intrinsic_scale.f90 execution,  -O3 -fomit-frame-pointer -funroll-all-loops -finline-functions 
FAIL: gfortran.fortran-torture/execute/intrinsic_scale.f90 execution,  -O3 -g 
FAIL: gfortran.fortran-torture/execute/intrinsic_scale.f90 execution,  -Os 
FAIL: gfortran.fortran-torture/execute/intrinsic_set_exponent.f90 execution,  -O0 
FAIL: gfortran.fortran-torture/execute/intrinsic_set_exponent.f90 execution,  -O1 
FAIL: gfortran.fortran-torture/execute/intrinsic_set_exponent.f90 execution,  -O2 
FAIL: gfortran.fortran-torture/execute/intrinsic_set_exponent.f90 execution,  -O3 -fomit-frame-pointer 
FAIL: gfortran.fortran-torture/execute/intrinsic_set_exponent.f90 execution,  -O3 -fomit-frame-pointer -funroll-loops 
FAIL: gfortran.fortran-torture/execute/intrinsic_set_exponent.f90 execution,  -O3 -fomit-frame-pointer -funroll-all-loops -finline-functions 
FAIL: gfortran.fortran-torture/execute/intrinsic_set_exponent.f90 execution,  -O3 -g 
FAIL: gfortran.fortran-torture/execute/intrinsic_set_exponent.f90 execution,  -Os 
FAIL: gfortran.fortran-torture/execute/st_function.f90,  -O1  (internal compiler error)
FAIL: gfortran.fortran-torture/execute/st_function.f90,  -O2  (internal compiler error)
FAIL: gfortran.fortran-torture/execute/st_function.f90,  -O3 -fomit-frame-pointer  (internal compiler error)
FAIL: gfortran.fortran-torture/execute/st_function.f90,  -O3 -fomit-frame-pointer -funroll-loops  (internal compiler error)
FAIL: gfortran.fortran-torture/execute/st_function.f90,  -O3 -fomit-frame-pointer -funroll-all-loops -finline-functions  (internal compiler error)
FAIL: gfortran.fortran-torture/execute/st_function.f90,  -O3 -g  (internal compiler error)
FAIL: gfortran.fortran-torture/execute/st_function.f90,  -Os  (internal compiler error)

		=== gfortran Summary ===

# of expected passes		17856
# of unexpected failures	56
# of expected failures		8
# of unsupported tests		74
/gcctmp/gcc070519/build/gcc/testsuite/gfortran/../../gfortran  version 4.3.0 20070519 (experimental)

		=== obj-c++ tests ===


Running target unix
FAIL: obj-c++.dg/bitfield-1.mm (internal compiler error)
FAIL: obj-c++.dg/bitfield-1.mm (test for excess errors)
WARNING: obj-c++.dg/bitfield-1.mm compilation failed to produce executable
FAIL: obj-c++.dg/bitfield-4.mm (test for excess errors)
FAIL: obj-c++.dg/comp-types-10.mm (internal compiler error)
FAIL: obj-c++.dg/comp-types-10.mm (test for excess errors)
FAIL: obj-c++.dg/cxx-class-1.mm (test for excess errors)
FAIL: obj-c++.dg/cxx-ivars-2.mm execution test
FAIL: obj-c++.dg/encode-2.mm scan-assembler {Vec<float>=ffi}
FAIL: obj-c++.dg/encode-2.mm scan-assembler {Vec<double>=ddi}
FAIL: obj-c++.dg/encode-3.mm execution test
FAIL: obj-c++.dg/encode-8.mm execution test
FAIL: obj-c++.dg/gnu-runtime-2.mm (test for excess errors)
FAIL: obj-c++.dg/isa-field-1.mm (test for excess errors)
FAIL: obj-c++.dg/layout-1.mm (test for excess errors)
FAIL: obj-c++.dg/lookup-2.mm (test for excess errors)
WARNING: obj-c++.dg/lookup-2.mm compilation failed to produce executable
FAIL: obj-c++.dg/try-catch-2.mm (test for excess errors)
WARNING: obj-c++.dg/try-catch-2.mm compilation failed to produce executable
FAIL: obj-c++.dg/try-catch-9.mm (internal compiler error)
FAIL: obj-c++.dg/try-catch-9.mm (test for excess errors)
WARNING: obj-c++.dg/try-catch-9.mm compilation failed to produce executable

		=== obj-c++ Summary ===

# of expected passes		419
# of unexpected failures	18
# of unsupported tests		13
/gcctmp/gcc070519/build/gcc/testsuite/obj-c++/../../g++  version 4.3.0 20070519 (experimental)

		=== objc tests ===


Running target unix
WARNING: Could not compile objc.dg/gnu-encoding/struct-layout-encoding-1 generator

		=== objc Summary ===

# of expected passes		1757
# of unsupported tests		24
/gcctmp/gcc070519/build/gcc/xgcc  version 4.3.0 20070519 (experimental)

		=== treelang tests ===


Running target unix

		=== treelang Summary ===

# of expected passes		52
		=== libgomp tests ===


Running target unix
FAIL: libgomp.c++/ctor-1.C  -O0  (test for excess errors)
WARNING: libgomp.c++/ctor-1.C  -O0  compilation failed to produce executable
FAIL: libgomp.c++/ctor-1.C  -O1  (test for excess errors)
WARNING: libgomp.c++/ctor-1.C  -O1  compilation failed to produce executable
FAIL: libgomp.c++/ctor-1.C  -O2  (test for excess errors)
WARNING: libgomp.c++/ctor-1.C  -O2  compilation failed to produce executable
FAIL: libgomp.c++/ctor-1.C  -O3 -fomit-frame-pointer  (test for excess errors)
WARNING: libgomp.c++/ctor-1.C  -O3 -fomit-frame-pointer  compilation failed to produce executable
FAIL: libgomp.c++/ctor-1.C  -O3 -fomit-frame-pointer -funroll-loops  (test for excess errors)
WARNING: libgomp.c++/ctor-1.C  -O3 -fomit-frame-pointer -funroll-loops  compilation failed to produce executable
FAIL: libgomp.c++/ctor-1.C  -O3 -fomit-frame-pointer -funroll-all-loops -finline-functions  (test for excess errors)
WARNING: libgomp.c++/ctor-1.C  -O3 -fomit-frame-pointer -funroll-all-loops -finline-functions  compilation failed to produce executable
FAIL: libgomp.c++/ctor-1.C  -O3 -g  (test for excess errors)
WARNING: libgomp.c++/ctor-1.C  -O3 -g  compilation failed to produce executable
FAIL: libgomp.c++/ctor-1.C  -Os  (test for excess errors)
WARNING: libgomp.c++/ctor-1.C  -Os  compilation failed to produce executable
FAIL: libgomp.c++/ctor-2.C  -O0  (test for excess errors)
WARNING: libgomp.c++/ctor-2.C  -O0  compilation failed to produce executable
FAIL: libgomp.c++/ctor-2.C  -O1  (test for excess errors)
WARNING: libgomp.c++/ctor-2.C  -O1  compilation failed to produce executable
FAIL: libgomp.c++/ctor-2.C  -O2  (test for excess errors)
WARNING: libgomp.c++/ctor-2.C  -O2  compilation failed to produce executable
FAIL: libgomp.c++/ctor-2.C  -O3 -fomit-frame-pointer  (test for excess errors)
WARNING: libgomp.c++/ctor-2.C  -O3 -fomit-frame-pointer  compilation failed to produce executable
FAIL: libgomp.c++/ctor-2.C  -O3 -fomit-frame-pointer -funroll-loops  (test for excess errors)
WARNING: libgomp.c++/ctor-2.C  -O3 -fomit-frame-pointer -funroll-loops  compilation failed to produce executable
FAIL: libgomp.c++/ctor-2.C  -O3 -fomit-frame-pointer -funroll-all-loops -finline-functions  (test for excess errors)
WARNING: libgomp.c++/ctor-2.C  -O3 -fomit-frame-pointer -funroll-all-loops -finline-functions  compilation failed to produce executable
FAIL: libgomp.c++/ctor-2.C  -O3 -g  (test for excess errors)
WARNING: libgomp.c++/ctor-2.C  -O3 -g  compilation failed to produce executable
FAIL: libgomp.c++/ctor-2.C  -Os  (test for excess errors)
WARNING: libgomp.c++/ctor-2.C  -Os  compilation failed to produce executable
FAIL: libgomp.c++/ctor-3.C  -O0  (test for excess errors)
WARNING: libgomp.c++/ctor-3.C  -O0  compilation failed to produce executable
FAIL: libgomp.c++/ctor-3.C  -O1  (test for excess errors)
WARNING: libgomp.c++/ctor-3.C  -O1  compilation failed to produce executable
FAIL: libgomp.c++/ctor-3.C  -O2  (test for excess errors)
WARNING: libgomp.c++/ctor-3.C  -O2  compilation failed to produce executable
FAIL: libgomp.c++/ctor-3.C  -O3 -fomit-frame-pointer  (test for excess errors)
WARNING: libgomp.c++/ctor-3.C  -O3 -fomit-frame-pointer  compilation failed to produce executable
FAIL: libgomp.c++/ctor-3.C  -O3 -fomit-frame-pointer -funroll-loops  (test for excess errors)
WARNING: libgomp.c++/ctor-3.C  -O3 -fomit-frame-pointer -funroll-loops  compilation failed to produce executable
FAIL: libgomp.c++/ctor-3.C  -O3 -fomit-frame-pointer -funroll-all-loops -finline-functions  (test for excess errors)
WARNING: libgomp.c++/ctor-3.C  -O3 -fomit-frame-pointer -funroll-all-loops -finline-functions  compilation failed to produce executable
FAIL: libgomp.c++/ctor-3.C  -O3 -g  (test for excess errors)
WARNING: libgomp.c++/ctor-3.C  -O3 -g  compilation failed to produce executable
FAIL: libgomp.c++/ctor-3.C  -Os  (test for excess errors)
WARNING: libgomp.c++/ctor-3.C  -Os  compilation failed to produce executable
FAIL: libgomp.c++/ctor-4.C  -O0  (test for excess errors)
WARNING: libgomp.c++/ctor-4.C  -O0  compilation failed to produce executable
FAIL: libgomp.c++/ctor-4.C  -O1  (test for excess errors)
WARNING: libgomp.c++/ctor-4.C  -O1  compilation failed to produce executable
FAIL: libgomp.c++/ctor-4.C  -O2  (test for excess errors)
WARNING: libgomp.c++/ctor-4.C  -O2  compilation failed to produce executable
FAIL: libgomp.c++/ctor-4.C  -O3 -fomit-frame-pointer  (test for excess errors)
WARNING: libgomp.c++/ctor-4.C  -O3 -fomit-frame-pointer  compilation failed to produce executable
FAIL: libgomp.c++/ctor-4.C  -O3 -fomit-frame-pointer -funroll-loops  (test for excess errors)
WARNING: libgomp.c++/ctor-4.C  -O3 -fomit-frame-pointer -funroll-loops  compilation failed to produce executable
FAIL: libgomp.c++/ctor-4.C  -O3 -fomit-frame-pointer -funroll-all-loops -finline-functions  (test for excess errors)
WARNING: libgomp.c++/ctor-4.C  -O3 -fomit-frame-pointer -funroll-all-loops -finline-functions  compilation failed to produce executable
FAIL: libgomp.c++/ctor-4.C  -O3 -g  (test for excess errors)
WARNING: libgomp.c++/ctor-4.C  -O3 -g  compilation failed to produce executable
FAIL: libgomp.c++/ctor-4.C  -Os  (test for excess errors)
WARNING: libgomp.c++/ctor-4.C  -Os  compilation failed to produce executable
FAIL: libgomp.c++/ctor-6.C  -O0  (test for excess errors)
WARNING: libgomp.c++/ctor-6.C  -O0  compilation failed to produce executable
FAIL: libgomp.c++/ctor-6.C  -O1  (test for excess errors)
WARNING: libgomp.c++/ctor-6.C  -O1  compilation failed to produce executable
FAIL: libgomp.c++/ctor-6.C  -O2  (test for excess errors)
WARNING: libgomp.c++/ctor-6.C  -O2  compilation failed to produce executable
FAIL: libgomp.c++/ctor-6.C  -O3 -fomit-frame-pointer  (test for excess errors)
WARNING: libgomp.c++/ctor-6.C  -O3 -fomit-frame-pointer  compilation failed to produce executable
FAIL: libgomp.c++/ctor-6.C  -O3 -fomit-frame-pointer -funroll-loops  (test for excess errors)
WARNING: libgomp.c++/ctor-6.C  -O3 -fomit-frame-pointer -funroll-loops  compilation failed to produce executable
FAIL: libgomp.c++/ctor-6.C  -O3 -fomit-frame-pointer -funroll-all-loops -finline-functions  (test for excess errors)
WARNING: libgomp.c++/ctor-6.C  -O3 -fomit-frame-pointer -funroll-all-loops -finline-functions  compilation failed to produce executable
FAIL: libgomp.c++/ctor-6.C  -O3 -g  (test for excess errors)
WARNING: libgomp.c++/ctor-6.C  -O3 -g  compilation failed to produce executable
FAIL: libgomp.c++/ctor-6.C  -Os  (test for excess errors)
WARNING: libgomp.c++/ctor-6.C  -Os  compilation failed to produce executable
FAIL: libgomp.c++/ctor-7.C  -O0  (test for excess errors)
WARNING: libgomp.c++/ctor-7.C  -O0  compilation failed to produce executable
FAIL: libgomp.c++/ctor-7.C  -O1  (test for excess errors)
WARNING: libgomp.c++/ctor-7.C  -O1  compilation failed to produce executable
FAIL: libgomp.c++/ctor-7.C  -O2  (test for excess errors)
WARNING: libgomp.c++/ctor-7.C  -O2  compilation failed to produce executable
FAIL: libgomp.c++/ctor-7.C  -O3 -fomit-frame-pointer  (test for excess errors)
WARNING: libgomp.c++/ctor-7.C  -O3 -fomit-frame-pointer  compilation failed to produce executable
FAIL: libgomp.c++/ctor-7.C  -O3 -fomit-frame-pointer -funroll-loops  (test for excess errors)
WARNING: libgomp.c++/ctor-7.C  -O3 -fomit-frame-pointer -funroll-loops  compilation failed to produce executable
FAIL: libgomp.c++/ctor-7.C  -O3 -fomit-frame-pointer -funroll-all-loops -finline-functions  (test for excess errors)
WARNING: libgomp.c++/ctor-7.C  -O3 -fomit-frame-pointer -funroll-all-loops -finline-functions  compilation failed to produce executable
FAIL: libgomp.c++/ctor-7.C  -O3 -g  (test for excess errors)
WARNING: libgomp.c++/ctor-7.C  -O3 -g  compilation failed to produce executable
FAIL: libgomp.c++/ctor-7.C  -Os  (test for excess errors)
WARNING: libgomp.c++/ctor-7.C  -Os  compilation failed to produce executable
FAIL: libgomp.c++/loop-1.C  -O  (test for excess errors)
WARNING: libgomp.c++/loop-1.C  -O  compilation failed to produce executable
FAIL: libgomp.c++/loop-2.C  -O  (test for excess errors)
WARNING: libgomp.c++/loop-2.C  -O  compilation failed to produce executable
FAIL: libgomp.c++/loop-3.C  -O  (test for excess errors)
WARNING: libgomp.c++/loop-3.C  -O  compilation failed to produce executable
FAIL: libgomp.c++/loop-4.C  -O  (test for excess errors)
WARNING: libgomp.c++/loop-4.C  -O  compilation failed to produce executable
FAIL: libgomp.c++/loop-5.C  -O  (test for excess errors)
WARNING: libgomp.c++/loop-5.C  -O  compilation failed to produce executable
FAIL: libgomp.c++/loop-6.C  -O0  (test for excess errors)
WARNING: libgomp.c++/loop-6.C  -O0  compilation failed to produce executable
FAIL: libgomp.c++/loop-6.C  -O1  (test for excess errors)
WARNING: libgomp.c++/loop-6.C  -O1  compilation failed to produce executable
FAIL: libgomp.c++/loop-6.C  -O2  (test for excess errors)
WARNING: libgomp.c++/loop-6.C  -O2  compilation failed to produce executable
FAIL: libgomp.c++/loop-6.C  -O3 -fomit-frame-pointer  (test for excess errors)
WARNING: libgomp.c++/loop-6.C  -O3 -fomit-frame-pointer  compilation failed to produce executable
FAIL: libgomp.c++/loop-6.C  -O3 -fomit-frame-pointer -funroll-loops  (test for excess errors)
WARNING: libgomp.c++/loop-6.C  -O3 -fomit-frame-pointer -funroll-loops  compilation failed to produce executable
FAIL: libgomp.c++/loop-6.C  -O3 -fomit-frame-pointer -funroll-all-loops -finline-functions  (test for excess errors)
WARNING: libgomp.c++/loop-6.C  -O3 -fomit-frame-pointer -funroll-all-loops -finline-functions  compilation failed to produce executable
FAIL: libgomp.c++/loop-6.C  -O3 -g  (test for excess errors)
WARNING: libgomp.c++/loop-6.C  -O3 -g  compilation failed to produce executable
FAIL: libgomp.c++/loop-6.C  -Os  (test for excess errors)
WARNING: libgomp.c++/loop-6.C  -Os  compilation failed to produce executable
FAIL: libgomp.c++/loop-7.C  -O0  (test for excess errors)
WARNING: libgomp.c++/loop-7.C  -O0  compilation failed to produce executable
FAIL: libgomp.c++/loop-7.C  -O1  (test for excess errors)
WARNING: libgomp.c++/loop-7.C  -O1  compilation failed to produce executable
FAIL: libgomp.c++/loop-7.C  -O2  (test for excess errors)
WARNING: libgomp.c++/loop-7.C  -O2  compilation failed to produce executable
FAIL: libgomp.c++/loop-7.C  -O3 -fomit-frame-pointer  (test for excess errors)
WARNING: libgomp.c++/loop-7.C  -O3 -fomit-frame-pointer  compilation failed to produce executable
FAIL: libgomp.c++/loop-7.C  -O3 -fomit-frame-pointer -funroll-loops  (test for excess errors)
WARNING: libgomp.c++/loop-7.C  -O3 -fomit-frame-pointer -funroll-loops  compilation failed to produce executable
FAIL: libgomp.c++/loop-7.C  -O3 -fomit-frame-pointer -funroll-all-loops -finline-functions  (test for excess errors)
WARNING: libgomp.c++/loop-7.C  -O3 -fomit-frame-pointer -funroll-all-loops -finline-functions  compilation failed to produce executable
FAIL: libgomp.c++/loop-7.C  -O3 -g  (test for excess errors)
WARNING: libgomp.c++/loop-7.C  -O3 -g  compilation failed to produce executable
FAIL: libgomp.c++/loop-7.C  -Os  (test for excess errors)
WARNING: libgomp.c++/loop-7.C  -Os  compilation failed to produce executable
FAIL: libgomp.c++/master-1.C  -O0  (test for excess errors)
WARNING: libgomp.c++/master-1.C  -O0  compilation failed to produce executable
FAIL: libgomp.c++/master-1.C  -O1  (test for excess errors)
WARNING: libgomp.c++/master-1.C  -O1  compilation failed to produce executable
FAIL: libgomp.c++/master-1.C  -O2  (test for excess errors)
WARNING: libgomp.c++/master-1.C  -O2  compilation failed to produce executable
FAIL: libgomp.c++/master-1.C  -O3 -fomit-frame-pointer  (test for excess errors)
WARNING: libgomp.c++/master-1.C  -O3 -fomit-frame-pointer  compilation failed to produce executable
FAIL: libgomp.c++/master-1.C  -O3 -fomit-frame-pointer -funroll-loops  (test for excess errors)
WARNING: libgomp.c++/master-1.C  -O3 -fomit-frame-pointer -funroll-loops  compilation failed to produce executable
FAIL: libgomp.c++/master-1.C  -O3 -fomit-frame-pointer -funroll-all-loops -finline-functions  (test for excess errors)
WARNING: libgomp.c++/master-1.C  -O3 -fomit-frame-pointer -funroll-all-loops -finline-functions  compilation failed to produce executable
FAIL: libgomp.c++/master-1.C  -O3 -g  (test for excess errors)
WARNING: libgomp.c++/master-1.C  -O3 -g  compilation failed to produce executable
FAIL: libgomp.c++/master-1.C  -Os  (test for excess errors)
WARNING: libgomp.c++/master-1.C  -Os  compilation failed to produce executable
FAIL: libgomp.c++/nested-1.C  -O0  (test for excess errors)
WARNING: libgomp.c++/nested-1.C  -O0  compilation failed to produce executable
FAIL: libgomp.c++/nested-1.C  -O1  (test for excess errors)
WARNING: libgomp.c++/nested-1.C  -O1  compilation failed to produce executable
FAIL: libgomp.c++/nested-1.C  -O2  (test for excess errors)
WARNING: libgomp.c++/nested-1.C  -O2  compilation failed to produce executable
FAIL: libgomp.c++/nested-1.C  -O3 -fomit-frame-pointer  (test for excess errors)
WARNING: libgomp.c++/nested-1.C  -O3 -fomit-frame-pointer  compilation failed to produce executable
FAIL: libgomp.c++/nested-1.C  -O3 -fomit-frame-pointer -funroll-loops  (test for excess errors)
WARNING: libgomp.c++/nested-1.C  -O3 -fomit-frame-pointer -funroll-loops  compilation failed to produce executable
FAIL: libgomp.c++/nested-1.C  -O3 -fomit-frame-pointer -funroll-all-loops -finline-functions  (test for excess errors)
WARNING: libgomp.c++/nested-1.C  -O3 -fomit-frame-pointer -funroll-all-loops -finline-functions  compilation failed to produce executable
FAIL: libgomp.c++/nested-1.C  -O3 -g  (test for excess errors)
WARNING: libgomp.c++/nested-1.C  -O3 -g  compilation failed to produce executable
FAIL: libgomp.c++/nested-1.C  -Os  (test for excess errors)
WARNING: libgomp.c++/nested-1.C  -Os  compilation failed to produce executable
FAIL: libgomp.c++/parallel-1.C  -O  (test for excess errors)
WARNING: libgomp.c++/parallel-1.C  -O  compilation failed to produce executable
FAIL: libgomp.c++/pr26691.C  -O  (test for excess errors)
WARNING: libgomp.c++/pr26691.C  -O  compilation failed to produce executable
FAIL: libgomp.c++/pr26943.C  -O0  (test for excess errors)
WARNING: libgomp.c++/pr26943.C  -O0  compilation failed to produce executable
FAIL: libgomp.c++/pr26943.C  -O1  (test for excess errors)
WARNING: libgomp.c++/pr26943.C  -O1  compilation failed to produce executable
FAIL: libgomp.c++/pr26943.C  -O2  (test for excess errors)
WARNING: libgomp.c++/pr26943.C  -O2  compilation failed to produce executable
FAIL: libgomp.c++/pr26943.C  -O3 -fomit-frame-pointer  (test for excess errors)
WARNING: libgomp.c++/pr26943.C  -O3 -fomit-frame-pointer  compilation failed to produce executable
FAIL: libgomp.c++/pr26943.C  -O3 -fomit-frame-pointer -funroll-loops  (test for excess errors)
WARNING: libgomp.c++/pr26943.C  -O3 -fomit-frame-pointer -funroll-loops  compilation failed to produce executable
FAIL: libgomp.c++/pr26943.C  -O3 -fomit-frame-pointer -funroll-all-loops -finline-functions  (test for excess errors)
WARNING: libgomp.c++/pr26943.C  -O3 -fomit-frame-pointer -funroll-all-loops -finline-functions  compilation failed to produce executable
FAIL: libgomp.c++/pr26943.C  -O3 -g  (test for excess errors)
WARNING: libgomp.c++/pr26943.C  -O3 -g  compilation failed to produce executable
FAIL: libgomp.c++/pr26943.C  -Os  (test for excess errors)
WARNING: libgomp.c++/pr26943.C  -Os  compilation failed to produce executable
FAIL: libgomp.c++/pr27337.C  -O0  (test for excess errors)
WARNING: libgomp.c++/pr27337.C  -O0  compilation failed to produce executable
FAIL: libgomp.c++/pr27337.C  -O1  (test for excess errors)
WARNING: libgomp.c++/pr27337.C  -O1  compilation failed to produce executable
FAIL: libgomp.c++/pr27337.C  -O2  (test for excess errors)
WARNING: libgomp.c++/pr27337.C  -O2  compilation failed to produce executable
FAIL: libgomp.c++/pr27337.C  -O3 -fomit-frame-pointer  (test for excess errors)
WARNING: libgomp.c++/pr27337.C  -O3 -fomit-frame-pointer  compilation failed to produce executable
FAIL: libgomp.c++/pr27337.C  -O3 -fomit-frame-pointer -funroll-loops  (test for excess errors)
WARNING: libgomp.c++/pr27337.C  -O3 -fomit-frame-pointer -funroll-loops  compilation failed to produce executable
FAIL: libgomp.c++/pr27337.C  -O3 -fomit-frame-pointer -funroll-all-loops -finline-functions  (test for excess errors)
WARNING: libgomp.c++/pr27337.C  -O3 -fomit-frame-pointer -funroll-all-loops -finline-functions  compilation failed to produce executable
FAIL: libgomp.c++/pr27337.C  -O3 -g  (test for excess errors)
WARNING: libgomp.c++/pr27337.C  -O3 -g  compilation failed to produce executable
FAIL: libgomp.c++/pr27337.C  -Os  (test for excess errors)
WARNING: libgomp.c++/pr27337.C  -Os  compilation failed to produce executable
FAIL: libgomp.c++/pr30703.C  -O0  (test for excess errors)
WARNING: libgomp.c++/pr30703.C  -O0  compilation failed to produce executable
FAIL: libgomp.c++/pr30703.C  -O1  (test for excess errors)
WARNING: libgomp.c++/pr30703.C  -O1  compilation failed to produce executable
FAIL: libgomp.c++/pr30703.C  -O2  (test for excess errors)
WARNING: libgomp.c++/pr30703.C  -O2  compilation failed to produce executable
FAIL: libgomp.c++/pr30703.C  -O3 -fomit-frame-pointer  (test for excess errors)
WARNING: libgomp.c++/pr30703.C  -O3 -fomit-frame-pointer  compilation failed to produce executable
FAIL: libgomp.c++/pr30703.C  -O3 -fomit-frame-pointer -funroll-loops  (test for excess errors)
WARNING: libgomp.c++/pr30703.C  -O3 -fomit-frame-pointer -funroll-loops  compilation failed to produce executable
FAIL: libgomp.c++/pr30703.C  -O3 -fomit-frame-pointer -funroll-all-loops -finline-functions  (test for excess errors)
WARNING: libgomp.c++/pr30703.C  -O3 -fomit-frame-pointer -funroll-all-loops -finline-functions  compilation failed to produce executable
FAIL: libgomp.c++/pr30703.C  -O3 -g  (test for excess errors)
WARNING: libgomp.c++/pr30703.C  -O3 -g  compilation failed to produce executable
FAIL: libgomp.c++/pr30703.C  -Os  (test for excess errors)
WARNING: libgomp.c++/pr30703.C  -Os  compilation failed to produce executable
FAIL: libgomp.c++/reduction-1.C  -O  (test for excess errors)
WARNING: libgomp.c++/reduction-1.C  -O  compilation failed to produce executable
FAIL: libgomp.c++/reduction-2.C  -O  (test for excess errors)
WARNING: libgomp.c++/reduction-2.C  -O  compilation failed to produce executable
FAIL: libgomp.c++/reduction-3.C  -O  (test for excess errors)
WARNING: libgomp.c++/reduction-3.C  -O  compilation failed to produce executable
FAIL: libgomp.c++/sections-1.C  -O  (test for excess errors)
WARNING: libgomp.c++/sections-1.C  -O  compilation failed to produce executable
FAIL: libgomp.c++/shared-1.C  -O  (test for excess errors)
WARNING: libgomp.c++/shared-1.C  -O  compilation failed to produce executable
FAIL: libgomp.c++/shared-2.C  -O  (test for excess errors)
WARNING: libgomp.c++/shared-2.C  -O  compilation failed to produce executable
FAIL: libgomp.c++/single-1.C  -O  (test for excess errors)
WARNING: libgomp.c++/single-1.C  -O  compilation failed to produce executable
FAIL: libgomp.c++/single-2.C  -O  (test for excess errors)
WARNING: libgomp.c++/single-2.C  -O  compilation failed to produce executable
FAIL: libgomp.c++/single-3.C  -O  (test for excess errors)
WARNING: libgomp.c++/single-3.C  -O  compilation failed to produce executable
FAIL: libgomp.fortran/appendix-a/a.16.1.f90  -O0  (test for excess errors)
WARNING: libgomp.fortran/appendix-a/a.16.1.f90  -O0  compilation failed to produce executable
FAIL: libgomp.fortran/appendix-a/a.16.1.f90  -O1  (test for excess errors)
WARNING: libgomp.fortran/appendix-a/a.16.1.f90  -O1  compilation failed to produce executable
FAIL: libgomp.fortran/appendix-a/a.16.1.f90  -O2  (test for excess errors)
WARNING: libgomp.fortran/appendix-a/a.16.1.f90  -O2  compilation failed to produce executable
FAIL: libgomp.fortran/appendix-a/a.16.1.f90  -O3 -fomit-frame-pointer  (test for excess errors)
WARNING: libgomp.fortran/appendix-a/a.16.1.f90  -O3 -fomit-frame-pointer  compilation failed to produce executable
FAIL: libgomp.fortran/appendix-a/a.16.1.f90  -O3 -fomit-frame-pointer -funroll-loops  (test for excess errors)
WARNING: libgomp.fortran/appendix-a/a.16.1.f90  -O3 -fomit-frame-pointer -funroll-loops  compilation failed to produce executable
FAIL: libgomp.fortran/appendix-a/a.16.1.f90  -O3 -fomit-frame-pointer -funroll-all-loops -finline-functions  (test for excess errors)
WARNING: libgomp.fortran/appendix-a/a.16.1.f90  -O3 -fomit-frame-pointer -funroll-all-loops -finline-functions  compilation failed to produce executable
FAIL: libgomp.fortran/appendix-a/a.16.1.f90  -O3 -g  (test for excess errors)
WARNING: libgomp.fortran/appendix-a/a.16.1.f90  -O3 -g  compilation failed to produce executable
FAIL: libgomp.fortran/appendix-a/a.16.1.f90  -Os  (test for excess errors)
WARNING: libgomp.fortran/appendix-a/a.16.1.f90  -Os  compilation failed to produce executable
FAIL: libgomp.fortran/appendix-a/a.18.1.f90  -O0  (test for excess errors)
WARNING: libgomp.fortran/appendix-a/a.18.1.f90  -O0  compilation failed to produce executable
FAIL: libgomp.fortran/appendix-a/a.18.1.f90  -O1  (test for excess errors)
WARNING: libgomp.fortran/appendix-a/a.18.1.f90  -O1  compilation failed to produce executable
FAIL: libgomp.fortran/appendix-a/a.18.1.f90  -O2  (test for excess errors)
WARNING: libgomp.fortran/appendix-a/a.18.1.f90  -O2  compilation failed to produce executable
FAIL: libgomp.fortran/appendix-a/a.18.1.f90  -O3 -fomit-frame-pointer  (test for excess errors)
WARNING: libgomp.fortran/appendix-a/a.18.1.f90  -O3 -fomit-frame-pointer  compilation failed to produce executable
FAIL: libgomp.fortran/appendix-a/a.18.1.f90  -O3 -fomit-frame-pointer -funroll-loops  (test for excess errors)
WARNING: libgomp.fortran/appendix-a/a.18.1.f90  -O3 -fomit-frame-pointer -funroll-loops  compilation failed to produce executable
FAIL: libgomp.fortran/appendix-a/a.18.1.f90  -O3 -fomit-frame-pointer -funroll-all-loops -finline-functions  (test for excess errors)
WARNING: libgomp.fortran/appendix-a/a.18.1.f90  -O3 -fomit-frame-pointer -funroll-all-loops -finline-functions  compilation failed to produce executable
FAIL: libgomp.fortran/appendix-a/a.18.1.f90  -O3 -g  (test for excess errors)
WARNING: libgomp.fortran/appendix-a/a.18.1.f90  -O3 -g  compilation failed to produce executable
FAIL: libgomp.fortran/appendix-a/a.18.1.f90  -Os  (test for excess errors)
WARNING: libgomp.fortran/appendix-a/a.18.1.f90  -Os  compilation failed to produce executable
FAIL: libgomp.fortran/appendix-a/a.19.1.f90  -O0  (test for excess errors)
WARNING: libgomp.fortran/appendix-a/a.19.1.f90  -O0  compilation failed to produce executable
FAIL: libgomp.fortran/appendix-a/a.19.1.f90  -O1  (test for excess errors)
WARNING: libgomp.fortran/appendix-a/a.19.1.f90  -O1  compilation failed to produce executable
FAIL: libgomp.fortran/appendix-a/a.19.1.f90  -O2  (test for excess errors)
WARNING: libgomp.fortran/appendix-a/a.19.1.f90  -O2  compilation failed to produce executable
FAIL: libgomp.fortran/appendix-a/a.19.1.f90  -O3 -fomit-frame-pointer  (test for excess errors)
WARNING: libgomp.fortran/appendix-a/a.19.1.f90  -O3 -fomit-frame-pointer  compilation failed to produce executable
FAIL: libgomp.fortran/appendix-a/a.19.1.f90  -O3 -fomit-frame-pointer -funroll-loops  (test for excess errors)
WARNING: libgomp.fortran/appendix-a/a.19.1.f90  -O3 -fomit-frame-pointer -funroll-loops  compilation failed to produce executable
FAIL: libgomp.fortran/appendix-a/a.19.1.f90  -O3 -fomit-frame-pointer -funroll-all-loops -finline-functions  (test for excess errors)
WARNING: libgomp.fortran/appendix-a/a.19.1.f90  -O3 -fomit-frame-pointer -funroll-all-loops -finline-functions  compilation failed to produce executable
FAIL: libgomp.fortran/appendix-a/a.19.1.f90  -O3 -g  (test for excess errors)
WARNING: libgomp.fortran/appendix-a/a.19.1.f90  -O3 -g  compilation failed to produce executable
FAIL: libgomp.fortran/appendix-a/a.19.1.f90  -Os  (test for excess errors)
WARNING: libgomp.fortran/appendix-a/a.19.1.f90  -Os  compilation failed to produce executable
FAIL: libgomp.fortran/appendix-a/a.2.1.f90  -O0  (test for excess errors)
WARNING: libgomp.fortran/appendix-a/a.2.1.f90  -O0  compilation failed to produce executable
FAIL: libgomp.fortran/appendix-a/a.2.1.f90  -O1  (test for excess errors)
WARNING: libgomp.fortran/appendix-a/a.2.1.f90  -O1  compilation failed to produce executable
FAIL: libgomp.fortran/appendix-a/a.2.1.f90  -O2  (test for excess errors)
WARNING: libgomp.fortran/appendix-a/a.2.1.f90  -O2  compilation failed to produce executable
FAIL: libgomp.fortran/appendix-a/a.2.1.f90  -O3 -fomit-frame-pointer  (test for excess errors)
WARNING: libgomp.fortran/appendix-a/a.2.1.f90  -O3 -fomit-frame-pointer  compilation failed to produce executable
FAIL: libgomp.fortran/appendix-a/a.2.1.f90  -O3 -fomit-frame-pointer -funroll-loops  (test for excess errors)
WARNING: libgomp.fortran/appendix-a/a.2.1.f90  -O3 -fomit-frame-pointer -funroll-loops  compilation failed to produce executable
FAIL: libgomp.fortran/appendix-a/a.2.1.f90  -O3 -fomit-frame-pointer -funroll-all-loops -finline-functions  (test for excess errors)
WARNING: libgomp.fortran/appendix-a/a.2.1.f90  -O3 -fomit-frame-pointer -funroll-all-loops -finline-functions  compilation failed to produce executable
FAIL: libgomp.fortran/appendix-a/a.2.1.f90  -O3 -g  (test for excess errors)
WARNING: libgomp.fortran/appendix-a/a.2.1.f90  -O3 -g  compilation failed to produce executable
FAIL: libgomp.fortran/appendix-a/a.2.1.f90  -Os  (test for excess errors)
WARNING: libgomp.fortran/appendix-a/a.2.1.f90  -Os  compilation failed to produce executable
FAIL: libgomp.fortran/appendix-a/a.26.1.f90  -O0  (test for excess errors)
WARNING: libgomp.fortran/appendix-a/a.26.1.f90  -O0  compilation failed to produce executable
FAIL: libgomp.fortran/appendix-a/a.26.1.f90  -O1  (test for excess errors)
WARNING: libgomp.fortran/appendix-a/a.26.1.f90  -O1  compilation failed to produce executable
FAIL: libgomp.fortran/appendix-a/a.26.1.f90  -O2  (test for excess errors)
WARNING: libgomp.fortran/appendix-a/a.26.1.f90  -O2  compilation failed to produce executable
FAIL: libgomp.fortran/appendix-a/a.26.1.f90  -O3 -fomit-frame-pointer  (test for excess errors)
WARNING: libgomp.fortran/appendix-a/a.26.1.f90  -O3 -fomit-frame-pointer  compilation failed to produce executable
FAIL: libgomp.fortran/appendix-a/a.26.1.f90  -O3 -fomit-frame-pointer -funroll-loops  (test for excess errors)
WARNING: libgomp.fortran/appendix-a/a.26.1.f90  -O3 -fomit-frame-pointer -funroll-loops  compilation failed to produce executable
FAIL: libgomp.fortran/appendix-a/a.26.1.f90  -O3 -fomit-frame-pointer -funroll-all-loops -finline-functions  (test for excess errors)
WARNING: libgomp.fortran/appendix-a/a.26.1.f90  -O3 -fomit-frame-pointer -funroll-all-loops -finline-functions  compilation failed to produce executable
FAIL: libgomp.fortran/appendix-a/a.26.1.f90  -O3 -g  (test for excess errors)
WARNING: libgomp.fortran/appendix-a/a.26.1.f90  -O3 -g  compilation failed to produce executable
FAIL: libgomp.fortran/appendix-a/a.26.1.f90  -Os  (test for excess errors)
WARNING: libgomp.fortran/appendix-a/a.26.1.f90  -Os  compilation failed to produce executable
FAIL: libgomp.fortran/appendix-a/a.28.1.f90  -O0  (test for excess errors)
WARNING: libgomp.fortran/appendix-a/a.28.1.f90  -O0  compilation failed to produce executable
FAIL: libgomp.fortran/appendix-a/a.28.1.f90  -O1  (test for excess errors)
WARNING: libgomp.fortran/appendix-a/a.28.1.f90  -O1  compilation failed to produce executable
FAIL: libgomp.fortran/appendix-a/a.28.1.f90  -O2  (test for excess errors)
WARNING: libgomp.fortran/appendix-a/a.28.1.f90  -O2  compilation failed to produce executable
FAIL: libgomp.fortran/appendix-a/a.28.1.f90  -O3 -fomit-frame-pointer  (test for excess errors)
WARNING: libgomp.fortran/appendix-a/a.28.1.f90  -O3 -fomit-frame-pointer  compilation failed to produce executable
FAIL: libgomp.fortran/appendix-a/a.28.1.f90  -O3 -fomit-frame-pointer -funroll-loops  (test for excess errors)
WARNING: libgomp.fortran/appendix-a/a.28.1.f90  -O3 -fomit-frame-pointer -funroll-loops  compilation failed to produce executable
FAIL: libgomp.fortran/appendix-a/a.28.1.f90  -O3 -fomit-frame-pointer -funroll-all-loops -finline-functions  (test for excess errors)
WARNING: libgomp.fortran/appendix-a/a.28.1.f90  -O3 -fomit-frame-pointer -funroll-all-loops -finline-functions  compilation failed to produce executable
FAIL: libgomp.fortran/appendix-a/a.28.1.f90  -O3 -g  (test for excess errors)
WARNING: libgomp.fortran/appendix-a/a.28.1.f90  -O3 -g  compilation failed to produce executable
FAIL: libgomp.fortran/appendix-a/a.28.1.f90  -Os  (test for excess errors)
WARNING: libgomp.fortran/appendix-a/a.28.1.f90  -Os  compilation failed to produce executable
FAIL: libgomp.fortran/appendix-a/a.28.2.f90  -O0  (test for excess errors)
WARNING: libgomp.fortran/appendix-a/a.28.2.f90  -O0  compilation failed to produce executable
FAIL: libgomp.fortran/appendix-a/a.28.2.f90  -O1  (test for excess errors)
WARNING: libgomp.fortran/appendix-a/a.28.2.f90  -O1  compilation failed to produce executable
FAIL: libgomp.fortran/appendix-a/a.28.2.f90  -O2  (test for excess errors)
WARNING: libgomp.fortran/appendix-a/a.28.2.f90  -O2  compilation failed to produce executable
FAIL: libgomp.fortran/appendix-a/a.28.2.f90  -O3 -fomit-frame-pointer  (test for excess errors)
WARNING: libgomp.fortran/appendix-a/a.28.2.f90  -O3 -fomit-frame-pointer  compilation failed to produce executable
FAIL: libgomp.fortran/appendix-a/a.28.2.f90  -O3 -fomit-frame-pointer -funroll-loops  (test for excess errors)
WARNING: libgomp.fortran/appendix-a/a.28.2.f90  -O3 -fomit-frame-pointer -funroll-loops  compilation failed to produce executable
FAIL: libgomp.fortran/appendix-a/a.28.2.f90  -O3 -fomit-frame-pointer -funroll-all-loops -finline-functions  (test for excess errors)
WARNING: libgomp.fortran/appendix-a/a.28.2.f90  -O3 -fomit-frame-pointer -funroll-all-loops -finline-functions  compilation failed to produce executable
FAIL: libgomp.fortran/appendix-a/a.28.2.f90  -O3 -g  (test for excess errors)
WARNING: libgomp.fortran/appendix-a/a.28.2.f90  -O3 -g  compilation failed to produce executable
FAIL: libgomp.fortran/appendix-a/a.28.2.f90  -Os  (test for excess errors)
WARNING: libgomp.fortran/appendix-a/a.28.2.f90  -Os  compilation failed to produce executable
FAIL: libgomp.fortran/appendix-a/a.28.3.f90  -O0  (test for excess errors)
WARNING: libgomp.fortran/appendix-a/a.28.3.f90  -O0  compilation failed to produce executable
FAIL: libgomp.fortran/appendix-a/a.28.3.f90  -O1  (test for excess errors)
WARNING: libgomp.fortran/appendix-a/a.28.3.f90  -O1  compilation failed to produce executable
FAIL: libgomp.fortran/appendix-a/a.28.3.f90  -O2  (test for excess errors)
WARNING: libgomp.fortran/appendix-a/a.28.3.f90  -O2  compilation failed to produce executable
FAIL: libgomp.fortran/appendix-a/a.28.3.f90  -O3 -fomit-frame-pointer  (test for excess errors)
WARNING: libgomp.fortran/appendix-a/a.28.3.f90  -O3 -fomit-frame-pointer  compilation failed to produce executable
FAIL: libgomp.fortran/appendix-a/a.28.3.f90  -O3 -fomit-frame-pointer -funroll-loops  (test for excess errors)
WARNING: libgomp.fortran/appendix-a/a.28.3.f90  -O3 -fomit-frame-pointer -funroll-loops  compilation failed to produce executable
FAIL: libgomp.fortran/appendix-a/a.28.3.f90  -O3 -fomit-frame-pointer -funroll-all-loops -finline-functions  (test for excess errors)
WARNING: libgomp.fortran/appendix-a/a.28.3.f90  -O3 -fomit-frame-pointer -funroll-all-loops -finline-functions  compilation failed to produce executable
FAIL: libgomp.fortran/appendix-a/a.28.3.f90  -O3 -g  (test for excess errors)
WARNING: libgomp.fortran/appendix-a/a.28.3.f90  -O3 -g  compilation failed to produce executable
FAIL: libgomp.fortran/appendix-a/a.28.3.f90  -Os  (test for excess errors)
WARNING: libgomp.fortran/appendix-a/a.28.3.f90  -Os  compilation failed to produce executable
FAIL: libgomp.fortran/appendix-a/a.28.4.f90  -O0  (test for excess errors)
WARNING: libgomp.fortran/appendix-a/a.28.4.f90  -O0  compilation failed to produce executable
FAIL: libgomp.fortran/appendix-a/a.28.4.f90  -O1  (test for excess errors)
WARNING: libgomp.fortran/appendix-a/a.28.4.f90  -O1  compilation failed to produce executable
FAIL: libgomp.fortran/appendix-a/a.28.4.f90  -O2  (test for excess errors)
WARNING: libgomp.fortran/appendix-a/a.28.4.f90  -O2  compilation failed to produce executable
FAIL: libgomp.fortran/appendix-a/a.28.4.f90  -O3 -fomit-frame-pointer  (test for excess errors)
WARNING: libgomp.fortran/appendix-a/a.28.4.f90  -O3 -fomit-frame-pointer  compilation failed to produce executable
FAIL: libgomp.fortran/appendix-a/a.28.4.f90  -O3 -fomit-frame-pointer -funroll-loops  (test for excess errors)
WARNING: libgomp.fortran/appendix-a/a.28.4.f90  -O3 -fomit-frame-pointer -funroll-loops  compilation failed to produce executable
FAIL: libgomp.fortran/appendix-a/a.28.4.f90  -O3 -fomit-frame-pointer -funroll-all-loops -finline-functions  (test for excess errors)
WARNING: libgomp.fortran/appendix-a/a.28.4.f90  -O3 -fomit-frame-pointer -funroll-all-loops -finline-functions  compilation failed to produce executable
FAIL: libgomp.fortran/appendix-a/a.28.4.f90  -O3 -g  (test for excess errors)
WARNING: libgomp.fortran/appendix-a/a.28.4.f90  -O3 -g  compilation failed to produce executable
FAIL: libgomp.fortran/appendix-a/a.28.4.f90  -Os  (test for excess errors)
WARNING: libgomp.fortran/appendix-a/a.28.4.f90  -Os  compilation failed to produce executable
FAIL: libgomp.fortran/appendix-a/a.3.1.f90  -O0  (test for excess errors)
WARNING: libgomp.fortran/appendix-a/a.3.1.f90  -O0  compilation failed to produce executable
FAIL: libgomp.fortran/appendix-a/a.3.1.f90  -O1  (test for excess errors)
WARNING: libgomp.fortran/appendix-a/a.3.1.f90  -O1  compilation failed to produce executable
FAIL: libgomp.fortran/appendix-a/a.3.1.f90  -O2  (test for excess errors)
WARNING: libgomp.fortran/appendix-a/a.3.1.f90  -O2  compilation failed to produce executable
FAIL: libgomp.fortran/appendix-a/a.3.1.f90  -O3 -fomit-frame-pointer  (test for excess errors)
WARNING: libgomp.fortran/appendix-a/a.3.1.f90  -O3 -fomit-frame-pointer  compilation failed to produce executable
FAIL: libgomp.fortran/appendix-a/a.3.1.f90  -O3 -fomit-frame-pointer -funroll-loops  (test for excess errors)
WARNING: libgomp.fortran/appendix-a/a.3.1.f90  -O3 -fomit-frame-pointer -funroll-loops  compilation failed to produce executable
FAIL: libgomp.fortran/appendix-a/a.3.1.f90  -O3 -fomit-frame-pointer -funroll-all-loops -finline-functions  (test for excess errors)
WARNING: libgomp.fortran/appendix-a/a.3.1.f90  -O3 -fomit-frame-pointer -funroll-all-loops -finline-functions  compilation failed to produce executable
FAIL: libgomp.fortran/appendix-a/a.3.1.f90  -O3 -g  (test for excess errors)
WARNING: libgomp.fortran/appendix-a/a.3.1.f90  -O3 -g  compilation failed to produce executable
FAIL: libgomp.fortran/appendix-a/a.3.1.f90  -Os  (test for excess errors)
WARNING: libgomp.fortran/appendix-a/a.3.1.f90  -Os  compilation failed to produce executable
FAIL: libgomp.fortran/appendix-a/a.31.4.f90  -O0  (test for excess errors)
WARNING: libgomp.fortran/appendix-a/a.31.4.f90  -O0  compilation failed to produce executable
FAIL: libgomp.fortran/appendix-a/a.31.4.f90  -O1  (test for excess errors)
WARNING: libgomp.fortran/appendix-a/a.31.4.f90  -O1  compilation failed to produce executable
FAIL: libgomp.fortran/appendix-a/a.31.4.f90  -O2  (test for excess errors)
WARNING: libgomp.fortran/appendix-a/a.31.4.f90  -O2  compilation failed to produce executable
FAIL: libgomp.fortran/appendix-a/a.31.4.f90  -O3 -fomit-frame-pointer  (test for excess errors)
WARNING: libgomp.fortran/appendix-a/a.31.4.f90  -O3 -fomit-frame-pointer  compilation failed to produce executable
FAIL: libgomp.fortran/appendix-a/a.31.4.f90  -O3 -fomit-frame-pointer -funroll-loops  (test for excess errors)
WARNING: libgomp.fortran/appendix-a/a.31.4.f90  -O3 -fomit-frame-pointer -funroll-loops  compilation failed to produce executable
FAIL: libgomp.fortran/appendix-a/a.31.4.f90  -O3 -fomit-frame-pointer -funroll-all-loops -finline-functions  (test for excess errors)
WARNING: libgomp.fortran/appendix-a/a.31.4.f90  -O3 -fomit-frame-pointer -funroll-all-loops -finline-functions  compilation failed to produce executable
FAIL: libgomp.fortran/appendix-a/a.31.4.f90  -O3 -g  (test for excess errors)
WARNING: libgomp.fortran/appendix-a/a.31.4.f90  -O3 -g  compilation failed to produce executable
FAIL: libgomp.fortran/appendix-a/a.31.4.f90  -Os  (test for excess errors)
WARNING: libgomp.fortran/appendix-a/a.31.4.f90  -Os  compilation failed to produce executable
FAIL: libgomp.fortran/appendix-a/a.31.5.f90  -O0  (test for excess errors)
WARNING: libgomp.fortran/appendix-a/a.31.5.f90  -O0  compilation failed to produce executable
FAIL: libgomp.fortran/appendix-a/a.31.5.f90  -O1  (test for excess errors)
WARNING: libgomp.fortran/appendix-a/a.31.5.f90  -O1  compilation failed to produce executable
FAIL: libgomp.fortran/appendix-a/a.31.5.f90  -O2  (test for excess errors)
WARNING: libgomp.fortran/appendix-a/a.31.5.f90  -O2  compilation failed to produce executable
FAIL: libgomp.fortran/appendix-a/a.31.5.f90  -O3 -fomit-frame-pointer  (test for excess errors)
WARNING: libgomp.fortran/appendix-a/a.31.5.f90  -O3 -fomit-frame-pointer  compilation failed to produce executable
FAIL: libgomp.fortran/appendix-a/a.31.5.f90  -O3 -fomit-frame-pointer -funroll-loops  (test for excess errors)
WARNING: libgomp.fortran/appendix-a/a.31.5.f90  -O3 -fomit-frame-pointer -funroll-loops  compilation failed to produce executable
FAIL: libgomp.fortran/appendix-a/a.31.5.f90  -O3 -fomit-frame-pointer -funroll-all-loops -finline-functions  (test for excess errors)
WARNING: libgomp.fortran/appendix-a/a.31.5.f90  -O3 -fomit-frame-pointer -funroll-all-loops -finline-functions  compilation failed to produce executable
FAIL: libgomp.fortran/appendix-a/a.31.5.f90  -O3 -g  (test for excess errors)
WARNING: libgomp.fortran/appendix-a/a.31.5.f90  -O3 -g  compilation failed to produce executable
FAIL: libgomp.fortran/appendix-a/a.31.5.f90  -Os  (test for excess errors)
WARNING: libgomp.fortran/appendix-a/a.31.5.f90  -Os  compilation failed to produce executable
FAIL: libgomp.fortran/appendix-a/a.39.1.f90  -O0  (test for excess errors)
WARNING: libgomp.fortran/appendix-a/a.39.1.f90  -O0  compilation failed to produce executable
FAIL: libgomp.fortran/appendix-a/a.39.1.f90  -O1  (test for excess errors)
WARNING: libgomp.fortran/appendix-a/a.39.1.f90  -O1  compilation failed to produce executable
FAIL: libgomp.fortran/appendix-a/a.39.1.f90  -O2  (test for excess errors)
WARNING: libgomp.fortran/appendix-a/a.39.1.f90  -O2  compilation failed to produce executable
FAIL: libgomp.fortran/appendix-a/a.39.1.f90  -O3 -fomit-frame-pointer  (test for excess errors)
WARNING: libgomp.fortran/appendix-a/a.39.1.f90  -O3 -fomit-frame-pointer  compilation failed to produce executable
FAIL: libgomp.fortran/appendix-a/a.39.1.f90  -O3 -fomit-frame-pointer -funroll-loops  (test for excess errors)
WARNING: libgomp.fortran/appendix-a/a.39.1.f90  -O3 -fomit-frame-pointer -funroll-loops  compilation failed to produce executable
FAIL: libgomp.fortran/appendix-a/a.39.1.f90  -O3 -fomit-frame-pointer -funroll-all-loops -finline-functions  (test for excess errors)
WARNING: libgomp.fortran/appendix-a/a.39.1.f90  -O3 -fomit-frame-pointer -funroll-all-loops -finline-functions  compilation failed to produce executable
FAIL: libgomp.fortran/appendix-a/a.39.1.f90  -O3 -g  (test for excess errors)
WARNING: libgomp.fortran/appendix-a/a.39.1.f90  -O3 -g  compilation failed to produce executable
FAIL: libgomp.fortran/appendix-a/a.39.1.f90  -Os  (test for excess errors)
WARNING: libgomp.fortran/appendix-a/a.39.1.f90  -Os  compilation failed to produce executable
FAIL: libgomp.fortran/appendix-a/a.4.1.f90  -O0  (test for excess errors)
WARNING: libgomp.fortran/appendix-a/a.4.1.f90  -O0  compilation failed to produce executable
FAIL: libgomp.fortran/appendix-a/a.4.1.f90  -O1  (test for excess errors)
WARNING: libgomp.fortran/appendix-a/a.4.1.f90  -O1  compilation failed to produce executable
FAIL: libgomp.fortran/appendix-a/a.4.1.f90  -O2  (test for excess errors)
WARNING: libgomp.fortran/appendix-a/a.4.1.f90  -O2  compilation failed to produce executable
FAIL: libgomp.fortran/appendix-a/a.4.1.f90  -O3 -fomit-frame-pointer  (test for excess errors)
WARNING: libgomp.fortran/appendix-a/a.4.1.f90  -O3 -fomit-frame-pointer  compilation failed to produce executable
FAIL: libgomp.fortran/appendix-a/a.4.1.f90  -O3 -fomit-frame-pointer -funroll-loops  (test for excess errors)
WARNING: libgomp.fortran/appendix-a/a.4.1.f90  -O3 -fomit-frame-pointer -funroll-loops  compilation failed to produce executable
FAIL: libgomp.fortran/appendix-a/a.4.1.f90  -O3 -fomit-frame-pointer -funroll-all-loops -finline-functions  (test for excess errors)
WARNING: libgomp.fortran/appendix-a/a.4.1.f90  -O3 -fomit-frame-pointer -funroll-all-loops -finline-functions  compilation failed to produce executable
FAIL: libgomp.fortran/appendix-a/a.4.1.f90  -O3 -g  (test for excess errors)
WARNING: libgomp.fortran/appendix-a/a.4.1.f90  -O3 -g  compilation failed to produce executable
FAIL: libgomp.fortran/appendix-a/a.4.1.f90  -Os  (test for excess errors)
WARNING: libgomp.fortran/appendix-a/a.4.1.f90  -Os  compilation failed to produce executable
FAIL: libgomp.fortran/appendix-a/a.5.1.f90  -O0  (test for excess errors)
WARNING: libgomp.fortran/appendix-a/a.5.1.f90  -O0  compilation failed to produce executable
FAIL: libgomp.fortran/appendix-a/a.5.1.f90  -O1  (test for excess errors)
WARNING: libgomp.fortran/appendix-a/a.5.1.f90  -O1  compilation failed to produce executable
FAIL: libgomp.fortran/appendix-a/a.5.1.f90  -O2  (test for excess errors)
WARNING: libgomp.fortran/appendix-a/a.5.1.f90  -O2  compilation failed to produce executable
FAIL: libgomp.fortran/appendix-a/a.5.1.f90  -O3 -fomit-frame-pointer  (test for excess errors)
WARNING: libgomp.fortran/appendix-a/a.5.1.f90  -O3 -fomit-frame-pointer  compilation failed to produce executable
FAIL: libgomp.fortran/appendix-a/a.5.1.f90  -O3 -fomit-frame-pointer -funroll-loops  (test for excess errors)
WARNING: libgomp.fortran/appendix-a/a.5.1.f90  -O3 -fomit-frame-pointer -funroll-loops  compilation failed to produce executable
FAIL: libgomp.fortran/appendix-a/a.5.1.f90  -O3 -fomit-frame-pointer -funroll-all-loops -finline-functions  (test for excess errors)
WARNING: libgomp.fortran/appendix-a/a.5.1.f90  -O3 -fomit-frame-pointer -funroll-all-loops -finline-functions  compilation failed to produce executable
FAIL: libgomp.fortran/appendix-a/a.5.1.f90  -O3 -g  (test for excess errors)
WARNING: libgomp.fortran/appendix-a/a.5.1.f90  -O3 -g  compilation failed to produce executable
FAIL: libgomp.fortran/appendix-a/a.5.1.f90  -Os  (test for excess errors)
WARNING: libgomp.fortran/appendix-a/a.5.1.f90  -Os  compilation failed to produce executable
FAIL: libgomp.fortran/appendix-a/a10.1.f90  -O0  (test for excess errors)
WARNING: libgomp.fortran/appendix-a/a10.1.f90  -O0  compilation failed to produce executable
FAIL: libgomp.fortran/appendix-a/a10.1.f90  -O1  (test for excess errors)
WARNING: libgomp.fortran/appendix-a/a10.1.f90  -O1  compilation failed to produce executable
FAIL: libgomp.fortran/appendix-a/a10.1.f90  -O2  (test for excess errors)
WARNING: libgomp.fortran/appendix-a/a10.1.f90  -O2  compilation failed to produce executable
FAIL: libgomp.fortran/appendix-a/a10.1.f90  -O3 -fomit-frame-pointer  (test for excess errors)
WARNING: libgomp.fortran/appendix-a/a10.1.f90  -O3 -fomit-frame-pointer  compilation failed to produce executable
FAIL: libgomp.fortran/appendix-a/a10.1.f90  -O3 -fomit-frame-pointer -funroll-loops  (test for excess errors)
WARNING: libgomp.fortran/appendix-a/a10.1.f90  -O3 -fomit-frame-pointer -funroll-loops  compilation failed to produce executable
FAIL: libgomp.fortran/appendix-a/a10.1.f90  -O3 -fomit-frame-pointer -funroll-all-loops -finline-functions  (test for excess errors)
WARNING: libgomp.fortran/appendix-a/a10.1.f90  -O3 -fomit-frame-pointer -funroll-all-loops -finline-functions  compilation failed to produce executable
FAIL: libgomp.fortran/appendix-a/a10.1.f90  -O3 -g  (test for excess errors)
WARNING: libgomp.fortran/appendix-a/a10.1.f90  -O3 -g  compilation failed to produce executable
FAIL: libgomp.fortran/appendix-a/a10.1.f90  -Os  (test for excess errors)
WARNING: libgomp.fortran/appendix-a/a10.1.f90  -Os  compilation failed to produce executable
FAIL: libgomp.fortran/character1.f90  -O0  (test for excess errors)
WARNING: libgomp.fortran/character1.f90  -O0  compilation failed to produce executable
FAIL: libgomp.fortran/character1.f90  -O1  (test for excess errors)
WARNING: libgomp.fortran/character1.f90  -O1  compilation failed to produce executable
FAIL: libgomp.fortran/character1.f90  -O2  (test for excess errors)
WARNING: libgomp.fortran/character1.f90  -O2  compilation failed to produce executable
FAIL: libgomp.fortran/character1.f90  -O3 -fomit-frame-pointer  (test for excess errors)
WARNING: libgomp.fortran/character1.f90  -O3 -fomit-frame-pointer  compilation failed to produce executable
FAIL: libgomp.fortran/character1.f90  -O3 -fomit-frame-pointer -funroll-loops  (test for excess errors)
WARNING: libgomp.fortran/character1.f90  -O3 -fomit-frame-pointer -funroll-loops  compilation failed to produce executable
FAIL: libgomp.fortran/character1.f90  -O3 -fomit-frame-pointer -funroll-all-loops -finline-functions  (test for excess errors)
WARNING: libgomp.fortran/character1.f90  -O3 -fomit-frame-pointer -funroll-all-loops -finline-functions  compilation failed to produce executable
FAIL: libgomp.fortran/character1.f90  -O3 -g  (test for excess errors)
WARNING: libgomp.fortran/character1.f90  -O3 -g  compilation failed to produce executable
FAIL: libgomp.fortran/character1.f90  -Os  (test for excess errors)
WARNING: libgomp.fortran/character1.f90  -Os  compilation failed to produce executable
FAIL: libgomp.fortran/character2.f90  -O0  (test for excess errors)
WARNING: libgomp.fortran/character2.f90  -O0  compilation failed to produce executable
FAIL: libgomp.fortran/character2.f90  -O1  (test for excess errors)
WARNING: libgomp.fortran/character2.f90  -O1  compilation failed to produce executable
FAIL: libgomp.fortran/character2.f90  -O2  (test for excess errors)
WARNING: libgomp.fortran/character2.f90  -O2  compilation failed to produce executable
FAIL: libgomp.fortran/character2.f90  -O3 -fomit-frame-pointer  (test for excess errors)
WARNING: libgomp.fortran/character2.f90  -O3 -fomit-frame-pointer  compilation failed to produce executable
FAIL: libgomp.fortran/character2.f90  -O3 -fomit-frame-pointer -funroll-loops  (test for excess errors)
WARNING: libgomp.fortran/character2.f90  -O3 -fomit-frame-pointer -funroll-loops  compilation failed to produce executable
FAIL: libgomp.fortran/character2.f90  -O3 -fomit-frame-pointer -funroll-all-loops -finline-functions  (test for excess errors)
WARNING: libgomp.fortran/character2.f90  -O3 -fomit-frame-pointer -funroll-all-loops -finline-functions  compilation failed to produce executable
FAIL: libgomp.fortran/character2.f90  -O3 -g  (test for excess errors)
WARNING: libgomp.fortran/character2.f90  -O3 -g  compilation failed to produce executable
FAIL: libgomp.fortran/character2.f90  -Os  (test for excess errors)
WARNING: libgomp.fortran/character2.f90  -Os  compilation failed to produce executable
FAIL: libgomp.fortran/condinc1.f  -O  (test for excess errors)
WARNING: libgomp.fortran/condinc1.f  -O  compilation failed to produce executable
FAIL: libgomp.fortran/condinc2.f  -O  (test for excess errors)
WARNING: libgomp.fortran/condinc2.f  -O  compilation failed to produce executable
FAIL: libgomp.fortran/condinc3.f90  -O  (test for excess errors)
WARNING: libgomp.fortran/condinc3.f90  -O  compilation failed to produce executable
FAIL: libgomp.fortran/condinc4.f90  -O  (test for excess errors)
WARNING: libgomp.fortran/condinc4.f90  -O  compilation failed to produce executable
FAIL: libgomp.fortran/crayptr1.f90  -O0  (test for excess errors)
WARNING: libgomp.fortran/crayptr1.f90  -O0  compilation failed to produce executable
FAIL: libgomp.fortran/crayptr1.f90  -O1  (test for excess errors)
WARNING: libgomp.fortran/crayptr1.f90  -O1  compilation failed to produce executable
FAIL: libgomp.fortran/crayptr1.f90  -O2  (test for excess errors)
WARNING: libgomp.fortran/crayptr1.f90  -O2  compilation failed to produce executable
FAIL: libgomp.fortran/crayptr1.f90  -O3 -fomit-frame-pointer  (test for excess errors)
WARNING: libgomp.fortran/crayptr1.f90  -O3 -fomit-frame-pointer  compilation failed to produce executable
FAIL: libgomp.fortran/crayptr1.f90  -O3 -fomit-frame-pointer -funroll-loops  (test for excess errors)
WARNING: libgomp.fortran/crayptr1.f90  -O3 -fomit-frame-pointer -funroll-loops  compilation failed to produce executable
FAIL: libgomp.fortran/crayptr1.f90  -O3 -fomit-frame-pointer -funroll-all-loops -finline-functions  (test for excess errors)
WARNING: libgomp.fortran/crayptr1.f90  -O3 -fomit-frame-pointer -funroll-all-loops -finline-functions  compilation failed to produce executable
FAIL: libgomp.fortran/crayptr1.f90  -O3 -g  (test for excess errors)
WARNING: libgomp.fortran/crayptr1.f90  -O3 -g  compilation failed to produce executable
FAIL: libgomp.fortran/crayptr1.f90  -Os  (test for excess errors)
WARNING: libgomp.fortran/crayptr1.f90  -Os  compilation failed to produce executable
FAIL: libgomp.fortran/do1.f90  -O0  (test for excess errors)
WARNING: libgomp.fortran/do1.f90  -O0  compilation failed to produce executable
FAIL: libgomp.fortran/do1.f90  -O1  (test for excess errors)
WARNING: libgomp.fortran/do1.f90  -O1  compilation failed to produce executable
FAIL: libgomp.fortran/do1.f90  -O2  (test for excess errors)
WARNING: libgomp.fortran/do1.f90  -O2  compilation failed to produce executable
FAIL: libgomp.fortran/do1.f90  -O3 -fomit-frame-pointer  (test for excess errors)
WARNING: libgomp.fortran/do1.f90  -O3 -fomit-frame-pointer  compilation failed to produce executable
FAIL: libgomp.fortran/do1.f90  -O3 -fomit-frame-pointer -funroll-loops  (test for excess errors)
WARNING: libgomp.fortran/do1.f90  -O3 -fomit-frame-pointer -funroll-loops  compilation failed to produce executable
FAIL: libgomp.fortran/do1.f90  -O3 -fomit-frame-pointer -funroll-all-loops -finline-functions  (test for excess errors)
WARNING: libgomp.fortran/do1.f90  -O3 -fomit-frame-pointer -funroll-all-loops -finline-functions  compilation failed to produce executable
FAIL: libgomp.fortran/do1.f90  -O3 -g  (test for excess errors)
WARNING: libgomp.fortran/do1.f90  -O3 -g  compilation failed to produce executable
FAIL: libgomp.fortran/do1.f90  -Os  (test for excess errors)
WARNING: libgomp.fortran/do1.f90  -Os  compilation failed to produce executable
FAIL: libgomp.fortran/do2.f90  -O0  (test for excess errors)
WARNING: libgomp.fortran/do2.f90  -O0  compilation failed to produce executable
FAIL: libgomp.fortran/do2.f90  -O1  (test for excess errors)
WARNING: libgomp.fortran/do2.f90  -O1  compilation failed to produce executable
FAIL: libgomp.fortran/do2.f90  -O2  (test for excess errors)
WARNING: libgomp.fortran/do2.f90  -O2  compilation failed to produce executable
FAIL: libgomp.fortran/do2.f90  -O3 -fomit-frame-pointer  (test for excess errors)
WARNING: libgomp.fortran/do2.f90  -O3 -fomit-frame-pointer  compilation failed to produce executable
FAIL: libgomp.fortran/do2.f90  -O3 -fomit-frame-pointer -funroll-loops  (test for excess errors)
WARNING: libgomp.fortran/do2.f90  -O3 -fomit-frame-pointer -funroll-loops  compilation failed to produce executable
FAIL: libgomp.fortran/do2.f90  -O3 -fomit-frame-pointer -funroll-all-loops -finline-functions  (test for excess errors)
WARNING: libgomp.fortran/do2.f90  -O3 -fomit-frame-pointer -funroll-all-loops -finline-functions  compilation failed to produce executable
FAIL: libgomp.fortran/do2.f90  -O3 -g  (test for excess errors)
WARNING: libgomp.fortran/do2.f90  -O3 -g  compilation failed to produce executable
FAIL: libgomp.fortran/do2.f90  -Os  (test for excess errors)
WARNING: libgomp.fortran/do2.f90  -Os  compilation failed to produce executable
FAIL: libgomp.fortran/jacobi.f  -O0  (test for excess errors)
WARNING: libgomp.fortran/jacobi.f  -O0  compilation failed to produce executable
FAIL: libgomp.fortran/jacobi.f  -O1  (test for excess errors)
WARNING: libgomp.fortran/jacobi.f  -O1  compilation failed to produce executable
FAIL: libgomp.fortran/jacobi.f  -O2  (test for excess errors)
WARNING: libgomp.fortran/jacobi.f  -O2  compilation failed to produce executable
FAIL: libgomp.fortran/jacobi.f  -O3 -fomit-frame-pointer  (test for excess errors)
WARNING: libgomp.fortran/jacobi.f  -O3 -fomit-frame-pointer  compilation failed to produce executable
FAIL: libgomp.fortran/jacobi.f  -O3 -fomit-frame-pointer -funroll-loops  (test for excess errors)
WARNING: libgomp.fortran/jacobi.f  -O3 -fomit-frame-pointer -funroll-loops  compilation failed to produce executable
FAIL: libgomp.fortran/jacobi.f  -O3 -fomit-frame-pointer -funroll-all-loops -finline-functions  (test for excess errors)
WARNING: libgomp.fortran/jacobi.f  -O3 -fomit-frame-pointer -funroll-all-loops -finline-functions  compilation failed to produce executable
FAIL: libgomp.fortran/jacobi.f  -O3 -g  (test for excess errors)
WARNING: libgomp.fortran/jacobi.f  -O3 -g  compilation failed to produce executable
FAIL: libgomp.fortran/jacobi.f  -Os  (test for excess errors)
WARNING: libgomp.fortran/jacobi.f  -Os  compilation failed to produce executable
FAIL: libgomp.fortran/lib1.f90  -O0  (test for excess errors)
WARNING: libgomp.fortran/lib1.f90  -O0  compilation failed to produce executable
FAIL: libgomp.fortran/lib1.f90  -O1  (test for excess errors)
WARNING: libgomp.fortran/lib1.f90  -O1  compilation failed to produce executable
FAIL: libgomp.fortran/lib1.f90  -O2  (test for excess errors)
WARNING: libgomp.fortran/lib1.f90  -O2  compilation failed to produce executable
FAIL: libgomp.fortran/lib1.f90  -O3 -fomit-frame-pointer  (test for excess errors)
WARNING: libgomp.fortran/lib1.f90  -O3 -fomit-frame-pointer  compilation failed to produce executable
FAIL: libgomp.fortran/lib1.f90  -O3 -fomit-frame-pointer -funroll-loops  (test for excess errors)
WARNING: libgomp.fortran/lib1.f90  -O3 -fomit-frame-pointer -funroll-loops  compilation failed to produce executable
FAIL: libgomp.fortran/lib1.f90  -O3 -fomit-frame-pointer -funroll-all-loops -finline-functions  (test for excess errors)
WARNING: libgomp.fortran/lib1.f90  -O3 -fomit-frame-pointer -funroll-all-loops -finline-functions  compilation failed to produce executable
FAIL: libgomp.fortran/lib1.f90  -O3 -g  (test for excess errors)
WARNING: libgomp.fortran/lib1.f90  -O3 -g  compilation failed to produce executable
FAIL: libgomp.fortran/lib1.f90  -Os  (test for excess errors)
WARNING: libgomp.fortran/lib1.f90  -Os  compilation failed to produce executable
FAIL: libgomp.fortran/lib2.f  -O0  (test for excess errors)
WARNING: libgomp.fortran/lib2.f  -O0  compilation failed to produce executable
FAIL: libgomp.fortran/lib2.f  -O1  (test for excess errors)
WARNING: libgomp.fortran/lib2.f  -O1  compilation failed to produce executable
FAIL: libgomp.fortran/lib2.f  -O2  (test for excess errors)
WARNING: libgomp.fortran/lib2.f  -O2  compilation failed to produce executable
FAIL: libgomp.fortran/lib2.f  -O3 -fomit-frame-pointer  (test for excess errors)
WARNING: libgomp.fortran/lib2.f  -O3 -fomit-frame-pointer  compilation failed to produce executable
FAIL: libgomp.fortran/lib2.f  -O3 -fomit-frame-pointer -funroll-loops  (test for excess errors)
WARNING: libgomp.fortran/lib2.f  -O3 -fomit-frame-pointer -funroll-loops  compilation failed to produce executable
FAIL: libgomp.fortran/lib2.f  -O3 -fomit-frame-pointer -funroll-all-loops -finline-functions  (test for excess errors)
WARNING: libgomp.fortran/lib2.f  -O3 -fomit-frame-pointer -funroll-all-loops -finline-functions  compilation failed to produce executable
FAIL: libgomp.fortran/lib2.f  -O3 -g  (test for excess errors)
WARNING: libgomp.fortran/lib2.f  -O3 -g  compilation failed to produce executable
FAIL: libgomp.fortran/lib2.f  -Os  (test for excess errors)
WARNING: libgomp.fortran/lib2.f  -Os  compilation failed to produce executable
FAIL: libgomp.fortran/lib3.f  -O0  (test for excess errors)
WARNING: libgomp.fortran/lib3.f  -O0  compilation failed to produce executable
FAIL: libgomp.fortran/lib3.f  -O1  (test for excess errors)
WARNING: libgomp.fortran/lib3.f  -O1  compilation failed to produce executable
FAIL: libgomp.fortran/lib3.f  -O2  (test for excess errors)
WARNING: libgomp.fortran/lib3.f  -O2  compilation failed to produce executable
FAIL: libgomp.fortran/lib3.f  -O3 -fomit-frame-pointer  (test for excess errors)
WARNING: libgomp.fortran/lib3.f  -O3 -fomit-frame-pointer  compilation failed to produce executable
FAIL: libgomp.fortran/lib3.f  -O3 -fomit-frame-pointer -funroll-loops  (test for excess errors)
WARNING: libgomp.fortran/lib3.f  -O3 -fomit-frame-pointer -funroll-loops  compilation failed to produce executable
FAIL: libgomp.fortran/lib3.f  -O3 -fomit-frame-pointer -funroll-all-loops -finline-functions  (test for excess errors)
WARNING: libgomp.fortran/lib3.f  -O3 -fomit-frame-pointer -funroll-all-loops -finline-functions  compilation failed to produce executable
FAIL: libgomp.fortran/lib3.f  -O3 -g  (test for excess errors)
WARNING: libgomp.fortran/lib3.f  -O3 -g  compilation failed to produce executable
FAIL: libgomp.fortran/lib3.f  -Os  (test for excess errors)
WARNING: libgomp.fortran/lib3.f  -Os  compilation failed to produce executable
FAIL: libgomp.fortran/nestedfn1.f90  -O0  (test for excess errors)
WARNING: libgomp.fortran/nestedfn1.f90  -O0  compilation failed to produce executable
FAIL: libgomp.fortran/nestedfn1.f90  -O1  (test for excess errors)
WARNING: libgomp.fortran/nestedfn1.f90  -O1  compilation failed to produce executable
FAIL: libgomp.fortran/nestedfn1.f90  -O2  (test for excess errors)
WARNING: libgomp.fortran/nestedfn1.f90  -O2  compilation failed to produce executable
FAIL: libgomp.fortran/nestedfn1.f90  -O3 -fomit-frame-pointer  (test for excess errors)
WARNING: libgomp.fortran/nestedfn1.f90  -O3 -fomit-frame-pointer  compilation failed to produce executable
FAIL: libgomp.fortran/nestedfn1.f90  -O3 -fomit-frame-pointer -funroll-loops  (test for excess errors)
WARNING: libgomp.fortran/nestedfn1.f90  -O3 -fomit-frame-pointer -funroll-loops  compilation failed to produce executable
FAIL: libgomp.fortran/nestedfn1.f90  -O3 -fomit-frame-pointer -funroll-all-loops -finline-functions  (test for excess errors)
WARNING: libgomp.fortran/nestedfn1.f90  -O3 -fomit-frame-pointer -funroll-all-loops -finline-functions  compilation failed to produce executable
FAIL: libgomp.fortran/nestedfn1.f90  -O3 -g  (test for excess errors)
WARNING: libgomp.fortran/nestedfn1.f90  -O3 -g  compilation failed to produce executable
FAIL: libgomp.fortran/nestedfn1.f90  -Os  (test for excess errors)
WARNING: libgomp.fortran/nestedfn1.f90  -Os  compilation failed to produce executable
FAIL: libgomp.fortran/nestedfn2.f90  -O0  (test for excess errors)
WARNING: libgomp.fortran/nestedfn2.f90  -O0  compilation failed to produce executable
FAIL: libgomp.fortran/nestedfn2.f90  -O1  (test for excess errors)
WARNING: libgomp.fortran/nestedfn2.f90  -O1  compilation failed to produce executable
FAIL: libgomp.fortran/nestedfn2.f90  -O2  (test for excess errors)
WARNING: libgomp.fortran/nestedfn2.f90  -O2  compilation failed to produce executable
FAIL: libgomp.fortran/nestedfn2.f90  -O3 -fomit-frame-pointer  (test for excess errors)
WARNING: libgomp.fortran/nestedfn2.f90  -O3 -fomit-frame-pointer  compilation failed to produce executable
FAIL: libgomp.fortran/nestedfn2.f90  -O3 -fomit-frame-pointer -funroll-loops  (test for excess errors)
WARNING: libgomp.fortran/nestedfn2.f90  -O3 -fomit-frame-pointer -funroll-loops  compilation failed to produce executable
FAIL: libgomp.fortran/nestedfn2.f90  -O3 -fomit-frame-pointer -funroll-all-loops -finline-functions  (test for excess errors)
WARNING: libgomp.fortran/nestedfn2.f90  -O3 -fomit-frame-pointer -funroll-all-loops -finline-functions  compilation failed to produce executable
FAIL: libgomp.fortran/nestedfn2.f90  -O3 -g  (test for excess errors)
WARNING: libgomp.fortran/nestedfn2.f90  -O3 -g  compilation failed to produce executable
FAIL: libgomp.fortran/nestedfn2.f90  -Os  (test for excess errors)
WARNING: libgomp.fortran/nestedfn2.f90  -Os  compilation failed to produce executable
FAIL: libgomp.fortran/nestedfn3.f90  -O0  (test for excess errors)
WARNING: libgomp.fortran/nestedfn3.f90  -O0  compilation failed to produce executable
FAIL: libgomp.fortran/nestedfn3.f90  -O1  (test for excess errors)
WARNING: libgomp.fortran/nestedfn3.f90  -O1  compilation failed to produce executable
FAIL: libgomp.fortran/nestedfn3.f90  -O2  (test for excess errors)
WARNING: libgomp.fortran/nestedfn3.f90  -O2  compilation failed to produce executable
FAIL: libgomp.fortran/nestedfn3.f90  -O3 -fomit-frame-pointer  (test for excess errors)
WARNING: libgomp.fortran/nestedfn3.f90  -O3 -fomit-frame-pointer  compilation failed to produce executable
FAIL: libgomp.fortran/nestedfn3.f90  -O3 -fomit-frame-pointer -funroll-loops  (test for excess errors)
WARNING: libgomp.fortran/nestedfn3.f90  -O3 -fomit-frame-pointer -funroll-loops  compilation failed to produce executable
FAIL: libgomp.fortran/nestedfn3.f90  -O3 -fomit-frame-pointer -funroll-all-loops -finline-functions  (test for excess errors)
WARNING: libgomp.fortran/nestedfn3.f90  -O3 -fomit-frame-pointer -funroll-all-loops -finline-functions  compilation failed to produce executable
FAIL: libgomp.fortran/nestedfn3.f90  -O3 -g  (test for excess errors)
WARNING: libgomp.fortran/nestedfn3.f90  -O3 -g  compilation failed to produce executable
FAIL: libgomp.fortran/nestedfn3.f90  -Os  (test for excess errors)
WARNING: libgomp.fortran/nestedfn3.f90  -Os  compilation failed to produce executable
FAIL: libgomp.fortran/omp_atomic1.f90  -O0  (test for excess errors)
WARNING: libgomp.fortran/omp_atomic1.f90  -O0  compilation failed to produce executable
FAIL: libgomp.fortran/omp_atomic1.f90  -O1  (test for excess errors)
WARNING: libgomp.fortran/omp_atomic1.f90  -O1  compilation failed to produce executable
FAIL: libgomp.fortran/omp_atomic1.f90  -O2  (test for excess errors)
WARNING: libgomp.fortran/omp_atomic1.f90  -O2  compilation failed to produce executable
FAIL: libgomp.fortran/omp_atomic1.f90  -O3 -fomit-frame-pointer  (test for excess errors)
WARNING: libgomp.fortran/omp_atomic1.f90  -O3 -fomit-frame-pointer  compilation failed to produce executable
FAIL: libgomp.fortran/omp_atomic1.f90  -O3 -fomit-frame-pointer -funroll-loops  (test for excess errors)
WARNING: libgomp.fortran/omp_atomic1.f90  -O3 -fomit-frame-pointer -funroll-loops  compilation failed to produce executable
FAIL: libgomp.fortran/omp_atomic1.f90  -O3 -fomit-frame-pointer -funroll-all-loops -finline-functions  (test for excess errors)
WARNING: libgomp.fortran/omp_atomic1.f90  -O3 -fomit-frame-pointer -funroll-all-loops -finline-functions  compilation failed to produce executable
FAIL: libgomp.fortran/omp_atomic1.f90  -O3 -g  (test for excess errors)
WARNING: libgomp.fortran/omp_atomic1.f90  -O3 -g  compilation failed to produce executable
FAIL: libgomp.fortran/omp_atomic1.f90  -Os  (test for excess errors)
WARNING: libgomp.fortran/omp_atomic1.f90  -Os  compilation failed to produce executable
FAIL: libgomp.fortran/omp_atomic2.f90  -O0  (test for excess errors)
WARNING: libgomp.fortran/omp_atomic2.f90  -O0  compilation failed to produce executable
FAIL: libgomp.fortran/omp_atomic2.f90  -O1  (test for excess errors)
WARNING: libgomp.fortran/omp_atomic2.f90  -O1  compilation failed to produce executable
FAIL: libgomp.fortran/omp_atomic2.f90  -O2  (test for excess errors)
WARNING: libgomp.fortran/omp_atomic2.f90  -O2  compilation failed to produce executable
FAIL: libgomp.fortran/omp_atomic2.f90  -O3 -fomit-frame-pointer  (test for excess errors)
WARNING: libgomp.fortran/omp_atomic2.f90  -O3 -fomit-frame-pointer  compilation failed to produce executable
FAIL: libgomp.fortran/omp_atomic2.f90  -O3 -fomit-frame-pointer -funroll-loops  (test for excess errors)
WARNING: libgomp.fortran/omp_atomic2.f90  -O3 -fomit-frame-pointer -funroll-loops  compilation failed to produce executable
FAIL: libgomp.fortran/omp_atomic2.f90  -O3 -fomit-frame-pointer -funroll-all-loops -finline-functions  (test for excess errors)
WARNING: libgomp.fortran/omp_atomic2.f90  -O3 -fomit-frame-pointer -funroll-all-loops -finline-functions  compilation failed to produce executable
FAIL: libgomp.fortran/omp_atomic2.f90  -O3 -g  (test for excess errors)
WARNING: libgomp.fortran/omp_atomic2.f90  -O3 -g  compilation failed to produce executable
FAIL: libgomp.fortran/omp_atomic2.f90  -Os  (test for excess errors)
WARNING: libgomp.fortran/omp_atomic2.f90  -Os  compilation failed to produce executable
FAIL: libgomp.fortran/omp_cond1.f  -O  (test for excess errors)
WARNING: libgomp.fortran/omp_cond1.f  -O  compilation failed to produce executable
FAIL: libgomp.fortran/omp_cond2.f  -O  (test for excess errors)
WARNING: libgomp.fortran/omp_cond2.f  -O  compilation failed to produce executable
FAIL: libgomp.fortran/omp_cond3.F90  -O  (test for excess errors)
WARNING: libgomp.fortran/omp_cond3.F90  -O  compilation failed to produce executable
FAIL: libgomp.fortran/omp_cond4.F90  -O  (test for excess errors)
WARNING: libgomp.fortran/omp_cond4.F90  -O  compilation failed to produce executable
FAIL: libgomp.fortran/omp_hello.f  -O  (test for excess errors)
WARNING: libgomp.fortran/omp_hello.f  -O  compilation failed to produce executable
FAIL: libgomp.fortran/omp_orphan.f  -O  (test for excess errors)
WARNING: libgomp.fortran/omp_orphan.f  -O  compilation failed to produce executable
FAIL: libgomp.fortran/omp_parse1.f90  -O0  (test for excess errors)
WARNING: libgomp.fortran/omp_parse1.f90  -O0  compilation failed to produce executable
FAIL: libgomp.fortran/omp_parse1.f90  -O1  (test for excess errors)
WARNING: libgomp.fortran/omp_parse1.f90  -O1  compilation failed to produce executable
FAIL: libgomp.fortran/omp_parse1.f90  -O2  (test for excess errors)
WARNING: libgomp.fortran/omp_parse1.f90  -O2  compilation failed to produce executable
FAIL: libgomp.fortran/omp_parse1.f90  -O3 -fomit-frame-pointer  (test for excess errors)
WARNING: libgomp.fortran/omp_parse1.f90  -O3 -fomit-frame-pointer  compilation failed to produce executable
FAIL: libgomp.fortran/omp_parse1.f90  -O3 -fomit-frame-pointer -funroll-loops  (test for excess errors)
WARNING: libgomp.fortran/omp_parse1.f90  -O3 -fomit-frame-pointer -funroll-loops  compilation failed to produce executable
FAIL: libgomp.fortran/omp_parse1.f90  -O3 -fomit-frame-pointer -funroll-all-loops -finline-functions  (test for excess errors)
WARNING: libgomp.fortran/omp_parse1.f90  -O3 -fomit-frame-pointer -funroll-all-loops -finline-functions  compilation failed to produce executable
FAIL: libgomp.fortran/omp_parse1.f90  -O3 -g  (test for excess errors)
WARNING: libgomp.fortran/omp_parse1.f90  -O3 -g  compilation failed to produce executable
FAIL: libgomp.fortran/omp_parse1.f90  -Os  (test for excess errors)
WARNING: libgomp.fortran/omp_parse1.f90  -Os  compilation failed to produce executable
FAIL: libgomp.fortran/omp_parse2.f90  -O0  (test for excess errors)
WARNING: libgomp.fortran/omp_parse2.f90  -O0  compilation failed to produce executable
FAIL: libgomp.fortran/omp_parse2.f90  -O1  (test for excess errors)
WARNING: libgomp.fortran/omp_parse2.f90  -O1  compilation failed to produce executable
FAIL: libgomp.fortran/omp_parse2.f90  -O2  (test for excess errors)
WARNING: libgomp.fortran/omp_parse2.f90  -O2  compilation failed to produce executable
FAIL: libgomp.fortran/omp_parse2.f90  -O3 -fomit-frame-pointer  (test for excess errors)
WARNING: libgomp.fortran/omp_parse2.f90  -O3 -fomit-frame-pointer  compilation failed to produce executable
FAIL: libgomp.fortran/omp_parse2.f90  -O3 -fomit-frame-pointer -funroll-loops  (test for excess errors)
WARNING: libgomp.fortran/omp_parse2.f90  -O3 -fomit-frame-pointer -funroll-loops  compilation failed to produce executable
FAIL: libgomp.fortran/omp_parse2.f90  -O3 -fomit-frame-pointer -funroll-all-loops -finline-functions  (test for excess errors)
WARNING: libgomp.fortran/omp_parse2.f90  -O3 -fomit-frame-pointer -funroll-all-loops -finline-functions  compilation failed to produce executable
FAIL: libgomp.fortran/omp_parse2.f90  -O3 -g  (test for excess errors)
WARNING: libgomp.fortran/omp_parse2.f90  -O3 -g  compilation failed to produce executable
FAIL: libgomp.fortran/omp_parse2.f90  -Os  (test for excess errors)
WARNING: libgomp.fortran/omp_parse2.f90  -Os  compilation failed to produce executable
FAIL: libgomp.fortran/omp_parse4.f90  -O0  (test for excess errors)
WARNING: libgomp.fortran/omp_parse4.f90  -O0  compilation failed to produce executable
FAIL: libgomp.fortran/omp_parse4.f90  -O1  (test for excess errors)
WARNING: libgomp.fortran/omp_parse4.f90  -O1  compilation failed to produce executable
FAIL: libgomp.fortran/omp_parse4.f90  -O2  (test for excess errors)
WARNING: libgomp.fortran/omp_parse4.f90  -O2  compilation failed to produce executable
FAIL: libgomp.fortran/omp_parse4.f90  -O3 -fomit-frame-pointer  (test for excess errors)
WARNING: libgomp.fortran/omp_parse4.f90  -O3 -fomit-frame-pointer  compilation failed to produce executable
FAIL: libgomp.fortran/omp_parse4.f90  -O3 -fomit-frame-pointer -funroll-loops  (test for excess errors)
WARNING: libgomp.fortran/omp_parse4.f90  -O3 -fomit-frame-pointer -funroll-loops  compilation failed to produce executable
FAIL: libgomp.fortran/omp_parse4.f90  -O3 -fomit-frame-pointer -funroll-all-loops -finline-functions  (test for excess errors)
WARNING: libgomp.fortran/omp_parse4.f90  -O3 -fomit-frame-pointer -funroll-all-loops -finline-functions  compilation failed to produce executable
FAIL: libgomp.fortran/omp_parse4.f90  -O3 -g  (test for excess errors)
WARNING: libgomp.fortran/omp_parse4.f90  -O3 -g  compilation failed to produce executable
FAIL: libgomp.fortran/omp_parse4.f90  -Os  (test for excess errors)
WARNING: libgomp.fortran/omp_parse4.f90  -Os  compilation failed to produce executable
FAIL: libgomp.fortran/omp_reduction.f  -O  (test for excess errors)
WARNING: libgomp.fortran/omp_reduction.f  -O  compilation failed to produce executable
FAIL: libgomp.fortran/omp_workshare1.f  -O  (test for excess errors)
WARNING: libgomp.fortran/omp_workshare1.f  -O  compilation failed to produce executable
FAIL: libgomp.fortran/omp_workshare2.f  -O  (test for excess errors)
WARNING: libgomp.fortran/omp_workshare2.f  -O  compilation failed to produce executable
FAIL: libgomp.fortran/pr25219.f90  -O  (test for excess errors)
WARNING: libgomp.fortran/pr25219.f90  -O  compilation failed to produce executable
FAIL: libgomp.fortran/pr27395-1.f90  -O0  (test for excess errors)
WARNING: libgomp.fortran/pr27395-1.f90  -O0  compilation failed to produce executable
FAIL: libgomp.fortran/pr27395-1.f90  -O1  (test for excess errors)
WARNING: libgomp.fortran/pr27395-1.f90  -O1  compilation failed to produce executable
FAIL: libgomp.fortran/pr27395-1.f90  -O2  (test for excess errors)
WARNING: libgomp.fortran/pr27395-1.f90  -O2  compilation failed to produce executable
FAIL: libgomp.fortran/pr27395-1.f90  -O3 -fomit-frame-pointer  (test for excess errors)
WARNING: libgomp.fortran/pr27395-1.f90  -O3 -fomit-frame-pointer  compilation failed to produce executable
FAIL: libgomp.fortran/pr27395-1.f90  -O3 -fomit-frame-pointer -funroll-loops  (test for excess errors)
WARNING: libgomp.fortran/pr27395-1.f90  -O3 -fomit-frame-pointer -funroll-loops  compilation failed to produce executable
FAIL: libgomp.fortran/pr27395-1.f90  -O3 -fomit-frame-pointer -funroll-all-loops -finline-functions  (test for excess errors)
WARNING: libgomp.fortran/pr27395-1.f90  -O3 -fomit-frame-pointer -funroll-all-loops -finline-functions  compilation failed to produce executable
FAIL: libgomp.fortran/pr27395-1.f90  -O3 -g  (test for excess errors)
WARNING: libgomp.fortran/pr27395-1.f90  -O3 -g  compilation failed to produce executable
FAIL: libgomp.fortran/pr27395-1.f90  -Os  (test for excess errors)
WARNING: libgomp.fortran/pr27395-1.f90  -Os  compilation failed to produce executable
FAIL: libgomp.fortran/pr27395-2.f90  -O0  (test for excess errors)
WARNING: libgomp.fortran/pr27395-2.f90  -O0  compilation failed to produce executable
FAIL: libgomp.fortran/pr27395-2.f90  -O1  (test for excess errors)
WARNING: libgomp.fortran/pr27395-2.f90  -O1  compilation failed to produce executable
FAIL: libgomp.fortran/pr27395-2.f90  -O2  (test for excess errors)
WARNING: libgomp.fortran/pr27395-2.f90  -O2  compilation failed to produce executable
FAIL: libgomp.fortran/pr27395-2.f90  -O3 -fomit-frame-pointer  (test for excess errors)
WARNING: libgomp.fortran/pr27395-2.f90  -O3 -fomit-frame-pointer  compilation failed to produce executable
FAIL: libgomp.fortran/pr27395-2.f90  -O3 -fomit-frame-pointer -funroll-loops  (test for excess errors)
WARNING: libgomp.fortran/pr27395-2.f90  -O3 -fomit-frame-pointer -funroll-loops  compilation failed to produce executable
FAIL: libgomp.fortran/pr27395-2.f90  -O3 -fomit-frame-pointer -funroll-all-loops -finline-functions  (test for excess errors)
WARNING: libgomp.fortran/pr27395-2.f90  -O3 -fomit-frame-pointer -funroll-all-loops -finline-functions  compilation failed to produce executable
FAIL: libgomp.fortran/pr27395-2.f90  -O3 -g  (test for excess errors)
WARNING: libgomp.fortran/pr27395-2.f90  -O3 -g  compilation failed to produce executable
FAIL: libgomp.fortran/pr27395-2.f90  -Os  (test for excess errors)
WARNING: libgomp.fortran/pr27395-2.f90  -Os  compilation failed to produce executable
FAIL: libgomp.fortran/pr27416-1.f90  -O0  (test for excess errors)
WARNING: libgomp.fortran/pr27416-1.f90  -O0  compilation failed to produce executable
FAIL: libgomp.fortran/pr27416-1.f90  -O1  (test for excess errors)
WARNING: libgomp.fortran/pr27416-1.f90  -O1  compilation failed to produce executable
FAIL: libgomp.fortran/pr27416-1.f90  -O2  (test for excess errors)
WARNING: libgomp.fortran/pr27416-1.f90  -O2  compilation failed to produce executable
FAIL: libgomp.fortran/pr27416-1.f90  -O3 -fomit-frame-pointer  (test for excess errors)
WARNING: libgomp.fortran/pr27416-1.f90  -O3 -fomit-frame-pointer  compilation failed to produce executable
FAIL: libgomp.fortran/pr27416-1.f90  -O3 -fomit-frame-pointer -funroll-loops  (test for excess errors)
WARNING: libgomp.fortran/pr27416-1.f90  -O3 -fomit-frame-pointer -funroll-loops  compilation failed to produce executable
FAIL: libgomp.fortran/pr27416-1.f90  -O3 -fomit-frame-pointer -funroll-all-loops -finline-functions  (test for excess errors)
WARNING: libgomp.fortran/pr27416-1.f90  -O3 -fomit-frame-pointer -funroll-all-loops -finline-functions  compilation failed to produce executable
FAIL: libgomp.fortran/pr27416-1.f90  -O3 -g  (test for excess errors)
WARNING: libgomp.fortran/pr27416-1.f90  -O3 -g  compilation failed to produce executable
FAIL: libgomp.fortran/pr27416-1.f90  -Os  (test for excess errors)
WARNING: libgomp.fortran/pr27416-1.f90  -Os  compilation failed to produce executable
FAIL: libgomp.fortran/pr27916-1.f90  -O0  (test for excess errors)
WARNING: libgomp.fortran/pr27916-1.f90  -O0  compilation failed to produce executable
FAIL: libgomp.fortran/pr27916-1.f90  -O1  (test for excess errors)
WARNING: libgomp.fortran/pr27916-1.f90  -O1  compilation failed to produce executable
FAIL: libgomp.fortran/pr27916-1.f90  -O2  (test for excess errors)
WARNING: libgomp.fortran/pr27916-1.f90  -O2  compilation failed to produce executable
FAIL: libgomp.fortran/pr27916-1.f90  -O3 -fomit-frame-pointer  (test for excess errors)
WARNING: libgomp.fortran/pr27916-1.f90  -O3 -fomit-frame-pointer  compilation failed to produce executable
FAIL: libgomp.fortran/pr27916-1.f90  -O3 -fomit-frame-pointer -funroll-loops  (test for excess errors)
WARNING: libgomp.fortran/pr27916-1.f90  -O3 -fomit-frame-pointer -funroll-loops  compilation failed to produce executable
FAIL: libgomp.fortran/pr27916-1.f90  -O3 -fomit-frame-pointer -funroll-all-loops -finline-functions  (test for excess errors)
WARNING: libgomp.fortran/pr27916-1.f90  -O3 -fomit-frame-pointer -funroll-all-loops -finline-functions  compilation failed to produce executable
FAIL: libgomp.fortran/pr27916-1.f90  -O3 -g  (test for excess errors)
WARNING: libgomp.fortran/pr27916-1.f90  -O3 -g  compilation failed to produce executable
FAIL: libgomp.fortran/pr27916-1.f90  -Os  (test for excess errors)
WARNING: libgomp.fortran/pr27916-1.f90  -Os  compilation failed to produce executable
FAIL: libgomp.fortran/pr27916-2.f90  -O0  (test for excess errors)
WARNING: libgomp.fortran/pr27916-2.f90  -O0  compilation failed to produce executable
FAIL: libgomp.fortran/pr27916-2.f90  -O1  (test for excess errors)
WARNING: libgomp.fortran/pr27916-2.f90  -O1  compilation failed to produce executable
FAIL: libgomp.fortran/pr27916-2.f90  -O2  (test for excess errors)
WARNING: libgomp.fortran/pr27916-2.f90  -O2  compilation failed to produce executable
FAIL: libgomp.fortran/pr27916-2.f90  -O3 -fomit-frame-pointer  (test for excess errors)
WARNING: libgomp.fortran/pr27916-2.f90  -O3 -fomit-frame-pointer  compilation failed to produce executable
FAIL: libgomp.fortran/pr27916-2.f90  -O3 -fomit-frame-pointer -funroll-loops  (test for excess errors)
WARNING: libgomp.fortran/pr27916-2.f90  -O3 -fomit-frame-pointer -funroll-loops  compilation failed to produce executable
FAIL: libgomp.fortran/pr27916-2.f90  -O3 -fomit-frame-pointer -funroll-all-loops -finline-functions  (test for excess errors)
WARNING: libgomp.fortran/pr27916-2.f90  -O3 -fomit-frame-pointer -funroll-all-loops -finline-functions  compilation failed to produce executable
FAIL: libgomp.fortran/pr27916-2.f90  -O3 -g  (test for excess errors)
WARNING: libgomp.fortran/pr27916-2.f90  -O3 -g  compilation failed to produce executable
FAIL: libgomp.fortran/pr27916-2.f90  -Os  (test for excess errors)
WARNING: libgomp.fortran/pr27916-2.f90  -Os  compilation failed to produce executable
FAIL: libgomp.fortran/pr28390.f  -O  (test for excess errors)
WARNING: libgomp.fortran/pr28390.f  -O  compilation failed to produce executable
FAIL: libgomp.fortran/pr29629.f90  -O0  (test for excess errors)
WARNING: libgomp.fortran/pr29629.f90  -O0  compilation failed to produce executable
FAIL: libgomp.fortran/pr29629.f90  -O1  (test for excess errors)
WARNING: libgomp.fortran/pr29629.f90  -O1  compilation failed to produce executable
FAIL: libgomp.fortran/pr29629.f90  -O2  (test for excess errors)
WARNING: libgomp.fortran/pr29629.f90  -O2  compilation failed to produce executable
FAIL: libgomp.fortran/pr29629.f90  -O3 -fomit-frame-pointer  (test for excess errors)
WARNING: libgomp.fortran/pr29629.f90  -O3 -fomit-frame-pointer  compilation failed to produce executable
FAIL: libgomp.fortran/pr29629.f90  -O3 -fomit-frame-pointer -funroll-loops  (test for excess errors)
WARNING: libgomp.fortran/pr29629.f90  -O3 -fomit-frame-pointer -funroll-loops  compilation failed to produce executable
FAIL: libgomp.fortran/pr29629.f90  -O3 -fomit-frame-pointer -funroll-all-loops -finline-functions  (test for excess errors)
WARNING: libgomp.fortran/pr29629.f90  -O3 -fomit-frame-pointer -funroll-all-loops -finline-functions  compilation failed to produce executable
FAIL: libgomp.fortran/pr29629.f90  -O3 -g  (test for excess errors)
WARNING: libgomp.fortran/pr29629.f90  -O3 -g  compilation failed to produce executable
FAIL: libgomp.fortran/pr29629.f90  -Os  (test for excess errors)
WARNING: libgomp.fortran/pr29629.f90  -Os  compilation failed to produce executable
FAIL: libgomp.fortran/reduction1.f90  -O0  (test for excess errors)
WARNING: libgomp.fortran/reduction1.f90  -O0  compilation failed to produce executable
FAIL: libgomp.fortran/reduction1.f90  -O1  (test for excess errors)
WARNING: libgomp.fortran/reduction1.f90  -O1  compilation failed to produce executable
FAIL: libgomp.fortran/reduction1.f90  -O2  (test for excess errors)
WARNING: libgomp.fortran/reduction1.f90  -O2  compilation failed to produce executable
FAIL: libgomp.fortran/reduction1.f90  -O3 -fomit-frame-pointer  (test for excess errors)
WARNING: libgomp.fortran/reduction1.f90  -O3 -fomit-frame-pointer  compilation failed to produce executable
FAIL: libgomp.fortran/reduction1.f90  -O3 -fomit-frame-pointer -funroll-loops  (test for excess errors)
WARNING: libgomp.fortran/reduction1.f90  -O3 -fomit-frame-pointer -funroll-loops  compilation failed to produce executable
FAIL: libgomp.fortran/reduction1.f90  -O3 -fomit-frame-pointer -funroll-all-loops -finline-functions  (test for excess errors)
WARNING: libgomp.fortran/reduction1.f90  -O3 -fomit-frame-pointer -funroll-all-loops -finline-functions  compilation failed to produce executable
FAIL: libgomp.fortran/reduction1.f90  -O3 -g  (test for excess errors)
WARNING: libgomp.fortran/reduction1.f90  -O3 -g  compilation failed to produce executable
FAIL: libgomp.fortran/reduction1.f90  -Os  (test for excess errors)
WARNING: libgomp.fortran/reduction1.f90  -Os  compilation failed to produce executable
FAIL: libgomp.fortran/reduction2.f90  -O0  (test for excess errors)
WARNING: libgomp.fortran/reduction2.f90  -O0  compilation failed to produce executable
FAIL: libgomp.fortran/reduction2.f90  -O1  (test for excess errors)
WARNING: libgomp.fortran/reduction2.f90  -O1  compilation failed to produce executable
FAIL: libgomp.fortran/reduction2.f90  -O2  (test for excess errors)
WARNING: libgomp.fortran/reduction2.f90  -O2  compilation failed to produce executable
FAIL: libgomp.fortran/reduction2.f90  -O3 -fomit-frame-pointer  (test for excess errors)
WARNING: libgomp.fortran/reduction2.f90  -O3 -fomit-frame-pointer  compilation failed to produce executable
FAIL: libgomp.fortran/reduction2.f90  -O3 -fomit-frame-pointer -funroll-loops  (test for excess errors)
WARNING: libgomp.fortran/reduction2.f90  -O3 -fomit-frame-pointer -funroll-loops  compilation failed to produce executable
FAIL: libgomp.fortran/reduction2.f90  -O3 -fomit-frame-pointer -funroll-all-loops -finline-functions  (test for excess errors)
WARNING: libgomp.fortran/reduction2.f90  -O3 -fomit-frame-pointer -funroll-all-loops -finline-functions  compilation failed to produce executable
FAIL: libgomp.fortran/reduction2.f90  -O3 -g  (test for excess errors)
WARNING: libgomp.fortran/reduction2.f90  -O3 -g  compilation failed to produce executable
FAIL: libgomp.fortran/reduction2.f90  -Os  (test for excess errors)
WARNING: libgomp.fortran/reduction2.f90  -Os  compilation failed to produce executable
FAIL: libgomp.fortran/reduction3.f90  -O0  (test for excess errors)
WARNING: libgomp.fortran/reduction3.f90  -O0  compilation failed to produce executable
FAIL: libgomp.fortran/reduction3.f90  -O1  (test for excess errors)
WARNING: libgomp.fortran/reduction3.f90  -O1  compilation failed to produce executable
FAIL: libgomp.fortran/reduction3.f90  -O2  (test for excess errors)
WARNING: libgomp.fortran/reduction3.f90  -O2  compilation failed to produce executable
FAIL: libgomp.fortran/reduction3.f90  -O3 -fomit-frame-pointer  (test for excess errors)
WARNING: libgomp.fortran/reduction3.f90  -O3 -fomit-frame-pointer  compilation failed to produce executable
FAIL: libgomp.fortran/reduction3.f90  -O3 -fomit-frame-pointer -funroll-loops  (test for excess errors)
WARNING: libgomp.fortran/reduction3.f90  -O3 -fomit-frame-pointer -funroll-loops  compilation failed to produce executable
FAIL: libgomp.fortran/reduction3.f90  -O3 -fomit-frame-pointer -funroll-all-loops -finline-functions  (test for excess errors)
WARNING: libgomp.fortran/reduction3.f90  -O3 -fomit-frame-pointer -funroll-all-loops -finline-functions  compilation failed to produce executable
FAIL: libgomp.fortran/reduction3.f90  -O3 -g  (test for excess errors)
WARNING: libgomp.fortran/reduction3.f90  -O3 -g  compilation failed to produce executable
FAIL: libgomp.fortran/reduction3.f90  -Os  (test for excess errors)
WARNING: libgomp.fortran/reduction3.f90  -Os  compilation failed to produce executable
FAIL: libgomp.fortran/reduction4.f90  -O0  (test for excess errors)
WARNING: libgomp.fortran/reduction4.f90  -O0  compilation failed to produce executable
FAIL: libgomp.fortran/reduction4.f90  -O1  (test for excess errors)
WARNING: libgomp.fortran/reduction4.f90  -O1  compilation failed to produce executable
FAIL: libgomp.fortran/reduction4.f90  -O2  (test for excess errors)
WARNING: libgomp.fortran/reduction4.f90  -O2  compilation failed to produce executable
FAIL: libgomp.fortran/reduction4.f90  -O3 -fomit-frame-pointer  (test for excess errors)
WARNING: libgomp.fortran/reduction4.f90  -O3 -fomit-frame-pointer  compilation failed to produce executable
FAIL: libgomp.fortran/reduction4.f90  -O3 -fomit-frame-pointer -funroll-loops  (test for excess errors)
WARNING: libgomp.fortran/reduction4.f90  -O3 -fomit-frame-pointer -funroll-loops  compilation failed to produce executable
FAIL: libgomp.fortran/reduction4.f90  -O3 -fomit-frame-pointer -funroll-all-loops -finline-functions  (test for excess errors)
WARNING: libgomp.fortran/reduction4.f90  -O3 -fomit-frame-pointer -funroll-all-loops -finline-functions  compilation failed to produce executable
FAIL: libgomp.fortran/reduction4.f90  -O3 -g  (test for excess errors)
WARNING: libgomp.fortran/reduction4.f90  -O3 -g  compilation failed to produce executable
FAIL: libgomp.fortran/reduction4.f90  -Os  (test for excess errors)
WARNING: libgomp.fortran/reduction4.f90  -Os  compilation failed to produce executable
FAIL: libgomp.fortran/reduction5.f90  -O0  (test for excess errors)
WARNING: libgomp.fortran/reduction5.f90  -O0  compilation failed to produce executable
FAIL: libgomp.fortran/reduction5.f90  -O1  (test for excess errors)
WARNING: libgomp.fortran/reduction5.f90  -O1  compilation failed to produce executable
FAIL: libgomp.fortran/reduction5.f90  -O2  (test for excess errors)
WARNING: libgomp.fortran/reduction5.f90  -O2  compilation failed to produce executable
FAIL: libgomp.fortran/reduction5.f90  -O3 -fomit-frame-pointer  (test for excess errors)
WARNING: libgomp.fortran/reduction5.f90  -O3 -fomit-frame-pointer  compilation failed to produce executable
FAIL: libgomp.fortran/reduction5.f90  -O3 -fomit-frame-pointer -funroll-loops  (test for excess errors)
WARNING: libgomp.fortran/reduction5.f90  -O3 -fomit-frame-pointer -funroll-loops  compilation failed to produce executable
FAIL: libgomp.fortran/reduction5.f90  -O3 -fomit-frame-pointer -funroll-all-loops -finline-functions  (test for excess errors)
WARNING: libgomp.fortran/reduction5.f90  -O3 -fomit-frame-pointer -funroll-all-loops -finline-functions  compilation failed to produce executable
FAIL: libgomp.fortran/reduction5.f90  -O3 -g  (test for excess errors)
WARNING: libgomp.fortran/reduction5.f90  -O3 -g  compilation failed to produce executable
FAIL: libgomp.fortran/reduction5.f90  -Os  (test for excess errors)
WARNING: libgomp.fortran/reduction5.f90  -Os  compilation failed to produce executable
FAIL: libgomp.fortran/reduction6.f90  -O0  (test for excess errors)
WARNING: libgomp.fortran/reduction6.f90  -O0  compilation failed to produce executable
FAIL: libgomp.fortran/reduction6.f90  -O1  (test for excess errors)
WARNING: libgomp.fortran/reduction6.f90  -O1  compilation failed to produce executable
FAIL: libgomp.fortran/reduction6.f90  -O2  (test for excess errors)
WARNING: libgomp.fortran/reduction6.f90  -O2  compilation failed to produce executable
FAIL: libgomp.fortran/reduction6.f90  -O3 -fomit-frame-pointer  (test for excess errors)
WARNING: libgomp.fortran/reduction6.f90  -O3 -fomit-frame-pointer  compilation failed to produce executable
FAIL: libgomp.fortran/reduction6.f90  -O3 -fomit-frame-pointer -funroll-loops  (test for excess errors)
WARNING: libgomp.fortran/reduction6.f90  -O3 -fomit-frame-pointer -funroll-loops  compilation failed to produce executable
FAIL: libgomp.fortran/reduction6.f90  -O3 -fomit-frame-pointer -funroll-all-loops -finline-functions  (test for excess errors)
WARNING: libgomp.fortran/reduction6.f90  -O3 -fomit-frame-pointer -funroll-all-loops -finline-functions  compilation failed to produce executable
FAIL: libgomp.fortran/reduction6.f90  -O3 -g  (test for excess errors)
WARNING: libgomp.fortran/reduction6.f90  -O3 -g  compilation failed to produce executable
FAIL: libgomp.fortran/reduction6.f90  -Os  (test for excess errors)
WARNING: libgomp.fortran/reduction6.f90  -Os  compilation failed to produce executable
FAIL: libgomp.fortran/reference1.f90  -O0  (test for excess errors)
WARNING: libgomp.fortran/reference1.f90  -O0  compilation failed to produce executable
FAIL: libgomp.fortran/reference1.f90  -O1  (test for excess errors)
WARNING: libgomp.fortran/reference1.f90  -O1  compilation failed to produce executable
FAIL: libgomp.fortran/reference1.f90  -O2  (test for excess errors)
WARNING: libgomp.fortran/reference1.f90  -O2  compilation failed to produce executable
FAIL: libgomp.fortran/reference1.f90  -O3 -fomit-frame-pointer  (test for excess errors)
WARNING: libgomp.fortran/reference1.f90  -O3 -fomit-frame-pointer  compilation failed to produce executable
FAIL: libgomp.fortran/reference1.f90  -O3 -fomit-frame-pointer -funroll-loops  (test for excess errors)
WARNING: libgomp.fortran/reference1.f90  -O3 -fomit-frame-pointer -funroll-loops  compilation failed to produce executable
FAIL: libgomp.fortran/reference1.f90  -O3 -fomit-frame-pointer -funroll-all-loops -finline-functions  (test for excess errors)
WARNING: libgomp.fortran/reference1.f90  -O3 -fomit-frame-pointer -funroll-all-loops -finline-functions  compilation failed to produce executable
FAIL: libgomp.fortran/reference1.f90  -O3 -g  (test for excess errors)
WARNING: libgomp.fortran/reference1.f90  -O3 -g  compilation failed to produce executable
FAIL: libgomp.fortran/reference1.f90  -Os  (test for excess errors)
WARNING: libgomp.fortran/reference1.f90  -Os  compilation failed to produce executable
FAIL: libgomp.fortran/reference2.f90  -O0  (test for excess errors)
WARNING: libgomp.fortran/reference2.f90  -O0  compilation failed to produce executable
FAIL: libgomp.fortran/reference2.f90  -O1  (test for excess errors)
WARNING: libgomp.fortran/reference2.f90  -O1  compilation failed to produce executable
FAIL: libgomp.fortran/reference2.f90  -O2  (test for excess errors)
WARNING: libgomp.fortran/reference2.f90  -O2  compilation failed to produce executable
FAIL: libgomp.fortran/reference2.f90  -O3 -fomit-frame-pointer  (test for excess errors)
WARNING: libgomp.fortran/reference2.f90  -O3 -fomit-frame-pointer  compilation failed to produce executable
FAIL: libgomp.fortran/reference2.f90  -O3 -fomit-frame-pointer -funroll-loops  (test for excess errors)
WARNING: libgomp.fortran/reference2.f90  -O3 -fomit-frame-pointer -funroll-loops  compilation failed to produce executable
FAIL: libgomp.fortran/reference2.f90  -O3 -fomit-frame-pointer -funroll-all-loops -finline-functions  (test for excess errors)
WARNING: libgomp.fortran/reference2.f90  -O3 -fomit-frame-pointer -funroll-all-loops -finline-functions  compilation failed to produce executable
FAIL: libgomp.fortran/reference2.f90  -O3 -g  (test for excess errors)
WARNING: libgomp.fortran/reference2.f90  -O3 -g  compilation failed to produce executable
FAIL: libgomp.fortran/reference2.f90  -Os  (test for excess errors)
WARNING: libgomp.fortran/reference2.f90  -Os  compilation failed to produce executable
FAIL: libgomp.fortran/retval1.f90  -O0  (test for excess errors)
WARNING: libgomp.fortran/retval1.f90  -O0  compilation failed to produce executable
FAIL: libgomp.fortran/retval1.f90  -O1  (test for excess errors)
WARNING: libgomp.fortran/retval1.f90  -O1  compilation failed to produce executable
FAIL: libgomp.fortran/retval1.f90  -O2  (test for excess errors)
WARNING: libgomp.fortran/retval1.f90  -O2  compilation failed to produce executable
FAIL: libgomp.fortran/retval1.f90  -O3 -fomit-frame-pointer  (test for excess errors)
WARNING: libgomp.fortran/retval1.f90  -O3 -fomit-frame-pointer  compilation failed to produce executable
FAIL: libgomp.fortran/retval1.f90  -O3 -fomit-frame-pointer -funroll-loops  (test for excess errors)
WARNING: libgomp.fortran/retval1.f90  -O3 -fomit-frame-pointer -funroll-loops  compilation failed to produce executable
FAIL: libgomp.fortran/retval1.f90  -O3 -fomit-frame-pointer -funroll-all-loops -finline-functions  (test for excess errors)
WARNING: libgomp.fortran/retval1.f90  -O3 -fomit-frame-pointer -funroll-all-loops -finline-functions  compilation failed to produce executable
FAIL: libgomp.fortran/retval1.f90  -O3 -g  (test for excess errors)
WARNING: libgomp.fortran/retval1.f90  -O3 -g  compilation failed to produce executable
FAIL: libgomp.fortran/retval1.f90  -Os  (test for excess errors)
WARNING: libgomp.fortran/retval1.f90  -Os  compilation failed to produce executable
FAIL: libgomp.fortran/retval2.f90  -O0  (test for excess errors)
WARNING: libgomp.fortran/retval2.f90  -O0  compilation failed to produce executable
FAIL: libgomp.fortran/retval2.f90  -O1  (test for excess errors)
WARNING: libgomp.fortran/retval2.f90  -O1  compilation failed to produce executable
FAIL: libgomp.fortran/retval2.f90  -O2  (test for excess errors)
WARNING: libgomp.fortran/retval2.f90  -O2  compilation failed to produce executable
FAIL: libgomp.fortran/retval2.f90  -O3 -fomit-frame-pointer  (test for excess errors)
WARNING: libgomp.fortran/retval2.f90  -O3 -fomit-frame-pointer  compilation failed to produce executable
FAIL: libgomp.fortran/retval2.f90  -O3 -fomit-frame-pointer -funroll-loops  (test for excess errors)
WARNING: libgomp.fortran/retval2.f90  -O3 -fomit-frame-pointer -funroll-loops  compilation failed to produce executable
FAIL: libgomp.fortran/retval2.f90  -O3 -fomit-frame-pointer -funroll-all-loops -finline-functions  (test for excess errors)
WARNING: libgomp.fortran/retval2.f90  -O3 -fomit-frame-pointer -funroll-all-loops -finline-functions  compilation failed to produce executable
FAIL: libgomp.fortran/retval2.f90  -O3 -g  (test for excess errors)
WARNING: libgomp.fortran/retval2.f90  -O3 -g  compilation failed to produce executable
FAIL: libgomp.fortran/retval2.f90  -Os  (test for excess errors)
WARNING: libgomp.fortran/retval2.f90  -Os  compilation failed to produce executable
FAIL: libgomp.fortran/sharing1.f90  -O0  (test for excess errors)
WARNING: libgomp.fortran/sharing1.f90  -O0  compilation failed to produce executable
FAIL: libgomp.fortran/sharing1.f90  -O1  (test for excess errors)
WARNING: libgomp.fortran/sharing1.f90  -O1  compilation failed to produce executable
FAIL: libgomp.fortran/sharing1.f90  -O2  (test for excess errors)
WARNING: libgomp.fortran/sharing1.f90  -O2  compilation failed to produce executable
FAIL: libgomp.fortran/sharing1.f90  -O3 -fomit-frame-pointer  (test for excess errors)
WARNING: libgomp.fortran/sharing1.f90  -O3 -fomit-frame-pointer  compilation failed to produce executable
FAIL: libgomp.fortran/sharing1.f90  -O3 -fomit-frame-pointer -funroll-loops  (test for excess errors)
WARNING: libgomp.fortran/sharing1.f90  -O3 -fomit-frame-pointer -funroll-loops  compilation failed to produce executable
FAIL: libgomp.fortran/sharing1.f90  -O3 -fomit-frame-pointer -funroll-all-loops -finline-functions  (test for excess errors)
WARNING: libgomp.fortran/sharing1.f90  -O3 -fomit-frame-pointer -funroll-all-loops -finline-functions  compilation failed to produce executable
FAIL: libgomp.fortran/sharing1.f90  -O3 -g  (test for excess errors)
WARNING: libgomp.fortran/sharing1.f90  -O3 -g  compilation failed to produce executable
FAIL: libgomp.fortran/sharing1.f90  -Os  (test for excess errors)
WARNING: libgomp.fortran/sharing1.f90  -Os  compilation failed to produce executable
FAIL: libgomp.fortran/sharing2.f90  -O0  (test for excess errors)
WARNING: libgomp.fortran/sharing2.f90  -O0  compilation failed to produce executable
FAIL: libgomp.fortran/sharing2.f90  -O1  (test for excess errors)
WARNING: libgomp.fortran/sharing2.f90  -O1  compilation failed to produce executable
FAIL: libgomp.fortran/sharing2.f90  -O2  (test for excess errors)
WARNING: libgomp.fortran/sharing2.f90  -O2  compilation failed to produce executable
FAIL: libgomp.fortran/sharing2.f90  -O3 -fomit-frame-pointer  (test for excess errors)
WARNING: libgomp.fortran/sharing2.f90  -O3 -fomit-frame-pointer  compilation failed to produce executable
FAIL: libgomp.fortran/sharing2.f90  -O3 -fomit-frame-pointer -funroll-loops  (test for excess errors)
WARNING: libgomp.fortran/sharing2.f90  -O3 -fomit-frame-pointer -funroll-loops  compilation failed to produce executable
FAIL: libgomp.fortran/sharing2.f90  -O3 -fomit-frame-pointer -funroll-all-loops -finline-functions  (test for excess errors)
WARNING: libgomp.fortran/sharing2.f90  -O3 -fomit-frame-pointer -funroll-all-loops -finline-functions  compilation failed to produce executable
FAIL: libgomp.fortran/sharing2.f90  -O3 -g  (test for excess errors)
WARNING: libgomp.fortran/sharing2.f90  -O3 -g  compilation failed to produce executable
FAIL: libgomp.fortran/sharing2.f90  -Os  (test for excess errors)
WARNING: libgomp.fortran/sharing2.f90  -Os  compilation failed to produce executable
FAIL: libgomp.fortran/vla1.f90  -O0  (test for excess errors)
WARNING: libgomp.fortran/vla1.f90  -O0  compilation failed to produce executable
FAIL: libgomp.fortran/vla1.f90  -O1  (test for excess errors)
WARNING: libgomp.fortran/vla1.f90  -O1  compilation failed to produce executable
FAIL: libgomp.fortran/vla1.f90  -O2  (test for excess errors)
WARNING: libgomp.fortran/vla1.f90  -O2  compilation failed to produce executable
FAIL: libgomp.fortran/vla1.f90  -O3 -fomit-frame-pointer  (test for excess errors)
WARNING: libgomp.fortran/vla1.f90  -O3 -fomit-frame-pointer  compilation failed to produce executable
FAIL: libgomp.fortran/vla1.f90  -O3 -fomit-frame-pointer -funroll-loops  (test for excess errors)
WARNING: libgomp.fortran/vla1.f90  -O3 -fomit-frame-pointer -funroll-loops  compilation failed to produce executable
FAIL: libgomp.fortran/vla1.f90  -O3 -fomit-frame-pointer -funroll-all-loops -finline-functions  (test for excess errors)
WARNING: libgomp.fortran/vla1.f90  -O3 -fomit-frame-pointer -funroll-all-loops -finline-functions  compilation failed to produce executable
FAIL: libgomp.fortran/vla1.f90  -O3 -g  (test for excess errors)
WARNING: libgomp.fortran/vla1.f90  -O3 -g  compilation failed to produce executable
FAIL: libgomp.fortran/vla1.f90  -Os  (test for excess errors)
WARNING: libgomp.fortran/vla1.f90  -Os  compilation failed to produce executable
FAIL: libgomp.fortran/vla2.f90  -O0  (test for excess errors)
WARNING: libgomp.fortran/vla2.f90  -O0  compilation failed to produce executable
FAIL: libgomp.fortran/vla2.f90  -O1  (test for excess errors)
WARNING: libgomp.fortran/vla2.f90  -O1  compilation failed to produce executable
FAIL: libgomp.fortran/vla2.f90  -O2  (test for excess errors)
WARNING: libgomp.fortran/vla2.f90  -O2  compilation failed to produce executable
FAIL: libgomp.fortran/vla2.f90  -O3 -fomit-frame-pointer  (test for excess errors)
WARNING: libgomp.fortran/vla2.f90  -O3 -fomit-frame-pointer  compilation failed to produce executable
FAIL: libgomp.fortran/vla2.f90  -O3 -fomit-frame-pointer -funroll-loops  (test for excess errors)
WARNING: libgomp.fortran/vla2.f90  -O3 -fomit-frame-pointer -funroll-loops  compilation failed to produce executable
FAIL: libgomp.fortran/vla2.f90  -O3 -fomit-frame-pointer -funroll-all-loops -finline-functions  (test for excess errors)
WARNING: libgomp.fortran/vla2.f90  -O3 -fomit-frame-pointer -funroll-all-loops -finline-functions  compilation failed to produce executable
FAIL: libgomp.fortran/vla2.f90  -O3 -g  (test for excess errors)
WARNING: libgomp.fortran/vla2.f90  -O3 -g  compilation failed to produce executable
FAIL: libgomp.fortran/vla2.f90  -Os  (test for excess errors)
WARNING: libgomp.fortran/vla2.f90  -Os  compilation failed to produce executable
FAIL: libgomp.fortran/vla3.f90  -O0  (test for excess errors)
WARNING: libgomp.fortran/vla3.f90  -O0  compilation failed to produce executable
FAIL: libgomp.fortran/vla3.f90  -O1  (test for excess errors)
WARNING: libgomp.fortran/vla3.f90  -O1  compilation failed to produce executable
FAIL: libgomp.fortran/vla3.f90  -O2  (test for excess errors)
WARNING: libgomp.fortran/vla3.f90  -O2  compilation failed to produce executable
FAIL: libgomp.fortran/vla3.f90  -O3 -fomit-frame-pointer  (test for excess errors)
WARNING: libgomp.fortran/vla3.f90  -O3 -fomit-frame-pointer  compilation failed to produce executable
FAIL: libgomp.fortran/vla3.f90  -O3 -fomit-frame-pointer -funroll-loops  (test for excess errors)
WARNING: libgomp.fortran/vla3.f90  -O3 -fomit-frame-pointer -funroll-loops  compilation failed to produce executable
FAIL: libgomp.fortran/vla3.f90  -O3 -fomit-frame-pointer -funroll-all-loops -finline-functions  (test for excess errors)
WARNING: libgomp.fortran/vla3.f90  -O3 -fomit-frame-pointer -funroll-all-loops -finline-functions  compilation failed to produce executable
FAIL: libgomp.fortran/vla3.f90  -O3 -g  (test for excess errors)
WARNING: libgomp.fortran/vla3.f90  -O3 -g  compilation failed to produce executable
FAIL: libgomp.fortran/vla3.f90  -Os  (test for excess errors)
WARNING: libgomp.fortran/vla3.f90  -Os  compilation failed to produce executable
FAIL: libgomp.fortran/vla4.f90  -O0  (test for excess errors)
WARNING: libgomp.fortran/vla4.f90  -O0  compilation failed to produce executable
FAIL: libgomp.fortran/vla4.f90  -O1  (test for excess errors)
WARNING: libgomp.fortran/vla4.f90  -O1  compilation failed to produce executable
FAIL: libgomp.fortran/vla4.f90  -O2  (test for excess errors)
WARNING: libgomp.fortran/vla4.f90  -O2  compilation failed to produce executable
FAIL: libgomp.fortran/vla4.f90  -O3 -fomit-frame-pointer  (test for excess errors)
WARNING: libgomp.fortran/vla4.f90  -O3 -fomit-frame-pointer  compilation failed to produce executable
FAIL: libgomp.fortran/vla4.f90  -O3 -fomit-frame-pointer -funroll-loops  (test for excess errors)
WARNING: libgomp.fortran/vla4.f90  -O3 -fomit-frame-pointer -funroll-loops  compilation failed to produce executable
FAIL: libgomp.fortran/vla4.f90  -O3 -fomit-frame-pointer -funroll-all-loops -finline-functions  (test for excess errors)
WARNING: libgomp.fortran/vla4.f90  -O3 -fomit-frame-pointer -funroll-all-loops -finline-functions  compilation failed to produce executable
FAIL: libgomp.fortran/vla4.f90  -O3 -g  (test for excess errors)
WARNING: libgomp.fortran/vla4.f90  -O3 -g  compilation failed to produce executable
FAIL: libgomp.fortran/vla4.f90  -Os  (test for excess errors)
WARNING: libgomp.fortran/vla4.f90  -Os  compilation failed to produce executable
FAIL: libgomp.fortran/vla5.f90  -O0  (test for excess errors)
WARNING: libgomp.fortran/vla5.f90  -O0  compilation failed to produce executable
FAIL: libgomp.fortran/vla5.f90  -O1  (test for excess errors)
WARNING: libgomp.fortran/vla5.f90  -O1  compilation failed to produce executable
FAIL: libgomp.fortran/vla5.f90  -O2  (test for excess errors)
WARNING: libgomp.fortran/vla5.f90  -O2  compilation failed to produce executable
FAIL: libgomp.fortran/vla5.f90  -O3 -fomit-frame-pointer  (test for excess errors)
WARNING: libgomp.fortran/vla5.f90  -O3 -fomit-frame-pointer  compilation failed to produce executable
FAIL: libgomp.fortran/vla5.f90  -O3 -fomit-frame-pointer -funroll-loops  (test for excess errors)
WARNING: libgomp.fortran/vla5.f90  -O3 -fomit-frame-pointer -funroll-loops  compilation failed to produce executable
FAIL: libgomp.fortran/vla5.f90  -O3 -fomit-frame-pointer -funroll-all-loops -finline-functions  (test for excess errors)
WARNING: libgomp.fortran/vla5.f90  -O3 -fomit-frame-pointer -funroll-all-loops -finline-functions  compilation failed to produce executable
FAIL: libgomp.fortran/vla5.f90  -O3 -g  (test for excess errors)
WARNING: libgomp.fortran/vla5.f90  -O3 -g  compilation failed to produce executable
FAIL: libgomp.fortran/vla5.f90  -Os  (test for excess errors)
WARNING: libgomp.fortran/vla5.f90  -Os  compilation failed to produce executable
FAIL: libgomp.fortran/vla6.f90  -O0  (test for excess errors)
WARNING: libgomp.fortran/vla6.f90  -O0  compilation failed to produce executable
FAIL: libgomp.fortran/vla6.f90  -O1  (test for excess errors)
WARNING: libgomp.fortran/vla6.f90  -O1  compilation failed to produce executable
FAIL: libgomp.fortran/vla6.f90  -O2  (test for excess errors)
WARNING: libgomp.fortran/vla6.f90  -O2  compilation failed to produce executable
FAIL: libgomp.fortran/vla6.f90  -O3 -fomit-frame-pointer  (test for excess errors)
WARNING: libgomp.fortran/vla6.f90  -O3 -fomit-frame-pointer  compilation failed to produce executable
FAIL: libgomp.fortran/vla6.f90  -O3 -fomit-frame-pointer -funroll-loops  (test for excess errors)
WARNING: libgomp.fortran/vla6.f90  -O3 -fomit-frame-pointer -funroll-loops  compilation failed to produce executable
FAIL: libgomp.fortran/vla6.f90  -O3 -fomit-frame-pointer -funroll-all-loops -finline-functions  (test for excess errors)
WARNING: libgomp.fortran/vla6.f90  -O3 -fomit-frame-pointer -funroll-all-loops -finline-functions  compilation failed to produce executable
FAIL: libgomp.fortran/vla6.f90  -O3 -g  (test for excess errors)
WARNING: libgomp.fortran/vla6.f90  -O3 -g  compilation failed to produce executable
FAIL: libgomp.fortran/vla6.f90  -Os  (test for excess errors)
WARNING: libgomp.fortran/vla6.f90  -Os  compilation failed to produce executable
FAIL: libgomp.fortran/vla7.f90  -O0  (test for excess errors)
WARNING: libgomp.fortran/vla7.f90  -O0  compilation failed to produce executable
FAIL: libgomp.fortran/vla7.f90  -O1  (test for excess errors)
WARNING: libgomp.fortran/vla7.f90  -O1  compilation failed to produce executable
FAIL: libgomp.fortran/vla7.f90  -O2  (test for excess errors)
WARNING: libgomp.fortran/vla7.f90  -O2  compilation failed to produce executable
FAIL: libgomp.fortran/vla7.f90  -O3 -fomit-frame-pointer  (test for excess errors)
WARNING: libgomp.fortran/vla7.f90  -O3 -fomit-frame-pointer  compilation failed to produce executable
FAIL: libgomp.fortran/vla7.f90  -O3 -fomit-frame-pointer -funroll-loops  (test for excess errors)
WARNING: libgomp.fortran/vla7.f90  -O3 -fomit-frame-pointer -funroll-loops  compilation failed to produce executable
FAIL: libgomp.fortran/vla7.f90  -O3 -fomit-frame-pointer -funroll-all-loops -finline-functions  (test for excess errors)
WARNING: libgomp.fortran/vla7.f90  -O3 -fomit-frame-pointer -funroll-all-loops -finline-functions  compilation failed to produce executable
FAIL: libgomp.fortran/vla7.f90  -O3 -g  (test for excess errors)
WARNING: libgomp.fortran/vla7.f90  -O3 -g  compilation failed to produce executable
FAIL: libgomp.fortran/vla7.f90  -Os  (test for excess errors)
WARNING: libgomp.fortran/vla7.f90  -Os  compilation failed to produce executable
FAIL: libgomp.fortran/workshare1.f90  -O  (test for excess errors)
WARNING: libgomp.fortran/workshare1.f90  -O  compilation failed to produce executable

		=== libgomp Summary ===

# of expected passes		148
# of unexpected failures	600
# of unsupported tests		109
		=== libstdc++ tests ===


Running target unix
FAIL: 26_numerics/headers/cmath/c99_classification_macros_c++.cc (test for excess errors)
FAIL: 26_numerics/headers/cmath/c99_classification_macros_c.cc (test for excess errors)
XPASS: 27_io/fpos/14320-1.cc execution test

		=== libstdc++ Summary ===

# of expected passes		3499
# of unexpected failures	2
# of unexpected successes	1
# of expected failures		43
# of unsupported tests		185

Compiler version: 4.3.0 20070519 (experimental) 
Platform: x86_64-unknown-netbsd3.0
configure flags: --enable-languages=all,treelang,obj-c++


Index Nav: [Date Index] [Subject Index] [Author Index] [Thread Index]
Message Nav: [Date Prev] [Date Next] [Thread Prev] [Thread Next]