This is the mail archive of the gcc-testresults@gcc.gnu.org mailing list for the GCC project.


Index Nav: [Date Index] [Subject Index] [Author Index] [Thread Index]
Message Nav: [Date Prev] [Date Next] [Thread Prev] [Thread Next]
Other format: [Raw text]

Results for patched 4.2.0 testsuite on i686-apple-darwin8


PATCHED for gcc revisions 120684, 120801, 120853, 120874 and 120977.
# gcc-4 -v
Using built-in specs.
Target: i686-apple-darwin8
Configured with: ../gcc-4.2.0/configure --prefix=/sw --prefix=/sw/lib/ gcc4.2 --mandir=/sw/share/man --infodir=/sw/share/info --enable- languages=c,c++,fortran,objc,java,obj-c++,treelang --with-arch=nocona --host=i686-apple-darwin8 --with-gmp=/sw --with-libiconv-prefix=/sw -- with-system-zlib --x-includes=/usr/X11R6/include --x-libraries=/usr/ X11R6/lib
Thread model: posix
gcc version 4.2.0


All fixinclude tests pass

=== gcc tests ===

XPASS: gcc.c-torture/execute/mayalias-2.c compilation, -O3 -g
FAIL: gcc.dg/setjmp-3.c (test for excess errors)
FAIL: gcc.dg/setjmp-4.c (test for excess errors)
FAIL: gcc.dg/sibcall-6.c execution test
FAIL: gcc.dg/tree-ssa/gen-vect-11b.c scan-tree-dump-times vectorized 0 loops 1
FAIL: gcc.dg/tree-ssa/gen-vect-11c.c scan-tree-dump-times vectorized 0 loops 1
FAIL: gcc.dg/tree-ssa/loop-19.c scan-tree-dump-times MEM.(base: &| symbol: )a, 2
FAIL: gcc.dg/tree-ssa/loop-19.c scan-tree-dump-times MEM.(base: &| symbol: )c, 2
FAIL: gcc.dg/tree-ssa/loop-3.c scan-tree-dump-times step: 1
FAIL: gcc.target/i386/980211-1.c (test for excess errors)
XPASS: gcc.target/i386/builtin-apply-mmx.c execution test
FAIL: gcc.target/i386/local2.c scan-assembler-not sub[^\\n]*sp
FAIL: gcc.target/i386/pr21291.c (test for excess errors)
FAIL: gcc.target/i386/pr27827.c scan-assembler fmul[ \t]*%st
FAIL: gcc.target/i386/ssefn-1.c scan-assembler-not movsd
FAIL: gcc.target/i386/ssefn-1.c scan-assembler-not mulsd
skipping test framework tests, CHECK_TEST_FRAMEWORK is not defined


=== gcc Summary ===

# of expected passes		41766
# of unexpected failures	14
# of unexpected successes	2
# of expected failures		113
# of untested testcases		28
# of unsupported tests		393

=== g++ tests ===

FAIL: tmpdir-g++.dg-struct-layout-1/t026 cp_compat_x_tst.o- cp_compat_y_tst.o execute
FAIL: g++.dg/other/unused1.C scan-assembler (string|ascii?)z?\t"class2 ("|\\\\000)
FAIL: g++.dg/other/unused1.C scan-assembler (string|ascii?)z? \t"printer("|\\\\000)
XPASS: g++.dg/tree-ssa/ivopts-1.C scan-tree-dump-not offset: -4B
XPASS: g++.dg/tree-ssa/ivopts-1.C scan-tree-dump-not &x\[5\]
FAIL: g++.dg/warn/weak1.C (test for excess errors)
WARNING: g++.dg/warn/weak1.C compilation failed to produce executable
FAIL: g++.dg/special/conpr-3.C execution test


=== g++ Summary ===

# of expected passes		13302
# of unexpected failures	5
# of unexpected successes	2
# of expected failures		66
# of unsupported tests		110


=== gfortran Summary ===


# of expected passes		15958
# of expected failures		7
# of unsupported tests		38

=== objc tests ===

FAIL: objc.dg/stret-2.m scan-assembler objc_msgSend_stret
FAIL: objc.dg/stret-2.m scan-assembler-not objc_msgSend[^_S]
FAIL: objc.dg/stret-2.m scan-assembler-not objc_msgSendSuper[^_]
FAIL: objc.dg/stubify-1.m (test for excess errors)
ERROR: objc.dg/stubify-1.m: error executing dg-final: couldn't open "stubify-1.s": no such file or directory
FAIL: objc.dg/stubify-2.m (test for excess errors)
ERROR: objc.dg/stubify-2.m: error executing dg-final: no files matched glob pattern "stubify-2.m.[0-9][0-9][0-9]r.jump"
FAIL: objc.dg/symtab-1.m scan-assembler L_OBJC_SYMBOLS.*:\n\t.long\t0 \n\t.long\t0\n\t.short\t2\n\t.short\t0\n\t.long \tL_OBJC_CLASS_Derived.*\n\t.long\tL_OBJC_CLASS_Base.*\n


=== objc Summary ===

# of expected passes		3036
# of unexpected failures	6
# of expected failures		7
# of unresolved testcases	2
# of unsupported tests		2

=== obj-c++ tests ===

FAIL: obj-c++.dg/stubify-1.mm (test for excess errors)
ERROR: obj-c++.dg/stubify-1.mm: error executing dg-final: couldn't open "stubify-1.s": no such file or directory
FAIL: obj-c++.dg/stubify-2.mm (test for excess errors)
ERROR: obj-c++.dg/stubify-2.mm: error executing dg-final: couldn't open "stubify-2.mm.08.jump": no such file or directory


=== obj-c++ Summary ===

# of expected passes		461
# of unexpected failures	2
# of unresolved testcases	2

=== treelang Summary ===

# of expected passes 52

=== libstdc++ tests ===

XPASS: 21_strings/basic_string/element_access/char/21674.cc execution test
XPASS: 21_strings/basic_string/element_access/wchar_t/21674.cc execution test
XPASS: 26_numerics/cmath/c99_classification_macros_c.cc (test for excess errors)
FAIL: 26_numerics/complex/13450.cc execution test
FAIL: 26_numerics/complex/complex_value.cc execution test
FAIL: 27_io/ios_base/storage/11584.cc execution test
FAIL: ext/mt_allocator/deallocate_local_thread-5.cc execution test
FAIL: ext/mt_allocator/deallocate_local_thread-7.cc execution test
FAIL: ext/pb_ds/example/priority_queue_dijkstra.cc execution test


=== libstdc++ Summary ===

# of expected passes		3831
# of unexpected failures	6
# of unexpected successes	3
# of expected failures		13
# of unsupported tests		318


=== libffi Summary ===


# of expected passes		1084
# of unsupported tests		8

=== libjava tests ===

FAIL: StackTrace2 output - gij test
FAIL: StackTrace2 output - gij test
FAIL: StackTrace2 output - gij test
FAIL: StackTrace2 output - gij test
FAIL: SyncTest execution - gij test
FAIL: Throw_2 execution - source compiled test
FAIL: Throw_2 execution - gij test
FAIL: Throw_2 execution - bytecode->native test
FAIL: Throw_2 execution - gij test
FAIL: Throw_2 -findirect-dispatch execution - bytecode->native test
FAIL: Throw_2 -O3 execution - source compiled test
FAIL: Throw_2 execution - gij test
FAIL: Throw_2 -O3 execution - bytecode->native test
FAIL: Throw_2 execution - gij test
FAIL: Throw_2 -O3 -findirect-dispatch execution - bytecode->native test
FAIL: initexc execution - gij test
FAIL: initexc execution - gij test
FAIL: initexc execution - gij test
FAIL: initexc execution - gij test
FAIL: stacktrace output - gij test
FAIL: stacktrace output - gij test
FAIL: stacktrace output - gij test
FAIL: stacktrace output - gij test

=== libjava Summary ===

# of expected passes		6968
# of unexpected failures	23
# of expected failures		12
# of untested testcases		23

	=== boehm ===
PASS: gctest
==================
All 1 tests passed
==================

=== libgomp Summary ===

# of expected passes		1346
# of unsupported tests		111


Index Nav: [Date Index] [Subject Index] [Author Index] [Thread Index]
Message Nav: [Date Prev] [Date Next] [Thread Prev] [Thread Next]