This is the mail archive of the gcc-testresults@gcc.gnu.org mailing list for the GCC project.


Index Nav: [Date Index] [Subject Index] [Author Index] [Thread Index]
Message Nav: [Date Prev] [Date Next] [Thread Prev] [Thread Next]
Other format: [Raw text]

Results for 4.3.0 20070515 (experimental) gcc testsuite on h8300-unknown-elf


Ubuntu 5 on pentium3-smp
cross tool versions:
GNU assembler (GNU Binutils) 2.17.50.20070513
GNU gdb 6.6.50.20070513-cvs
GNU ld (GNU Binutils) 2.17.50.20070513

GNU Make 3.80
expect version 5.42.1
host gcc version: gcc (GCC) 4.3.0 20070512 (experimental)
LAST_UPDATED: Tue May 15 22:03:44 UTC 2007 (revision 124748)

Target is h8300-unknown-elf
Host   is i686-pc-linux-gnu

		=== gcc tests ===


Running target h8300-sim
FAIL: gcc.c-torture/compile/20000804-1.c  -O0  (test for excess errors)
FAIL: gcc.c-torture/compile/20001226-1.c  -O3 -g  (test for excess errors)
FAIL: gcc.c-torture/compile/20010327-1.c  -O0  (test for excess errors)
FAIL: gcc.c-torture/compile/20010327-1.c  -O1  (test for excess errors)
FAIL: gcc.c-torture/compile/20010327-1.c  -O2  (test for excess errors)
FAIL: gcc.c-torture/compile/20010327-1.c  -O3 -fomit-frame-pointer  (test for excess errors)
FAIL: gcc.c-torture/compile/20010327-1.c  -O3 -g  (test for excess errors)
FAIL: gcc.c-torture/compile/20010327-1.c  -Os  (test for excess errors)
FAIL: gcc.c-torture/compile/20020604-1.c  -O0  (test for excess errors)
FAIL: gcc.c-torture/compile/20020604-1.c  -O1  (test for excess errors)
FAIL: gcc.c-torture/compile/20020604-1.c  -O2  (test for excess errors)
FAIL: gcc.c-torture/compile/20020604-1.c  -O3 -fomit-frame-pointer  (test for excess errors)
FAIL: gcc.c-torture/compile/20020604-1.c  -O3 -fomit-frame-pointer -funroll-loops  (test for excess errors)
FAIL: gcc.c-torture/compile/20020604-1.c  -O3 -fomit-frame-pointer -funroll-all-loops -finline-functions  (test for excess errors)
FAIL: gcc.c-torture/compile/20020604-1.c  -O3 -g  (test for excess errors)
FAIL: gcc.c-torture/compile/20020604-1.c  -Os  (test for excess errors)
FAIL: gcc.c-torture/compile/limits-blockid.c  -O0  (test for excess errors)
FAIL: gcc.c-torture/compile/limits-caselabels.c  -O0  (test for excess errors)
FAIL: gcc.c-torture/compile/limits-caselabels.c  -O1  (test for excess errors)
FAIL: gcc.c-torture/compile/limits-caselabels.c  -O2  (test for excess errors)
FAIL: gcc.c-torture/compile/limits-caselabels.c  -O3 -fomit-frame-pointer  (test for excess errors)
FAIL: gcc.c-torture/compile/limits-caselabels.c  -O3 -g  (test for excess errors)
FAIL: gcc.c-torture/compile/limits-caselabels.c  -Os  (test for excess errors)
FAIL: gcc.c-torture/compile/limits-enumconst.c  -O0  (test for excess errors)
FAIL: gcc.c-torture/compile/limits-enumconst.c  -O1  (test for excess errors)
FAIL: gcc.c-torture/compile/limits-enumconst.c  -O2  (test for excess errors)
FAIL: gcc.c-torture/compile/limits-enumconst.c  -O3 -fomit-frame-pointer  (test for excess errors)
FAIL: gcc.c-torture/compile/limits-enumconst.c  -O3 -g  (test for excess errors)
FAIL: gcc.c-torture/compile/limits-enumconst.c  -Os  (test for excess errors)
FAIL: gcc.c-torture/compile/limits-fndefn.c  -O1  (internal compiler error)
FAIL: gcc.c-torture/compile/limits-fndefn.c  -O1  (test for excess errors)
FAIL: gcc.c-torture/compile/limits-fndefn.c  -O2  (internal compiler error)
FAIL: gcc.c-torture/compile/limits-fndefn.c  -O2  (test for excess errors)
FAIL: gcc.c-torture/compile/limits-fndefn.c  -O3 -fomit-frame-pointer  (internal compiler error)
FAIL: gcc.c-torture/compile/limits-fndefn.c  -O3 -fomit-frame-pointer  (test for excess errors)
FAIL: gcc.c-torture/compile/limits-fndefn.c  -O3 -g  (internal compiler error)
FAIL: gcc.c-torture/compile/limits-fndefn.c  -O3 -g  (test for excess errors)
FAIL: gcc.c-torture/compile/limits-fndefn.c  -Os  (internal compiler error)
FAIL: gcc.c-torture/compile/limits-fndefn.c  -Os  (test for excess errors)
FAIL: gcc.c-torture/compile/limits-structnest.c  -O2  (test for excess errors)
FAIL: gcc.c-torture/compile/limits-structnest.c  -O3 -fomit-frame-pointer  (test for excess errors)
FAIL: gcc.c-torture/compile/limits-structnest.c  -O3 -g  (test for excess errors)
FAIL: gcc.c-torture/compile/limits-structnest.c  -Os  (test for excess errors)
FAIL: gcc.c-torture/execute/builtins/pr23484-chk.c execution,  -O1 
FAIL: gcc.c-torture/execute/builtins/pr23484-chk.c execution,  -O2 
FAIL: gcc.c-torture/execute/builtins/pr23484-chk.c execution,  -O3 -fomit-frame-pointer 
FAIL: gcc.c-torture/execute/builtins/pr23484-chk.c execution,  -O3 -g 
FAIL: gcc.c-torture/execute/builtins/pr23484-chk.c execution,  -Os 
WARNING: program timed out.
FAIL: gcc.c-torture/execute/builtins/snprintf-chk.c execution,  -O3 -fomit-frame-pointer -funroll-loops 
FAIL: gcc.c-torture/execute/builtins/snprintf-chk.c execution,  -O3 -fomit-frame-pointer -funroll-all-loops -finline-functions 
FAIL: gcc.c-torture/execute/20000113-1.c compilation,  -O3 -fomit-frame-pointer  (internal compiler error)
UNRESOLVED: gcc.c-torture/execute/20000113-1.c execution,  -O3 -fomit-frame-pointer 
FAIL: gcc.c-torture/execute/20000113-1.c compilation,  -O3 -g  (internal compiler error)
UNRESOLVED: gcc.c-torture/execute/20000113-1.c execution,  -O3 -g 
FAIL: gcc.c-torture/execute/20031211-1.c compilation,  -O1  (internal compiler error)
UNRESOLVED: gcc.c-torture/execute/20031211-1.c execution,  -O1 
FAIL: gcc.c-torture/execute/20031211-1.c compilation,  -O2  (internal compiler error)
UNRESOLVED: gcc.c-torture/execute/20031211-1.c execution,  -O2 
FAIL: gcc.c-torture/execute/20031211-1.c compilation,  -O3 -fomit-frame-pointer  (internal compiler error)
UNRESOLVED: gcc.c-torture/execute/20031211-1.c execution,  -O3 -fomit-frame-pointer 
FAIL: gcc.c-torture/execute/20031211-1.c compilation,  -O3 -g  (internal compiler error)
UNRESOLVED: gcc.c-torture/execute/20031211-1.c execution,  -O3 -g 
FAIL: gcc.c-torture/execute/20031211-1.c compilation,  -Os  (internal compiler error)
UNRESOLVED: gcc.c-torture/execute/20031211-1.c execution,  -Os 
FAIL: gcc.c-torture/execute/20060102-1.c execution,  -O1 
FAIL: gcc.c-torture/execute/20060102-1.c execution,  -O2 
FAIL: gcc.c-torture/execute/20060102-1.c execution,  -O3 -fomit-frame-pointer 
FAIL: gcc.c-torture/execute/20060102-1.c execution,  -O3 -g 
FAIL: gcc.c-torture/execute/20060102-1.c execution,  -Os 
FAIL: gcc.c-torture/execute/20061101-1.c execution,  -O0 
FAIL: gcc.c-torture/execute/20061101-1.c execution,  -O1 
FAIL: gcc.c-torture/execute/20061101-1.c execution,  -O2 
FAIL: gcc.c-torture/execute/20061101-1.c execution,  -O3 -fomit-frame-pointer 
FAIL: gcc.c-torture/execute/20061101-1.c execution,  -O3 -fomit-frame-pointer -funroll-loops 
FAIL: gcc.c-torture/execute/20061101-1.c execution,  -O3 -fomit-frame-pointer -funroll-all-loops -finline-functions 
FAIL: gcc.c-torture/execute/20061101-1.c execution,  -O3 -g 
FAIL: gcc.c-torture/execute/20061101-1.c execution,  -Os 
FAIL: gcc.c-torture/execute/930718-1.c compilation,  -O1  (internal compiler error)
UNRESOLVED: gcc.c-torture/execute/930718-1.c execution,  -O1 
FAIL: gcc.c-torture/execute/930718-1.c compilation,  -O2  (internal compiler error)
UNRESOLVED: gcc.c-torture/execute/930718-1.c execution,  -O2 
FAIL: gcc.c-torture/execute/930718-1.c compilation,  -O3 -fomit-frame-pointer  (internal compiler error)
UNRESOLVED: gcc.c-torture/execute/930718-1.c execution,  -O3 -fomit-frame-pointer 
FAIL: gcc.c-torture/execute/930718-1.c compilation,  -O3 -g  (internal compiler error)
UNRESOLVED: gcc.c-torture/execute/930718-1.c execution,  -O3 -g 
FAIL: gcc.c-torture/execute/930718-1.c compilation,  -Os  (internal compiler error)
UNRESOLVED: gcc.c-torture/execute/930718-1.c execution,  -Os 
FAIL: gcc.c-torture/execute/960608-1.c compilation,  -O3 -fomit-frame-pointer  (internal compiler error)
UNRESOLVED: gcc.c-torture/execute/960608-1.c execution,  -O3 -fomit-frame-pointer 
FAIL: gcc.c-torture/execute/960608-1.c compilation,  -O3 -g  (internal compiler error)
UNRESOLVED: gcc.c-torture/execute/960608-1.c execution,  -O3 -g 
FAIL: gcc.c-torture/execute/960608-1.c compilation,  -Os  (internal compiler error)
UNRESOLVED: gcc.c-torture/execute/960608-1.c execution,  -Os 
FAIL: gcc.c-torture/execute/builtin-bitops-1.c compilation,  -O0 
UNRESOLVED: gcc.c-torture/execute/builtin-bitops-1.c execution,  -O0 
FAIL: gcc.c-torture/execute/builtin-bitops-1.c compilation,  -O1 
UNRESOLVED: gcc.c-torture/execute/builtin-bitops-1.c execution,  -O1 
FAIL: gcc.c-torture/execute/builtin-bitops-1.c compilation,  -O2 
UNRESOLVED: gcc.c-torture/execute/builtin-bitops-1.c execution,  -O2 
FAIL: gcc.c-torture/execute/builtin-bitops-1.c compilation,  -O3 -fomit-frame-pointer 
UNRESOLVED: gcc.c-torture/execute/builtin-bitops-1.c execution,  -O3 -fomit-frame-pointer 
FAIL: gcc.c-torture/execute/builtin-bitops-1.c compilation,  -O3 -fomit-frame-pointer -funroll-loops 
UNRESOLVED: gcc.c-torture/execute/builtin-bitops-1.c execution,  -O3 -fomit-frame-pointer -funroll-loops 
FAIL: gcc.c-torture/execute/builtin-bitops-1.c compilation,  -O3 -fomit-frame-pointer -funroll-all-loops -finline-functions 
UNRESOLVED: gcc.c-torture/execute/builtin-bitops-1.c execution,  -O3 -fomit-frame-pointer -funroll-all-loops -finline-functions 
FAIL: gcc.c-torture/execute/builtin-bitops-1.c compilation,  -O3 -g 
UNRESOLVED: gcc.c-torture/execute/builtin-bitops-1.c execution,  -O3 -g 
FAIL: gcc.c-torture/execute/builtin-bitops-1.c compilation,  -Os 
UNRESOLVED: gcc.c-torture/execute/builtin-bitops-1.c execution,  -Os 
FAIL: gcc.c-torture/execute/ffs-1.c compilation,  -O0 
UNRESOLVED: gcc.c-torture/execute/ffs-1.c execution,  -O0 
FAIL: gcc.c-torture/execute/ffs-1.c compilation,  -O1 
UNRESOLVED: gcc.c-torture/execute/ffs-1.c execution,  -O1 
FAIL: gcc.c-torture/execute/ffs-1.c compilation,  -O2 
UNRESOLVED: gcc.c-torture/execute/ffs-1.c execution,  -O2 
FAIL: gcc.c-torture/execute/ffs-1.c compilation,  -O3 -fomit-frame-pointer 
UNRESOLVED: gcc.c-torture/execute/ffs-1.c execution,  -O3 -fomit-frame-pointer 
FAIL: gcc.c-torture/execute/ffs-1.c compilation,  -O3 -g 
UNRESOLVED: gcc.c-torture/execute/ffs-1.c execution,  -O3 -g 
FAIL: gcc.c-torture/execute/ffs-1.c compilation,  -Os 
UNRESOLVED: gcc.c-torture/execute/ffs-1.c execution,  -Os 
FAIL: gcc.c-torture/execute/ffs-2.c compilation,  -O0 
UNRESOLVED: gcc.c-torture/execute/ffs-2.c execution,  -O0 
FAIL: gcc.c-torture/execute/ffs-2.c compilation,  -O1 
UNRESOLVED: gcc.c-torture/execute/ffs-2.c execution,  -O1 
FAIL: gcc.c-torture/execute/ffs-2.c compilation,  -O2 
UNRESOLVED: gcc.c-torture/execute/ffs-2.c execution,  -O2 
FAIL: gcc.c-torture/execute/ffs-2.c compilation,  -O3 -fomit-frame-pointer 
UNRESOLVED: gcc.c-torture/execute/ffs-2.c execution,  -O3 -fomit-frame-pointer 
FAIL: gcc.c-torture/execute/ffs-2.c compilation,  -O3 -fomit-frame-pointer -funroll-loops 
UNRESOLVED: gcc.c-torture/execute/ffs-2.c execution,  -O3 -fomit-frame-pointer -funroll-loops 
FAIL: gcc.c-torture/execute/ffs-2.c compilation,  -O3 -fomit-frame-pointer -funroll-all-loops -finline-functions 
UNRESOLVED: gcc.c-torture/execute/ffs-2.c execution,  -O3 -fomit-frame-pointer -funroll-all-loops -finline-functions 
FAIL: gcc.c-torture/execute/ffs-2.c compilation,  -O3 -g 
UNRESOLVED: gcc.c-torture/execute/ffs-2.c execution,  -O3 -g 
FAIL: gcc.c-torture/execute/ffs-2.c compilation,  -Os 
UNRESOLVED: gcc.c-torture/execute/ffs-2.c execution,  -Os 
FAIL: gcc.c-torture/execute/float-floor.c execution,  -O0 
FAIL: gcc.c-torture/execute/float-floor.c execution,  -O1 
FAIL: gcc.c-torture/execute/float-floor.c execution,  -O2 
FAIL: gcc.c-torture/execute/float-floor.c execution,  -O3 -fomit-frame-pointer 
FAIL: gcc.c-torture/execute/float-floor.c execution,  -O3 -g 
FAIL: gcc.c-torture/execute/float-floor.c execution,  -Os 
FAIL: gcc.c-torture/execute/mayalias-2.c compilation,  -O3 -g  (internal compiler error)
UNRESOLVED: gcc.c-torture/execute/mayalias-2.c execution,  -O3 -g 
FAIL: gcc.c-torture/execute/mayalias-3.c compilation,  -O3 -g  (internal compiler error)
UNRESOLVED: gcc.c-torture/execute/mayalias-3.c execution,  -O3 -g 
FAIL: gcc.c-torture/execute/nestfunc-3.c compilation,  -O3 -fomit-frame-pointer -funroll-loops 
UNRESOLVED: gcc.c-torture/execute/nestfunc-3.c execution,  -O3 -fomit-frame-pointer -funroll-loops 
FAIL: gcc.c-torture/execute/nestfunc-3.c compilation,  -O3 -fomit-frame-pointer -funroll-all-loops -finline-functions 
UNRESOLVED: gcc.c-torture/execute/nestfunc-3.c execution,  -O3 -fomit-frame-pointer -funroll-all-loops -finline-functions 
FAIL: gcc.c-torture/execute/nestfunc-3.c compilation,  -O3 -g 
UNRESOLVED: gcc.c-torture/execute/nestfunc-3.c execution,  -O3 -g 
FAIL: gcc.c-torture/execute/nestfunc-3.c compilation,  -Os 
UNRESOLVED: gcc.c-torture/execute/nestfunc-3.c execution,  -Os 
FAIL: gcc.c-torture/execute/pr23135.c execution,  -O0 
FAIL: gcc.c-torture/execute/pr23135.c execution,  -O1 
FAIL: gcc.c-torture/execute/pr23135.c execution,  -O2 
FAIL: gcc.c-torture/execute/pr23135.c execution,  -O3 -fomit-frame-pointer 
FAIL: gcc.c-torture/execute/pr23135.c execution,  -O3 -g 
FAIL: gcc.c-torture/execute/pr23135.c execution,  -Os 
FAIL: gcc.c-torture/execute/pr28651.c execution,  -O0 
FAIL: gcc.c-torture/execute/pr28651.c execution,  -O1 
FAIL: gcc.c-torture/execute/pr28651.c execution,  -O2 
FAIL: gcc.c-torture/execute/pr28651.c execution,  -O3 -fomit-frame-pointer 
FAIL: gcc.c-torture/execute/pr28651.c execution,  -O3 -g 
FAIL: gcc.c-torture/execute/pr28651.c execution,  -Os 
FAIL: gcc.c-torture/execute/pr29797-1.c execution,  -O0 
FAIL: gcc.c-torture/execute/pr29797-1.c execution,  -O1 
FAIL: gcc.c-torture/execute/pr29797-1.c execution,  -O2 
FAIL: gcc.c-torture/execute/pr29797-1.c execution,  -O3 -fomit-frame-pointer 
FAIL: gcc.c-torture/execute/pr29797-1.c execution,  -O3 -g 
FAIL: gcc.c-torture/execute/pr29797-1.c execution,  -Os 
FAIL: gcc.c-torture/execute/pr31448.c compilation,  -O0 
UNRESOLVED: gcc.c-torture/execute/pr31448.c execution,  -O0 
FAIL: gcc.c-torture/execute/pr31448.c compilation,  -O1 
UNRESOLVED: gcc.c-torture/execute/pr31448.c execution,  -O1 
FAIL: gcc.c-torture/execute/pr31448.c compilation,  -O2 
UNRESOLVED: gcc.c-torture/execute/pr31448.c execution,  -O2 
FAIL: gcc.c-torture/execute/pr31448.c compilation,  -O3 -fomit-frame-pointer 
UNRESOLVED: gcc.c-torture/execute/pr31448.c execution,  -O3 -fomit-frame-pointer 
FAIL: gcc.c-torture/execute/pr31448.c compilation,  -O3 -g 
UNRESOLVED: gcc.c-torture/execute/pr31448.c execution,  -O3 -g 
FAIL: gcc.c-torture/execute/pr31448.c compilation,  -Os 
UNRESOLVED: gcc.c-torture/execute/pr31448.c execution,  -Os 
FAIL: gcc.c-torture/execute/simd-1.c execution,  -O0 
FAIL: gcc.c-torture/execute/simd-1.c execution,  -O1 
FAIL: gcc.c-torture/execute/simd-1.c execution,  -O2 
FAIL: gcc.c-torture/execute/simd-1.c execution,  -O3 -fomit-frame-pointer 
FAIL: gcc.c-torture/execute/simd-1.c execution,  -O3 -g 
FAIL: gcc.c-torture/execute/simd-1.c execution,  -Os 
FAIL: gcc.c-torture/execute/ieee/unsafe-fp-assoc-1.c execution,  -O0 
FAIL: gcc.c-torture/execute/ieee/unsafe-fp-assoc-1.c execution,  -O1 
FAIL: gcc.c-torture/execute/ieee/unsafe-fp-assoc-1.c execution,  -O2 
FAIL: gcc.c-torture/execute/ieee/unsafe-fp-assoc-1.c execution,  -O3 -fomit-frame-pointer 
FAIL: gcc.c-torture/execute/ieee/unsafe-fp-assoc-1.c execution,  -O3 -g 
FAIL: gcc.c-torture/execute/ieee/unsafe-fp-assoc-1.c execution,  -Os 
FAIL: gcc.c-torture/unsorted/a3.c,  -O1   (internal compiler error)
FAIL: gcc.c-torture/unsorted/a3.c,  -O2   (internal compiler error)
FAIL: gcc.c-torture/unsorted/a3.c,  -O3 -fomit-frame-pointer   (internal compiler error)
FAIL: gcc.c-torture/unsorted/a3.c,  -O3 -fomit-frame-pointer -funroll-loops   (internal compiler error)
FAIL: gcc.c-torture/unsorted/a3.c,  -O3 -fomit-frame-pointer -funroll-all-loops -finline-functions   (internal compiler error)
FAIL: gcc.c-torture/unsorted/a3.c,  -O3 -g   (internal compiler error)
FAIL: gcc.c-torture/unsorted/a3.c,  -Os   (internal compiler error)
FAIL: gcc.c-torture/unsorted/dump-noaddr.c.122r.expand,  -O0  comparison
FAIL: gcc.c-torture/unsorted/dump-noaddr.c.123r.sibling,  -O0  comparison
FAIL: gcc.c-torture/unsorted/dump-noaddr.c.125r.initvals,  -O0  comparison
FAIL: gcc.c-torture/unsorted/dump-noaddr.c.126r.unshare,  -O0  comparison
FAIL: gcc.c-torture/unsorted/dump-noaddr.c.127r.vregs,  -O0  comparison
FAIL: gcc.c-torture/unsorted/dump-noaddr.c.128r.into_cfglayout,  -O0  comparison
FAIL: gcc.c-torture/unsorted/dump-noaddr.c.129r.jump,  -O0  comparison
FAIL: gcc.c-torture/unsorted/dump-noaddr.c.147r.outof_cfglayout,  -O0  comparison
FAIL: gcc.c-torture/unsorted/dump-noaddr.c.148r.life1,  -O0  comparison
FAIL: gcc.c-torture/unsorted/dump-noaddr.c.153r.split1,  -O0  comparison
FAIL: gcc.c-torture/unsorted/dump-noaddr.c.157r.life2,  -O0  comparison
FAIL: gcc.c-torture/unsorted/dump-noaddr.c.160r.lreg,  -O0  comparison
FAIL: gcc.c-torture/unsorted/dump-noaddr.c.161r.greg,  -O0  comparison
FAIL: gcc.c-torture/unsorted/dump-noaddr.c.164r.flow2,  -O0  comparison
FAIL: gcc.c-torture/unsorted/dump-noaddr.c.177r.mach,  -O0  comparison
FAIL: gcc.c-torture/unsorted/dump-noaddr.c.178r.barriers,  -O0  comparison
FAIL: gcc.c-torture/unsorted/dump-noaddr.c.180r.split3,  -O0  comparison
FAIL: gcc.c-torture/unsorted/dump-noaddr.c.181r.eh-ranges,  -O0  comparison
FAIL: gcc.c-torture/unsorted/dump-noaddr.c.182r.shorten,  -O0  comparison
FAIL: gcc.c-torture/unsorted/dump-noaddr.c.122r.expand,  -O1  comparison
FAIL: gcc.c-torture/unsorted/dump-noaddr.c.123r.sibling,  -O1  comparison
FAIL: gcc.c-torture/unsorted/dump-noaddr.c.125r.initvals,  -O1  comparison
FAIL: gcc.c-torture/unsorted/dump-noaddr.c.126r.unshare,  -O1  comparison
FAIL: gcc.c-torture/unsorted/dump-noaddr.c.127r.vregs,  -O1  comparison
FAIL: gcc.c-torture/unsorted/dump-noaddr.c.128r.into_cfglayout,  -O1  comparison
FAIL: gcc.c-torture/unsorted/dump-noaddr.c.129r.jump,  -O1  comparison
FAIL: gcc.c-torture/unsorted/dump-noaddr.c.130r.subreg,  -O1  comparison
FAIL: gcc.c-torture/unsorted/dump-noaddr.c.131r.cse1,  -O1  comparison
FAIL: gcc.c-torture/unsorted/dump-noaddr.c.134r.ce1,  -O1  comparison
FAIL: gcc.c-torture/unsorted/dump-noaddr.c.136r.loop2,  -O1  comparison
FAIL: gcc.c-torture/unsorted/dump-noaddr.c.137r.loop2_init,  -O1  comparison
FAIL: gcc.c-torture/unsorted/dump-noaddr.c.138r.loop2_invariant,  -O1  comparison
FAIL: gcc.c-torture/unsorted/dump-noaddr.c.142r.loop2_done,  -O1  comparison
FAIL: gcc.c-torture/unsorted/dump-noaddr.c.147r.outof_cfglayout,  -O1  comparison
FAIL: gcc.c-torture/unsorted/dump-noaddr.c.148r.life1,  -O1  comparison
FAIL: gcc.c-torture/unsorted/dump-noaddr.c.149r.combine,  -O1  comparison
FAIL: gcc.c-torture/unsorted/dump-noaddr.c.150r.ce2,  -O1  comparison
FAIL: gcc.c-torture/unsorted/dump-noaddr.c.153r.split1,  -O1  comparison
FAIL: gcc.c-torture/unsorted/dump-noaddr.c.154r.subreg2,  -O1  comparison
FAIL: gcc.c-torture/unsorted/dump-noaddr.c.157r.life2,  -O1  comparison
FAIL: gcc.c-torture/unsorted/dump-noaddr.c.160r.lreg,  -O1  comparison
FAIL: gcc.c-torture/unsorted/dump-noaddr.c.161r.greg,  -O1  comparison
FAIL: gcc.c-torture/unsorted/dump-noaddr.c.162r.postreload,  -O1  comparison
FAIL: gcc.c-torture/unsorted/dump-noaddr.c.164r.flow2,  -O1  comparison
FAIL: gcc.c-torture/unsorted/dump-noaddr.c.166r.csa,  -O1  comparison
FAIL: gcc.c-torture/unsorted/dump-noaddr.c.168r.ce3,  -O1  comparison
FAIL: gcc.c-torture/unsorted/dump-noaddr.c.169r.rnreg,  -O1  comparison
FAIL: gcc.c-torture/unsorted/dump-noaddr.c.170r.bbro,  -O1  comparison
FAIL: gcc.c-torture/unsorted/dump-noaddr.c.177r.mach,  -O1  comparison
FAIL: gcc.c-torture/unsorted/dump-noaddr.c.178r.barriers,  -O1  comparison
FAIL: gcc.c-torture/unsorted/dump-noaddr.c.179r.dbr,  -O1  comparison
FAIL: gcc.c-torture/unsorted/dump-noaddr.c.180r.split3,  -O1  comparison
FAIL: gcc.c-torture/unsorted/dump-noaddr.c.181r.eh-ranges,  -O1  comparison
FAIL: gcc.c-torture/unsorted/dump-noaddr.c.182r.shorten,  -O1  comparison
FAIL: gcc.c-torture/unsorted/dump-noaddr.c.056t.vrp1,  -O2  comparison
FAIL: gcc.c-torture/unsorted/dump-noaddr.c.107t.vrp2,  -O2  comparison
FAIL: gcc.c-torture/unsorted/dump-noaddr.c.122r.expand,  -O2  comparison
FAIL: gcc.c-torture/unsorted/dump-noaddr.c.123r.sibling,  -O2  comparison
FAIL: gcc.c-torture/unsorted/dump-noaddr.c.125r.initvals,  -O2  comparison
FAIL: gcc.c-torture/unsorted/dump-noaddr.c.126r.unshare,  -O2  comparison
FAIL: gcc.c-torture/unsorted/dump-noaddr.c.127r.vregs,  -O2  comparison
FAIL: gcc.c-torture/unsorted/dump-noaddr.c.128r.into_cfglayout,  -O2  comparison
FAIL: gcc.c-torture/unsorted/dump-noaddr.c.129r.jump,  -O2  comparison
FAIL: gcc.c-torture/unsorted/dump-noaddr.c.130r.subreg,  -O2  comparison
FAIL: gcc.c-torture/unsorted/dump-noaddr.c.131r.cse1,  -O2  comparison
FAIL: gcc.c-torture/unsorted/dump-noaddr.c.132r.fwprop1,  -O2  comparison
FAIL: gcc.c-torture/unsorted/dump-noaddr.c.133r.gcse1,  -O2  comparison
FAIL: gcc.c-torture/unsorted/dump-noaddr.c.134r.ce1,  -O2  comparison
FAIL: gcc.c-torture/unsorted/dump-noaddr.c.136r.loop2,  -O2  comparison
FAIL: gcc.c-torture/unsorted/dump-noaddr.c.137r.loop2_init,  -O2  comparison
FAIL: gcc.c-torture/unsorted/dump-noaddr.c.138r.loop2_invariant,  -O2  comparison
FAIL: gcc.c-torture/unsorted/dump-noaddr.c.142r.loop2_done,  -O2  comparison
FAIL: gcc.c-torture/unsorted/dump-noaddr.c.144r.bypass,  -O2  comparison
FAIL: gcc.c-torture/unsorted/dump-noaddr.c.145r.cse2,  -O2  comparison
FAIL: gcc.c-torture/unsorted/dump-noaddr.c.146r.fwprop2,  -O2  comparison
FAIL: gcc.c-torture/unsorted/dump-noaddr.c.147r.outof_cfglayout,  -O2  comparison
FAIL: gcc.c-torture/unsorted/dump-noaddr.c.148r.life1,  -O2  comparison
FAIL: gcc.c-torture/unsorted/dump-noaddr.c.149r.combine,  -O2  comparison
FAIL: gcc.c-torture/unsorted/dump-noaddr.c.150r.ce2,  -O2  comparison
FAIL: gcc.c-torture/unsorted/dump-noaddr.c.152r.regmove,  -O2  comparison
FAIL: gcc.c-torture/unsorted/dump-noaddr.c.153r.split1,  -O2  comparison
FAIL: gcc.c-torture/unsorted/dump-noaddr.c.154r.subreg2,  -O2  comparison
FAIL: gcc.c-torture/unsorted/dump-noaddr.c.157r.life2,  -O2  comparison
FAIL: gcc.c-torture/unsorted/dump-noaddr.c.160r.lreg,  -O2  comparison
FAIL: gcc.c-torture/unsorted/dump-noaddr.c.161r.greg,  -O2  comparison
FAIL: gcc.c-torture/unsorted/dump-noaddr.c.162r.postreload,  -O2  comparison
FAIL: gcc.c-torture/unsorted/dump-noaddr.c.164r.flow2,  -O2  comparison
FAIL: gcc.c-torture/unsorted/dump-noaddr.c.166r.csa,  -O2  comparison
FAIL: gcc.c-torture/unsorted/dump-noaddr.c.167r.peephole2,  -O2  comparison
FAIL: gcc.c-torture/unsorted/dump-noaddr.c.168r.ce3,  -O2  comparison
FAIL: gcc.c-torture/unsorted/dump-noaddr.c.169r.rnreg,  -O2  comparison
FAIL: gcc.c-torture/unsorted/dump-noaddr.c.170r.bbro,  -O2  comparison
FAIL: gcc.c-torture/unsorted/dump-noaddr.c.175r.compgotos,  -O2  comparison
FAIL: gcc.c-torture/unsorted/dump-noaddr.c.177r.mach,  -O2  comparison
FAIL: gcc.c-torture/unsorted/dump-noaddr.c.178r.barriers,  -O2  comparison
FAIL: gcc.c-torture/unsorted/dump-noaddr.c.179r.dbr,  -O2  comparison
FAIL: gcc.c-torture/unsorted/dump-noaddr.c.180r.split3,  -O2  comparison
FAIL: gcc.c-torture/unsorted/dump-noaddr.c.181r.eh-ranges,  -O2  comparison
FAIL: gcc.c-torture/unsorted/dump-noaddr.c.182r.shorten,  -O2  comparison
FAIL: gcc.c-torture/unsorted/dump-noaddr.c.056t.vrp1,  -O3 -fomit-frame-pointer  comparison
FAIL: gcc.c-torture/unsorted/dump-noaddr.c.107t.vrp2,  -O3 -fomit-frame-pointer  comparison
FAIL: gcc.c-torture/unsorted/dump-noaddr.c.122r.expand,  -O3 -fomit-frame-pointer  comparison
FAIL: gcc.c-torture/unsorted/dump-noaddr.c.123r.sibling,  -O3 -fomit-frame-pointer  comparison
FAIL: gcc.c-torture/unsorted/dump-noaddr.c.125r.initvals,  -O3 -fomit-frame-pointer  comparison
FAIL: gcc.c-torture/unsorted/dump-noaddr.c.126r.unshare,  -O3 -fomit-frame-pointer  comparison
FAIL: gcc.c-torture/unsorted/dump-noaddr.c.127r.vregs,  -O3 -fomit-frame-pointer  comparison
FAIL: gcc.c-torture/unsorted/dump-noaddr.c.128r.into_cfglayout,  -O3 -fomit-frame-pointer  comparison
FAIL: gcc.c-torture/unsorted/dump-noaddr.c.129r.jump,  -O3 -fomit-frame-pointer  comparison
FAIL: gcc.c-torture/unsorted/dump-noaddr.c.130r.subreg,  -O3 -fomit-frame-pointer  comparison
FAIL: gcc.c-torture/unsorted/dump-noaddr.c.131r.cse1,  -O3 -fomit-frame-pointer  comparison
FAIL: gcc.c-torture/unsorted/dump-noaddr.c.132r.fwprop1,  -O3 -fomit-frame-pointer  comparison
FAIL: gcc.c-torture/unsorted/dump-noaddr.c.133r.gcse1,  -O3 -fomit-frame-pointer  comparison
FAIL: gcc.c-torture/unsorted/dump-noaddr.c.134r.ce1,  -O3 -fomit-frame-pointer  comparison
FAIL: gcc.c-torture/unsorted/dump-noaddr.c.136r.loop2,  -O3 -fomit-frame-pointer  comparison
FAIL: gcc.c-torture/unsorted/dump-noaddr.c.137r.loop2_init,  -O3 -fomit-frame-pointer  comparison
FAIL: gcc.c-torture/unsorted/dump-noaddr.c.138r.loop2_invariant,  -O3 -fomit-frame-pointer  comparison
FAIL: gcc.c-torture/unsorted/dump-noaddr.c.139r.loop2_unswitch,  -O3 -fomit-frame-pointer  comparison
FAIL: gcc.c-torture/unsorted/dump-noaddr.c.142r.loop2_done,  -O3 -fomit-frame-pointer  comparison
FAIL: gcc.c-torture/unsorted/dump-noaddr.c.144r.bypass,  -O3 -fomit-frame-pointer  comparison
FAIL: gcc.c-torture/unsorted/dump-noaddr.c.145r.cse2,  -O3 -fomit-frame-pointer  comparison
FAIL: gcc.c-torture/unsorted/dump-noaddr.c.146r.fwprop2,  -O3 -fomit-frame-pointer  comparison
FAIL: gcc.c-torture/unsorted/dump-noaddr.c.147r.outof_cfglayout,  -O3 -fomit-frame-pointer  comparison
FAIL: gcc.c-torture/unsorted/dump-noaddr.c.148r.life1,  -O3 -fomit-frame-pointer  comparison
FAIL: gcc.c-torture/unsorted/dump-noaddr.c.149r.combine,  -O3 -fomit-frame-pointer  comparison
FAIL: gcc.c-torture/unsorted/dump-noaddr.c.150r.ce2,  -O3 -fomit-frame-pointer  comparison
FAIL: gcc.c-torture/unsorted/dump-noaddr.c.152r.regmove,  -O3 -fomit-frame-pointer  comparison
FAIL: gcc.c-torture/unsorted/dump-noaddr.c.153r.split1,  -O3 -fomit-frame-pointer  comparison
FAIL: gcc.c-torture/unsorted/dump-noaddr.c.154r.subreg2,  -O3 -fomit-frame-pointer  comparison
FAIL: gcc.c-torture/unsorted/dump-noaddr.c.157r.life2,  -O3 -fomit-frame-pointer  comparison
FAIL: gcc.c-torture/unsorted/dump-noaddr.c.160r.lreg,  -O3 -fomit-frame-pointer  comparison
FAIL: gcc.c-torture/unsorted/dump-noaddr.c.161r.greg,  -O3 -fomit-frame-pointer  comparison
FAIL: gcc.c-torture/unsorted/dump-noaddr.c.162r.postreload,  -O3 -fomit-frame-pointer  comparison
FAIL: gcc.c-torture/unsorted/dump-noaddr.c.163r.gcse2,  -O3 -fomit-frame-pointer  comparison
FAIL: gcc.c-torture/unsorted/dump-noaddr.c.164r.flow2,  -O3 -fomit-frame-pointer  comparison
FAIL: gcc.c-torture/unsorted/dump-noaddr.c.166r.csa,  -O3 -fomit-frame-pointer  comparison
FAIL: gcc.c-torture/unsorted/dump-noaddr.c.167r.peephole2,  -O3 -fomit-frame-pointer  comparison
FAIL: gcc.c-torture/unsorted/dump-noaddr.c.168r.ce3,  -O3 -fomit-frame-pointer  comparison
FAIL: gcc.c-torture/unsorted/dump-noaddr.c.169r.rnreg,  -O3 -fomit-frame-pointer  comparison
FAIL: gcc.c-torture/unsorted/dump-noaddr.c.170r.bbro,  -O3 -fomit-frame-pointer  comparison
FAIL: gcc.c-torture/unsorted/dump-noaddr.c.175r.compgotos,  -O3 -fomit-frame-pointer  comparison
FAIL: gcc.c-torture/unsorted/dump-noaddr.c.177r.mach,  -O3 -fomit-frame-pointer  comparison
FAIL: gcc.c-torture/unsorted/dump-noaddr.c.178r.barriers,  -O3 -fomit-frame-pointer  comparison
FAIL: gcc.c-torture/unsorted/dump-noaddr.c.179r.dbr,  -O3 -fomit-frame-pointer  comparison
FAIL: gcc.c-torture/unsorted/dump-noaddr.c.180r.split3,  -O3 -fomit-frame-pointer  comparison
FAIL: gcc.c-torture/unsorted/dump-noaddr.c.181r.eh-ranges,  -O3 -fomit-frame-pointer  comparison
FAIL: gcc.c-torture/unsorted/dump-noaddr.c.182r.shorten,  -O3 -fomit-frame-pointer  comparison
FAIL: gcc.c-torture/unsorted/dump-noaddr.c.056t.vrp1,  -O3 -fomit-frame-pointer -funroll-loops  comparison
FAIL: gcc.c-torture/unsorted/dump-noaddr.c.107t.vrp2,  -O3 -fomit-frame-pointer -funroll-loops  comparison
FAIL: gcc.c-torture/unsorted/dump-noaddr.c.122r.expand,  -O3 -fomit-frame-pointer -funroll-loops  comparison
FAIL: gcc.c-torture/unsorted/dump-noaddr.c.123r.sibling,  -O3 -fomit-frame-pointer -funroll-loops  comparison
FAIL: gcc.c-torture/unsorted/dump-noaddr.c.125r.initvals,  -O3 -fomit-frame-pointer -funroll-loops  comparison
FAIL: gcc.c-torture/unsorted/dump-noaddr.c.126r.unshare,  -O3 -fomit-frame-pointer -funroll-loops  comparison
FAIL: gcc.c-torture/unsorted/dump-noaddr.c.127r.vregs,  -O3 -fomit-frame-pointer -funroll-loops  comparison
FAIL: gcc.c-torture/unsorted/dump-noaddr.c.128r.into_cfglayout,  -O3 -fomit-frame-pointer -funroll-loops  comparison
FAIL: gcc.c-torture/unsorted/dump-noaddr.c.129r.jump,  -O3 -fomit-frame-pointer -funroll-loops  comparison
FAIL: gcc.c-torture/unsorted/dump-noaddr.c.130r.subreg,  -O3 -fomit-frame-pointer -funroll-loops  comparison
FAIL: gcc.c-torture/unsorted/dump-noaddr.c.131r.cse1,  -O3 -fomit-frame-pointer -funroll-loops  comparison
FAIL: gcc.c-torture/unsorted/dump-noaddr.c.132r.fwprop1,  -O3 -fomit-frame-pointer -funroll-loops  comparison
FAIL: gcc.c-torture/unsorted/dump-noaddr.c.133r.gcse1,  -O3 -fomit-frame-pointer -funroll-loops  comparison
FAIL: gcc.c-torture/unsorted/dump-noaddr.c.134r.ce1,  -O3 -fomit-frame-pointer -funroll-loops  comparison
FAIL: gcc.c-torture/unsorted/dump-noaddr.c.136r.loop2,  -O3 -fomit-frame-pointer -funroll-loops  comparison
FAIL: gcc.c-torture/unsorted/dump-noaddr.c.137r.loop2_init,  -O3 -fomit-frame-pointer -funroll-loops  comparison
FAIL: gcc.c-torture/unsorted/dump-noaddr.c.138r.loop2_invariant,  -O3 -fomit-frame-pointer -funroll-loops  comparison
FAIL: gcc.c-torture/unsorted/dump-noaddr.c.139r.loop2_unswitch,  -O3 -fomit-frame-pointer -funroll-loops  comparison
FAIL: gcc.c-torture/unsorted/dump-noaddr.c.140r.loop2_unroll,  -O3 -fomit-frame-pointer -funroll-loops  comparison
FAIL: gcc.c-torture/unsorted/dump-noaddr.c.142r.loop2_done,  -O3 -fomit-frame-pointer -funroll-loops  comparison
FAIL: gcc.c-torture/unsorted/dump-noaddr.c.143r.web,  -O3 -fomit-frame-pointer -funroll-loops  comparison
FAIL: gcc.c-torture/unsorted/dump-noaddr.c.144r.bypass,  -O3 -fomit-frame-pointer -funroll-loops  comparison
FAIL: gcc.c-torture/unsorted/dump-noaddr.c.145r.cse2,  -O3 -fomit-frame-pointer -funroll-loops  comparison
FAIL: gcc.c-torture/unsorted/dump-noaddr.c.146r.fwprop2,  -O3 -fomit-frame-pointer -funroll-loops  comparison
FAIL: gcc.c-torture/unsorted/dump-noaddr.c.147r.outof_cfglayout,  -O3 -fomit-frame-pointer -funroll-loops  comparison
FAIL: gcc.c-torture/unsorted/dump-noaddr.c.148r.life1,  -O3 -fomit-frame-pointer -funroll-loops  comparison
FAIL: gcc.c-torture/unsorted/dump-noaddr.c.149r.combine,  -O3 -fomit-frame-pointer -funroll-loops  comparison
FAIL: gcc.c-torture/unsorted/dump-noaddr.c.150r.ce2,  -O3 -fomit-frame-pointer -funroll-loops  comparison
FAIL: gcc.c-torture/unsorted/dump-noaddr.c.152r.regmove,  -O3 -fomit-frame-pointer -funroll-loops  comparison
FAIL: gcc.c-torture/unsorted/dump-noaddr.c.153r.split1,  -O3 -fomit-frame-pointer -funroll-loops  comparison
FAIL: gcc.c-torture/unsorted/dump-noaddr.c.154r.subreg2,  -O3 -fomit-frame-pointer -funroll-loops  comparison
FAIL: gcc.c-torture/unsorted/dump-noaddr.c.157r.life2,  -O3 -fomit-frame-pointer -funroll-loops  comparison
FAIL: gcc.c-torture/unsorted/dump-noaddr.c.160r.lreg,  -O3 -fomit-frame-pointer -funroll-loops  comparison
FAIL: gcc.c-torture/unsorted/dump-noaddr.c.161r.greg,  -O3 -fomit-frame-pointer -funroll-loops  comparison
FAIL: gcc.c-torture/unsorted/dump-noaddr.c.162r.postreload,  -O3 -fomit-frame-pointer -funroll-loops  comparison
FAIL: gcc.c-torture/unsorted/dump-noaddr.c.163r.gcse2,  -O3 -fomit-frame-pointer -funroll-loops  comparison
FAIL: gcc.c-torture/unsorted/dump-noaddr.c.164r.flow2,  -O3 -fomit-frame-pointer -funroll-loops  comparison
FAIL: gcc.c-torture/unsorted/dump-noaddr.c.166r.csa,  -O3 -fomit-frame-pointer -funroll-loops  comparison
FAIL: gcc.c-torture/unsorted/dump-noaddr.c.167r.peephole2,  -O3 -fomit-frame-pointer -funroll-loops  comparison
FAIL: gcc.c-torture/unsorted/dump-noaddr.c.168r.ce3,  -O3 -fomit-frame-pointer -funroll-loops  comparison
FAIL: gcc.c-torture/unsorted/dump-noaddr.c.169r.rnreg,  -O3 -fomit-frame-pointer -funroll-loops  comparison
FAIL: gcc.c-torture/unsorted/dump-noaddr.c.170r.bbro,  -O3 -fomit-frame-pointer -funroll-loops  comparison
FAIL: gcc.c-torture/unsorted/dump-noaddr.c.175r.compgotos,  -O3 -fomit-frame-pointer -funroll-loops  comparison
FAIL: gcc.c-torture/unsorted/dump-noaddr.c.177r.mach,  -O3 -fomit-frame-pointer -funroll-loops  comparison
FAIL: gcc.c-torture/unsorted/dump-noaddr.c.178r.barriers,  -O3 -fomit-frame-pointer -funroll-loops  comparison
FAIL: gcc.c-torture/unsorted/dump-noaddr.c.179r.dbr,  -O3 -fomit-frame-pointer -funroll-loops  comparison
FAIL: gcc.c-torture/unsorted/dump-noaddr.c.180r.split3,  -O3 -fomit-frame-pointer -funroll-loops  comparison
FAIL: gcc.c-torture/unsorted/dump-noaddr.c.181r.eh-ranges,  -O3 -fomit-frame-pointer -funroll-loops  comparison
FAIL: gcc.c-torture/unsorted/dump-noaddr.c.182r.shorten,  -O3 -fomit-frame-pointer -funroll-loops  comparison
FAIL: gcc.c-torture/unsorted/dump-noaddr.c.056t.vrp1,  -O3 -fomit-frame-pointer -funroll-all-loops -finline-functions  comparison
FAIL: gcc.c-torture/unsorted/dump-noaddr.c.107t.vrp2,  -O3 -fomit-frame-pointer -funroll-all-loops -finline-functions  comparison
FAIL: gcc.c-torture/unsorted/dump-noaddr.c.122r.expand,  -O3 -fomit-frame-pointer -funroll-all-loops -finline-functions  comparison
FAIL: gcc.c-torture/unsorted/dump-noaddr.c.123r.sibling,  -O3 -fomit-frame-pointer -funroll-all-loops -finline-functions  comparison
FAIL: gcc.c-torture/unsorted/dump-noaddr.c.125r.initvals,  -O3 -fomit-frame-pointer -funroll-all-loops -finline-functions  comparison
FAIL: gcc.c-torture/unsorted/dump-noaddr.c.126r.unshare,  -O3 -fomit-frame-pointer -funroll-all-loops -finline-functions  comparison
FAIL: gcc.c-torture/unsorted/dump-noaddr.c.127r.vregs,  -O3 -fomit-frame-pointer -funroll-all-loops -finline-functions  comparison
FAIL: gcc.c-torture/unsorted/dump-noaddr.c.128r.into_cfglayout,  -O3 -fomit-frame-pointer -funroll-all-loops -finline-functions  comparison
FAIL: gcc.c-torture/unsorted/dump-noaddr.c.129r.jump,  -O3 -fomit-frame-pointer -funroll-all-loops -finline-functions  comparison
FAIL: gcc.c-torture/unsorted/dump-noaddr.c.130r.subreg,  -O3 -fomit-frame-pointer -funroll-all-loops -finline-functions  comparison
FAIL: gcc.c-torture/unsorted/dump-noaddr.c.131r.cse1,  -O3 -fomit-frame-pointer -funroll-all-loops -finline-functions  comparison
FAIL: gcc.c-torture/unsorted/dump-noaddr.c.132r.fwprop1,  -O3 -fomit-frame-pointer -funroll-all-loops -finline-functions  comparison
FAIL: gcc.c-torture/unsorted/dump-noaddr.c.133r.gcse1,  -O3 -fomit-frame-pointer -funroll-all-loops -finline-functions  comparison
FAIL: gcc.c-torture/unsorted/dump-noaddr.c.134r.ce1,  -O3 -fomit-frame-pointer -funroll-all-loops -finline-functions  comparison
FAIL: gcc.c-torture/unsorted/dump-noaddr.c.136r.loop2,  -O3 -fomit-frame-pointer -funroll-all-loops -finline-functions  comparison
FAIL: gcc.c-torture/unsorted/dump-noaddr.c.137r.loop2_init,  -O3 -fomit-frame-pointer -funroll-all-loops -finline-functions  comparison
FAIL: gcc.c-torture/unsorted/dump-noaddr.c.138r.loop2_invariant,  -O3 -fomit-frame-pointer -funroll-all-loops -finline-functions  comparison
FAIL: gcc.c-torture/unsorted/dump-noaddr.c.139r.loop2_unswitch,  -O3 -fomit-frame-pointer -funroll-all-loops -finline-functions  comparison
FAIL: gcc.c-torture/unsorted/dump-noaddr.c.140r.loop2_unroll,  -O3 -fomit-frame-pointer -funroll-all-loops -finline-functions  comparison
FAIL: gcc.c-torture/unsorted/dump-noaddr.c.142r.loop2_done,  -O3 -fomit-frame-pointer -funroll-all-loops -finline-functions  comparison
FAIL: gcc.c-torture/unsorted/dump-noaddr.c.143r.web,  -O3 -fomit-frame-pointer -funroll-all-loops -finline-functions  comparison
FAIL: gcc.c-torture/unsorted/dump-noaddr.c.144r.bypass,  -O3 -fomit-frame-pointer -funroll-all-loops -finline-functions  comparison
FAIL: gcc.c-torture/unsorted/dump-noaddr.c.145r.cse2,  -O3 -fomit-frame-pointer -funroll-all-loops -finline-functions  comparison
FAIL: gcc.c-torture/unsorted/dump-noaddr.c.146r.fwprop2,  -O3 -fomit-frame-pointer -funroll-all-loops -finline-functions  comparison
FAIL: gcc.c-torture/unsorted/dump-noaddr.c.147r.outof_cfglayout,  -O3 -fomit-frame-pointer -funroll-all-loops -finline-functions  comparison
FAIL: gcc.c-torture/unsorted/dump-noaddr.c.148r.life1,  -O3 -fomit-frame-pointer -funroll-all-loops -finline-functions  comparison
FAIL: gcc.c-torture/unsorted/dump-noaddr.c.149r.combine,  -O3 -fomit-frame-pointer -funroll-all-loops -finline-functions  comparison
FAIL: gcc.c-torture/unsorted/dump-noaddr.c.150r.ce2,  -O3 -fomit-frame-pointer -funroll-all-loops -finline-functions  comparison
FAIL: gcc.c-torture/unsorted/dump-noaddr.c.152r.regmove,  -O3 -fomit-frame-pointer -funroll-all-loops -finline-functions  comparison
FAIL: gcc.c-torture/unsorted/dump-noaddr.c.153r.split1,  -O3 -fomit-frame-pointer -funroll-all-loops -finline-functions  comparison
FAIL: gcc.c-torture/unsorted/dump-noaddr.c.154r.subreg2,  -O3 -fomit-frame-pointer -funroll-all-loops -finline-functions  comparison
FAIL: gcc.c-torture/unsorted/dump-noaddr.c.157r.life2,  -O3 -fomit-frame-pointer -funroll-all-loops -finline-functions  comparison
FAIL: gcc.c-torture/unsorted/dump-noaddr.c.160r.lreg,  -O3 -fomit-frame-pointer -funroll-all-loops -finline-functions  comparison
FAIL: gcc.c-torture/unsorted/dump-noaddr.c.161r.greg,  -O3 -fomit-frame-pointer -funroll-all-loops -finline-functions  comparison
FAIL: gcc.c-torture/unsorted/dump-noaddr.c.162r.postreload,  -O3 -fomit-frame-pointer -funroll-all-loops -finline-functions  comparison
FAIL: gcc.c-torture/unsorted/dump-noaddr.c.163r.gcse2,  -O3 -fomit-frame-pointer -funroll-all-loops -finline-functions  comparison
FAIL: gcc.c-torture/unsorted/dump-noaddr.c.164r.flow2,  -O3 -fomit-frame-pointer -funroll-all-loops -finline-functions  comparison
FAIL: gcc.c-torture/unsorted/dump-noaddr.c.166r.csa,  -O3 -fomit-frame-pointer -funroll-all-loops -finline-functions  comparison
FAIL: gcc.c-torture/unsorted/dump-noaddr.c.167r.peephole2,  -O3 -fomit-frame-pointer -funroll-all-loops -finline-functions  comparison
FAIL: gcc.c-torture/unsorted/dump-noaddr.c.168r.ce3,  -O3 -fomit-frame-pointer -funroll-all-loops -finline-functions  comparison
FAIL: gcc.c-torture/unsorted/dump-noaddr.c.169r.rnreg,  -O3 -fomit-frame-pointer -funroll-all-loops -finline-functions  comparison
FAIL: gcc.c-torture/unsorted/dump-noaddr.c.170r.bbro,  -O3 -fomit-frame-pointer -funroll-all-loops -finline-functions  comparison
FAIL: gcc.c-torture/unsorted/dump-noaddr.c.175r.compgotos,  -O3 -fomit-frame-pointer -funroll-all-loops -finline-functions  comparison
FAIL: gcc.c-torture/unsorted/dump-noaddr.c.177r.mach,  -O3 -fomit-frame-pointer -funroll-all-loops -finline-functions  comparison
FAIL: gcc.c-torture/unsorted/dump-noaddr.c.178r.barriers,  -O3 -fomit-frame-pointer -funroll-all-loops -finline-functions  comparison
FAIL: gcc.c-torture/unsorted/dump-noaddr.c.179r.dbr,  -O3 -fomit-frame-pointer -funroll-all-loops -finline-functions  comparison
FAIL: gcc.c-torture/unsorted/dump-noaddr.c.180r.split3,  -O3 -fomit-frame-pointer -funroll-all-loops -finline-functions  comparison
FAIL: gcc.c-torture/unsorted/dump-noaddr.c.181r.eh-ranges,  -O3 -fomit-frame-pointer -funroll-all-loops -finline-functions  comparison
FAIL: gcc.c-torture/unsorted/dump-noaddr.c.182r.shorten,  -O3 -fomit-frame-pointer -funroll-all-loops -finline-functions  comparison
FAIL: gcc.c-torture/unsorted/dump-noaddr.c.056t.vrp1,  -O3 -g  comparison
FAIL: gcc.c-torture/unsorted/dump-noaddr.c.107t.vrp2,  -O3 -g  comparison
FAIL: gcc.c-torture/unsorted/dump-noaddr.c.122r.expand,  -O3 -g  comparison
FAIL: gcc.c-torture/unsorted/dump-noaddr.c.123r.sibling,  -O3 -g  comparison
FAIL: gcc.c-torture/unsorted/dump-noaddr.c.125r.initvals,  -O3 -g  comparison
FAIL: gcc.c-torture/unsorted/dump-noaddr.c.126r.unshare,  -O3 -g  comparison
FAIL: gcc.c-torture/unsorted/dump-noaddr.c.127r.vregs,  -O3 -g  comparison
FAIL: gcc.c-torture/unsorted/dump-noaddr.c.128r.into_cfglayout,  -O3 -g  comparison
FAIL: gcc.c-torture/unsorted/dump-noaddr.c.129r.jump,  -O3 -g  comparison
FAIL: gcc.c-torture/unsorted/dump-noaddr.c.130r.subreg,  -O3 -g  comparison
FAIL: gcc.c-torture/unsorted/dump-noaddr.c.131r.cse1,  -O3 -g  comparison
FAIL: gcc.c-torture/unsorted/dump-noaddr.c.132r.fwprop1,  -O3 -g  comparison
FAIL: gcc.c-torture/unsorted/dump-noaddr.c.133r.gcse1,  -O3 -g  comparison
FAIL: gcc.c-torture/unsorted/dump-noaddr.c.134r.ce1,  -O3 -g  comparison
FAIL: gcc.c-torture/unsorted/dump-noaddr.c.136r.loop2,  -O3 -g  comparison
FAIL: gcc.c-torture/unsorted/dump-noaddr.c.137r.loop2_init,  -O3 -g  comparison
FAIL: gcc.c-torture/unsorted/dump-noaddr.c.138r.loop2_invariant,  -O3 -g  comparison
FAIL: gcc.c-torture/unsorted/dump-noaddr.c.139r.loop2_unswitch,  -O3 -g  comparison
FAIL: gcc.c-torture/unsorted/dump-noaddr.c.142r.loop2_done,  -O3 -g  comparison
FAIL: gcc.c-torture/unsorted/dump-noaddr.c.144r.bypass,  -O3 -g  comparison
FAIL: gcc.c-torture/unsorted/dump-noaddr.c.145r.cse2,  -O3 -g  comparison
FAIL: gcc.c-torture/unsorted/dump-noaddr.c.146r.fwprop2,  -O3 -g  comparison
FAIL: gcc.c-torture/unsorted/dump-noaddr.c.147r.outof_cfglayout,  -O3 -g  comparison
FAIL: gcc.c-torture/unsorted/dump-noaddr.c.148r.life1,  -O3 -g  comparison
FAIL: gcc.c-torture/unsorted/dump-noaddr.c.149r.combine,  -O3 -g  comparison
FAIL: gcc.c-torture/unsorted/dump-noaddr.c.150r.ce2,  -O3 -g  comparison
FAIL: gcc.c-torture/unsorted/dump-noaddr.c.152r.regmove,  -O3 -g  comparison
FAIL: gcc.c-torture/unsorted/dump-noaddr.c.153r.split1,  -O3 -g  comparison
FAIL: gcc.c-torture/unsorted/dump-noaddr.c.154r.subreg2,  -O3 -g  comparison
FAIL: gcc.c-torture/unsorted/dump-noaddr.c.157r.life2,  -O3 -g  comparison
FAIL: gcc.c-torture/unsorted/dump-noaddr.c.160r.lreg,  -O3 -g  comparison
FAIL: gcc.c-torture/unsorted/dump-noaddr.c.161r.greg,  -O3 -g  comparison
FAIL: gcc.c-torture/unsorted/dump-noaddr.c.162r.postreload,  -O3 -g  comparison
FAIL: gcc.c-torture/unsorted/dump-noaddr.c.163r.gcse2,  -O3 -g  comparison
FAIL: gcc.c-torture/unsorted/dump-noaddr.c.164r.flow2,  -O3 -g  comparison
FAIL: gcc.c-torture/unsorted/dump-noaddr.c.166r.csa,  -O3 -g  comparison
FAIL: gcc.c-torture/unsorted/dump-noaddr.c.167r.peephole2,  -O3 -g  comparison
FAIL: gcc.c-torture/unsorted/dump-noaddr.c.168r.ce3,  -O3 -g  comparison
FAIL: gcc.c-torture/unsorted/dump-noaddr.c.169r.rnreg,  -O3 -g  comparison
FAIL: gcc.c-torture/unsorted/dump-noaddr.c.170r.bbro,  -O3 -g  comparison
FAIL: gcc.c-torture/unsorted/dump-noaddr.c.175r.compgotos,  -O3 -g  comparison
FAIL: gcc.c-torture/unsorted/dump-noaddr.c.176r.vartrack,  -O3 -g  comparison
FAIL: gcc.c-torture/unsorted/dump-noaddr.c.177r.mach,  -O3 -g  comparison
FAIL: gcc.c-torture/unsorted/dump-noaddr.c.178r.barriers,  -O3 -g  comparison
FAIL: gcc.c-torture/unsorted/dump-noaddr.c.179r.dbr,  -O3 -g  comparison
FAIL: gcc.c-torture/unsorted/dump-noaddr.c.180r.split3,  -O3 -g  comparison
FAIL: gcc.c-torture/unsorted/dump-noaddr.c.181r.eh-ranges,  -O3 -g  comparison
FAIL: gcc.c-torture/unsorted/dump-noaddr.c.182r.shorten,  -O3 -g  comparison
FAIL: gcc.c-torture/unsorted/dump-noaddr.c.056t.vrp1,  -Os  comparison
FAIL: gcc.c-torture/unsorted/dump-noaddr.c.107t.vrp2,  -Os  comparison
FAIL: gcc.c-torture/unsorted/dump-noaddr.c.122r.expand,  -Os  comparison
FAIL: gcc.c-torture/unsorted/dump-noaddr.c.123r.sibling,  -Os  comparison
FAIL: gcc.c-torture/unsorted/dump-noaddr.c.125r.initvals,  -Os  comparison
FAIL: gcc.c-torture/unsorted/dump-noaddr.c.126r.unshare,  -Os  comparison
FAIL: gcc.c-torture/unsorted/dump-noaddr.c.127r.vregs,  -Os  comparison
FAIL: gcc.c-torture/unsorted/dump-noaddr.c.128r.into_cfglayout,  -Os  comparison
FAIL: gcc.c-torture/unsorted/dump-noaddr.c.129r.jump,  -Os  comparison
FAIL: gcc.c-torture/unsorted/dump-noaddr.c.130r.subreg,  -Os  comparison
FAIL: gcc.c-torture/unsorted/dump-noaddr.c.131r.cse1,  -Os  comparison
FAIL: gcc.c-torture/unsorted/dump-noaddr.c.132r.fwprop1,  -Os  comparison
FAIL: gcc.c-torture/unsorted/dump-noaddr.c.133r.gcse1,  -Os  comparison
FAIL: gcc.c-torture/unsorted/dump-noaddr.c.134r.ce1,  -Os  comparison
FAIL: gcc.c-torture/unsorted/dump-noaddr.c.136r.loop2,  -Os  comparison
FAIL: gcc.c-torture/unsorted/dump-noaddr.c.137r.loop2_init,  -Os  comparison
FAIL: gcc.c-torture/unsorted/dump-noaddr.c.138r.loop2_invariant,  -Os  comparison
FAIL: gcc.c-torture/unsorted/dump-noaddr.c.142r.loop2_done,  -Os  comparison
FAIL: gcc.c-torture/unsorted/dump-noaddr.c.144r.bypass,  -Os  comparison
FAIL: gcc.c-torture/unsorted/dump-noaddr.c.145r.cse2,  -Os  comparison
FAIL: gcc.c-torture/unsorted/dump-noaddr.c.146r.fwprop2,  -Os  comparison
FAIL: gcc.c-torture/unsorted/dump-noaddr.c.147r.outof_cfglayout,  -Os  comparison
FAIL: gcc.c-torture/unsorted/dump-noaddr.c.148r.life1,  -Os  comparison
FAIL: gcc.c-torture/unsorted/dump-noaddr.c.149r.combine,  -Os  comparison
FAIL: gcc.c-torture/unsorted/dump-noaddr.c.150r.ce2,  -Os  comparison
FAIL: gcc.c-torture/unsorted/dump-noaddr.c.152r.regmove,  -Os  comparison
FAIL: gcc.c-torture/unsorted/dump-noaddr.c.153r.split1,  -Os  comparison
FAIL: gcc.c-torture/unsorted/dump-noaddr.c.154r.subreg2,  -Os  comparison
FAIL: gcc.c-torture/unsorted/dump-noaddr.c.157r.life2,  -Os  comparison
FAIL: gcc.c-torture/unsorted/dump-noaddr.c.160r.lreg,  -Os  comparison
FAIL: gcc.c-torture/unsorted/dump-noaddr.c.161r.greg,  -Os  comparison
FAIL: gcc.c-torture/unsorted/dump-noaddr.c.162r.postreload,  -Os  comparison
FAIL: gcc.c-torture/unsorted/dump-noaddr.c.164r.flow2,  -Os  comparison
FAIL: gcc.c-torture/unsorted/dump-noaddr.c.166r.csa,  -Os  comparison
FAIL: gcc.c-torture/unsorted/dump-noaddr.c.167r.peephole2,  -Os  comparison
FAIL: gcc.c-torture/unsorted/dump-noaddr.c.168r.ce3,  -Os  comparison
FAIL: gcc.c-torture/unsorted/dump-noaddr.c.169r.rnreg,  -Os  comparison
FAIL: gcc.c-torture/unsorted/dump-noaddr.c.170r.bbro,  -Os  comparison
FAIL: gcc.c-torture/unsorted/dump-noaddr.c.177r.mach,  -Os  comparison
FAIL: gcc.c-torture/unsorted/dump-noaddr.c.178r.barriers,  -Os  comparison
FAIL: gcc.c-torture/unsorted/dump-noaddr.c.179r.dbr,  -Os  comparison
FAIL: gcc.c-torture/unsorted/dump-noaddr.c.180r.split3,  -Os  comparison
FAIL: gcc.c-torture/unsorted/dump-noaddr.c.181r.eh-ranges,  -Os  comparison
FAIL: gcc.c-torture/unsorted/dump-noaddr.c.182r.shorten,  -Os  comparison
FAIL: gcc.dg/compat/scalar-by-value-1 c_compat_x_tst.o-c_compat_y_tst.o execute 
FAIL: gcc.dg/compat/scalar-by-value-3 c_compat_x_tst.o-c_compat_y_tst.o execute 
FAIL: gcc.dg/compat/struct-by-value-10 c_compat_x_tst.o-c_compat_y_tst.o execute 
FAIL: gcc.dg/compat/struct-by-value-11 c_compat_x_tst.o-c_compat_y_tst.o execute 
FAIL: gcc.dg/compat/struct-by-value-12 c_compat_x_tst.o-c_compat_y_tst.o execute 
FAIL: gcc.dg/compat/struct-by-value-13 c_compat_x_tst.o-c_compat_y_tst.o execute 
FAIL: gcc.dg/compat/struct-by-value-14 c_compat_x_tst.o-c_compat_y_tst.o execute 
FAIL: gcc.dg/compat/struct-by-value-15 c_compat_x_tst.o-c_compat_y_tst.o execute 
FAIL: gcc.dg/compat/struct-by-value-16 c_compat_x_tst.o-c_compat_y_tst.o execute 
FAIL: gcc.dg/compat/struct-by-value-17 c_compat_x_tst.o-c_compat_y_tst.o execute 
FAIL: gcc.dg/compat/struct-by-value-18 c_compat_x_tst.o-c_compat_y_tst.o execute 
FAIL: gcc.dg/compat/struct-by-value-19 c_compat_x_tst.o-c_compat_y_tst.o execute 
FAIL: gcc.dg/compat/struct-by-value-1 c_compat_x_tst.o-c_compat_y_tst.o execute 
FAIL: gcc.dg/compat/struct-by-value-22 c_compat_x_tst.o-c_compat_y_tst.o execute 
FAIL: gcc.dg/compat/struct-by-value-2 c_compat_x_tst.o-c_compat_y_tst.o execute 
FAIL: gcc.dg/compat/struct-by-value-3 c_compat_x_tst.o-c_compat_y_tst.o execute 
FAIL: gcc.dg/compat/struct-by-value-4 c_compat_x_tst.o-c_compat_y_tst.o execute 
FAIL: gcc.dg/compat/struct-by-value-5a c_compat_x_tst.o-c_compat_y_tst.o execute 
FAIL: gcc.dg/compat/struct-by-value-5b c_compat_x_tst.o-c_compat_y_tst.o execute 
FAIL: gcc.dg/compat/struct-by-value-6a c_compat_x_tst.o-c_compat_y_tst.o execute 
FAIL: gcc.dg/compat/struct-by-value-6b c_compat_x_tst.o-c_compat_y_tst.o execute 
FAIL: gcc.dg/compat/struct-by-value-7a c_compat_x_tst.o-c_compat_y_tst.o execute 
FAIL: gcc.dg/compat/struct-by-value-7b c_compat_x_tst.o-c_compat_y_tst.o execute 
FAIL: gcc.dg/compat/struct-by-value-8 c_compat_x_tst.o-c_compat_y_tst.o execute 
FAIL: gcc.dg/compat/struct-by-value-9 c_compat_x_tst.o-c_compat_y_tst.o execute 
FAIL: gcc.dg/compat/struct-layout-1 c_compat_main_tst.o compile
FAIL: gcc.dg/compat/struct-layout-1 c_compat_x_tst.o compile
FAIL: gcc.dg/compat/struct-layout-1 c_compat_y_tst.o compile
UNRESOLVED: gcc.dg/compat/struct-layout-1 c_compat_x_tst.o-c_compat_y_tst.o link 
UNRESOLVED: gcc.dg/compat/struct-layout-1 c_compat_x_tst.o-c_compat_y_tst.o execute 
FAIL: gcc.dg/compat/struct-return-2 c_compat_x_tst.o-c_compat_y_tst.o execute 
FAIL: gcc.dg/compat/vector-1 c_compat_x_tst.o compile
FAIL: gcc.dg/compat/vector-1 c_compat_y_tst.o compile
UNRESOLVED: gcc.dg/compat/vector-1 c_compat_x_tst.o-c_compat_y_tst.o link 
UNRESOLVED: gcc.dg/compat/vector-1 c_compat_x_tst.o-c_compat_y_tst.o execute 
FAIL: gcc.dg/compat/vector-2 c_compat_x_tst.o compile
FAIL: gcc.dg/compat/vector-2 c_compat_y_tst.o compile
UNRESOLVED: gcc.dg/compat/vector-2 c_compat_x_tst.o-c_compat_y_tst.o link 
UNRESOLVED: gcc.dg/compat/vector-2 c_compat_x_tst.o-c_compat_y_tst.o execute 
WARNING: Could not compile gcc.dg/compat/struct-layout-1 generator
FAIL: gcc.dg/cpp/_Pragma6.c (test for excess errors)
FAIL: gcc.dg/cpp/assert4.c (test for excess errors)
FAIL: gcc.dg/20061109-1.c (test for excess errors)
FAIL: gcc.dg/Wconversion-real-integer.c  (test for warnings, line 34)
FAIL: gcc.dg/Wconversion-real-integer.c  (test for warnings, line 35)
FAIL: gcc.dg/Wconversion-real-integer.c  (test for warnings, line 38)
FAIL: gcc.dg/Wconversion-real-integer.c  (test for warnings, line 39)
FAIL: gcc.dg/Wconversion-real-integer.c  (test for warnings, line 40)
FAIL: gcc.dg/Wconversion-real-integer.c  (test for warnings, line 41)
FAIL: gcc.dg/Wconversion-real-integer.c (test for excess errors)
FAIL: gcc.dg/Wconversion-real.c  (test for warnings, line 20)
FAIL: gcc.dg/Wconversion-real.c  (test for warnings, line 21)
FAIL: gcc.dg/Wconversion-real.c  (test for warnings, line 22)
FAIL: gcc.dg/Wconversion-real.c  (test for warnings, line 23)
FAIL: gcc.dg/Wconversion-real.c  (test for warnings, line 26)
FAIL: gcc.dg/Wconversion-real.c  (test for warnings, line 27)
FAIL: gcc.dg/Wconversion-real.c  (test for warnings, line 28)
FAIL: gcc.dg/Wconversion-real.c  (test for warnings, line 29)
FAIL: gcc.dg/Wno-pointer-sign.c (test for excess errors)
FAIL: gcc.dg/assign-warn-1.c  (test for warnings, line 63)
FAIL: gcc.dg/assign-warn-1.c  (test for warnings, line 64)
FAIL: gcc.dg/assign-warn-1.c  (test for warnings, line 65)
FAIL: gcc.dg/assign-warn-1.c  (test for warnings, line 66)
FAIL: gcc.dg/assign-warn-1.c  (test for warnings, line 67)
FAIL: gcc.dg/assign-warn-1.c  (test for warnings, line 69)
FAIL: gcc.dg/assign-warn-1.c  (test for warnings, line 70)
FAIL: gcc.dg/assign-warn-1.c  (test for warnings, line 71)
FAIL: gcc.dg/assign-warn-1.c  (test for warnings, line 72)
FAIL: gcc.dg/assign-warn-1.c  (test for warnings, line 73)
FAIL: gcc.dg/assign-warn-1.c  (test for warnings, line 75)
FAIL: gcc.dg/assign-warn-1.c  (test for warnings, line 76)
FAIL: gcc.dg/assign-warn-1.c  (test for warnings, line 77)
FAIL: gcc.dg/assign-warn-1.c  (test for warnings, line 78)
FAIL: gcc.dg/assign-warn-1.c  (test for warnings, line 79)
FAIL: gcc.dg/assign-warn-1.c  (test for warnings, line 81)
FAIL: gcc.dg/assign-warn-1.c  (test for warnings, line 82)
FAIL: gcc.dg/assign-warn-1.c  (test for warnings, line 83)
FAIL: gcc.dg/assign-warn-1.c  (test for warnings, line 84)
FAIL: gcc.dg/assign-warn-1.c  (test for warnings, line 85)
FAIL: gcc.dg/assign-warn-1.c (test for excess errors)
FAIL: gcc.dg/assign-warn-2.c  (test for errors, line 64)
FAIL: gcc.dg/assign-warn-2.c  (test for errors, line 65)
FAIL: gcc.dg/assign-warn-2.c  (test for errors, line 66)
FAIL: gcc.dg/assign-warn-2.c  (test for errors, line 67)
FAIL: gcc.dg/assign-warn-2.c  (test for errors, line 68)
FAIL: gcc.dg/assign-warn-2.c  (test for errors, line 70)
FAIL: gcc.dg/assign-warn-2.c  (test for errors, line 71)
FAIL: gcc.dg/assign-warn-2.c  (test for errors, line 72)
FAIL: gcc.dg/assign-warn-2.c  (test for errors, line 73)
FAIL: gcc.dg/assign-warn-2.c  (test for errors, line 74)
FAIL: gcc.dg/assign-warn-2.c  (test for errors, line 76)
FAIL: gcc.dg/assign-warn-2.c  (test for errors, line 77)
FAIL: gcc.dg/assign-warn-2.c  (test for errors, line 78)
FAIL: gcc.dg/assign-warn-2.c  (test for errors, line 79)
FAIL: gcc.dg/assign-warn-2.c  (test for errors, line 80)
FAIL: gcc.dg/assign-warn-2.c  (test for errors, line 82)
FAIL: gcc.dg/assign-warn-2.c  (test for errors, line 83)
FAIL: gcc.dg/assign-warn-2.c  (test for errors, line 84)
FAIL: gcc.dg/assign-warn-2.c  (test for errors, line 85)
FAIL: gcc.dg/assign-warn-2.c  (test for errors, line 86)
FAIL: gcc.dg/assign-warn-2.c (test for excess errors)
FAIL: gcc.dg/builtin-apply2.c execution test
FAIL: gcc.dg/builtins-20.c (test for excess errors)
FAIL: gcc.dg/builtins-59.c scan-tree-dump __builtin_cexpi
FAIL: gcc.dg/builtins-59.c scan-tree-dump-not sincos
FAIL: gcc.dg/builtins-61.c scan-tree-dump cexpi
FAIL: gcc.dg/builtins-61.c scan-tree-dump sin
FAIL: gcc.dg/builtins-61.c scan-tree-dump cos
FAIL: gcc.dg/builtins-61.c scan-tree-dump return 0.0
FAIL: gcc.dg/builtins-62.c scan-tree-dump-times cexpi 3
FAIL: gcc.dg/conv-2.c  (test for warnings, line 20)
FAIL: gcc.dg/conv-2.c  (test for warnings, line 21)
FAIL: gcc.dg/conv-2.c  (test for warnings, line 23)
FAIL: gcc.dg/conv-2.c  (test for warnings, line 25)
FAIL: gcc.dg/conv-2.c (test for excess errors)
FAIL: gcc.dg/float-range-3.c (test for excess errors)
FAIL: gcc.dg/float-range-4.c (test for excess errors)
FAIL: gcc.dg/float-range-5.c (test for excess errors)
FAIL: gcc.dg/fold-eqandshift-1.c (test for excess errors)
FAIL: gcc.dg/fold-eqandshift-1.c scan-tree-dump-times e < 0 1
FAIL: gcc.dg/fold-eqandshift-1.c scan-tree-dump-times if \\(0\\) 1
FAIL: gcc.dg/fold-eqandshift-3.c scan-tree-dump-times \\(a & 1073741824\\) != 0 1
FAIL: gcc.dg/fold-eqandshift-3.c scan-tree-dump-times \\(b & 1073741824\\) != 0 1
FAIL: gcc.dg/fold-overflow-1.c scan-assembler-times 2139095040 2
FAIL: gcc.dg/ftrapv-1.c (test for excess errors)
WARNING: gcc.dg/ftrapv-1.c compilation failed to produce executable
FAIL: gcc.dg/ftrapv-2.c (test for excess errors)
WARNING: gcc.dg/ftrapv-2.c compilation failed to produce executable
FAIL: gcc.dg/max-1.c (test for excess errors)
FAIL: gcc.dg/multiple-overflow-warn-3.c  (test for warnings, line 8)
FAIL: gcc.dg/multiple-overflow-warn-3.c (test for excess errors)
FAIL: gcc.dg/pr19340.c (test for excess errors)
FAIL: gcc.dg/pr27639.c (test for excess errors)
FAIL: gcc.dg/pr27959.c (test for excess errors)
FAIL: gcc.dg/pr27959.c execution test
FAIL: gcc.dg/pr28726.c (test for excess errors)
FAIL: gcc.dg/pr30744-1.c (test for excess errors)
FAIL: gcc.dg/pr30957-1.c scan-rtl-dump Expanding Accumulator
FAIL: gcc.dg/var-expand1.c scan-rtl-dump Expanding Accumulator
FAIL: gcc.dg/wtr-conversion-1.c (test for excess errors)
FAIL: gcc.dg/tls/opt-5.c (test for excess errors)
FAIL: gcc.dg/torture/builtin-frexp-1.c  -O0  (test for excess errors)
FAIL: gcc.dg/torture/builtin-frexp-1.c  -O1  (test for excess errors)
FAIL: gcc.dg/torture/builtin-frexp-1.c  -O2  (test for excess errors)
FAIL: gcc.dg/torture/builtin-frexp-1.c  -O3 -fomit-frame-pointer  (test for excess errors)
FAIL: gcc.dg/torture/builtin-frexp-1.c  -O3 -fomit-frame-pointer -funroll-loops  (test for excess errors)
FAIL: gcc.dg/torture/builtin-frexp-1.c  -O3 -fomit-frame-pointer -funroll-all-loops -finline-functions  (test for excess errors)
FAIL: gcc.dg/torture/builtin-frexp-1.c  -O3 -g  (test for excess errors)
FAIL: gcc.dg/torture/builtin-frexp-1.c  -Os  (test for excess errors)
FAIL: gcc.dg/torture/builtin-pow-mpfr-1.c  -O0  scan-tree-dump pow
FAIL: gcc.dg/torture/builtin-pow-mpfr-1.c  -O1  scan-tree-dump pow
FAIL: gcc.dg/torture/builtin-pow-mpfr-1.c  -O2  scan-tree-dump pow
FAIL: gcc.dg/torture/builtin-pow-mpfr-1.c  -O3 -fomit-frame-pointer  scan-tree-dump pow
FAIL: gcc.dg/torture/builtin-pow-mpfr-1.c  -O3 -g  scan-tree-dump pow
FAIL: gcc.dg/torture/builtin-pow-mpfr-1.c  -Os  scan-tree-dump pow
FAIL: gcc.dg/torture/fp-int-convert-double.c  -O0  execution test
FAIL: gcc.dg/torture/fp-int-convert-double.c  -O1  execution test
FAIL: gcc.dg/torture/fp-int-convert-double.c  -O2  execution test
FAIL: gcc.dg/torture/fp-int-convert-double.c  -O3 -fomit-frame-pointer  execution test
FAIL: gcc.dg/torture/fp-int-convert-double.c  -O3 -g  execution test
FAIL: gcc.dg/torture/fp-int-convert-double.c  -Os  execution test
FAIL: gcc.dg/torture/fp-int-convert-float.c  -O0  execution test
FAIL: gcc.dg/torture/fp-int-convert-float.c  -O1  execution test
FAIL: gcc.dg/torture/fp-int-convert-float.c  -O2  execution test
FAIL: gcc.dg/torture/fp-int-convert-float.c  -O3 -fomit-frame-pointer  execution test
FAIL: gcc.dg/torture/fp-int-convert-float.c  -O3 -g  execution test
FAIL: gcc.dg/torture/fp-int-convert-float.c  -Os  execution test
FAIL: gcc.dg/torture/fp-int-convert-long-double.c  -O0  execution test
FAIL: gcc.dg/torture/fp-int-convert-long-double.c  -O1  execution test
FAIL: gcc.dg/torture/fp-int-convert-long-double.c  -O2  execution test
FAIL: gcc.dg/torture/fp-int-convert-long-double.c  -O3 -fomit-frame-pointer  execution test
FAIL: gcc.dg/torture/fp-int-convert-long-double.c  -O3 -g  execution test
FAIL: gcc.dg/torture/fp-int-convert-long-double.c  -Os  execution test
FAIL: gcc.dg/torture/pr27743.c  -O0  (test for excess errors)
FAIL: gcc.dg/torture/pr27743.c  -O0  execution test
FAIL: gcc.dg/torture/pr27743.c  -O1  (test for excess errors)
FAIL: gcc.dg/torture/pr27743.c  -O1  execution test
FAIL: gcc.dg/torture/pr27743.c  -O2  (test for excess errors)
FAIL: gcc.dg/torture/pr27743.c  -O2  execution test
FAIL: gcc.dg/torture/pr27743.c  -O3 -fomit-frame-pointer  (test for excess errors)
FAIL: gcc.dg/torture/pr27743.c  -O3 -fomit-frame-pointer  execution test
FAIL: gcc.dg/torture/pr27743.c  -O3 -g  (test for excess errors)
FAIL: gcc.dg/torture/pr27743.c  -O3 -g  execution test
FAIL: gcc.dg/torture/pr27743.c  -Os  (test for excess errors)
FAIL: gcc.dg/torture/pr27743.c  -Os  execution test
FAIL: gcc.dg/torture/pr28045.c  -O1  (internal compiler error)
FAIL: gcc.dg/torture/pr28045.c  -O1  (test for excess errors)
WARNING: gcc.dg/torture/pr28045.c  -O1  compilation failed to produce executable
FAIL: gcc.dg/torture/pr28045.c  -O2  (internal compiler error)
FAIL: gcc.dg/torture/pr28045.c  -O2  (test for excess errors)
WARNING: gcc.dg/torture/pr28045.c  -O2  compilation failed to produce executable
FAIL: gcc.dg/torture/pr28045.c  -Os  (internal compiler error)
FAIL: gcc.dg/torture/pr28045.c  -Os  (test for excess errors)
WARNING: gcc.dg/torture/pr28045.c  -Os  compilation failed to produce executable
FAIL: gcc.dg/torture/pr28814.c  -O0  (test for excess errors)
FAIL: gcc.dg/torture/pr28814.c  -O1  (test for excess errors)
FAIL: gcc.dg/torture/pr28814.c  -O2  (test for excess errors)
FAIL: gcc.dg/torture/pr28814.c  -O3 -fomit-frame-pointer  (test for excess errors)
FAIL: gcc.dg/torture/pr28814.c  -O3 -g  (test for excess errors)
FAIL: gcc.dg/torture/pr28814.c  -Os  (test for excess errors)
FAIL: gcc.dg/torture/pr29584.c  -O0  (test for excess errors)
FAIL: gcc.dg/torture/pr29584.c  -O1  (test for excess errors)
FAIL: gcc.dg/torture/pr29584.c  -O2  (test for excess errors)
FAIL: gcc.dg/torture/pr29584.c  -O3 -fomit-frame-pointer  (test for excess errors)
FAIL: gcc.dg/torture/pr29584.c  -O3 -fomit-frame-pointer -funroll-loops  (test for excess errors)
FAIL: gcc.dg/torture/pr29584.c  -O3 -fomit-frame-pointer -funroll-all-loops -finline-functions  (test for excess errors)
FAIL: gcc.dg/torture/pr29584.c  -O3 -g  (test for excess errors)
FAIL: gcc.dg/torture/pr29584.c  -Os  (test for excess errors)
FAIL: gcc.dg/torture/pr30313.c  -O0  (test for excess errors)
FAIL: gcc.dg/torture/pr30313.c  -O1  (test for excess errors)
FAIL: gcc.dg/torture/pr30313.c  -O2  (test for excess errors)
FAIL: gcc.dg/torture/pr30313.c  -O3 -fomit-frame-pointer  (test for excess errors)
FAIL: gcc.dg/torture/pr30313.c  -O3 -g  (test for excess errors)
FAIL: gcc.dg/torture/pr30313.c  -Os  (test for excess errors)
FAIL: gcc.dg/torture/pr30364-1.c  -O0  (test for excess errors)
FAIL: gcc.dg/torture/pr30364-1.c  -O0  execution test
FAIL: gcc.dg/torture/pr30364-1.c  -O1  (test for excess errors)
FAIL: gcc.dg/torture/pr30364-1.c  -O1  execution test
FAIL: gcc.dg/torture/pr30364-1.c  -O2  (test for excess errors)
FAIL: gcc.dg/torture/pr30364-1.c  -O2  execution test
FAIL: gcc.dg/torture/pr30364-1.c  -O3 -fomit-frame-pointer  (test for excess errors)
FAIL: gcc.dg/torture/pr30364-1.c  -O3 -fomit-frame-pointer  execution test
FAIL: gcc.dg/torture/pr30364-1.c  -O3 -g  (test for excess errors)
FAIL: gcc.dg/torture/pr30364-1.c  -O3 -g  execution test
FAIL: gcc.dg/torture/pr30364-1.c  -Os  (test for excess errors)
FAIL: gcc.dg/torture/pr30364-1.c  -Os  execution test
FAIL: gcc.dg/torture/pr30364-2.c  -O0  (test for excess errors)
FAIL: gcc.dg/torture/pr30364-2.c  -O0  execution test
FAIL: gcc.dg/torture/pr30364-2.c  -O1  (test for excess errors)
FAIL: gcc.dg/torture/pr30364-2.c  -O1  execution test
FAIL: gcc.dg/torture/pr30364-2.c  -O2  (test for excess errors)
FAIL: gcc.dg/torture/pr30364-2.c  -O2  execution test
FAIL: gcc.dg/torture/pr30364-2.c  -O3 -fomit-frame-pointer  (test for excess errors)
FAIL: gcc.dg/torture/pr30364-2.c  -O3 -fomit-frame-pointer  execution test
FAIL: gcc.dg/torture/pr30364-2.c  -O3 -g  (test for excess errors)
FAIL: gcc.dg/torture/pr30364-2.c  -O3 -g  execution test
FAIL: gcc.dg/torture/pr30364-2.c  -Os  (test for excess errors)
FAIL: gcc.dg/torture/pr30364-2.c  -Os  execution test
FAIL: gcc.dg/torture/pr30364-3.c  -O0  (test for excess errors)
FAIL: gcc.dg/torture/pr30364-3.c  -O0  execution test
FAIL: gcc.dg/torture/pr30364-3.c  -O1  (test for excess errors)
FAIL: gcc.dg/torture/pr30364-3.c  -O1  execution test
FAIL: gcc.dg/torture/pr30364-3.c  -O2  (test for excess errors)
FAIL: gcc.dg/torture/pr30364-3.c  -O2  execution test
FAIL: gcc.dg/torture/pr30364-3.c  -O3 -fomit-frame-pointer  (test for excess errors)
FAIL: gcc.dg/torture/pr30364-3.c  -O3 -fomit-frame-pointer  execution test
FAIL: gcc.dg/torture/pr30364-3.c  -O3 -g  (test for excess errors)
FAIL: gcc.dg/torture/pr30364-3.c  -O3 -g  execution test
FAIL: gcc.dg/torture/pr30364-3.c  -Os  (test for excess errors)
FAIL: gcc.dg/torture/pr30364-3.c  -Os  execution test
XPASS: gcc.dg/tree-ssa/20040204-1.c scan-tree-dump-times link_error 0
FAIL: gcc.dg/tree-ssa/foldaddr-1.c (test for excess errors)
FAIL: gcc.dg/tree-ssa/gen-vect-11.c scan-tree-dump-times vectorized 1 loops 1
FAIL: gcc.dg/tree-ssa/gen-vect-11a.c scan-tree-dump-times vectorized 1 loops 1
FAIL: gcc.dg/tree-ssa/gen-vect-2.c scan-tree-dump-times vectorized 1 loops 1
FAIL: gcc.dg/tree-ssa/gen-vect-25.c scan-tree-dump-times vectorized 2 loops 1
FAIL: gcc.dg/tree-ssa/ifc-20040816-2.c (test for excess errors)
FAIL: gcc.dg/tree-ssa/ifc-20040816-2.c scan-tree-dump-times Applying if-conversion 1
FAIL: gcc.dg/tree-ssa/loadpre6.c (test for excess errors)
FAIL: gcc.dg/tree-ssa/ltrans-5.c (test for excess errors)
ERROR: gcc.dg/tree-ssa/ltrans-5.c: error executing dg-final: no files matched glob pattern "ltrans-5.c.[0-9][0-9][0-9]t.ltrans"
UNRESOLVED: gcc.dg/tree-ssa/ltrans-5.c: error executing dg-final: no files matched glob pattern "ltrans-5.c.[0-9][0-9][0-9]t.ltrans"
FAIL: gcc.dg/tree-ssa/pr23115.c (test for excess errors)
XPASS: gcc.dg/tree-ssa/update-threading.c scan-tree-dump-times Invalid sum 0
FAIL: gcc.dg/tree-ssa/vrp29.c (test for excess errors)

		=== gcc Summary ===

# of expected passes		39934
# of unexpected failures	740
# of unexpected successes	2
# of expected failures		81
# of unresolved testcases	56
# of untested testcases		35
# of unsupported tests		1248
/home/mstein/sim/h8300-elf/build/gcc/xgcc  version 4.3.0 20070515 (experimental)


Compiler version: 4.3.0 20070515 (experimental) gcc 
Platform: h8300-unknown-elf
configure flags: --target=h8300-elf --prefix=/n/07/mstein/cross-local/h8300-elf --enable-languages=c --disable-nls --disable-build-warnings --with-ld=/n/07/mstein/cross-local/h8300-elf/bin/h8300-elf-ld --with-as=/n/07/mstein/cross-local/h8300-elf/bin/h8300-elf-as --disable-libssp


Index Nav: [Date Index] [Subject Index] [Author Index] [Thread Index]
Message Nav: [Date Prev] [Date Next] [Thread Prev] [Thread Next]