This is the mail archive of the gcc-testresults@gcc.gnu.org mailing list for the GCC project.


Index Nav: [Date Index] [Subject Index] [Author Index] [Thread Index]
Message Nav: [Date Prev] [Date Next] [Thread Prev] [Thread Next]
Other format: [Raw text]

Results for 4.3.0 20070511 (experimental) testsuite on mipsel-unknown-linux-gnu


Linux 2.6.15-rc1 kernel
glibc-2.3.3
binutils-2.17 (with http://sources.redhat.com/ml/binutils/2006-11/msg00059.html)
==============================
LAST_UPDATED: Fri May 11 18:52:27 UTC 2007 (revision 124622)

Native configuration is mipsel-unknown-linux-gnu

		=== g++ tests ===


Running target unix
FAIL: g++.dg/compat/break/vbase11 cp_compat_x_tst.o compile,  (internal compiler error)
UNRESOLVED: g++.dg/compat/break/vbase11 cp_compat_x_tst.o-cp_compat_y_tst.o link 
UNRESOLVED: g++.dg/compat/break/vbase11 cp_compat_x_tst.o-cp_compat_y_tst.o execute 
FAIL: g++.dg/abi/covariant2.C (internal compiler error)
FAIL: g++.dg/abi/covariant2.C (test for excess errors)
FAIL: g++.dg/abi/covariant3.C (internal compiler error)
FAIL: g++.dg/abi/covariant3.C (test for excess errors)
WARNING: g++.dg/abi/covariant3.C compilation failed to produce executable
FAIL: g++.dg/abi/covariant4.C (internal compiler error)
FAIL: g++.dg/abi/covariant4.C (test for excess errors)
WARNING: g++.dg/abi/covariant4.C compilation failed to produce executable
FAIL: g++.dg/abi/covariant5.C (internal compiler error)
FAIL: g++.dg/abi/covariant5.C (test for excess errors)
WARNING: g++.dg/abi/covariant5.C compilation failed to produce executable
FAIL: g++.dg/abi/dcast1.C (internal compiler error)
FAIL: g++.dg/abi/dcast1.C (test for excess errors)
FAIL: g++.dg/abi/thunk3.C (internal compiler error)
FAIL: g++.dg/abi/thunk3.C (test for excess errors)
ERROR: g++.dg/abi/thunk3.C: error executing dg-final: couldn't open "thunk3.s": no such file or directory
UNRESOLVED: g++.dg/abi/thunk3.C: error executing dg-final: couldn't open "thunk3.s": no such file or directory
FAIL: g++.dg/abi/thunk4.C (internal compiler error)
FAIL: g++.dg/abi/thunk4.C (test for excess errors)
ERROR: g++.dg/abi/thunk4.C: error executing dg-final: couldn't open "thunk4.s": no such file or directory
UNRESOLVED: g++.dg/abi/thunk4.C: error executing dg-final: couldn't open "thunk4.s": no such file or directory
FAIL: g++.dg/abi/vcall1.C (internal compiler error)
FAIL: g++.dg/abi/vcall1.C (test for excess errors)
WARNING: g++.dg/abi/vcall1.C compilation failed to produce executable
FAIL: g++.dg/abi/vthunk1.C (internal compiler error)
FAIL: g++.dg/abi/vthunk1.C (test for excess errors)
FAIL: g++.dg/inherit/conv3.C (internal compiler error)
FAIL: g++.dg/inherit/conv3.C (test for excess errors)
FAIL: g++.dg/inherit/covariant1.C (internal compiler error)
FAIL: g++.dg/inherit/covariant1.C (test for excess errors)
WARNING: g++.dg/inherit/covariant1.C compilation failed to produce executable
FAIL: g++.dg/inherit/covariant11.C (internal compiler error)
FAIL: g++.dg/inherit/covariant11.C (test for excess errors)
FAIL: g++.dg/inherit/covariant2.C (internal compiler error)
FAIL: g++.dg/inherit/covariant2.C (test for excess errors)
WARNING: g++.dg/inherit/covariant2.C compilation failed to produce executable
FAIL: g++.dg/inherit/covariant3.C (internal compiler error)
FAIL: g++.dg/inherit/covariant3.C (test for excess errors)
WARNING: g++.dg/inherit/covariant3.C compilation failed to produce executable
FAIL: g++.dg/inherit/covariant4.C (internal compiler error)
FAIL: g++.dg/inherit/covariant4.C (test for excess errors)
WARNING: g++.dg/inherit/covariant4.C compilation failed to produce executable
FAIL: g++.dg/inherit/covariant6.C (internal compiler error)
FAIL: g++.dg/inherit/covariant6.C (test for excess errors)
FAIL: g++.dg/inherit/covariant8.C (internal compiler error)
FAIL: g++.dg/inherit/covariant8.C (test for excess errors)
FAIL: g++.dg/inherit/covariant9.C (internal compiler error)
FAIL: g++.dg/inherit/covariant9.C (test for excess errors)
FAIL: g++.dg/inherit/ptrmem2.C (internal compiler error)
FAIL: g++.dg/inherit/ptrmem2.C (test for excess errors)
FAIL: g++.dg/inherit/thunk2.C (internal compiler error)
FAIL: g++.dg/inherit/thunk2.C (test for excess errors)
FAIL: g++.dg/inherit/thunk3.C (internal compiler error)
FAIL: g++.dg/inherit/thunk3.C (test for excess errors)
FAIL: g++.dg/inherit/thunk4.C (internal compiler error)
FAIL: g++.dg/inherit/thunk4.C (test for excess errors)
FAIL: g++.dg/inherit/thunk5.C (internal compiler error)
FAIL: g++.dg/inherit/thunk5.C (test for excess errors)
FAIL: g++.dg/inherit/thunk6.C (internal compiler error)
FAIL: g++.dg/inherit/thunk6.C (test for excess errors)
FAIL: g++.dg/inherit/thunk7.C (internal compiler error)
FAIL: g++.dg/inherit/thunk7.C (test for excess errors)
WARNING: g++.dg/inherit/thunk7.C compilation failed to produce executable
FAIL: g++.dg/init/new6.C (internal compiler error)
FAIL: g++.dg/init/new6.C (test for excess errors)
FAIL: g++.dg/lookup/scoped3.C (internal compiler error)
FAIL: g++.dg/lookup/scoped3.C (test for excess errors)
FAIL: g++.dg/opt/covariant1.C (internal compiler error)
FAIL: g++.dg/opt/covariant1.C (test for excess errors)
WARNING: g++.dg/opt/covariant1.C compilation failed to produce executable
FAIL: g++.dg/opt/pr23299.C (internal compiler error)
FAIL: g++.dg/opt/pr23299.C (test for excess errors)
WARNING: g++.dg/opt/pr23299.C compilation failed to produce executable
FAIL: g++.dg/opt/thunk1.C (internal compiler error)
FAIL: g++.dg/opt/thunk1.C (test for excess errors)
WARNING: g++.dg/opt/thunk1.C compilation failed to produce executable
FAIL: g++.dg/opt/thunk2.C (internal compiler error)
FAIL: g++.dg/opt/thunk2.C (test for excess errors)
WARNING: g++.dg/opt/thunk2.C compilation failed to produce executable
FAIL: g++.dg/other/pr22358.C (internal compiler error)
FAIL: g++.dg/other/pr22358.C (test for excess errors)
FAIL: g++.dg/other/vthunk1.C (internal compiler error)
FAIL: g++.dg/other/vthunk1.C (test for excess errors)
WARNING: g++.dg/other/vthunk1.C compilation failed to produce executable
FAIL: g++.dg/parse/parse5.C (internal compiler error)
FAIL: g++.dg/parse/parse5.C (test for excess errors)
FAIL: g++.dg/tree-ssa/pr22488.C (internal compiler error)
FAIL: g++.dg/tree-ssa/pr22488.C (test for excess errors)
FAIL: g++.old-deja/g++.abi/vbase1.C (internal compiler error)
FAIL: g++.old-deja/g++.abi/vbase1.C (test for excess errors)
WARNING: g++.old-deja/g++.abi/vbase1.C compilation failed to produce executable
FAIL: g++.old-deja/g++.abi/vbase2.C (internal compiler error)
FAIL: g++.old-deja/g++.abi/vbase2.C (test for excess errors)
WARNING: g++.old-deja/g++.abi/vbase2.C compilation failed to produce executable
FAIL: g++.old-deja/g++.abi/vbase4.C (internal compiler error)
FAIL: g++.old-deja/g++.abi/vbase4.C (test for excess errors)
WARNING: g++.old-deja/g++.abi/vbase4.C compilation failed to produce executable
FAIL: g++.old-deja/g++.abi/vbase7.C (internal compiler error)
FAIL: g++.old-deja/g++.abi/vbase7.C (test for excess errors)
WARNING: g++.old-deja/g++.abi/vbase7.C compilation failed to produce executable
FAIL: g++.old-deja/g++.abi/vtable2.C (internal compiler error)
FAIL: g++.old-deja/g++.abi/vtable2.C (test for excess errors)
WARNING: g++.old-deja/g++.abi/vtable2.C compilation failed to produce executable
FAIL: g++.old-deja/g++.abi/vtable3a.C (internal compiler error)
FAIL: g++.old-deja/g++.abi/vtable3a.C (test for excess errors)
WARNING: g++.old-deja/g++.abi/vtable3a.C compilation failed to produce executable
FAIL: g++.old-deja/g++.abi/vtable3b.C (internal compiler error)
FAIL: g++.old-deja/g++.abi/vtable3b.C (test for excess errors)
WARNING: g++.old-deja/g++.abi/vtable3b.C compilation failed to produce executable
FAIL: g++.old-deja/g++.abi/vtable3c.C (internal compiler error)
FAIL: g++.old-deja/g++.abi/vtable3c.C (test for excess errors)
WARNING: g++.old-deja/g++.abi/vtable3c.C compilation failed to produce executable
FAIL: g++.old-deja/g++.abi/vtable3d.C (internal compiler error)
FAIL: g++.old-deja/g++.abi/vtable3d.C (test for excess errors)
WARNING: g++.old-deja/g++.abi/vtable3d.C compilation failed to produce executable
FAIL: g++.old-deja/g++.abi/vtable3e.C (internal compiler error)
FAIL: g++.old-deja/g++.abi/vtable3e.C (test for excess errors)
WARNING: g++.old-deja/g++.abi/vtable3e.C compilation failed to produce executable
FAIL: g++.old-deja/g++.abi/vtable3f.C (internal compiler error)
FAIL: g++.old-deja/g++.abi/vtable3f.C (test for excess errors)
WARNING: g++.old-deja/g++.abi/vtable3f.C compilation failed to produce executable
FAIL: g++.old-deja/g++.abi/vtable3g.C (internal compiler error)
FAIL: g++.old-deja/g++.abi/vtable3g.C (test for excess errors)
WARNING: g++.old-deja/g++.abi/vtable3g.C compilation failed to produce executable
FAIL: g++.old-deja/g++.abi/vtable3h.C (internal compiler error)
FAIL: g++.old-deja/g++.abi/vtable3h.C (test for excess errors)
WARNING: g++.old-deja/g++.abi/vtable3h.C compilation failed to produce executable
FAIL: g++.old-deja/g++.abi/vtable3i.C (internal compiler error)
FAIL: g++.old-deja/g++.abi/vtable3i.C (test for excess errors)
WARNING: g++.old-deja/g++.abi/vtable3i.C compilation failed to produce executable
FAIL: g++.old-deja/g++.abi/vtable3j.C (internal compiler error)
FAIL: g++.old-deja/g++.abi/vtable3j.C (test for excess errors)
WARNING: g++.old-deja/g++.abi/vtable3j.C compilation failed to produce executable
FAIL: g++.old-deja/g++.brendan/misc11.C (internal compiler error)
FAIL: g++.old-deja/g++.brendan/misc11.C (test for excess errors)
FAIL: g++.old-deja/g++.eh/catch3p.C (internal compiler error)
FAIL: g++.old-deja/g++.eh/catch3p.C (test for excess errors)
WARNING: g++.old-deja/g++.eh/catch3p.C compilation failed to produce executable
FAIL: g++.old-deja/g++.eh/catch4p.C (internal compiler error)
FAIL: g++.old-deja/g++.eh/catch4p.C (test for excess errors)
WARNING: g++.old-deja/g++.eh/catch4p.C compilation failed to produce executable
FAIL: g++.old-deja/g++.eh/catch5p.C (internal compiler error)
FAIL: g++.old-deja/g++.eh/catch5p.C (test for excess errors)
WARNING: g++.old-deja/g++.eh/catch5p.C compilation failed to produce executable
FAIL: g++.old-deja/g++.eh/catch6p.C (internal compiler error)
FAIL: g++.old-deja/g++.eh/catch6p.C (test for excess errors)
WARNING: g++.old-deja/g++.eh/catch6p.C compilation failed to produce executable
FAIL: g++.old-deja/g++.eh/catch7p.C (internal compiler error)
FAIL: g++.old-deja/g++.eh/catch7p.C (test for excess errors)
WARNING: g++.old-deja/g++.eh/catch7p.C compilation failed to produce executable
FAIL: g++.old-deja/g++.eh/catch8p.C (internal compiler error)
FAIL: g++.old-deja/g++.eh/catch8p.C (test for excess errors)
WARNING: g++.old-deja/g++.eh/catch8p.C compilation failed to produce executable
FAIL: g++.old-deja/g++.eh/catch9p.C (internal compiler error)
FAIL: g++.old-deja/g++.eh/catch9p.C (test for excess errors)
WARNING: g++.old-deja/g++.eh/catch9p.C compilation failed to produce executable
FAIL: g++.old-deja/g++.eh/vbase3.C (internal compiler error)
FAIL: g++.old-deja/g++.eh/vbase3.C (test for excess errors)
FAIL: g++.old-deja/g++.eh/vbase4.C (internal compiler error)
FAIL: g++.old-deja/g++.eh/vbase4.C (test for excess errors)
WARNING: g++.old-deja/g++.eh/vbase4.C compilation failed to produce executable
FAIL: g++.old-deja/g++.jason/destruct2.C (internal compiler error)
FAIL: g++.old-deja/g++.jason/destruct2.C  (test for bogus messages, line 19)
FAIL: g++.old-deja/g++.jason/destruct3.C (internal compiler error)
FAIL: g++.old-deja/g++.jason/destruct3.C (test for excess errors)
FAIL: g++.old-deja/g++.jason/destruct4.C (internal compiler error)
FAIL: g++.old-deja/g++.jason/destruct4.C (test for excess errors)
FAIL: g++.old-deja/g++.jason/mi.C (internal compiler error)
FAIL: g++.old-deja/g++.jason/mi.C (test for excess errors)
WARNING: g++.old-deja/g++.jason/mi.C compilation failed to produce executable
FAIL: g++.old-deja/g++.jason/overload13.C (internal compiler error)
FAIL: g++.old-deja/g++.jason/overload13.C (test for excess errors)
WARNING: g++.old-deja/g++.jason/overload13.C compilation failed to produce executable
FAIL: g++.old-deja/g++.jason/overload33.C (internal compiler error)
FAIL: g++.old-deja/g++.jason/overload33.C (test for excess errors)
FAIL: g++.old-deja/g++.jason/thunk1.C (internal compiler error)
FAIL: g++.old-deja/g++.jason/thunk1.C (test for excess errors)
WARNING: g++.old-deja/g++.jason/thunk1.C compilation failed to produce executable
FAIL: g++.old-deja/g++.jason/thunk3.C (internal compiler error)
FAIL: g++.old-deja/g++.jason/thunk3.C (test for excess errors)
WARNING: g++.old-deja/g++.jason/thunk3.C compilation failed to produce executable
FAIL: g++.old-deja/g++.jason/virtual.C (internal compiler error)
FAIL: g++.old-deja/g++.jason/virtual.C  (test for bogus messages, line 40)
FAIL: g++.old-deja/g++.law/cvt10.C (internal compiler error)
FAIL: g++.old-deja/g++.law/cvt10.C (test for excess errors)
FAIL: g++.old-deja/g++.law/virtual3.C (internal compiler error)
FAIL: g++.old-deja/g++.law/virtual3.C (test for excess errors)
WARNING: g++.old-deja/g++.law/virtual3.C compilation failed to produce executable
FAIL: g++.old-deja/g++.law/vtable1.C (internal compiler error)
FAIL: g++.old-deja/g++.law/vtable1.C (test for excess errors)
FAIL: g++.old-deja/g++.law/vtable2.C (internal compiler error)
FAIL: g++.old-deja/g++.law/vtable2.C (test for excess errors)
FAIL: g++.old-deja/g++.mike/dyncast5.C (internal compiler error)
FAIL: g++.old-deja/g++.mike/dyncast5.C (test for excess errors)
WARNING: g++.old-deja/g++.mike/dyncast5.C compilation failed to produce executable
FAIL: g++.old-deja/g++.mike/eh46.C (internal compiler error)
FAIL: g++.old-deja/g++.mike/eh46.C (test for excess errors)
FAIL: g++.old-deja/g++.mike/mi1.C (internal compiler error)
FAIL: g++.old-deja/g++.mike/mi1.C (test for excess errors)
WARNING: g++.old-deja/g++.mike/mi1.C compilation failed to produce executable
FAIL: g++.old-deja/g++.mike/mi2.C (internal compiler error)
FAIL: g++.old-deja/g++.mike/mi2.C (test for excess errors)
WARNING: g++.old-deja/g++.mike/mi2.C compilation failed to produce executable
FAIL: g++.old-deja/g++.mike/misc13.C (internal compiler error)
FAIL: g++.old-deja/g++.mike/misc13.C (test for excess errors)
WARNING: g++.old-deja/g++.mike/misc13.C compilation failed to produce executable
FAIL: g++.old-deja/g++.mike/misc8.C (internal compiler error)
FAIL: g++.old-deja/g++.mike/misc8.C (test for excess errors)
FAIL: g++.old-deja/g++.mike/net21.C (internal compiler error)
FAIL: g++.old-deja/g++.mike/net21.C (test for excess errors)
WARNING: g++.old-deja/g++.mike/net21.C compilation failed to produce executable
FAIL: g++.old-deja/g++.mike/net38.C (internal compiler error)
FAIL: g++.old-deja/g++.mike/net38.C (test for excess errors)
WARNING: g++.old-deja/g++.mike/net38.C compilation failed to produce executable
FAIL: g++.old-deja/g++.mike/net39.C (internal compiler error)
FAIL: g++.old-deja/g++.mike/net39.C (test for excess errors)
WARNING: g++.old-deja/g++.mike/net39.C compilation failed to produce executable
FAIL: g++.old-deja/g++.mike/offset1.C (internal compiler error)
FAIL: g++.old-deja/g++.mike/offset1.C (test for excess errors)
WARNING: g++.old-deja/g++.mike/offset1.C compilation failed to produce executable
FAIL: g++.old-deja/g++.mike/p1567.C (internal compiler error)
FAIL: g++.old-deja/g++.mike/p1567.C (test for excess errors)
WARNING: g++.old-deja/g++.mike/p1567.C compilation failed to produce executable
FAIL: g++.old-deja/g++.mike/p16146.C (internal compiler error)
FAIL: g++.old-deja/g++.mike/p16146.C (test for excess errors)
WARNING: g++.old-deja/g++.mike/p16146.C compilation failed to produce executable
FAIL: g++.old-deja/g++.mike/p1862.C (internal compiler error)
FAIL: g++.old-deja/g++.mike/p1862.C (test for excess errors)
WARNING: g++.old-deja/g++.mike/p1862.C compilation failed to produce executable
FAIL: g++.old-deja/g++.mike/p2846b.C (internal compiler error)
FAIL: g++.old-deja/g++.mike/p2846b.C (test for excess errors)
WARNING: g++.old-deja/g++.mike/p2846b.C compilation failed to produce executable
FAIL: g++.old-deja/g++.mike/p2960.C (internal compiler error)
FAIL: g++.old-deja/g++.mike/p2960.C (test for excess errors)
WARNING: g++.old-deja/g++.mike/p2960.C compilation failed to produce executable
FAIL: g++.old-deja/g++.mike/p3041.C (internal compiler error)
FAIL: g++.old-deja/g++.mike/p3041.C (test for excess errors)
WARNING: g++.old-deja/g++.mike/p3041.C compilation failed to produce executable
FAIL: g++.old-deja/g++.mike/p3068.C (internal compiler error)
FAIL: g++.old-deja/g++.mike/p3068.C (test for excess errors)
WARNING: g++.old-deja/g++.mike/p3068.C compilation failed to produce executable
FAIL: g++.old-deja/g++.mike/p3139.C (internal compiler error)
FAIL: g++.old-deja/g++.mike/p3139.C (test for excess errors)
WARNING: g++.old-deja/g++.mike/p3139.C compilation failed to produce executable
FAIL: g++.old-deja/g++.mike/p3708.C (internal compiler error)
FAIL: g++.old-deja/g++.mike/p3708.C (test for excess errors)
WARNING: g++.old-deja/g++.mike/p3708.C compilation failed to produce executable
FAIL: g++.old-deja/g++.mike/p3708a.C (internal compiler error)
FAIL: g++.old-deja/g++.mike/p3708a.C (test for excess errors)
WARNING: g++.old-deja/g++.mike/p3708a.C compilation failed to produce executable
FAIL: g++.old-deja/g++.mike/p3708b.C (internal compiler error)
FAIL: g++.old-deja/g++.mike/p3708b.C (test for excess errors)
WARNING: g++.old-deja/g++.mike/p3708b.C compilation failed to produce executable
FAIL: g++.old-deja/g++.mike/p4246.C (internal compiler error)
FAIL: g++.old-deja/g++.mike/p4246.C (test for excess errors)
WARNING: g++.old-deja/g++.mike/p4246.C compilation failed to produce executable
FAIL: g++.old-deja/g++.mike/p4511.C (internal compiler error)
FAIL: g++.old-deja/g++.mike/p4511.C (test for excess errors)
WARNING: g++.old-deja/g++.mike/p4511.C compilation failed to produce executable
FAIL: g++.old-deja/g++.mike/p4693.C (internal compiler error)
FAIL: g++.old-deja/g++.mike/p4693.C (test for excess errors)
FAIL: g++.old-deja/g++.mike/p4736a.C (internal compiler error)
FAIL: g++.old-deja/g++.mike/p4736a.C (test for excess errors)
WARNING: g++.old-deja/g++.mike/p4736a.C compilation failed to produce executable
FAIL: g++.old-deja/g++.mike/p4736b.C (internal compiler error)
FAIL: g++.old-deja/g++.mike/p4736b.C (test for excess errors)
WARNING: g++.old-deja/g++.mike/p4736b.C compilation failed to produce executable
FAIL: g++.old-deja/g++.mike/p4736c.C (internal compiler error)
FAIL: g++.old-deja/g++.mike/p4736c.C (test for excess errors)
WARNING: g++.old-deja/g++.mike/p4736c.C compilation failed to produce executable
FAIL: g++.old-deja/g++.mike/p6610a.C (internal compiler error)
FAIL: g++.old-deja/g++.mike/p6610a.C (test for excess errors)
WARNING: g++.old-deja/g++.mike/p6610a.C compilation failed to produce executable
FAIL: g++.old-deja/g++.mike/p6610b.C (internal compiler error)
FAIL: g++.old-deja/g++.mike/p6610b.C (test for excess errors)
WARNING: g++.old-deja/g++.mike/p6610b.C compilation failed to produce executable
FAIL: g++.old-deja/g++.mike/pmf2.C (internal compiler error)
FAIL: g++.old-deja/g++.mike/pmf2.C (test for excess errors)
WARNING: g++.old-deja/g++.mike/pmf2.C compilation failed to produce executable
FAIL: g++.old-deja/g++.mike/rtti3.C (internal compiler error)
FAIL: g++.old-deja/g++.mike/rtti3.C (test for excess errors)
WARNING: g++.old-deja/g++.mike/rtti3.C compilation failed to produce executable
FAIL: g++.old-deja/g++.mike/thunk1.C (internal compiler error)
FAIL: g++.old-deja/g++.mike/thunk1.C (test for excess errors)
FAIL: g++.old-deja/g++.mike/virt1.C (internal compiler error)
FAIL: g++.old-deja/g++.mike/virt1.C (test for excess errors)
FAIL: g++.old-deja/g++.mike/virt2.C (internal compiler error)
FAIL: g++.old-deja/g++.mike/virt2.C (test for excess errors)
WARNING: g++.old-deja/g++.mike/virt2.C compilation failed to produce executable
FAIL: g++.old-deja/g++.mike/virt4.C (internal compiler error)
FAIL: g++.old-deja/g++.mike/virt4.C (test for excess errors)
WARNING: g++.old-deja/g++.mike/virt4.C compilation failed to produce executable
FAIL: g++.old-deja/g++.mike/virt5.C (internal compiler error)
FAIL: g++.old-deja/g++.mike/virt5.C (test for excess errors)
WARNING: g++.old-deja/g++.mike/virt5.C compilation failed to produce executable
FAIL: g++.old-deja/g++.mike/virt6.C (internal compiler error)
FAIL: g++.old-deja/g++.mike/virt6.C (test for excess errors)
WARNING: g++.old-deja/g++.mike/virt6.C compilation failed to produce executable
FAIL: g++.old-deja/g++.oliva/thunk1.C (internal compiler error)
FAIL: g++.old-deja/g++.oliva/thunk1.C (test for excess errors)
WARNING: g++.old-deja/g++.oliva/thunk1.C compilation failed to produce executable
FAIL: g++.old-deja/g++.other/dtor9.C (internal compiler error)
FAIL: g++.old-deja/g++.other/dtor9.C (test for excess errors)
WARNING: g++.old-deja/g++.other/dtor9.C compilation failed to produce executable
FAIL: g++.old-deja/g++.other/dyncast1.C (internal compiler error)
FAIL: g++.old-deja/g++.other/dyncast1.C (test for excess errors)
WARNING: g++.old-deja/g++.other/dyncast1.C compilation failed to produce executable
FAIL: g++.old-deja/g++.other/dyncast2.C (internal compiler error)
FAIL: g++.old-deja/g++.other/dyncast2.C (test for excess errors)
WARNING: g++.old-deja/g++.other/dyncast2.C compilation failed to produce executable
FAIL: g++.old-deja/g++.other/dyncast3.C (internal compiler error)
FAIL: g++.old-deja/g++.other/dyncast3.C (test for excess errors)
WARNING: g++.old-deja/g++.other/dyncast3.C compilation failed to produce executable
FAIL: g++.old-deja/g++.other/dyncast5.C (internal compiler error)
FAIL: g++.old-deja/g++.other/dyncast5.C (test for excess errors)
WARNING: g++.old-deja/g++.other/dyncast5.C compilation failed to produce executable
FAIL: g++.old-deja/g++.other/local1.C (internal compiler error)
FAIL: g++.old-deja/g++.other/local1.C (test for excess errors)
FAIL: g++.old-deja/g++.other/optimize2.C (internal compiler error)
FAIL: g++.old-deja/g++.other/optimize2.C (test for excess errors)
WARNING: g++.old-deja/g++.other/optimize2.C compilation failed to produce executable
FAIL: g++.old-deja/g++.other/pmf4.C (internal compiler error)
FAIL: g++.old-deja/g++.other/pmf4.C (test for excess errors)
WARNING: g++.old-deja/g++.other/pmf4.C compilation failed to produce executable
FAIL: g++.old-deja/g++.other/thunk1.C (internal compiler error)
FAIL: g++.old-deja/g++.other/thunk1.C (test for excess errors)
WARNING: g++.old-deja/g++.other/thunk1.C compilation failed to produce executable
FAIL: g++.old-deja/g++.other/vbase4.C (internal compiler error)
FAIL: g++.old-deja/g++.other/vbase4.C (test for excess errors)
FAIL: g++.old-deja/g++.other/vbase5.C (internal compiler error)
FAIL: g++.old-deja/g++.other/vbase5.C (test for excess errors)
WARNING: g++.old-deja/g++.other/vbase5.C compilation failed to produce executable
FAIL: g++.old-deja/g++.other/vtbl2.C (internal compiler error)
FAIL: g++.old-deja/g++.other/vtbl2.C (test for excess errors)
WARNING: g++.old-deja/g++.other/vtbl2.C compilation failed to produce executable
FAIL: g++.old-deja/g++.pt/mi1.C (internal compiler error)
FAIL: g++.old-deja/g++.pt/mi1.C (test for excess errors)
WARNING: g++.old-deja/g++.pt/mi1.C compilation failed to produce executable
FAIL: g++.old-deja/g++.pt/repo3.C (internal compiler error)
FAIL: g++.old-deja/g++.pt/repo3.C (test for excess errors)
FAIL: g++.old-deja/g++.pt/virtual1.C (internal compiler error)
FAIL: g++.old-deja/g++.pt/virtual1.C (test for excess errors)
WARNING: g++.old-deja/g++.pt/virtual1.C compilation failed to produce executable
FAIL: g++.old-deja/g++.robertl/eb17.C (internal compiler error)
FAIL: g++.old-deja/g++.robertl/eb17.C (test for excess errors)
WARNING: g++.old-deja/g++.robertl/eb17.C compilation failed to produce executable
FAIL: g++.old-deja/g++.robertl/eb30.C (internal compiler error)
FAIL: g++.old-deja/g++.robertl/eb30.C (test for excess errors)
FAIL: g++.old-deja/g++.robertl/eb52.C (internal compiler error)
FAIL: g++.old-deja/g++.robertl/eb52.C (test for excess errors)

		=== g++ Summary ===

# of expected passes		14549
# of unexpected failures	259
# of expected failures		81
# of unresolved testcases	4
# of unsupported tests		135
/home/build/gcc-build/gcc/testsuite/g++/../../g++  version 4.3.0 20070511 (experimental)

		=== gcc tests ===


Running target unix
WARNING: program timed out.
FAIL: gcc.c-torture/compile/20001226-1.c  -O1  (test for excess errors)
WARNING: program timed out.
FAIL: gcc.c-torture/compile/20001226-1.c  -O2  (test for excess errors)
WARNING: program timed out.
FAIL: gcc.c-torture/compile/20001226-1.c  -O3 -fomit-frame-pointer  (test for excess errors)
WARNING: program timed out.
FAIL: gcc.c-torture/compile/20001226-1.c  -O3 -g  (test for excess errors)
WARNING: program timed out.
FAIL: gcc.c-torture/compile/20001226-1.c  -Os  (test for excess errors)
WARNING: program timed out.
FAIL: gcc.c-torture/compile/limits-fnargs.c  -O2  (test for excess errors)
WARNING: program timed out.
FAIL: gcc.c-torture/compile/limits-fnargs.c  -O3 -fomit-frame-pointer  (test for excess errors)
WARNING: program timed out.
FAIL: gcc.c-torture/compile/limits-fnargs.c  -O3 -g  (test for excess errors)
WARNING: program timed out.
FAIL: gcc.c-torture/compile/limits-fnargs.c  -Os  (test for excess errors)
FAIL: gcc.c-torture/execute/mayalias-2.c compilation,  -O3 -g  (internal compiler error)
UNRESOLVED: gcc.c-torture/execute/mayalias-2.c execution,  -O3 -g 
FAIL: gcc.c-torture/execute/mayalias-3.c compilation,  -O3 -g  (internal compiler error)
UNRESOLVED: gcc.c-torture/execute/mayalias-3.c execution,  -O3 -g 
XPASS: gcc.dg/cpp/cmdlne-dI-M.c scan-file (^|\\\\n)cmdlne-dI-M.*:[^\\\\n]*cmdlne-dI-M.c
XPASS: gcc.dg/cpp/cmdlne-dM-M.c scan-file (^|\\\\n)cmdlne-dM-M[^\\\\n]*:[^\\\\n]*cmdlne-dM-M.c
FAIL: gcc.dg/attr-alias-3.c (test for excess errors)
FAIL: gcc.dg/memcpy-1.c scan-tree-dump-times nasty_local 0
FAIL: gcc.dg/pr30957-1.c scan-rtl-dump Expanding Accumulator
FAIL: gcc.dg/var-expand1.c scan-rtl-dump Expanding Accumulator
XPASS: gcc.dg/tree-ssa/20040204-1.c scan-tree-dump-times link_error 0
XPASS: gcc.dg/tree-ssa/update-threading.c scan-tree-dump-times Invalid sum 0

		=== gcc Summary ===

# of expected passes		42775
# of unexpected failures	15
# of unexpected successes	4
# of expected failures		73
# of unresolved testcases	2
# of untested testcases		28
# of unsupported tests		387
/home/build/gcc-build/gcc/xgcc  version 4.3.0 20070511 (experimental)

		=== libffi tests ===


Running target unix

		=== libffi Summary ===

# of expected passes		1096
# of unsupported tests		8
		=== libgomp tests ===


Running target unix

		=== libgomp Summary ===

# of expected passes		472
# of unsupported tests		9
		=== libjava tests ===


Running target unix
FAIL: PR16923 run
WARNING: program timed out.
FAIL: getstacktrace run

		=== libjava Summary ===

# of expected passes		2534
# of unexpected failures	2
# of untested testcases		2
		=== libstdc++ tests ===


Running target unix
FAIL: abi_check
FAIL: 21_strings/basic_string/inserters_extractors/pod/10081-in.cc (test for excess errors)
WARNING: 21_strings/basic_string/inserters_extractors/pod/10081-in.cc compilation failed to produce executable
FAIL: 21_strings/basic_string/inserters_extractors/pod/10081-out.cc (test for excess errors)
WARNING: 21_strings/basic_string/inserters_extractors/pod/10081-out.cc compilation failed to produce executable
FAIL: 22_locale/numpunct/members/pod/2.cc (test for excess errors)
WARNING: 22_locale/numpunct/members/pod/2.cc compilation failed to produce executable
FAIL: 26_numerics/complex/inserters_extractors/char/1.cc (test for excess errors)
WARNING: 26_numerics/complex/inserters_extractors/char/1.cc compilation failed to produce executable
FAIL: 26_numerics/complex/inserters_extractors/wchar_t/1.cc (test for excess errors)
WARNING: 26_numerics/complex/inserters_extractors/wchar_t/1.cc compilation failed to produce executable
XPASS: 26_numerics/headers/cmath/c99_classification_macros_c.cc (test for excess errors)
FAIL: 27_io/basic_fstream/cons/3.cc (test for excess errors)
WARNING: 27_io/basic_fstream/cons/3.cc compilation failed to produce executable
FAIL: 27_io/basic_fstream/requirements/explicit_instantiation.cc (test for excess errors)
FAIL: 27_io/basic_ifstream/cons/2020.cc (test for excess errors)
WARNING: 27_io/basic_ifstream/cons/2020.cc compilation failed to produce executable
FAIL: 27_io/basic_ifstream/requirements/explicit_instantiation.cc (test for excess errors)
FAIL: 27_io/basic_ios/cons/char/3.cc (test for excess errors)
WARNING: 27_io/basic_ios/cons/char/3.cc compilation failed to produce executable
FAIL: 27_io/basic_ios/imbue/14072.cc (test for excess errors)
WARNING: 27_io/basic_ios/imbue/14072.cc compilation failed to produce executable
FAIL: 27_io/basic_iostream/cons/2020.cc (test for excess errors)
WARNING: 27_io/basic_iostream/cons/2020.cc compilation failed to produce executable
FAIL: 27_io/basic_iostream/requirements/explicit_instantiation.cc (test for excess errors)
FAIL: 27_io/basic_istream/cons/3.cc (test for excess errors)
WARNING: 27_io/basic_istream/cons/3.cc compilation failed to produce executable
FAIL: 27_io/basic_istream/extractors_arithmetic/pod/3983-1.cc (test for excess errors)
WARNING: 27_io/basic_istream/extractors_arithmetic/pod/3983-1.cc compilation failed to produce executable
FAIL: 27_io/basic_istream/extractors_character/char/9826.cc (test for excess errors)
FAIL: 27_io/basic_istream/extractors_character/pod/3983-2.cc (test for excess errors)
WARNING: 27_io/basic_istream/extractors_character/pod/3983-2.cc compilation failed to produce executable
FAIL: 27_io/basic_istream/extractors_other/pod/3983-3.cc (test for excess errors)
WARNING: 27_io/basic_istream/extractors_other/pod/3983-3.cc compilation failed to produce executable
FAIL: 27_io/basic_istream/requirements/explicit_instantiation.cc (test for excess errors)
FAIL: 27_io/basic_istream/sentry/pod/1.cc (test for excess errors)
WARNING: 27_io/basic_istream/sentry/pod/1.cc compilation failed to produce executable
FAIL: 27_io/basic_istringstream/cons/2020.cc (test for excess errors)
WARNING: 27_io/basic_istringstream/cons/2020.cc compilation failed to produce executable
FAIL: 27_io/basic_istringstream/requirements/explicit_instantiation.cc (test for excess errors)
FAIL: 27_io/basic_ofstream/cons/2020.cc (test for excess errors)
WARNING: 27_io/basic_ofstream/cons/2020.cc compilation failed to produce executable
FAIL: 27_io/basic_ofstream/requirements/explicit_instantiation.cc (test for excess errors)
FAIL: 27_io/basic_ostream/cons/2020.cc (test for excess errors)
WARNING: 27_io/basic_ostream/cons/2020.cc compilation failed to produce executable
FAIL: 27_io/basic_ostream/inserters_arithmetic/pod/23875.cc (test for excess errors)
WARNING: 27_io/basic_ostream/inserters_arithmetic/pod/23875.cc compilation failed to produce executable
FAIL: 27_io/basic_ostream/requirements/explicit_instantiation.cc (test for excess errors)
FAIL: 27_io/basic_ostream/sentry/pod/1.cc (test for excess errors)
WARNING: 27_io/basic_ostream/sentry/pod/1.cc compilation failed to produce executable
FAIL: 27_io/basic_ostringstream/cons/2020.cc (test for excess errors)
WARNING: 27_io/basic_ostringstream/cons/2020.cc compilation failed to produce executable
FAIL: 27_io/basic_ostringstream/requirements/explicit_instantiation.cc (test for excess errors)
FAIL: 27_io/basic_ostringstream/str/char/2.cc (test for excess errors)
WARNING: 27_io/basic_ostringstream/str/char/2.cc compilation failed to produce executable
FAIL: 27_io/basic_ostringstream/str/wchar_t/2.cc (test for excess errors)
WARNING: 27_io/basic_ostringstream/str/wchar_t/2.cc compilation failed to produce executable
FAIL: 27_io/basic_stringstream/cons/2020.cc (test for excess errors)
WARNING: 27_io/basic_stringstream/cons/2020.cc compilation failed to produce executable
FAIL: 27_io/basic_stringstream/requirements/explicit_instantiation.cc (test for excess errors)
WARNING: program timed out.
FAIL: ext/pb_ds/regression/hash_data_map_rand.cc (test for excess errors)
WARNING: ext/pb_ds/regression/hash_data_map_rand.cc compilation failed to produce executable
WARNING: program timed out.
FAIL: ext/pb_ds/regression/hash_no_data_map_rand.cc (test for excess errors)
WARNING: ext/pb_ds/regression/hash_no_data_map_rand.cc compilation failed to produce executable
WARNING: program timed out.
FAIL: ext/pb_ds/regression/priority_queue_rand.cc (test for excess errors)
WARNING: ext/pb_ds/regression/priority_queue_rand.cc compilation failed to produce executable
WARNING: program timed out.
FAIL: ext/pb_ds/regression/tree_data_map_rand.cc (test for excess errors)
WARNING: ext/pb_ds/regression/tree_data_map_rand.cc compilation failed to produce executable
WARNING: program timed out.
FAIL: ext/pb_ds/regression/tree_no_data_map_rand.cc (test for excess errors)
WARNING: ext/pb_ds/regression/tree_no_data_map_rand.cc compilation failed to produce executable
WARNING: program timed out.
FAIL: ext/pb_ds/regression/trie_data_map_rand.cc (test for excess errors)
WARNING: ext/pb_ds/regression/trie_data_map_rand.cc compilation failed to produce executable
WARNING: program timed out.
FAIL: ext/pb_ds/regression/trie_no_data_map_rand.cc (test for excess errors)
WARNING: ext/pb_ds/regression/trie_no_data_map_rand.cc compilation failed to produce executable
WARNING: program timed out.
FAIL: tr1/5_numerical_facilities/special_functions/20_riemann_zeta/check_value_neg.cc execution test
WARNING: program timed out.
FAIL: tr1/5_numerical_facilities/special_functions/20_riemann_zeta/check_value_pos.cc execution test

		=== libstdc++ Summary ===

# of expected passes		4285
# of unexpected failures	44
# of unexpected successes	1
# of expected failures		69
# of unsupported tests		316

Compiler version: 4.3.0 20070511 (experimental) 
Platform: mipsel-unknown-linux-gnu
configure flags: --with-arch=mips32 --with-float=soft --disable-java-awt --without-x --disable-tls --enable-__cxa_atexit --disable-jvmpi --disable-static --disable-libmudflap --enable-languages=c,c++,java


Index Nav: [Date Index] [Subject Index] [Author Index] [Thread Index]
Message Nav: [Date Prev] [Date Next] [Thread Prev] [Thread Next]