This is the mail archive of the gcc-testresults@gcc.gnu.org mailing list for the GCC project.


Index Nav: [Date Index] [Subject Index] [Author Index] [Thread Index]
Message Nav: [Date Prev] [Date Next] [Thread Prev] [Thread Next]
Other format: [Raw text]

Results for 4.1.3 20070510 (prerelease) gcc testsuite on powerpc-unknown-eabisim


Ubuntu 5 on pentium3-smp
cross tool versions:
GNU assembler (GNU Binutils) 2.17.50.20070506
GNU gdb 6.6.50.20070506-cvs
GNU ld (GNU Binutils) 2.17.50.20070506

GNU Make 3.80
expect version 5.42.1
host gcc version: gcc (GCC) 4.3.0 20070510 (experimental)
LAST_UPDATED: Thu May 10 22:08:03 UTC 2007 (revision 124603)

Target is powerpc-unknown-eabisim
Host   is i686-pc-linux-gnu

		=== gcc tests ===


Running target powerpc-sim
FAIL: gcc.c-torture/execute/920726-1.c execution,  -O2 
FAIL: gcc.c-torture/execute/920726-1.c execution,  -O3 -fomit-frame-pointer 
FAIL: gcc.c-torture/execute/920726-1.c execution,  -O3 -g 
FAIL: gcc.c-torture/execute/ieee/inf-1.c execution,  -O0 
FAIL: gcc.dg/cpp/assert4.c (test for excess errors)
FAIL: gcc.dg/20020103-1.c scan-assembler-not LC[0-9]
FAIL: gcc.dg/ia64-sync-1.c execution test
FAIL: gcc.target/powerpc/20020118-1.c execution test
FAIL: gcc.target/powerpc/20030218-1.c  (test for errors, line 21)
FAIL: gcc.target/powerpc/altivec-1.c execution test
FAIL: gcc.target/powerpc/altivec-12.c execution test
FAIL: gcc.target/powerpc/altivec-3.c execution test
FAIL: gcc.target/powerpc/altivec-consts.c execution test
FAIL: gcc.target/powerpc/altivec-varargs-1.c execution test
FAIL: gcc.target/powerpc/altivec-vec-merge.c execution test
FAIL: gcc.target/powerpc/darwin-longlong.c execution test
FAIL: gcc.target/powerpc/pr18096-1.c stack frame too large (test for warnings, line 11)
FAIL: gcc.target/powerpc/pr18096-1.c (test for excess errors)
FAIL: gcc.target/powerpc/spe1.c (test for excess errors)

		=== gcc Summary ===

# of expected passes		39102
# of unexpected failures	19
# of expected failures		99
# of untested testcases		28
# of unsupported tests		368
/n/b01/mstein/sim-gcc05/powerpc-eabisim/build/gcc/xgcc  version 4.1.3 20070510 (prerelease)


Compiler version: 4.1.3 20070510 (prerelease) gcc 
Platform: powerpc-unknown-eabisim
configure flags: --target=powerpc-eabisim --prefix=/n/07/mstein/cross-local/powerpc-eabisim --disable-nls --disable-build-warnings --with-ld=/n/07/mstein/cross-local/powerpc-eabisim/bin/powerpc-eabisim-ld --with-as=/n/07/mstein/cross-local/powerpc-eabisim/bin/powerpc-eabisim-as --disable-libssp --enable-languages=c


Index Nav: [Date Index] [Subject Index] [Author Index] [Thread Index]
Message Nav: [Date Prev] [Date Next] [Thread Prev] [Thread Next]