This is the mail archive of the gcc-testresults@gcc.gnu.org mailing list for the GCC project.


Index Nav: [Date Index] [Subject Index] [Author Index] [Thread Index]
Message Nav: [Date Prev] [Date Next] [Thread Prev] [Thread Next]
Other format: [Raw text]

Results for 4.3.0 20070510 (experimental) testsuite on powerpc64-unknown-linux-gnu


Linux 2.6.5-7.252-pseries64 ppc64
GNU C Library stable release version 2.3.5 (20050720)
GNU ld version 2.17
GNU assembler 2.17
GNU Make 3.80

DejaGnu:
	Expect version is	5.43.0
	Tcl version is		8.4
	Framework version is	1.4.4

32-bit biarch default32

SVN branch: trunk

This hardware has VMX instructions.

LAST_UPDATED: Thu May 10 01:15:50 UTC 2007 (revision 124590)

Native configuration is powerpc64-unknown-linux-gnu

		=== g++ tests ===


Running target unix/-m32

		=== g++ Summary for unix/-m32 ===

# of expected passes		15727
# of expected failures		81
# of unsupported tests		107

Running target unix/-m64

		=== g++ Summary for unix/-m64 ===

# of expected passes		15689
# of expected failures		81
# of unsupported tests		110

		=== g++ Summary ===

# of expected passes		31416
# of expected failures		162
# of unsupported tests		217
/extra_space/gccbuild/build/nightly/build-gcc-trunk/gcc/testsuite/g++/../../g++  version 4.3.0 20070510 (experimental)

		=== gcc tests ===


Running target unix/-m32
FAIL: gcc.c-torture/execute/mayalias-2.c compilation,  -O3 -g  (internal compiler error)
UNRESOLVED: gcc.c-torture/execute/mayalias-2.c execution,  -O3 -g 
FAIL: gcc.c-torture/execute/mayalias-3.c compilation,  -O3 -g  (internal compiler error)
UNRESOLVED: gcc.c-torture/execute/mayalias-3.c execution,  -O3 -g 
FAIL: gcc.dg/memcpy-1.c scan-tree-dump-times nasty_local 0
XPASS: gcc.dg/tree-ssa/update-threading.c scan-tree-dump-times Invalid sum 0

		=== gcc Summary for unix/-m32 ===

# of expected passes		46572
# of unexpected failures	3
# of unexpected successes	1
# of expected failures		124
# of unresolved testcases	2
# of untested testcases		28
# of unsupported tests		408

Running target unix/-m64
WARNING: program timed out.
FAIL: gcc.c-torture/compile/limits-fndefn.c  -O1  (test for excess errors)
WARNING: program timed out.
FAIL: gcc.c-torture/compile/limits-fndefn.c  -O2  (test for excess errors)
WARNING: program timed out.
FAIL: gcc.c-torture/compile/limits-fndefn.c  -O3 -fomit-frame-pointer  (test for excess errors)
WARNING: program timed out.
FAIL: gcc.c-torture/compile/limits-fndefn.c  -O3 -g  (test for excess errors)
WARNING: program timed out.
FAIL: gcc.c-torture/compile/limits-fndefn.c  -Os  (test for excess errors)
FAIL: gcc.c-torture/execute/mayalias-2.c compilation,  -O3 -g  (internal compiler error)
UNRESOLVED: gcc.c-torture/execute/mayalias-2.c execution,  -O3 -g 
FAIL: gcc.c-torture/execute/mayalias-3.c compilation,  -O3 -g  (internal compiler error)
UNRESOLVED: gcc.c-torture/execute/mayalias-3.c execution,  -O3 -g 
XPASS: gcc.dg/tree-ssa/sra-2.c scan-tree-dump-times link_error 0
XPASS: gcc.dg/tree-ssa/update-threading.c scan-tree-dump-times Invalid sum 0
FAIL: gcc.target/powerpc/ppc-negeq0-1.c scan-assembler-not cntlzw

		=== gcc Summary for unix/-m64 ===

# of expected passes		46407
# of unexpected failures	8
# of unexpected successes	2
# of expected failures		124
# of unresolved testcases	2
# of untested testcases		28
# of unsupported tests		478

		=== gcc Summary ===

# of expected passes		92979
# of unexpected failures	11
# of unexpected successes	3
# of expected failures		248
# of unresolved testcases	4
# of untested testcases		56
# of unsupported tests		886
/extra_space/gccbuild/build/nightly/build-gcc-trunk/gcc/xgcc  version 4.3.0 20070510 (experimental)

		=== gfortran tests ===


Running target unix/-m32
FAIL: gfortran.dg/csqrt_2.f  -O0  execution test
FAIL: gfortran.dg/csqrt_2.f  -O1  execution test
FAIL: gfortran.dg/csqrt_2.f  -O2  execution test
FAIL: gfortran.dg/csqrt_2.f  -O3 -fomit-frame-pointer  execution test
FAIL: gfortran.dg/csqrt_2.f  -O3 -fomit-frame-pointer -funroll-loops  execution test
FAIL: gfortran.dg/csqrt_2.f  -O3 -fomit-frame-pointer -funroll-all-loops -finline-functions  execution test
FAIL: gfortran.dg/csqrt_2.f  -O3 -g  execution test
FAIL: gfortran.dg/csqrt_2.f  -Os  execution test
FAIL: gfortran.fortran-torture/execute/st_function.f90,  -O1  (internal compiler error)
FAIL: gfortran.fortran-torture/execute/st_function.f90,  -O2  (internal compiler error)
FAIL: gfortran.fortran-torture/execute/st_function.f90,  -O3 -fomit-frame-pointer  (internal compiler error)
FAIL: gfortran.fortran-torture/execute/st_function.f90,  -O3 -fomit-frame-pointer -funroll-loops  (internal compiler error)
FAIL: gfortran.fortran-torture/execute/st_function.f90,  -O3 -fomit-frame-pointer -funroll-all-loops -finline-functions  (internal compiler error)
FAIL: gfortran.fortran-torture/execute/st_function.f90,  -O3 -g  (internal compiler error)
FAIL: gfortran.fortran-torture/execute/st_function.f90,  -Os  (internal compiler error)

		=== gfortran Summary for unix/-m32 ===

# of expected passes		17614
# of unexpected failures	15
# of expected failures		8
# of unsupported tests		92

Running target unix/-m64
FAIL: gfortran.dg/csqrt_2.f  -O0  execution test
FAIL: gfortran.dg/csqrt_2.f  -O1  execution test
FAIL: gfortran.dg/csqrt_2.f  -O2  execution test
FAIL: gfortran.dg/csqrt_2.f  -O3 -fomit-frame-pointer  execution test
FAIL: gfortran.dg/csqrt_2.f  -O3 -fomit-frame-pointer -funroll-loops  execution test
FAIL: gfortran.dg/csqrt_2.f  -O3 -fomit-frame-pointer -funroll-all-loops -finline-functions  execution test
FAIL: gfortran.dg/csqrt_2.f  -O3 -g  execution test
FAIL: gfortran.dg/csqrt_2.f  -Os  execution test
FAIL: gfortran.fortran-torture/execute/st_function.f90,  -O1  (internal compiler error)
FAIL: gfortran.fortran-torture/execute/st_function.f90,  -O2  (internal compiler error)
FAIL: gfortran.fortran-torture/execute/st_function.f90,  -O3 -fomit-frame-pointer  (internal compiler error)
FAIL: gfortran.fortran-torture/execute/st_function.f90,  -O3 -fomit-frame-pointer -funroll-loops  (internal compiler error)
FAIL: gfortran.fortran-torture/execute/st_function.f90,  -O3 -fomit-frame-pointer -funroll-all-loops -finline-functions  (internal compiler error)
FAIL: gfortran.fortran-torture/execute/st_function.f90,  -O3 -g  (internal compiler error)
FAIL: gfortran.fortran-torture/execute/st_function.f90,  -Os  (internal compiler error)

		=== gfortran Summary for unix/-m64 ===

# of expected passes		17646
# of unexpected failures	15
# of expected failures		8
# of unsupported tests		76

		=== gfortran Summary ===

# of expected passes		35260
# of unexpected failures	30
# of expected failures		16
# of unsupported tests		168
/extra_space/gccbuild/build/nightly/build-gcc-trunk/gcc/testsuite/gfortran/../../gfortran  version 4.3.0 20070510 (experimental)

		=== libgomp tests ===


Running target unix/-m32

		=== libgomp Summary for unix/-m32 ===

# of expected passes		1566

Running target unix/-m64

		=== libgomp Summary for unix/-m64 ===

# of expected passes		1566

		=== libgomp Summary ===

# of expected passes		3132
		=== libmudflap tests ===


Running target unix/-m32
FAIL: libmudflap.c++/pass41-frag.cxx execution test
FAIL: libmudflap.c++/pass41-frag.cxx (-static) execution test
FAIL: libmudflap.c++/pass41-frag.cxx ( -O) execution test
FAIL: libmudflap.c++/pass41-frag.cxx (-O2) execution test
FAIL: libmudflap.c++/pass41-frag.cxx (-O3) execution test
WARNING: program timed out.
FAIL: libmudflap.cth/pass37-frag.c (-O2) (rerun 9) execution test
FAIL: libmudflap.cth/pass37-frag.c (-O2) (rerun 9) output pattern test

		=== libmudflap Summary for unix/-m32 ===

# of expected passes		1819
# of unexpected failures	7

Running target unix/-m64
FAIL: libmudflap.c/fail27-frag.c output pattern test
FAIL: libmudflap.c/fail27-frag.c (-O2) output pattern test
FAIL: libmudflap.c/fail27-frag.c (-O3) output pattern test
FAIL: libmudflap.c++/pass41-frag.cxx execution test
FAIL: libmudflap.c++/pass41-frag.cxx (-static) execution test
FAIL: libmudflap.c++/pass41-frag.cxx ( -O) execution test
FAIL: libmudflap.c++/pass41-frag.cxx (-O2) execution test
FAIL: libmudflap.c++/pass41-frag.cxx (-O3) execution test
WARNING: program timed out.
FAIL: libmudflap.cth/pass37-frag.c (rerun 13) execution test
FAIL: libmudflap.cth/pass37-frag.c (rerun 13) output pattern test
WARNING: program timed out.
FAIL: libmudflap.cth/pass37-frag.c (rerun 14) execution test
FAIL: libmudflap.cth/pass37-frag.c (rerun 14) output pattern test
WARNING: program timed out.
FAIL: libmudflap.cth/pass37-frag.c (rerun 15) execution test
FAIL: libmudflap.cth/pass37-frag.c (rerun 15) output pattern test
WARNING: program timed out.
FAIL: libmudflap.cth/pass39-frag.c execution test
FAIL: libmudflap.cth/pass39-frag.c output pattern test
WARNING: program timed out.
FAIL: libmudflap.cth/pass39-frag.c (rerun 1) execution test
FAIL: libmudflap.cth/pass39-frag.c (rerun 1) output pattern test
WARNING: program timed out.
FAIL: libmudflap.cth/pass39-frag.c (rerun 2) execution test
FAIL: libmudflap.cth/pass39-frag.c (rerun 2) output pattern test
WARNING: program timed out.
FAIL: libmudflap.cth/pass39-frag.c (rerun 14) execution test
FAIL: libmudflap.cth/pass39-frag.c (rerun 14) output pattern test
WARNING: program timed out.
FAIL: libmudflap.cth/pass37-frag.c (-static -DSTATIC) (rerun 5) execution test
FAIL: libmudflap.cth/pass37-frag.c (-static -DSTATIC) (rerun 5) output pattern test
WARNING: program timed out.
FAIL: libmudflap.cth/pass39-frag.c (-static -DSTATIC) (rerun 1) execution test
FAIL: libmudflap.cth/pass39-frag.c (-static -DSTATIC) (rerun 1) output pattern test

		=== libmudflap Summary for unix/-m64 ===

# of expected passes		1800
# of unexpected failures	26

		=== libmudflap Summary ===

# of expected passes		3619
# of unexpected failures	33
		=== libstdc++ tests ===


Running target unix/-m32
FAIL: abi_check
XPASS: 26_numerics/headers/cmath/c99_classification_macros_c.cc (test for excess errors)

		=== libstdc++ Summary for unix/-m32 ===

# of expected passes		4983
# of unexpected failures	1
# of unexpected successes	1
# of expected failures		69

Running target unix/-m64
FAIL: abi_check
XPASS: 26_numerics/headers/cmath/c99_classification_macros_c.cc (test for excess errors)
XPASS: 27_io/fpos/14320-1.cc execution test

		=== libstdc++ Summary for unix/-m64 ===

# of expected passes		4983
# of unexpected failures	1
# of unexpected successes	2
# of expected failures		68

		=== libstdc++ Summary ===

# of expected passes		9966
# of unexpected failures	2
# of unexpected successes	3
# of expected failures		137

Compiler version: 4.3.0 20070510 (experimental) 
Platform: powerpc64-unknown-linux-gnu
configure flags: --prefix=/opt/gcc-nightly/trunk-20070510 --build=powerpc64-linux --host=powerpc64-linux --target=powerpc64-linux --with-cpu=default32 --with-as=/opt/gcc-nightly/binutils-2.17/bin/as --with-ld=/opt/gcc-nightly/binutils-2.17/bin/ld --enable-threads=posix --enable-shared --enable-__cxa_atexit --enable-languages=c,c++,fortran --enable-checking --disable-alsa --with-gmp=/opt/gcc-nightly/gmp-mpfr --with-mpfr=/opt/gcc-nightly/gmp-mpfr --enable-decimal-float

		=== Test Framework Summary ===

# of expected passes		2503


Index Nav: [Date Index] [Subject Index] [Author Index] [Thread Index]
Message Nav: [Date Prev] [Date Next] [Thread Prev] [Thread Next]