This is the mail archive of the gcc-testresults@gcc.gnu.org mailing list for the GCC project.


Index Nav: [Date Index] [Subject Index] [Author Index] [Thread Index]
Message Nav: [Date Prev] [Date Next] [Thread Prev] [Thread Next]
Other format: [Raw text]

Results for 4.3.0 20070508 (experimental) testsuite on x86_64-pc-linux-gnu


Native configuration is x86_64-pc-linux-gnu

                === gcc tests ===


Running target unix
FAIL: gcc.c-torture/compile/limits-structnest.c  -O2  (test for excess errors)
FAIL: gcc.c-torture/compile/limits-structnest.c  -O3 -fomit-frame-pointer  
(test for excess errors)
FAIL: gcc.c-torture/compile/limits-structnest.c  -O3 -g  (test for excess 
errors)
FAIL: gcc.c-torture/compile/limits-structnest.c  -Os  (test for excess errors)
WARNING: gcc.dg/torture/fp-int-convert-float128-timode.c  -O0  compilation 
failed to produce executable
WARNING: gcc.dg/torture/fp-int-convert-float128-timode.c  -O1  compilation 
failed to produce executable
WARNING: gcc.dg/torture/fp-int-convert-float128-timode.c  -O2  compilation 
failed to produce executable
WARNING: gcc.dg/torture/fp-int-convert-float128-timode.c  -O3 
-fomit-frame-pointer  compilation failed to produce executable
WARNING: gcc.dg/torture/fp-int-convert-float128-timode.c  -O3 -g  compilation 
failed to produce executable
WARNING: gcc.dg/torture/fp-int-convert-float128-timode.c  -Os  compilation 
failed to produce executable
WARNING: gcc.dg/torture/fp-int-convert-float128.c  -O0  compilation failed to 
produce executable
WARNING: gcc.dg/torture/fp-int-convert-float128.c  -O1  compilation failed to 
produce executable
WARNING: gcc.dg/torture/fp-int-convert-float128.c  -O2  compilation failed to 
produce executable
WARNING: gcc.dg/torture/fp-int-convert-float128.c  -O3 -fomit-frame-pointer  
compilation failed to produce executable
WARNING: gcc.dg/torture/fp-int-convert-float128.c  -O3 -g  compilation failed 
to produce executable
WARNING: gcc.dg/torture/fp-int-convert-float128.c  -Os  compilation failed to 
produce executable
XPASS: gcc.dg/tree-ssa/update-threading.c scan-tree-dump-times Invalid sum 0
FAIL: gcc.target/i386/sse-13.c (test for excess errors)
FAIL: gcc.target/i386/sse-14.c (test for excess errors)
FAIL: gcc.target/i386/sse-vect-types.c (test for excess errors)
FAIL: gcc.target/i386/sse4a-extract.c (test for excess errors)
WARNING: gcc.target/i386/sse4a-extract.c compilation failed to produce 
executable
FAIL: gcc.target/i386/sse4a-insert.c (test for excess errors)
WARNING: gcc.target/i386/sse4a-insert.c compilation failed to produce 
executable
FAIL: gcc.target/i386/sse4a-montsd.c (test for excess errors)
WARNING: gcc.target/i386/sse4a-montsd.c compilation failed to produce 
executable
FAIL: gcc.target/i386/sse4a-montss.c (test for excess errors)
WARNING: gcc.target/i386/sse4a-montss.c compilation failed to produce 
executable

                === gcc Summary ===

# of expected passes            44849
# of unexpected failures        11
# of unexpected successes       1
# of expected failures          132
# of untested testcases         28
# of unsupported tests          419
/gaia/gcc/objdir/gcc/xgcc  version 4.3.0 20070508 (experimental)

                === gfortran tests ===


Running target unix
FAIL: gfortran.dg/open_errors.f90  -O0  execution test
FAIL: gfortran.dg/open_errors.f90  -O1  execution test
FAIL: gfortran.dg/open_errors.f90  -O2  execution test
FAIL: gfortran.dg/open_errors.f90  -O3 -fomit-frame-pointer  execution test
FAIL: gfortran.dg/open_errors.f90  -O3 -fomit-frame-pointer -funroll-loops  
execution test
FAIL: gfortran.dg/open_errors.f90  -O3 -fomit-frame-pointer -funroll-all-loops 
-finline-functions  execution test
FAIL: gfortran.dg/open_errors.f90  -O3 -g  execution test
FAIL: gfortran.dg/open_errors.f90  -Os  execution test
FAIL: gfortran.fortran-torture/execute/st_function.f90,  -O1  (internal 
compiler error)
FAIL: gfortran.fortran-torture/execute/st_function.f90,  -O2  (internal 
compiler error)
FAIL: gfortran.fortran-torture/execute/st_function.f90,  -O3 
-fomit-frame-pointer  (internal compiler error)
FAIL: gfortran.fortran-torture/execute/st_function.f90,  -O3 
-fomit-frame-pointer -funroll-loops  (internal compiler error)
FAIL: gfortran.fortran-torture/execute/st_function.f90,  -O3 
-fomit-frame-pointer -funroll-all-loops -finline-functions  (internal 
compiler error)
FAIL: gfortran.fortran-torture/execute/st_function.f90,  -O3 -g  (internal 
compiler error)
FAIL: gfortran.fortran-torture/execute/st_function.f90,  -Os  (internal 
compiler error)

                === gfortran Summary ===

# of expected passes            17715
# of unexpected failures        15
# of expected failures          8
# of unsupported tests          18
/gaia/gcc/objdir/gcc/testsuite/gfortran/../../gfortran  version 4.3.0 20070508 
(experimental)

                === objc tests ===


Running target unix

                === objc Summary ===

# of expected passes            1812
# of expected failures          7
# of unsupported tests          24
/gaia/gcc/objdir/gcc/xgcc  version 4.3.0 20070508 (experimental)

                === libgomp tests ===


Running target unix

                === libgomp Summary ===

# of expected passes            1229

Compiler version: 4.3.0 20070508 (experimental)
Platform: x86_64-pc-linux-gnu
configure flags: --prefix=/gaia/gcc/installdir --with-arch=nocona 
--host=x86_64-pc-linux-gnu --build=x86_64-pc-linux-gnu --disable-altivec 
--disable-nls --with-system-zlib --disable-checking --disable-werror 
--enable-secureplt --disable-libunwind-exceptions --disable-multilib 
--disable-libmudflap --disable-libssp --disable-libgcj 
--enable-languages=c,fortran,objc --enable-shared --enable-threads=posix 
--enable-__cxa_atexit --enable-clocale=gnu


Index Nav: [Date Index] [Subject Index] [Author Index] [Thread Index]
Message Nav: [Date Prev] [Date Next] [Thread Prev] [Thread Next]