This is the mail archive of the gcc-testresults@gcc.gnu.org mailing list for the GCC project.


Index Nav: [Date Index] [Subject Index] [Author Index] [Thread Index]
Message Nav: [Date Prev] [Date Next] [Thread Prev] [Thread Next]
Other format: [Raw text]

Results for 4.3.0 20070506 (experimental) testsuite on i386-apple-darwin8.8.1


LAST_UPDATED: Mon May  7 15:25:40 UTC 2007 (revision 124500)

Native configuration is i386-apple-darwin8.8.1

                === gcc tests ===


Running target unix
FAIL: gcc.dg/initpri1.c execution test
FAIL: gcc.dg/setjmp-3.c (test for excess errors)
FAIL: gcc.dg/setjmp-4.c (test for excess errors)
FAIL: gcc.dg/sibcall-6.c execution test
FAIL: gcc.dg/ssp-2.c (test for excess errors)
FAIL: gcc.dg/tree-ssa/gen-vect-11b.c scan-tree-dump-times vectorized 0 loops 1
FAIL: gcc.dg/tree-ssa/gen-vect-11c.c scan-tree-dump-times vectorized 0 loops 1
XPASS: gcc.dg/tree-ssa/update-threading.c scan-tree-dump-times Invalid sum 0
FAIL: gcc.target/i386/980211-1.c (test for excess errors)
XPASS: gcc.target/i386/builtin-apply-mmx.c execution test
FAIL: gcc.target/i386/cmov4.c scan-assembler cmov
FAIL: gcc.target/i386/local2.c scan-assembler-not sub[^\\\\n]*sp
FAIL: gcc.target/i386/pow-1.c scan-assembler-not call
FAIL: gcc.target/i386/sse-13.c (test for excess errors)
FAIL: gcc.target/i386/sse-14.c (test for excess errors)
FAIL: gcc.target/i386/sse-vect-types.c (test for excess errors)
FAIL: gcc.target/i386/sse4a-extract.c (test for excess errors)
WARNING: gcc.target/i386/sse4a-extract.c compilation failed to produce executable
FAIL: gcc.target/i386/sse4a-insert.c (test for excess errors)
WARNING: gcc.target/i386/sse4a-insert.c compilation failed to produce executable
FAIL: gcc.target/i386/sse4a-montsd.c (test for excess errors)
WARNING: gcc.target/i386/sse4a-montsd.c compilation failed to produce executable
FAIL: gcc.target/i386/sse4a-montss.c (test for excess errors)
WARNING: gcc.target/i386/sse4a-montss.c compilation failed to produce executable
FAIL: gcc.target/i386/ssefn-1.c scan-assembler-not movsd
FAIL: gcc.target/i386/ssefn-1.c scan-assembler-not mulsd

                === gcc Summary ===

# of expected passes            43976
# of unexpected failures        20
# of unexpected successes       2
# of expected failures          119
# of untested testcases         28
# of unsupported tests          399
/private/tmp/gfortran-20070507/ibin/gcc/xgcc  version 4.3.0 20070506 (experimental)

                === gfortran tests ===


Running target unix
FAIL: gfortran.fortran-torture/execute/st_function.f90,  -O1  (internal compiler error)
FAIL: gfortran.fortran-torture/execute/st_function.f90,  -O2  (internal compiler error)
FAIL: gfortran.fortran-torture/execute/st_function.f90,  -O3 -fomit-frame-pointer  (internal compiler error)
FAIL: gfortran.fortran-torture/execute/st_function.f90,  -O3 -fomit-frame-pointer -funroll-loops  (internal compiler error)
FAIL: gfortran.fortran-torture/execute/st_function.f90,  -O3 -fomit-frame-pointer -funroll-all-loops -finline-functions  (internal compiler error)
FAIL: gfortran.fortran-torture/execute/st_function.f90,  -O3 -g  (internal compiler error)
FAIL: gfortran.fortran-torture/execute/st_function.f90,  -Os  (internal compiler error)

                === gfortran Summary ===

# of expected passes            17624
# of unexpected failures        7
# of expected failures          8
# of unsupported tests          46
/private/tmp/gfortran-20070507/ibin/gcc/testsuite/gfortran/../../gfortran  version 4.3.0 20070506 (experimental)

                === libgomp tests ===


Running target unix

                === libgomp Summary ===

# of expected passes            1106
# of unsupported tests          62

Compiler version: 4.3.0 20070506 (experimental)
Platform: i386-apple-darwin8.8.1
configure flags: --prefix=/usr/local/gfortran --enable-languages=c,fortran --with-gmp=/tmp/gfortran-20070507/gfortran_libs --enable-bootstrap


Index Nav: [Date Index] [Subject Index] [Author Index] [Thread Index]
Message Nav: [Date Prev] [Date Next] [Thread Prev] [Thread Next]