This is the mail archive of the gcc-testresults@gcc.gnu.org mailing list for the GCC project.


Index Nav: [Date Index] [Subject Index] [Author Index] [Thread Index]
Message Nav: [Date Prev] [Date Next] [Thread Prev] [Thread Next]
Other format: [Raw text]

Results for 4.3.0 20070505 (experimental) [trunk revision 124476] testsuite on x86_64-unknown-linux-gnu


LAST_UPDATED: Sun May  6 18:15:18 UTC 2007 (revision 124476)

Native configuration is x86_64-unknown-linux-gnu

		=== gcc tests ===


Running target unix/-m32
FAIL: gcc.c-torture/execute/990127-2.c execution,  -Os 
FAIL: gcc.c-torture/execute/mayalias-2.c compilation,  -O3 -g  (internal compiler error)
UNRESOLVED: gcc.c-torture/execute/mayalias-2.c execution,  -O3 -g 
FAIL: gcc.c-torture/execute/mayalias-3.c compilation,  -O3 -g  (internal compiler error)
UNRESOLVED: gcc.c-torture/execute/mayalias-3.c execution,  -O3 -g 
FAIL: gcc.dg/dfp/convert-bfp-fold.c (internal compiler error)
FAIL: gcc.dg/dfp/convert-bfp-fold.c (test for excess errors)
WARNING: gcc.dg/dfp/convert-bfp-fold.c compilation failed to produce executable
XPASS: gcc.dg/tree-ssa/update-threading.c scan-tree-dump-times Invalid sum 0
FAIL: gcc.target/i386/pr21291.c (test for excess errors)
FAIL: gcc.target/i386/sse-vect-types.c (test for excess errors)

		=== gcc Summary for unix/-m32 ===

# of expected passes		45024
# of unexpected failures	7
# of unexpected successes	1
# of expected failures		121
# of unresolved testcases	2
# of untested testcases		28
# of unsupported tests		309

Running target unix
FAIL: gcc.c-torture/execute/mayalias-2.c compilation,  -O3 -g  (internal compiler error)
UNRESOLVED: gcc.c-torture/execute/mayalias-2.c execution,  -O3 -g 
FAIL: gcc.c-torture/execute/mayalias-3.c compilation,  -O3 -g  (internal compiler error)
UNRESOLVED: gcc.c-torture/execute/mayalias-3.c execution,  -O3 -g 
FAIL: gcc.dg/dfp/convert-bfp-fold.c (test for excess errors)
WARNING: gcc.dg/dfp/convert-bfp-fold.c compilation failed to produce executable
WARNING: gcc.dg/torture/fp-int-convert-float128-timode.c  -O0  compilation failed to produce executable
WARNING: gcc.dg/torture/fp-int-convert-float128-timode.c  -O1  compilation failed to produce executable
WARNING: gcc.dg/torture/fp-int-convert-float128-timode.c  -O2  compilation failed to produce executable
WARNING: gcc.dg/torture/fp-int-convert-float128-timode.c  -O3 -fomit-frame-pointer  compilation failed to produce executable
WARNING: gcc.dg/torture/fp-int-convert-float128-timode.c  -O3 -g  compilation failed to produce executable
WARNING: gcc.dg/torture/fp-int-convert-float128-timode.c  -Os  compilation failed to produce executable
WARNING: gcc.dg/torture/fp-int-convert-float128.c  -O0  compilation failed to produce executable
WARNING: gcc.dg/torture/fp-int-convert-float128.c  -O1  compilation failed to produce executable
WARNING: gcc.dg/torture/fp-int-convert-float128.c  -O2  compilation failed to produce executable
WARNING: gcc.dg/torture/fp-int-convert-float128.c  -O3 -fomit-frame-pointer  compilation failed to produce executable
WARNING: gcc.dg/torture/fp-int-convert-float128.c  -O3 -g  compilation failed to produce executable
WARNING: gcc.dg/torture/fp-int-convert-float128.c  -Os  compilation failed to produce executable
XPASS: gcc.dg/tree-ssa/update-threading.c scan-tree-dump-times Invalid sum 0
FAIL: gcc.target/i386/sse-13.c (test for excess errors)
FAIL: gcc.target/i386/sse-14.c (test for excess errors)
FAIL: gcc.target/i386/sse-vect-types.c (test for excess errors)

		=== gcc Summary for unix ===

# of expected passes		44861
# of unexpected failures	6
# of unexpected successes	1
# of expected failures		132
# of unresolved testcases	2
# of untested testcases		28
# of unsupported tests		417

		=== gcc Summary ===

# of expected passes		89885
# of unexpected failures	13
# of unexpected successes	2
# of expected failures		253
# of unresolved testcases	4
# of untested testcases		56
# of unsupported tests		726
/export/build/gnu/gcc/build-x86_64-linux/gcc/xgcc  version 4.3.0 20070505 (experimental) [trunk revision 124476]

		=== gfortran tests ===


Running target unix/-m32
FAIL: gfortran.dg/secnds.f  -O2  execution test
FAIL: gfortran.fortran-torture/execute/st_function.f90,  -O1  (internal compiler error)
FAIL: gfortran.fortran-torture/execute/st_function.f90,  -O2  (internal compiler error)
FAIL: gfortran.fortran-torture/execute/st_function.f90,  -O3 -fomit-frame-pointer  (internal compiler error)
FAIL: gfortran.fortran-torture/execute/st_function.f90,  -O3 -fomit-frame-pointer -funroll-loops  (internal compiler error)
FAIL: gfortran.fortran-torture/execute/st_function.f90,  -O3 -fomit-frame-pointer -funroll-all-loops -finline-functions  (internal compiler error)
FAIL: gfortran.fortran-torture/execute/st_function.f90,  -O3 -g  (internal compiler error)
FAIL: gfortran.fortran-torture/execute/st_function.f90,  -Os  (internal compiler error)

		=== gfortran Summary for unix/-m32 ===

# of expected passes		17660
# of unexpected failures	8
# of expected failures		8
# of unsupported tests		16

Running target unix
FAIL: gfortran.fortran-torture/execute/st_function.f90,  -O1  (internal compiler error)
FAIL: gfortran.fortran-torture/execute/st_function.f90,  -O2  (internal compiler error)
FAIL: gfortran.fortran-torture/execute/st_function.f90,  -O3 -fomit-frame-pointer  (internal compiler error)
FAIL: gfortran.fortran-torture/execute/st_function.f90,  -O3 -fomit-frame-pointer -funroll-loops  (internal compiler error)
FAIL: gfortran.fortran-torture/execute/st_function.f90,  -O3 -fomit-frame-pointer -funroll-all-loops -finline-functions  (internal compiler error)
FAIL: gfortran.fortran-torture/execute/st_function.f90,  -O3 -g  (internal compiler error)
FAIL: gfortran.fortran-torture/execute/st_function.f90,  -Os  (internal compiler error)

		=== gfortran Summary for unix ===

# of expected passes		17659
# of unexpected failures	7
# of expected failures		8
# of unsupported tests		18

		=== gfortran Summary ===

# of expected passes		35319
# of unexpected failures	15
# of expected failures		16
# of unsupported tests		34
/export/build/gnu/gcc/build-x86_64-linux/gcc/testsuite/gfortran/../../gfortran  version 4.3.0 20070505 (experimental) [trunk revision 124476]

		=== g++ tests ===


Running target unix/-m32
XPASS: g++.dg/tree-ssa/ivopts-1.C scan-tree-dump-not offset: -4B
XPASS: g++.dg/tree-ssa/ivopts-1.C scan-tree-dump-not &x\\[5\\]

		=== g++ Summary for unix/-m32 ===

# of expected passes		14922
# of unexpected successes	2
# of expected failures		79
# of unsupported tests		80

Running target unix
XPASS: g++.dg/tree-ssa/ivopts-1.C scan-tree-dump-not offset: -4B
XPASS: g++.dg/tree-ssa/ivopts-1.C scan-tree-dump-not &x\\[5\\]
FAIL: g++.old-deja/g++.other/vbase5.C execution test

		=== g++ Summary for unix ===

# of expected passes		14836
# of unexpected failures	1
# of unexpected successes	2
# of expected failures		79
# of unsupported tests		109

		=== g++ Summary ===

# of expected passes		29758
# of unexpected failures	1
# of unexpected successes	4
# of expected failures		158
# of unsupported tests		189
/export/build/gnu/gcc/build-x86_64-linux/gcc/testsuite/g++/../../g++  version 4.3.0 20070505 (experimental) [trunk revision 124476]

		=== objc tests ===


Running target unix/-m32

		=== objc Summary for unix/-m32 ===

# of expected passes		1812
# of expected failures		7
# of unsupported tests		24

Running target unix

		=== objc Summary for unix ===

# of expected passes		1812
# of expected failures		7
# of unsupported tests		24

		=== objc Summary ===

# of expected passes		3624
# of expected failures		14
# of unsupported tests		48
/export/build/gnu/gcc/build-x86_64-linux/gcc/xgcc  version 4.3.0 20070505 (experimental) [trunk revision 124476]

		=== libffi tests ===


Running target unix/-m32

		=== libffi Summary for unix/-m32 ===

# of expected passes		1096
# of unsupported tests		8

Running target unix

		=== libffi Summary for unix ===

# of expected passes		1096
# of unsupported tests		8

		=== libffi Summary ===

# of expected passes		2192
# of unsupported tests		16
		=== libgomp tests ===


Running target unix/-m32

		=== libgomp Summary for unix/-m32 ===

# of expected passes		1566

Running target unix

		=== libgomp Summary for unix ===

# of expected passes		1566

		=== libgomp Summary ===

# of expected passes		3132
		=== libjava tests ===


Running target unix/-m32
WARNING: program timed out.
FAIL: getstacktrace run
FAIL: events output
FAIL: Divide_1 output - source compiled test
FAIL: Divide_1 -findirect-dispatch output - source compiled test
FAIL: Divide_1 -O3 output - source compiled test
FAIL: Divide_1 -O3 -findirect-dispatch output - source compiled test
FAIL: pr6388 output - source compiled test
FAIL: pr6388 -findirect-dispatch output - source compiled test
FAIL: pr6388 -O3 output - source compiled test
FAIL: pr6388 -O3 -findirect-dispatch output - source compiled test

		=== libjava Summary for unix/-m32 ===

# of expected passes		2526
# of unexpected failures	10
# of untested testcases		1

Running target unix
WARNING: program timed out.
FAIL: getstacktrace run
FAIL: Divide_1 output - source compiled test
FAIL: Divide_1 -findirect-dispatch output - source compiled test
FAIL: Divide_1 -O3 output - source compiled test
FAIL: Divide_1 -O3 -findirect-dispatch output - source compiled test
FAIL: pr6388 output - source compiled test
FAIL: pr6388 -findirect-dispatch output - source compiled test
FAIL: pr6388 -O3 output - source compiled test
FAIL: pr6388 -O3 -findirect-dispatch output - source compiled test

		=== libjava Summary for unix ===

# of expected passes		2527
# of unexpected failures	9
# of untested testcases		1

		=== libjava Summary ===

# of expected passes		5053
# of unexpected failures	19
# of untested testcases		2
		=== libmudflap tests ===


Running target unix/-m32
FAIL: libmudflap.c++/pass41-frag.cxx execution test
FAIL: libmudflap.c++/pass41-frag.cxx (-static) execution test
FAIL: libmudflap.c++/pass41-frag.cxx ( -O) execution test
FAIL: libmudflap.c++/pass41-frag.cxx (-O2) execution test
FAIL: libmudflap.c++/pass41-frag.cxx (-O3) execution test

		=== libmudflap Summary for unix/-m32 ===

# of expected passes		1821
# of unexpected failures	5

Running target unix
FAIL: libmudflap.c/pass49-frag.c execution test
FAIL: libmudflap.c/pass49-frag.c output pattern test
FAIL: libmudflap.c/pass49-frag.c execution test
FAIL: libmudflap.c/pass49-frag.c output pattern test
FAIL: libmudflap.c/fail8-frag.c (-static) output pattern test
FAIL: libmudflap.c/fail9-frag.c (-static) output pattern test
FAIL: libmudflap.c/pass49-frag.c (-static) execution test
FAIL: libmudflap.c/pass49-frag.c (-static) output pattern test
FAIL: libmudflap.c/pass49-frag.c (-static) execution test
FAIL: libmudflap.c/pass49-frag.c (-static) output pattern test
FAIL: externs-12 execution 
FAIL: externs-21 execution 
FAIL: externs-12 execution -static
FAIL: externs-21 execution -static
FAIL: externs-12 execution -O2
FAIL: externs-21 execution -O2
FAIL: externs-12 execution -O3
FAIL: externs-21 execution -O3
FAIL: libmudflap.c++/pass41-frag.cxx execution test
FAIL: libmudflap.c++/pass41-frag.cxx (-static) execution test
FAIL: libmudflap.c++/pass41-frag.cxx ( -O) execution test
FAIL: libmudflap.c++/pass41-frag.cxx (-O2) execution test
FAIL: libmudflap.c++/pass41-frag.cxx (-O3) execution test

		=== libmudflap Summary for unix ===

# of expected passes		1803
# of unexpected failures	23

		=== libmudflap Summary ===

# of expected passes		3624
# of unexpected failures	28
		=== libstdc++ tests ===


Running target unix/-m32
FAIL: 20_util/headers/type_traits/types_std_c++0x_neg.cc  (test for errors, line 27)
FAIL: 20_util/headers/type_traits/types_std_c++0x_neg.cc  (test for errors, line 28)
FAIL: 20_util/headers/type_traits/types_std_c++0x_neg.cc  (test for errors, line 29)
FAIL: 20_util/headers/type_traits/types_std_c++0x_neg.cc  (test for errors, line 30)
XPASS: 26_numerics/headers/cmath/c99_classification_macros_c.cc (test for excess errors)

		=== libstdc++ Summary for unix/-m32 ===

# of expected passes		4975
# of unexpected failures	4
# of unexpected successes	1
# of expected failures		42

Running target unix
FAIL: 20_util/headers/type_traits/types_std_c++0x_neg.cc  (test for errors, line 27)
FAIL: 20_util/headers/type_traits/types_std_c++0x_neg.cc  (test for errors, line 28)
FAIL: 20_util/headers/type_traits/types_std_c++0x_neg.cc  (test for errors, line 29)
FAIL: 20_util/headers/type_traits/types_std_c++0x_neg.cc  (test for errors, line 30)
XPASS: 26_numerics/headers/cmath/c99_classification_macros_c.cc (test for excess errors)
XPASS: 27_io/fpos/14320-1.cc execution test

		=== libstdc++ Summary for unix ===

# of expected passes		4975
# of unexpected failures	4
# of unexpected successes	2
# of expected failures		41

		=== libstdc++ Summary ===

# of expected passes		9950
# of unexpected failures	8
# of unexpected successes	3
# of expected failures		83

Compiler version: 4.3.0 20070505 (experimental) [trunk revision 124476] 
Platform: x86_64-unknown-linux-gnu
configure flags: --enable-clocale=gnu --with-system-zlib --enable-decimal-float=yes --with-demangler-in-ld --enable-shared --enable-threads=posix --enable-haifa --enable-checking=assert --prefix=/usr/gcc-4.3 --with-local-prefix=/usr/local


Index Nav: [Date Index] [Subject Index] [Author Index] [Thread Index]
Message Nav: [Date Prev] [Date Next] [Thread Prev] [Thread Next]