This is the mail archive of the gcc-testresults@gcc.gnu.org mailing list for the GCC project.


Index Nav: [Date Index] [Subject Index] [Author Index] [Thread Index]
Message Nav: [Date Prev] [Date Next] [Thread Prev] [Thread Next]
Other format: [Raw text]

Results for 4.2.0 20070503 (prerelease) gcc testsuite on powerpc-unknown-eabisim


Ubuntu 5 on pentium3-smp
cross tool versions:
GNU assembler (GNU Binutils) 2.17.50.20070407
GNU gdb 6.6.50.20070407-cvs
GNU ld (GNU Binutils) 2.17.50.20070407

GNU Make 3.80
expect version 5.42.1
host gcc version: gcc (GCC) 4.3.0 20070503 (experimental)
LAST_UPDATED: Fri May  4 22:05:10 UTC 2007 (revision 124450)

Target is powerpc-unknown-eabisim
Host   is i686-pc-linux-gnu

		=== gcc tests ===


Running target powerpc-sim
FAIL: gcc.c-torture/execute/builtins/fprintf.c execution,  -O0 
FAIL: gcc.c-torture/execute/builtins/fprintf.c execution,  -O1 
FAIL: gcc.c-torture/execute/builtins/fprintf.c execution,  -O2 
FAIL: gcc.c-torture/execute/builtins/fprintf.c execution,  -O3 -fomit-frame-pointer 
FAIL: gcc.c-torture/execute/builtins/fprintf.c execution,  -O3 -g 
FAIL: gcc.c-torture/execute/builtins/fprintf.c execution,  -Os 
FAIL: gcc.c-torture/execute/builtins/fputs.c execution,  -O0 
FAIL: gcc.c-torture/execute/builtins/fputs.c execution,  -O1 
FAIL: gcc.c-torture/execute/builtins/fputs.c execution,  -O3 -fomit-frame-pointer 
FAIL: gcc.c-torture/execute/builtins/fputs.c execution,  -O3 -g 
FAIL: gcc.c-torture/execute/builtins/fputs.c execution,  -Os 
FAIL: gcc.c-torture/execute/builtins/vsnprintf-chk.c execution,  -O1 
FAIL: gcc.c-torture/execute/builtins/vsnprintf-chk.c execution,  -O2 
FAIL: gcc.c-torture/execute/builtins/vsnprintf-chk.c execution,  -O3 -fomit-frame-pointer 
FAIL: gcc.c-torture/execute/builtins/vsnprintf-chk.c execution,  -O3 -fomit-frame-pointer -funroll-loops 
FAIL: gcc.c-torture/execute/builtins/vsnprintf-chk.c execution,  -O3 -fomit-frame-pointer -funroll-all-loops -finline-functions 
FAIL: gcc.c-torture/execute/builtins/vsnprintf-chk.c execution,  -O3 -g 
FAIL: gcc.c-torture/execute/builtins/vsnprintf-chk.c execution,  -Os 
FAIL: gcc.c-torture/execute/builtins/vsprintf-chk.c execution,  -O1 
FAIL: gcc.c-torture/execute/builtins/vsprintf-chk.c execution,  -O2 
FAIL: gcc.c-torture/execute/builtins/vsprintf-chk.c execution,  -O3 -fomit-frame-pointer 
FAIL: gcc.c-torture/execute/builtins/vsprintf-chk.c execution,  -O3 -fomit-frame-pointer -funroll-loops 
FAIL: gcc.c-torture/execute/builtins/vsprintf-chk.c execution,  -O3 -fomit-frame-pointer -funroll-all-loops -finline-functions 
FAIL: gcc.c-torture/execute/builtins/vsprintf-chk.c execution,  -O3 -g 
FAIL: gcc.c-torture/execute/builtins/vsprintf-chk.c execution,  -Os 
FAIL: gcc.c-torture/execute/20021120-3.c execution,  -O0 
FAIL: gcc.c-torture/execute/20021120-3.c execution,  -O1 
FAIL: gcc.c-torture/execute/20021120-3.c execution,  -O2 
FAIL: gcc.c-torture/execute/20021120-3.c execution,  -O3 -fomit-frame-pointer 
FAIL: gcc.c-torture/execute/20021120-3.c execution,  -O3 -g 
FAIL: gcc.c-torture/execute/20021120-3.c execution,  -Os 
FAIL: gcc.c-torture/execute/980605-1.c execution,  -O0 
FAIL: gcc.c-torture/execute/980605-1.c execution,  -O1 
FAIL: gcc.c-torture/execute/980605-1.c execution,  -O2 
FAIL: gcc.c-torture/execute/980605-1.c execution,  -O3 -fomit-frame-pointer 
FAIL: gcc.c-torture/execute/980605-1.c execution,  -O3 -g 
FAIL: gcc.c-torture/execute/980605-1.c execution,  -Os 
UNRESOLVED: gcc.c-torture/execute/mayalias-2.c execution,  -O3 -g 
FAIL: gcc.c-torture/execute/struct-ret-1.c execution,  -O0 
FAIL: gcc.c-torture/execute/struct-ret-1.c execution,  -O1 
FAIL: gcc.c-torture/execute/struct-ret-1.c execution,  -O2 
FAIL: gcc.c-torture/execute/struct-ret-1.c execution,  -O3 -fomit-frame-pointer 
FAIL: gcc.c-torture/execute/struct-ret-1.c execution,  -O3 -g 
FAIL: gcc.c-torture/execute/struct-ret-1.c execution,  -Os 
FAIL: gcc.c-torture/execute/ieee/inf-1.c execution,  -O0 
FAIL: gcc.dg/cpp/assert4.c (test for excess errors)
FAIL: gcc.dg/ia64-sync-1.c execution test
FAIL: gcc.dg/tree-ssa/loop-19.c scan-tree-dump-times MEM.(base: &|symbol: )a, 2
FAIL: gcc.dg/tree-ssa/loop-19.c scan-tree-dump-times MEM.(base: &|symbol: )c, 2
FAIL: gcc.target/powerpc/20020118-1.c execution test
FAIL: gcc.target/powerpc/20030218-1.c  (test for errors, line 21)
FAIL: gcc.target/powerpc/altivec-1.c execution test
FAIL: gcc.target/powerpc/altivec-12.c execution test
FAIL: gcc.target/powerpc/altivec-3.c execution test
FAIL: gcc.target/powerpc/altivec-consts.c execution test
FAIL: gcc.target/powerpc/altivec-varargs-1.c execution test
FAIL: gcc.target/powerpc/altivec-vec-merge.c execution test
FAIL: gcc.target/powerpc/darwin-longlong.c execution test
FAIL: gcc.target/powerpc/spe1.c (test for excess errors)

		=== gcc Summary ===

# of expected passes		41934
# of unexpected failures	58
# of expected failures		115
# of unresolved testcases	1
# of untested testcases		28
# of unsupported tests		437
/mnt/disk01-2/mstein/sim/powerpc-eabisim/build/gcc/xgcc  version 4.2.0 20070503 (prerelease)


Compiler version: 4.2.0 20070503 (prerelease) gcc 
Platform: powerpc-unknown-eabisim
configure flags: --target=powerpc-eabisim --prefix=/n/07/mstein/cross-local/powerpc-eabisim --disable-nls --disable-build-warnings --with-ld=/n/07/mstein/cross-local/powerpc-eabisim/bin/powerpc-eabisim-ld --with-as=/n/07/mstein/cross-local/powerpc-eabisim/bin/powerpc-eabisim-as --disable-libssp --enable-languages=c


Index Nav: [Date Index] [Subject Index] [Author Index] [Thread Index]
Message Nav: [Date Prev] [Date Next] [Thread Prev] [Thread Next]