This is the mail archive of the gcc-testresults@gcc.gnu.org mailing list for the GCC project.


Index Nav: [Date Index] [Subject Index] [Author Index] [Thread Index]
Message Nav: [Date Prev] [Date Next] [Thread Prev] [Thread Next]
Other format: [Raw text]

Results for 4.1.3 20070502 (prerelease) gcc testsuite on cris-axis-elf


Ubuntu 5 on pentium3-smp
cross tool versions:
GNU assembler (GNU Binutils) 2.17.50.20070428
GNU gdb 6.6.50.20070428-cvs
GNU ld (GNU Binutils) 2.17.50.20070428

GNU Make 3.80
expect version 5.42.1
host gcc version: gcc (GCC) 4.3.0 20070502 (experimental)
LAST_UPDATED: Thu May  3 22:07:19 UTC 2007 (revision 124392)

Target is cris-axis-elf
Host   is i686-pc-linux-gnu

		=== gcc tests ===


Running target cris-sim
FAIL: gcc.c-torture/execute/20061101-1.c execution,  -O2 
FAIL: gcc.dg/Wpadded.c  (test for warnings, line 10)
FAIL: gcc.dg/pr28243.c (test for excess errors)
FAIL: gcc.dg/pr30643.c scan-assembler-not undefined
FAIL: gcc.dg/setjmp-1.c spurious clobbered warning (test for bogus messages, line 16)
FAIL: gcc.dg/trampoline-1.c execution test

		=== gcc Summary ===

# of expected passes		37836
# of unexpected failures	6
# of expected failures		78
# of untested testcases		28
# of unsupported tests		389
/n/b01/mstein/sim-gcc05/cris-elf/build/gcc/xgcc  version 4.1.3 20070502 (prerelease)


Compiler version: 4.1.3 20070502 (prerelease) gcc 
Platform: cris-axis-elf
configure flags: --target=cris-elf --prefix=/n/07/mstein/cross-local/cris-elf --disable-nls --disable-build-warnings --with-ld=/n/07/mstein/cross-local/cris-elf/bin/cris-elf-ld --with-as=/n/07/mstein/cross-local/cris-elf/bin/cris-elf-as --disable-libssp --enable-languages=c


Index Nav: [Date Index] [Subject Index] [Author Index] [Thread Index]
Message Nav: [Date Prev] [Date Next] [Thread Prev] [Thread Next]