This is the mail archive of the gcc-testresults@gcc.gnu.org mailing list for the GCC project.


Index Nav: [Date Index] [Subject Index] [Author Index] [Thread Index]
Message Nav: [Date Prev] [Date Next] [Thread Prev] [Thread Next]
Other format: [Raw text]

Results for 4.1.3 20070216 (prerelease) gcc testsuite on mips-unknown-elf


Ubuntu 5 on pentium3-smp
cross tool versions:
GNU assembler 2.17.50 20061203
GNU gdb 6.6.50.20061203-cvs
GNU ld version 2.17.50 20061203

GNU Make 3.80
expect version 5.42.1
host gcc version: gcc (GCC) 4.3.0 20070215 (experimental)
LAST_UPDATED: Fri Feb 16 01:27:31 UTC 2007 (revision 122028)

Target is mips-unknown-elf
Host   is i686-pc-linux-gnu

		=== gcc tests ===


Running target mips-sim
FAIL: gcc.dg/attr-weakref-1.c (test for excess errors)
WARNING: gcc.dg/attr-weakref-1.c compilation failed to produce executable
FAIL: gcc.dg/intmax_t-1.c  (test for errors, line )
FAIL: gcc.dg/tls/alias-1.c (test for excess errors)
XPASS: gcc.dg/tree-ssa/20040204-1.c scan-tree-dump-times link_error 0
FAIL: gcc.target/mips/memcpy-1.c scan-assembler-not \\tlbu\\t

		=== gcc Summary ===

# of expected passes		37925
# of unexpected failures	4
# of unexpected successes	1
# of expected failures		76
# of untested testcases		28
# of unsupported tests		313
/home/mstein/sim/mips-elf/build/gcc/xgcc  version 4.1.3 20070216 (prerelease)


Compiler version: 4.1.3 20070216 (prerelease) gcc 
Platform: mips-unknown-elf
configure flags: --target=mips-elf --prefix=/n/07/mstein/cross-local/mips-elf --disable-nls --disable-build-warnings --with-ld=/n/07/mstein/cross-local/mips-elf/bin/mips-elf-ld --with-as=/n/07/mstein/cross-local/mips-elf/bin/mips-elf-as --disable-libssp --enable-languages=c


Index Nav: [Date Index] [Subject Index] [Author Index] [Thread Index]
Message Nav: [Date Prev] [Date Next] [Thread Prev] [Thread Next]