This is the mail archive of the gcc-testresults@gcc.gnu.org mailing list for the GCC project.


Index Nav: [Date Index] [Subject Index] [Author Index] [Thread Index]
Message Nav: [Date Prev] [Date Next] [Thread Prev] [Thread Next]
Other format: [Raw text]

Results for 4.3.0 20070203 (experimental) testsuite on powerpc-apple-darwin9


Tested on i686-apple-darwin9 through the magic of CPU emulation.
Built with --disable-multilib and CC='gcc -arch ppc' Tested after a
make install.  Tested on Leopard9A319.

LAST_UPDATED: Sat Feb  3 05:30:47 UTC 2007 (revision 121535M)

Native configuration is powerpc-apple-darwin9

		=== g++ tests ===


Running target unix
FAIL: g++.dg/eh/simd-4.C execution test
FAIL: g++.dg/ext/alignof2.C execution test
FAIL: g++.dg/other/unused1.C scan-assembler (string|ascii?)z?\\t"class2("|\\\\\\\\000)
FAIL: g++.dg/other/unused1.C scan-assembler (string|ascii?)z?\\t"printer("|\\\\\\\\000)
FAIL: g++.dg/warn/weak1.C (test for excess errors)
WARNING: g++.dg/warn/weak1.C compilation failed to produce executable
FAIL: g++.dg/gomp/pr29965-2.C (internal compiler error)
FAIL: g++.dg/gomp/pr29965-2.C (test for excess errors)
WARNING: program timed out.
FAIL: g++.dg/pch/pch.C -g (test for excess errors)
WARNING: program timed out.
FAIL: g++.dg/pch/pch.C -O2 -g (test for excess errors)
WARNING: program timed out.
FAIL: g++.dg/pch/pch.C -O2 (test for excess errors)
FAIL: g++.dg/special/conpr-3.C execution test

		=== g++ Summary ===

# of expected passes		13840
# of unexpected failures	11
# of expected failures		79
# of untested testcases		3
# of unsupported tests		132
/Volumes/mrs5/net/gcc-darwin-ppc/gcc/testsuite/g++/../../g++  version 4.3.0 20070203 (experimental)

		=== gcc tests ===


Running target unix
FAIL: gcc.c-torture/execute/mayalias-2.c compilation,  -O3 -g  (internal compiler error)
UNRESOLVED: gcc.c-torture/execute/mayalias-2.c execution,  -O3 -g 
FAIL: gcc.c-torture/execute/mayalias-3.c compilation,  -O3 -g  (internal compiler error)
UNRESOLVED: gcc.c-torture/execute/mayalias-3.c execution,  -O3 -g 
XPASS: gcc.dg/20020103-1.c scan-assembler-not LC[0-9]
FAIL: gcc.dg/builtins-1.c (internal compiler error)
FAIL: gcc.dg/builtins-1.c (test for excess errors)
ERROR: gcc.dg/builtins-1.c: error executing dg-final: couldn't open "builtins-1.s": no such file or directory
UNRESOLVED: gcc.dg/builtins-1.c: error executing dg-final: couldn't open "builtins-1.s": no such file or directory
FAIL: gcc.dg/builtins-57.c (test for excess errors)
FAIL: gcc.dg/builtins-58.c (test for excess errors)
ERROR: gcc.dg/builtins-58.c: error executing dg-final: couldn't open "builtins-58.s": no such file or directory
UNRESOLVED: gcc.dg/builtins-58.c: error executing dg-final: couldn't open "builtins-58.s": no such file or directory
FAIL: gcc.dg/builtins-59.c (internal compiler error)
FAIL: gcc.dg/builtins-59.c (test for excess errors)
FAIL: gcc.dg/builtins-61.c (internal compiler error)
FAIL: gcc.dg/builtins-61.c (test for excess errors)
FAIL: gcc.dg/builtins-61.c scan-tree-dump sin
FAIL: gcc.dg/builtins-61.c scan-tree-dump cos
FAIL: gcc.dg/builtins-62.c scan-tree-dump-times cexpi 3
FAIL: gcc.dg/cleanup-10.c execution test
FAIL: gcc.dg/cleanup-11.c execution test
FAIL: gcc.dg/cleanup-8.c execution test
FAIL: gcc.dg/cleanup-9.c execution test
FAIL: gcc.dg/memcpy-1.c scan-tree-dump-times nasty_local 0
FAIL: gcc.dg/setjmp-3.c (test for excess errors)
FAIL: gcc.dg/setjmp-4.c (test for excess errors)
FAIL: gcc.dg/gomp/pr29965-2.c (internal compiler error)
FAIL: gcc.dg/gomp/pr29965-2.c (test for excess errors)
WARNING: program timed out.
FAIL: gcc.dg/pch/save-temps-1.c -O0 -g (test for excess errors)
FAIL: gcc.dg/pch/save-temps-1.c -O0 -g assembly comparison
WARNING: program timed out.
FAIL: gcc.dg/pch/save-temps-1.c  -O0  (test for excess errors)
WARNING: program timed out.
FAIL: gcc.dg/pch/save-temps-1.c  -O1  (test for excess errors)
FAIL: gcc.dg/pch/save-temps-1.c  -O1  assembly comparison
WARNING: program timed out.
FAIL: gcc.dg/pch/save-temps-1.c  -O2  (test for excess errors)
WARNING: program timed out.
FAIL: gcc.dg/pch/save-temps-1.c  -O3 -fomit-frame-pointer  (test for excess errors)
FAIL: gcc.dg/pch/save-temps-1.c  -O3 -fomit-frame-pointer  assembly comparison
WARNING: program timed out.
FAIL: gcc.dg/pch/save-temps-1.c  -O3 -g  (test for excess errors)
WARNING: program timed out.
FAIL: gcc.dg/pch/save-temps-1.c  -Os  (test for excess errors)
FAIL: gcc.dg/pch/save-temps-1.c  -Os  assembly comparison
FAIL: gcc.dg/torture/builtin-pow-mpfr-1.c  -O0  scan-tree-dump pow
FAIL: gcc.dg/torture/builtin-pow-mpfr-1.c  -O1  scan-tree-dump pow
FAIL: gcc.dg/torture/builtin-pow-mpfr-1.c  -O2  scan-tree-dump pow
FAIL: gcc.dg/torture/builtin-pow-mpfr-1.c  -O3 -fomit-frame-pointer  scan-tree-dump pow
FAIL: gcc.dg/torture/builtin-pow-mpfr-1.c  -O3 -g  scan-tree-dump pow
FAIL: gcc.dg/torture/builtin-pow-mpfr-1.c  -Os  scan-tree-dump pow
FAIL: gcc.dg/torture/builtin-sin-mpfr-1.c  -O0  (test for excess errors)
FAIL: gcc.dg/torture/builtin-sin-mpfr-1.c  -O1  (test for excess errors)
FAIL: gcc.dg/torture/builtin-sin-mpfr-1.c  -O2  (test for excess errors)
FAIL: gcc.dg/torture/builtin-sin-mpfr-1.c  -O3 -fomit-frame-pointer  (test for excess errors)
FAIL: gcc.dg/torture/builtin-sin-mpfr-1.c  -O3 -fomit-frame-pointer -funroll-loops  (test for excess errors)
FAIL: gcc.dg/torture/builtin-sin-mpfr-1.c  -O3 -fomit-frame-pointer -funroll-all-loops -finline-functions  (test for excess errors)
FAIL: gcc.dg/torture/builtin-sin-mpfr-1.c  -O3 -g  (test for excess errors)
FAIL: gcc.dg/torture/builtin-sin-mpfr-1.c  -Os  (test for excess errors)
FAIL: gcc.dg/tree-ssa/loadpre1.c scan-tree-dump-times Eliminated: 1 1
FAIL: gcc.dg/tree-ssa/loop-19.c scan-tree-dump-times MEM.(base: &|symbol: )a, 2
FAIL: gcc.dg/tree-ssa/loop-19.c scan-tree-dump-times MEM.(base: &|symbol: )c, 2
ERROR: gcc.dg/tree-ssa/ssa-dse-9.c: error executing dg-final: couldn't open "ssa-dse-9.c.059t.dse1 ssa-dse-9.c.072t.dse1": no such file or directory
UNRESOLVED: gcc.dg/tree-ssa/ssa-dse-9.c: error executing dg-final: couldn't open "ssa-dse-9.c.059t.dse1 ssa-dse-9.c.072t.dse1": no such file or directory
FAIL: gcc.dg/vect/section-anchors-pr27770.c (test for excess errors)
FAIL: gcc.dg/vect/section-anchors-vect-69.c (test for excess errors)
FAIL: gcc.dg/vect/section-anchors-vect-69.c scan-tree-dump-times Alignment of access forced using peeling 4
FAIL: gcc.dg/vmx/3a-03.c  -O0  execution test
FAIL: gcc.dg/vmx/3a-03.c  -O1  execution test
FAIL: gcc.dg/vmx/3a-03.c  -O2  execution test
FAIL: gcc.dg/vmx/3a-03.c  -O3 -fomit-frame-pointer  execution test
FAIL: gcc.dg/vmx/3a-03.c  -O3 -g  execution test
FAIL: gcc.dg/vmx/3a-03.c  -Os  execution test
FAIL: gcc.dg/vmx/3a-03m.c  -O0  execution test
FAIL: gcc.dg/vmx/3a-03m.c  -O1  execution test
FAIL: gcc.dg/vmx/3a-03m.c  -O2  execution test
FAIL: gcc.dg/vmx/3a-03m.c  -O3 -fomit-frame-pointer  execution test
FAIL: gcc.dg/vmx/3a-03m.c  -O3 -g  execution test
FAIL: gcc.dg/vmx/3a-03m.c  -Os  execution test
FAIL: gcc.dg/vmx/3a-04.c  -O0  execution test
FAIL: gcc.dg/vmx/3a-04.c  -O1  execution test
FAIL: gcc.dg/vmx/3a-04.c  -O2  execution test
FAIL: gcc.dg/vmx/3a-04.c  -O3 -fomit-frame-pointer  execution test
FAIL: gcc.dg/vmx/3a-04.c  -O3 -g  execution test
FAIL: gcc.dg/vmx/3a-04.c  -Os  execution test
FAIL: gcc.dg/vmx/3a-04m.c  -O0  execution test
FAIL: gcc.dg/vmx/3a-04m.c  -O1  execution test
FAIL: gcc.dg/vmx/3a-04m.c  -O2  execution test
FAIL: gcc.dg/vmx/3a-04m.c  -O3 -fomit-frame-pointer  execution test
FAIL: gcc.dg/vmx/3a-04m.c  -O3 -g  execution test
FAIL: gcc.dg/vmx/3a-04m.c  -Os  execution test
FAIL: gcc.dg/vmx/3a-05.c  -O0  execution test
FAIL: gcc.dg/vmx/3a-05.c  -O1  execution test
FAIL: gcc.dg/vmx/3a-05.c  -O2  execution test
FAIL: gcc.dg/vmx/3a-05.c  -O3 -fomit-frame-pointer  execution test
FAIL: gcc.dg/vmx/3a-05.c  -O3 -g  execution test
FAIL: gcc.dg/vmx/3a-05.c  -Os  execution test
FAIL: gcc.dg/vmx/3b-13.c  -O0  execution test
FAIL: gcc.dg/vmx/3b-13.c  -O1  execution test
FAIL: gcc.dg/vmx/3b-13.c  -O2  execution test
FAIL: gcc.dg/vmx/3b-13.c  -O3 -fomit-frame-pointer  execution test
FAIL: gcc.dg/vmx/3b-13.c  -O3 -g  execution test
FAIL: gcc.dg/vmx/3b-13.c  -Os  execution test
FAIL: gcc.misc-tests/linkage.c link
FAIL: gcc.target/powerpc/darwin-longdouble.c execution test
FAIL: gcc.target/powerpc/darwin-longlong.c execution test
FAIL: gcc.target/powerpc/stabs-attrib-vect-darwin.c scan-assembler .stabs.*vi:\\\\(0,16\\\\)=@V

		=== gcc Summary ===

# of expected passes		43366
# of unexpected failures	93
# of unexpected successes	1
# of expected failures		112
# of unresolved testcases	5
# of untested testcases		31
# of unsupported tests		460
/Volumes/mrs5/net/gcc-darwin-ppc/gcc/xgcc  version 4.3.0 20070203 (experimental)

		=== gfortran tests ===


Running target unix
FAIL: gfortran.dg/large_real_kind_2.F90  -O0  execution test
FAIL: gfortran.dg/large_real_kind_2.F90  -O1  execution test
FAIL: gfortran.dg/large_real_kind_2.F90  -O2  execution test
FAIL: gfortran.dg/large_real_kind_2.F90  -O3 -fomit-frame-pointer  execution test
FAIL: gfortran.dg/large_real_kind_2.F90  -O3 -fomit-frame-pointer -funroll-loops  execution test
FAIL: gfortran.dg/large_real_kind_2.F90  -O3 -fomit-frame-pointer -funroll-all-loops -finline-functions  execution test
FAIL: gfortran.dg/large_real_kind_2.F90  -O3 -g  execution test
FAIL: gfortran.dg/large_real_kind_2.F90  -Os  execution test
FAIL: gfortran.dg/large_real_kind_form_io_2.f90  -O0  execution test
FAIL: gfortran.dg/large_real_kind_form_io_2.f90  -O1  execution test
FAIL: gfortran.dg/large_real_kind_form_io_2.f90  -O2  execution test
FAIL: gfortran.dg/large_real_kind_form_io_2.f90  -O3 -fomit-frame-pointer  execution test
FAIL: gfortran.dg/large_real_kind_form_io_2.f90  -O3 -fomit-frame-pointer -funroll-loops  execution test
FAIL: gfortran.dg/large_real_kind_form_io_2.f90  -O3 -fomit-frame-pointer -funroll-all-loops -finline-functions  execution test
FAIL: gfortran.dg/large_real_kind_form_io_2.f90  -O3 -g  execution test
FAIL: gfortran.dg/large_real_kind_form_io_2.f90  -Os  execution test
FAIL: gfortran.dg/stat_1.f90  -O0  execution test
FAIL: gfortran.dg/stat_1.f90  -O1  execution test
FAIL: gfortran.dg/stat_1.f90  -O2  execution test
FAIL: gfortran.dg/stat_1.f90  -O3 -fomit-frame-pointer  execution test
FAIL: gfortran.dg/stat_1.f90  -O3 -fomit-frame-pointer -funroll-loops  execution test
FAIL: gfortran.dg/stat_1.f90  -O3 -fomit-frame-pointer -funroll-all-loops -finline-functions  execution test
FAIL: gfortran.dg/stat_1.f90  -O3 -g  execution test
FAIL: gfortran.dg/stat_1.f90  -Os  execution test
FAIL: gfortran.dg/stat_2.f90  -O0  execution test
FAIL: gfortran.dg/stat_2.f90  -O1  execution test
FAIL: gfortran.dg/stat_2.f90  -O2  execution test
FAIL: gfortran.dg/stat_2.f90  -O3 -fomit-frame-pointer  execution test
FAIL: gfortran.dg/stat_2.f90  -O3 -fomit-frame-pointer -funroll-loops  execution test
FAIL: gfortran.dg/stat_2.f90  -O3 -fomit-frame-pointer -funroll-all-loops -finline-functions  execution test
FAIL: gfortran.dg/stat_2.f90  -O3 -g  execution test
FAIL: gfortran.dg/stat_2.f90  -Os  execution test

		=== gfortran Summary ===

# of expected passes		16020
# of unexpected failures	32
# of expected failures		7
# of unsupported tests		57
/Volumes/mrs5/net/gcc-darwin-ppc/gcc/testsuite/gfortran/../../gfortran  version 4.3.0 20070203 (experimental)

		=== obj-c++ tests ===


Running target unix
FAIL: obj-c++.dg/gnu-runtime-2.mm (test for excess errors)
FAIL: obj-c++.dg/qual-types-1.mm (internal compiler error)
FAIL: obj-c++.dg/qual-types-1.mm (test for excess errors)
WARNING: obj-c++.dg/qual-types-1.mm compilation failed to produce executable
ERROR: obj-c++.dg/stubify-2.mm: error executing dg-final: couldn't open "stubify-2.mm.08.jump": no such file or directory
UNRESOLVED: obj-c++.dg/stubify-2.mm: error executing dg-final: couldn't open "stubify-2.mm.08.jump": no such file or directory
FAIL: obj-c++.dg/template-1.mm (internal compiler error)
FAIL: obj-c++.dg/template-1.mm (test for excess errors)
WARNING: obj-c++.dg/template-1.mm compilation failed to produce executable
FAIL: obj-c++.dg/template-3.mm (internal compiler error)
FAIL: obj-c++.dg/template-3.mm (test for excess errors)
WARNING: obj-c++.dg/template-3.mm compilation failed to produce executable
FAIL: obj-c++.dg/template-4.mm (internal compiler error)
FAIL: obj-c++.dg/template-4.mm (test for excess errors)
WARNING: obj-c++.dg/template-4.mm compilation failed to produce executable

		=== obj-c++ Summary ===

# of expected passes		459
# of unexpected failures	9
# of unresolved testcases	1
/Volumes/mrs5/net/gcc-darwin-ppc/gcc/testsuite/obj-c++/../../g++  version 4.3.0 20070203 (experimental)

		=== objc tests ===


Running target unix
FAIL: objc.dg/no-extra-load.m (test for excess errors)
ERROR: objc.dg/no-extra-load.m: error executing dg-final: couldn't open "no-extra-load.s": no such file or directory
UNRESOLVED: objc.dg/no-extra-load.m: error executing dg-final: couldn't open "no-extra-load.s": no such file or directory
ERROR: objc.dg/stubify-2.m: error executing dg-final: couldn't open "stubify-2.m.113r.jump stubify-2.m.127r.jump": no such file or directory
UNRESOLVED: objc.dg/stubify-2.m: error executing dg-final: couldn't open "stubify-2.m.113r.jump stubify-2.m.127r.jump": no such file or directory
FAIL: objc.dg-struct-layout-encoding-1/t001_main.m execution test
FAIL: objc.dg-struct-layout-encoding-1/t005_main.m execution test
FAIL: objc.dg-struct-layout-encoding-1/t009_main.m execution test
FAIL: objc.dg-struct-layout-encoding-1/t010_main.m execution test
FAIL: objc.dg-struct-layout-encoding-1/t013_main.m execution test
FAIL: objc.dg-struct-layout-encoding-1/t014_main.m execution test
FAIL: objc.dg-struct-layout-encoding-1/t016_main.m execution test
FAIL: objc.dg-struct-layout-encoding-1/t017_main.m execution test
FAIL: objc.dg-struct-layout-encoding-1/t018_main.m execution test
FAIL: objc.dg-struct-layout-encoding-1/t019_main.m execution test
FAIL: objc.dg-struct-layout-encoding-1/t020_main.m execution test
FAIL: objc.dg-struct-layout-encoding-1/t021_main.m execution test
FAIL: objc.dg-struct-layout-encoding-1/t023_main.m execution test
FAIL: objc.dg-struct-layout-encoding-1/t024_main.m execution test

		=== objc Summary ===

# of expected passes		3004
# of unexpected failures	15
# of expected failures		17
# of unresolved testcases	2
# of unsupported tests		1
/Volumes/mrs5/net/gcc-darwin-ppc/gcc/xgcc  version 4.3.0 20070203 (experimental)

		=== treelang tests ===


Running target unix

		=== treelang Summary ===

# of expected passes		52
		=== libstdc++ tests ===


Running target unix
XPASS: 21_strings/basic_string/element_access/char/21674.cc execution test
XPASS: 21_strings/basic_string/element_access/wchar_t/21674.cc execution test
FAIL: 22_locale/locale/cons/unicode.cc (test for excess errors)
WARNING: 22_locale/locale/cons/unicode.cc compilation failed to produce executable
XPASS: 26_numerics/cmath/c99_classification_macros_c.cc (test for excess errors)
FAIL: ext/codecvt/1.cc (test for excess errors)
WARNING: ext/codecvt/1.cc compilation failed to produce executable
FAIL: ext/codecvt/char-1.cc (test for excess errors)
WARNING: ext/codecvt/char-1.cc compilation failed to produce executable
FAIL: ext/codecvt/char-2.cc (test for excess errors)
WARNING: ext/codecvt/char-2.cc compilation failed to produce executable
FAIL: ext/codecvt/wchar_t.cc (test for excess errors)
WARNING: ext/codecvt/wchar_t.cc compilation failed to produce executable
FAIL: ext/enc_filebuf/char/13189.cc (test for excess errors)
WARNING: ext/enc_filebuf/char/13189.cc compilation failed to produce executable
FAIL: ext/enc_filebuf/char/13598.cc (test for excess errors)
WARNING: ext/enc_filebuf/char/13598.cc compilation failed to produce executable
FAIL: ext/enc_filebuf/wchar_t/13189.cc (test for excess errors)
WARNING: ext/enc_filebuf/wchar_t/13189.cc compilation failed to produce executable
FAIL: ext/mt_allocator/deallocate_local_thread-5.cc execution test
FAIL: ext/mt_allocator/deallocate_local_thread-7.cc execution test

		=== libstdc++ Summary ===

# of expected passes		3827
# of unexpected failures	10
# of unexpected successes	3
# of expected failures		13
# of unsupported tests		318

Compiler version: 4.3.0 20070203 (experimental) 
Platform: powerpc-apple-darwin9
configure flags: --disable-multilib --prefix=/tmp/gcc-20061229 --build=powerpc-apple-darwin9 --host=powerpc-apple-darwin9 --enable-languages=c,c++,fortran,objc,obj-c++,treelang
BOOT_CFLAGS=-g -O2 -mdynamic-no-pic


Index Nav: [Date Index] [Subject Index] [Author Index] [Thread Index]
Message Nav: [Date Prev] [Date Next] [Thread Prev] [Thread Next]