This is the mail archive of the
gcc-testresults@gcc.gnu.org
mailing list for the GCC project.
Results for 4.0.4 20070130 (prerelease) testsuite on hppa64-hp-hpux11.11
- From: John David Anglin <dave at hiauly3 dot hia dot nrc dot ca>
- To: dave at hiauly3 dot hia dot nrc dot ca, gcc-testresults at gcc dot gnu dot org
- Date: Wed, 31 Jan 2007 18:41:27 -0500 (EST)
- Subject: Results for 4.0.4 20070130 (prerelease) testsuite on hppa64-hp-hpux11.11
LAST_UPDATED: Tue Jan 30 23:41:49 UTC 2007 (revision 121364)
Native configuration is hppa64-hp-hpux11.11
=== g++ tests ===
Running target unix
=== g++ Summary ===
# of expected passes 11037
# of expected failures 70
# of unsupported tests 109
/mnt/gnu/gcc/objdir/gcc/testsuite/g++/../../g++ version 4.0.4 20070130 (prerelease)
=== gcc tests ===
Running target unix
XPASS: gcc.dg/cpp/cmdlne-dI-M.c scan-file (^|\\\\n)cmdlne-dI-M.*:[^\\\\n]*cmdlne-dI-M.c
XPASS: gcc.dg/cpp/cmdlne-dM-M.c scan-file (^|\\\\n)cmdlne-dM-M[^\\\\n]*:[^\\\\n]*cmdlne-dM-M.c
XPASS: gcc.dg/funcorder.c scan-assembler-not link_error,%r
=== gcc Summary ===
# of expected passes 34190
# of unexpected successes 3
# of expected failures 69
# of untested testcases 28
# of unsupported tests 538
/mnt/gnu/gcc/objdir/gcc/xgcc version 4.0.4 20070130 (prerelease)
=== gfortran tests ===
Running target unix
=== gfortran Summary ===
# of expected passes 8821
# of expected failures 1
# of unsupported tests 17
/mnt/gnu/gcc/objdir/gcc/testsuite/gfortran/../../gfortran version 4.0.4 20070130 (prerelease)
=== objc tests ===
Running target unix
=== objc Summary ===
# of expected passes 1552
# of unsupported tests 11
/mnt/gnu/gcc/objdir/gcc/xgcc version 4.0.4 20070130 (prerelease)
=== libstdc++ tests ===
Running target unix
FAIL: ext/array_allocator/2.cc execution test
=== libstdc++ Summary ===
# of expected passes 3675
# of unexpected failures 1
# of expected failures 12
# of unsupported tests 19
Compiler version: 4.0.4 20070130 (prerelease)
Platform: hppa64-hp-hpux11.11
configure flags: --with-gnu-as --with-as=/opt/gnu64/bin/as --with-ld=/usr/ccs/bin/ld --enable-shared --with-local-prefix=/opt/gnu64 --prefix=/opt/gnu64/gcc/gcc-4.0.4 --host=hppa64-hp-hpux11.11 --enable-threads=posix --disable-nls --disable-checking --with-gmp=/opt/gnu64/gcc/gcc-4.0.4 --enable-languages=c,c++,f95,java,objc